{"id":1075,"date":"2024-07-13T05:27:45","date_gmt":"2024-07-12T22:27:45","guid":{"rendered":"https:\/\/omanivietnam.com\/?post_type=product&#038;p=1075"},"modified":"2024-07-13T14:05:21","modified_gmt":"2024-07-13T07:05:21","slug":"allen-bradley-1746-ib16","status":"publish","type":"product","link":"https:\/\/omanivietnam.com\/index.php\/san-pham\/allen-bradley-1746-ib16\/","title":{"rendered":"ALLEN BRADLEY 1746-IB16"},"content":{"rendered":"<p>ALLEN BRADLEY 1746-IB16<\/p>\n<p class=\"title-product item_name\">Module Allen-Bradley 1746-IB16<\/p>\n<p>1. Module 1746-IB16 :<\/p>\n<p>Ph\u1ea7n #: 1746-IB16<br \/>\nLo\u1ea1i: PLC\/\u0110i\u1ec1u khi\u1ec3n m\u00e1y<br \/>\nTi\u1ec3u th\u1ec3 lo\u1ea1i: M\u00f4-\u0111un PLC\/Gi\u00e1 \u0111\u1ee1<br \/>\nS\u1ed1 l\u01b0\u1ee3ng \u0111\u1ea7u v\u00e0o: 16<br \/>\nV\u00f4n: 24VDC<br \/>\nD\u00f2ng \u0111i\u1ec7n Backplane: 50 MA \u1edf 5 V \/ 0 MA \u1edf 24 V<br \/>\nT\u00ednh th\u01b0\u1eddng xuy\u00ean: 50\/60HZ<br \/>\nLo\u1ea1i s\u1ea3n ph\u1ea9m: M\u00d4-\u0110UN \u0110\u1ea6U V\u00c0O<br \/>\nKi\u1ec3u l\u1eafp \u0111\u1eb7t: Gi\u00e1 \u0111\u1ee1 g\u1eafn t\u01b0\u1eddng<br \/>\nKi\u1ec3u thi\u1ebft b\u1ecb \u0111\u1ea7u cu\u1ed1i: \u0110\u1ea7u n\u1ed1i v\u00edt<br \/>\nKi\u1ec3u \u0111\u1ea7u v\u00e0o: H\u1ea0 XU\u1ed0NG<br \/>\nGia \u0111\u00ecnh s\u1ea3n ph\u1ea9m: SLC 500<\/p>\n<p>2. C\u00e1c m\u00e3 h\u00e0ng t\u01b0\u01a1ng \u0111\u01b0\u01a1ng Module 1746-IB16 :<\/p>\n<div>1746-IB16<br \/>\n1746-IA16<br \/>\n1769-L35CR<br \/>\n1769-L20<br \/>\n1769-L23-QBFC1B<br \/>\n1769-MGA256<br \/>\n1768-L45S<br \/>\n1769-NGA16K<br \/>\n1769-L31<br \/>\n1769-L30<br \/>\n1746-NI8<br \/>\n1746-NI4<br \/>\n1746-NIO4I<br \/>\n1746-NIO4V<br \/>\n1746-NO4<br \/>\n1746-NO4V<br \/>\n1746-IV16<\/div>\n<div><\/div>\n<div>\n<p>\u0110\u1ea1i l\u00fd Allen-Bradley vietnam, Allen-Bradley viet nam, Allen-Bradley vietnam distributor, Ph\u00e2n ph\u1ed1i Panasonic t\u1ea1i vi\u1ec7t nam<\/p>\n<p>\u0110\u1ea1i l\u00fd Allen-Bradley vietnam, Allen-Bradley viet nam, Allen-Bradley vietnam distributor, Ph\u00e2n ph\u1ed1i Panasonic t\u1ea1i vi\u1ec7t nam<\/p>\n<p>\u0110\u1ea1i l\u00fd Allen-Bradley vietnam, Allen-Bradley viet nam, Allen-Bradley vietnam distributor, Ph\u00e2n ph\u1ed1i Panasonic t\u1ea1i vi\u1ec7t nam<\/p>\n<p>\u0110\u1ea1i l\u00fd Allen-Bradley vietnam, Allen-Bradley viet nam, Allen-Bradley vietnam distributor, Ph\u00e2n ph\u1ed1i Panasonic t\u1ea1i vi\u1ec7t nam<\/p>\n<p>\u0110\u1ea1i l\u00fd Allen-Bradley vietnam, Allen-Bradley viet nam, Allen-Bradley vietnam distributor, Ph\u00e2n ph\u1ed1i Panasonic t\u1ea1i vi\u1ec7t nam<\/p>\n<\/div>\n","protected":false},"excerpt":{"rendered":"<p>ALLEN BRADLEY 1746-IB16 Module Allen-Bradley 1746-IB16 1. Module 1746-IB16 : Ph\u1ea7n #: 1746-IB16 Lo\u1ea1i: PLC\/\u0110i\u1ec1u khi\u1ec3n m\u00e1y Ti\u1ec3u th\u1ec3 lo\u1ea1i: M\u00f4-\u0111un PLC\/Gi\u00e1 \u0111\u1ee1 S\u1ed1 l\u01b0\u1ee3ng \u0111\u1ea7u v\u00e0o: 16 V\u00f4n: 24VDC D\u00f2ng \u0111i\u1ec7n Backplane: 50 MA \u1edf 5 V \/ 0 MA \u1edf 24 V T\u00ednh th\u01b0\u1eddng xuy\u00ean: 50\/60HZ Lo\u1ea1i s\u1ea3n&hellip; <\/p>\n","protected":false},"featured_media":1076,"comment_status":"open","ping_status":"closed","template":"","meta":[],"product_cat":[295],"product_tag":[178,179,159],"class_list":{"0":"post-1075","1":"product","2":"type-product","3":"status-publish","4":"has-post-thumbnail","6":"product_cat-allen-bradley","7":"product_tag-allen-bradley-viet-nam","8":"product_tag-dai-ly-allen-bradley-viet-nam","9":"product_tag-mo-dun","11":"first","12":"instock","13":"shipping-taxable","14":"product-type-simple"},"yoast_head":"<!-- This site is optimized with the Yoast SEO plugin v22.8 - https:\/\/yoast.com\/wordpress\/plugins\/seo\/ -->\n<title>ALLEN BRADLEY 1746-IB16 - OMANI VI\u1ec6T NAM<\/title>\n<meta name=\"robots\" content=\"index, follow, max-snippet:-1, max-image-preview:large, max-video-preview:-1\" \/>\n<link rel=\"canonical\" href=\"https:\/\/omanivietnam.com\/index.php\/san-pham\/allen-bradley-1746-ib16\/\" \/>\n<meta property=\"og:locale\" content=\"vi_VN\" \/>\n<meta property=\"og:type\" content=\"article\" \/>\n<meta property=\"og:title\" content=\"ALLEN BRADLEY 1746-IB16 - OMANI VI\u1ec6T NAM\" \/>\n<meta property=\"og:description\" content=\"ALLEN BRADLEY 1746-IB16 Module Allen-Bradley 1746-IB16 1. Module 1746-IB16 : Ph\u1ea7n #: 1746-IB16 Lo\u1ea1i: PLC\/\u0110i\u1ec1u khi\u1ec3n m\u00e1y Ti\u1ec3u th\u1ec3 lo\u1ea1i: M\u00f4-\u0111un PLC\/Gi\u00e1 \u0111\u1ee1 S\u1ed1 l\u01b0\u1ee3ng \u0111\u1ea7u v\u00e0o: 16 V\u00f4n: 24VDC D\u00f2ng \u0111i\u1ec7n Backplane: 50 MA \u1edf 5 V \/ 0 MA \u1edf 24 V T\u00ednh th\u01b0\u1eddng xuy\u00ean: 50\/60HZ Lo\u1ea1i s\u1ea3n&hellip;\" \/>\n<meta property=\"og:url\" content=\"https:\/\/omanivietnam.com\/index.php\/san-pham\/allen-bradley-1746-ib16\/\" \/>\n<meta property=\"og:site_name\" content=\"OMANI VI\u1ec6T NAM\" \/>\n<meta property=\"article:modified_time\" content=\"2024-07-13T07:05:21+00:00\" \/>\n<meta property=\"og:image\" content=\"https:\/\/omanivietnam.com\/wp-content\/uploads\/2024\/07\/1746-IB16.png\" \/>\n\t<meta property=\"og:image:width\" content=\"624\" \/>\n\t<meta property=\"og:image:height\" content=\"524\" \/>\n\t<meta property=\"og:image:type\" content=\"image\/png\" \/>\n<meta name=\"twitter:card\" content=\"summary_large_image\" \/>\n<meta name=\"twitter:label1\" content=\"\u01af\u1edbc t\u00ednh th\u1eddi gian \u0111\u1ecdc\" \/>\n\t<meta name=\"twitter:data1\" content=\"2 ph\u00fat\" \/>\n<script type=\"application\/ld+json\" class=\"yoast-schema-graph\">{\"@context\":\"https:\/\/schema.org\",\"@graph\":[{\"@type\":\"WebPage\",\"@id\":\"https:\/\/omanivietnam.com\/index.php\/san-pham\/allen-bradley-1746-ib16\/\",\"url\":\"https:\/\/omanivietnam.com\/index.php\/san-pham\/allen-bradley-1746-ib16\/\",\"name\":\"ALLEN BRADLEY 1746-IB16 - OMANI VI\u1ec6T NAM\",\"isPartOf\":{\"@id\":\"https:\/\/omanivietnam.com\/#website\"},\"primaryImageOfPage\":{\"@id\":\"https:\/\/omanivietnam.com\/index.php\/san-pham\/allen-bradley-1746-ib16\/#primaryimage\"},\"image\":{\"@id\":\"https:\/\/omanivietnam.com\/index.php\/san-pham\/allen-bradley-1746-ib16\/#primaryimage\"},\"thumbnailUrl\":\"https:\/\/omanivietnam.com\/wp-content\/uploads\/2024\/07\/1746-IB16.png\",\"datePublished\":\"2024-07-12T22:27:45+00:00\",\"dateModified\":\"2024-07-13T07:05:21+00:00\",\"breadcrumb\":{\"@id\":\"https:\/\/omanivietnam.com\/index.php\/san-pham\/allen-bradley-1746-ib16\/#breadcrumb\"},\"inLanguage\":\"vi\",\"potentialAction\":[{\"@type\":\"ReadAction\",\"target\":[\"https:\/\/omanivietnam.com\/index.php\/san-pham\/allen-bradley-1746-ib16\/\"]}]},{\"@type\":\"ImageObject\",\"inLanguage\":\"vi\",\"@id\":\"https:\/\/omanivietnam.com\/index.php\/san-pham\/allen-bradley-1746-ib16\/#primaryimage\",\"url\":\"https:\/\/omanivietnam.com\/wp-content\/uploads\/2024\/07\/1746-IB16.png\",\"contentUrl\":\"https:\/\/omanivietnam.com\/wp-content\/uploads\/2024\/07\/1746-IB16.png\",\"width\":624,\"height\":524},{\"@type\":\"BreadcrumbList\",\"@id\":\"https:\/\/omanivietnam.com\/index.php\/san-pham\/allen-bradley-1746-ib16\/#breadcrumb\",\"itemListElement\":[{\"@type\":\"ListItem\",\"position\":1,\"name\":\"Home\",\"item\":\"https:\/\/omanivietnam.com\/\"},{\"@type\":\"ListItem\",\"position\":2,\"name\":\"S\u1ea2N PH\u1ea8M\",\"item\":\"https:\/\/omanivietnam.com\/index.php\/cua-hang\/\"},{\"@type\":\"ListItem\",\"position\":3,\"name\":\"ALLEN BRADLEY 1746-IB16\"}]},{\"@type\":\"WebSite\",\"@id\":\"https:\/\/omanivietnam.com\/#website\",\"url\":\"https:\/\/omanivietnam.com\/\",\"name\":\"OMANI VI\u1ec6T NAM\",\"description\":\"Nh\u00e0 ph\u00e2n ph\u1ed1i thi\u1ebft b\u1ecb kh\u00ed n\u00e9n v\u00e0 thi\u1ebft b\u1ecb t\u1ef1 \u0111\u1ed9ng h\u00f3a trong c\u00f4ng nghi\u1ec7p\",\"publisher\":{\"@id\":\"https:\/\/omanivietnam.com\/#\/schema\/person\/0ad398a980dc3fd696111c2c5c8fa897\"},\"potentialAction\":[{\"@type\":\"SearchAction\",\"target\":{\"@type\":\"EntryPoint\",\"urlTemplate\":\"https:\/\/omanivietnam.com\/?s={search_term_string}\"},\"query-input\":\"required name=search_term_string\"}],\"inLanguage\":\"vi\"},{\"@type\":[\"Person\",\"Organization\"],\"@id\":\"https:\/\/omanivietnam.com\/#\/schema\/person\/0ad398a980dc3fd696111c2c5c8fa897\",\"name\":\"Nguy\u1ec5n V\u0103n Kh\u00e1nh\",\"image\":{\"@type\":\"ImageObject\",\"inLanguage\":\"vi\",\"@id\":\"https:\/\/omanivietnam.com\/#\/schema\/person\/image\/\",\"url\":\"https:\/\/omanivietnam.com\/wp-content\/uploads\/2024\/06\/logo-1024x1024.png\",\"contentUrl\":\"https:\/\/omanivietnam.com\/wp-content\/uploads\/2024\/06\/logo-1024x1024.png\",\"width\":1024,\"height\":1024,\"caption\":\"Nguy\u1ec5n V\u0103n Kh\u00e1nh\"},\"logo\":{\"@id\":\"https:\/\/omanivietnam.com\/#\/schema\/person\/image\/\"},\"sameAs\":[\"https:\/\/omanivietnam.com\"]}]}<\/script>\n<!-- \/ Yoast SEO plugin. -->","yoast_head_json":{"title":"ALLEN BRADLEY 1746-IB16 - OMANI VI\u1ec6T NAM","robots":{"index":"index","follow":"follow","max-snippet":"max-snippet:-1","max-image-preview":"max-image-preview:large","max-video-preview":"max-video-preview:-1"},"canonical":"https:\/\/omanivietnam.com\/index.php\/san-pham\/allen-bradley-1746-ib16\/","og_locale":"vi_VN","og_type":"article","og_title":"ALLEN BRADLEY 1746-IB16 - OMANI VI\u1ec6T NAM","og_description":"ALLEN BRADLEY 1746-IB16 Module Allen-Bradley 1746-IB16 1. Module 1746-IB16 : Ph\u1ea7n #: 1746-IB16 Lo\u1ea1i: PLC\/\u0110i\u1ec1u khi\u1ec3n m\u00e1y Ti\u1ec3u th\u1ec3 lo\u1ea1i: M\u00f4-\u0111un PLC\/Gi\u00e1 \u0111\u1ee1 S\u1ed1 l\u01b0\u1ee3ng \u0111\u1ea7u v\u00e0o: 16 V\u00f4n: 24VDC D\u00f2ng \u0111i\u1ec7n Backplane: 50 MA \u1edf 5 V \/ 0 MA \u1edf 24 V T\u00ednh th\u01b0\u1eddng xuy\u00ean: 50\/60HZ Lo\u1ea1i s\u1ea3n&hellip;","og_url":"https:\/\/omanivietnam.com\/index.php\/san-pham\/allen-bradley-1746-ib16\/","og_site_name":"OMANI VI\u1ec6T NAM","article_modified_time":"2024-07-13T07:05:21+00:00","og_image":[{"width":624,"height":524,"url":"https:\/\/omanivietnam.com\/wp-content\/uploads\/2024\/07\/1746-IB16.png","type":"image\/png"}],"twitter_card":"summary_large_image","twitter_misc":{"\u01af\u1edbc t\u00ednh th\u1eddi gian \u0111\u1ecdc":"2 ph\u00fat"},"schema":{"@context":"https:\/\/schema.org","@graph":[{"@type":"WebPage","@id":"https:\/\/omanivietnam.com\/index.php\/san-pham\/allen-bradley-1746-ib16\/","url":"https:\/\/omanivietnam.com\/index.php\/san-pham\/allen-bradley-1746-ib16\/","name":"ALLEN BRADLEY 1746-IB16 - OMANI VI\u1ec6T NAM","isPartOf":{"@id":"https:\/\/omanivietnam.com\/#website"},"primaryImageOfPage":{"@id":"https:\/\/omanivietnam.com\/index.php\/san-pham\/allen-bradley-1746-ib16\/#primaryimage"},"image":{"@id":"https:\/\/omanivietnam.com\/index.php\/san-pham\/allen-bradley-1746-ib16\/#primaryimage"},"thumbnailUrl":"https:\/\/omanivietnam.com\/wp-content\/uploads\/2024\/07\/1746-IB16.png","datePublished":"2024-07-12T22:27:45+00:00","dateModified":"2024-07-13T07:05:21+00:00","breadcrumb":{"@id":"https:\/\/omanivietnam.com\/index.php\/san-pham\/allen-bradley-1746-ib16\/#breadcrumb"},"inLanguage":"vi","potentialAction":[{"@type":"ReadAction","target":["https:\/\/omanivietnam.com\/index.php\/san-pham\/allen-bradley-1746-ib16\/"]}]},{"@type":"ImageObject","inLanguage":"vi","@id":"https:\/\/omanivietnam.com\/index.php\/san-pham\/allen-bradley-1746-ib16\/#primaryimage","url":"https:\/\/omanivietnam.com\/wp-content\/uploads\/2024\/07\/1746-IB16.png","contentUrl":"https:\/\/omanivietnam.com\/wp-content\/uploads\/2024\/07\/1746-IB16.png","width":624,"height":524},{"@type":"BreadcrumbList","@id":"https:\/\/omanivietnam.com\/index.php\/san-pham\/allen-bradley-1746-ib16\/#breadcrumb","itemListElement":[{"@type":"ListItem","position":1,"name":"Home","item":"https:\/\/omanivietnam.com\/"},{"@type":"ListItem","position":2,"name":"S\u1ea2N PH\u1ea8M","item":"https:\/\/omanivietnam.com\/index.php\/cua-hang\/"},{"@type":"ListItem","position":3,"name":"ALLEN BRADLEY 1746-IB16"}]},{"@type":"WebSite","@id":"https:\/\/omanivietnam.com\/#website","url":"https:\/\/omanivietnam.com\/","name":"OMANI VI\u1ec6T NAM","description":"Nh\u00e0 ph\u00e2n ph\u1ed1i thi\u1ebft b\u1ecb kh\u00ed n\u00e9n v\u00e0 thi\u1ebft b\u1ecb t\u1ef1 \u0111\u1ed9ng h\u00f3a trong c\u00f4ng nghi\u1ec7p","publisher":{"@id":"https:\/\/omanivietnam.com\/#\/schema\/person\/0ad398a980dc3fd696111c2c5c8fa897"},"potentialAction":[{"@type":"SearchAction","target":{"@type":"EntryPoint","urlTemplate":"https:\/\/omanivietnam.com\/?s={search_term_string}"},"query-input":"required name=search_term_string"}],"inLanguage":"vi"},{"@type":["Person","Organization"],"@id":"https:\/\/omanivietnam.com\/#\/schema\/person\/0ad398a980dc3fd696111c2c5c8fa897","name":"Nguy\u1ec5n V\u0103n Kh\u00e1nh","image":{"@type":"ImageObject","inLanguage":"vi","@id":"https:\/\/omanivietnam.com\/#\/schema\/person\/image\/","url":"https:\/\/omanivietnam.com\/wp-content\/uploads\/2024\/06\/logo-1024x1024.png","contentUrl":"https:\/\/omanivietnam.com\/wp-content\/uploads\/2024\/06\/logo-1024x1024.png","width":1024,"height":1024,"caption":"Nguy\u1ec5n V\u0103n Kh\u00e1nh"},"logo":{"@id":"https:\/\/omanivietnam.com\/#\/schema\/person\/image\/"},"sameAs":["https:\/\/omanivietnam.com"]}]}},"_links":{"self":[{"href":"https:\/\/omanivietnam.com\/index.php\/wp-json\/wp\/v2\/product\/1075","targetHints":{"allow":["GET"]}}],"collection":[{"href":"https:\/\/omanivietnam.com\/index.php\/wp-json\/wp\/v2\/product"}],"about":[{"href":"https:\/\/omanivietnam.com\/index.php\/wp-json\/wp\/v2\/types\/product"}],"replies":[{"embeddable":true,"href":"https:\/\/omanivietnam.com\/index.php\/wp-json\/wp\/v2\/comments?post=1075"}],"wp:featuredmedia":[{"embeddable":true,"href":"https:\/\/omanivietnam.com\/index.php\/wp-json\/wp\/v2\/media\/1076"}],"wp:attachment":[{"href":"https:\/\/omanivietnam.com\/index.php\/wp-json\/wp\/v2\/media?parent=1075"}],"wp:term":[{"taxonomy":"product_cat","embeddable":true,"href":"https:\/\/omanivietnam.com\/index.php\/wp-json\/wp\/v2\/product_cat?post=1075"},{"taxonomy":"product_tag","embeddable":true,"href":"https:\/\/omanivietnam.com\/index.php\/wp-json\/wp\/v2\/product_tag?post=1075"}],"curies":[{"name":"wp","href":"https:\/\/api.w.org\/{rel}","templated":true}]}}