{"id":1225,"date":"2024-07-25T05:26:48","date_gmt":"2024-07-24T22:26:48","guid":{"rendered":"https:\/\/omanivietnam.com\/?post_type=product&#038;p=1225"},"modified":"2024-07-25T05:26:48","modified_gmt":"2024-07-24T22:26:48","slug":"timken-rao-111-16","status":"publish","type":"product","link":"https:\/\/omanivietnam.com\/index.php\/san-pham\/timken-rao-111-16\/","title":{"rendered":"TIMKEN RAO 111\/16"},"content":{"rendered":"<p>TIMKEN RAO 111\/16<\/p>\n<p class=\"indIKd GW0XC cS4Vcb-pGL6qe-fwJd0c\">TIMKEN RAO2 3\/16<\/p>\n<p>Part Number RAO 1 11\/16, Fafnir\u00ae Pillow Block Units Eccentric Locking Collar<\/p>\n<p>Specications TIMKEN RAO 111\/16<\/p>\n<p>Shaft Size d:<br \/>\n1 11\/16 in, 42.9 mm<br \/>\nBearing Type: Ball Bearing<br \/>\nBearing Number: GN111KRRB<br \/>\nDimension T:<br \/>\n1.315 in<br \/>\n33.4 mm<br \/>\nSeries: Medium-Duty<br \/>\nWeight:<br \/>\n11.089 lb<br \/>\n5.03 Kg<br \/>\nSeal Type Shroud Seal<br \/>\nHousing Construction: Two-Bolt Pillow Block<br \/>\nAlternate Part Name: RAO1 11\/16<\/p>\n<p>&nbsp;<\/p>\n<p>\u0110\u1ea1i l\u00fd TIMKEN vietnam, TIMKEN viet nam, TIMKEN vietnam distributor, Ph\u00e2n ph\u1ed1i TIMKEN t\u1ea1i vi\u1ec7t nam<\/p>\n<p>\u0110\u1ea1i l\u00fd TIMKEN vietnam, TIMKEN viet nam, TIMKEN vietnam distributor, Ph\u00e2n ph\u1ed1i TIMKEN t\u1ea1i vi\u1ec7t nam<\/p>\n<p>\u0110\u1ea1i l\u00fd TIMKEN vietnam, TIMKEN viet nam, TIMKEN vietnam distributor, Ph\u00e2n ph\u1ed1i TIMKEN t\u1ea1i vi\u1ec7t nam<\/p>\n<p>\u0110\u1ea1i l\u00fd TIMKEN vietnam, TIMKEN viet nam, TIMKEN vietnam distributor, Ph\u00e2n ph\u1ed1i TIMKEN t\u1ea1i vi\u1ec7t nam<\/p>\n<p>\u0110\u1ea1i l\u00fd TIMKEN vietnam, TIMKEN viet nam, TIMKEN vietnam distributor, Ph\u00e2n ph\u1ed1i TIMKEN t\u1ea1i vi\u1ec7t nam<\/p>\n","protected":false},"excerpt":{"rendered":"<p>TIMKEN RAO 111\/16 TIMKEN RAO2 3\/16 Part Number RAO 1 11\/16, Fafnir\u00ae Pillow Block Units Eccentric Locking Collar Specications TIMKEN RAO 111\/16 Shaft Size d: 1 11\/16 in, 42.9 mm Bearing Type: Ball Bearing Bearing Number: GN111KRRB Dimension T: 1.315 in 33.4 mm Series: Medium-Duty Weight: 11.089 lb 5.03 Kg&hellip; <\/p>\n","protected":false},"featured_media":1226,"comment_status":"open","ping_status":"closed","template":"","meta":[],"product_cat":[328],"product_tag":[164,330,329],"class_list":{"0":"post-1225","1":"product","2":"type-product","3":"status-publish","4":"has-post-thumbnail","6":"product_cat-timken","7":"product_tag-bac-dan","8":"product_tag-dai-ly-timken-viet-nam","9":"product_tag-timken-viet-nam","11":"first","12":"instock","13":"shipping-taxable","14":"product-type-simple"},"yoast_head":"<!-- This site is optimized with the Yoast SEO plugin v22.8 - https:\/\/yoast.com\/wordpress\/plugins\/seo\/ -->\n<title>TIMKEN RAO 111\/16 - OMANI VI\u1ec6T NAM<\/title>\n<meta name=\"robots\" content=\"index, follow, max-snippet:-1, max-image-preview:large, max-video-preview:-1\" \/>\n<link rel=\"canonical\" href=\"https:\/\/omanivietnam.com\/index.php\/san-pham\/timken-rao-111-16\/\" \/>\n<meta property=\"og:locale\" content=\"vi_VN\" \/>\n<meta property=\"og:type\" content=\"article\" \/>\n<meta property=\"og:title\" content=\"TIMKEN RAO 111\/16 - OMANI VI\u1ec6T NAM\" \/>\n<meta property=\"og:description\" content=\"TIMKEN RAO 111\/16 TIMKEN RAO2 3\/16 Part Number RAO 1 11\/16, Fafnir\u00ae Pillow Block Units Eccentric Locking Collar Specications TIMKEN RAO 111\/16 Shaft Size d: 1 11\/16 in, 42.9 mm Bearing Type: Ball Bearing Bearing Number: GN111KRRB Dimension T: 1.315 in 33.4 mm Series: Medium-Duty Weight: 11.089 lb 5.03 Kg&hellip;\" \/>\n<meta property=\"og:url\" content=\"https:\/\/omanivietnam.com\/index.php\/san-pham\/timken-rao-111-16\/\" \/>\n<meta property=\"og:site_name\" content=\"OMANI VI\u1ec6T NAM\" \/>\n<meta property=\"og:image\" content=\"https:\/\/omanivietnam.com\/wp-content\/uploads\/2024\/07\/RAO-111.16.png\" \/>\n\t<meta property=\"og:image:width\" content=\"469\" \/>\n\t<meta property=\"og:image:height\" content=\"397\" \/>\n\t<meta property=\"og:image:type\" content=\"image\/png\" \/>\n<meta name=\"twitter:card\" content=\"summary_large_image\" \/>\n<meta name=\"twitter:label1\" content=\"\u01af\u1edbc t\u00ednh th\u1eddi gian \u0111\u1ecdc\" \/>\n\t<meta name=\"twitter:data1\" content=\"1 ph\u00fat\" \/>\n<script type=\"application\/ld+json\" class=\"yoast-schema-graph\">{\"@context\":\"https:\/\/schema.org\",\"@graph\":[{\"@type\":\"WebPage\",\"@id\":\"https:\/\/omanivietnam.com\/index.php\/san-pham\/timken-rao-111-16\/\",\"url\":\"https:\/\/omanivietnam.com\/index.php\/san-pham\/timken-rao-111-16\/\",\"name\":\"TIMKEN RAO 111\/16 - OMANI VI\u1ec6T NAM\",\"isPartOf\":{\"@id\":\"https:\/\/omanivietnam.com\/#website\"},\"primaryImageOfPage\":{\"@id\":\"https:\/\/omanivietnam.com\/index.php\/san-pham\/timken-rao-111-16\/#primaryimage\"},\"image\":{\"@id\":\"https:\/\/omanivietnam.com\/index.php\/san-pham\/timken-rao-111-16\/#primaryimage\"},\"thumbnailUrl\":\"https:\/\/omanivietnam.com\/wp-content\/uploads\/2024\/07\/RAO-111.16.png\",\"datePublished\":\"2024-07-24T22:26:48+00:00\",\"dateModified\":\"2024-07-24T22:26:48+00:00\",\"breadcrumb\":{\"@id\":\"https:\/\/omanivietnam.com\/index.php\/san-pham\/timken-rao-111-16\/#breadcrumb\"},\"inLanguage\":\"vi\",\"potentialAction\":[{\"@type\":\"ReadAction\",\"target\":[\"https:\/\/omanivietnam.com\/index.php\/san-pham\/timken-rao-111-16\/\"]}]},{\"@type\":\"ImageObject\",\"inLanguage\":\"vi\",\"@id\":\"https:\/\/omanivietnam.com\/index.php\/san-pham\/timken-rao-111-16\/#primaryimage\",\"url\":\"https:\/\/omanivietnam.com\/wp-content\/uploads\/2024\/07\/RAO-111.16.png\",\"contentUrl\":\"https:\/\/omanivietnam.com\/wp-content\/uploads\/2024\/07\/RAO-111.16.png\",\"width\":469,\"height\":397},{\"@type\":\"BreadcrumbList\",\"@id\":\"https:\/\/omanivietnam.com\/index.php\/san-pham\/timken-rao-111-16\/#breadcrumb\",\"itemListElement\":[{\"@type\":\"ListItem\",\"position\":1,\"name\":\"Home\",\"item\":\"https:\/\/omanivietnam.com\/\"},{\"@type\":\"ListItem\",\"position\":2,\"name\":\"S\u1ea2N PH\u1ea8M\",\"item\":\"https:\/\/omanivietnam.com\/index.php\/cua-hang\/\"},{\"@type\":\"ListItem\",\"position\":3,\"name\":\"TIMKEN RAO 111\/16\"}]},{\"@type\":\"WebSite\",\"@id\":\"https:\/\/omanivietnam.com\/#website\",\"url\":\"https:\/\/omanivietnam.com\/\",\"name\":\"OMANI VI\u1ec6T NAM\",\"description\":\"Nh\u00e0 ph\u00e2n ph\u1ed1i thi\u1ebft b\u1ecb kh\u00ed n\u00e9n v\u00e0 thi\u1ebft b\u1ecb t\u1ef1 \u0111\u1ed9ng h\u00f3a trong c\u00f4ng nghi\u1ec7p\",\"publisher\":{\"@id\":\"https:\/\/omanivietnam.com\/#\/schema\/person\/0ad398a980dc3fd696111c2c5c8fa897\"},\"potentialAction\":[{\"@type\":\"SearchAction\",\"target\":{\"@type\":\"EntryPoint\",\"urlTemplate\":\"https:\/\/omanivietnam.com\/?s={search_term_string}\"},\"query-input\":\"required name=search_term_string\"}],\"inLanguage\":\"vi\"},{\"@type\":[\"Person\",\"Organization\"],\"@id\":\"https:\/\/omanivietnam.com\/#\/schema\/person\/0ad398a980dc3fd696111c2c5c8fa897\",\"name\":\"Nguy\u1ec5n V\u0103n Kh\u00e1nh\",\"image\":{\"@type\":\"ImageObject\",\"inLanguage\":\"vi\",\"@id\":\"https:\/\/omanivietnam.com\/#\/schema\/person\/image\/\",\"url\":\"https:\/\/omanivietnam.com\/wp-content\/uploads\/2024\/06\/logo-1024x1024.png\",\"contentUrl\":\"https:\/\/omanivietnam.com\/wp-content\/uploads\/2024\/06\/logo-1024x1024.png\",\"width\":1024,\"height\":1024,\"caption\":\"Nguy\u1ec5n V\u0103n Kh\u00e1nh\"},\"logo\":{\"@id\":\"https:\/\/omanivietnam.com\/#\/schema\/person\/image\/\"},\"sameAs\":[\"https:\/\/omanivietnam.com\"]}]}<\/script>\n<!-- \/ Yoast SEO plugin. -->","yoast_head_json":{"title":"TIMKEN RAO 111\/16 - OMANI VI\u1ec6T NAM","robots":{"index":"index","follow":"follow","max-snippet":"max-snippet:-1","max-image-preview":"max-image-preview:large","max-video-preview":"max-video-preview:-1"},"canonical":"https:\/\/omanivietnam.com\/index.php\/san-pham\/timken-rao-111-16\/","og_locale":"vi_VN","og_type":"article","og_title":"TIMKEN RAO 111\/16 - OMANI VI\u1ec6T NAM","og_description":"TIMKEN RAO 111\/16 TIMKEN RAO2 3\/16 Part Number RAO 1 11\/16, Fafnir\u00ae Pillow Block Units Eccentric Locking Collar Specications TIMKEN RAO 111\/16 Shaft Size d: 1 11\/16 in, 42.9 mm Bearing Type: Ball Bearing Bearing Number: GN111KRRB Dimension T: 1.315 in 33.4 mm Series: Medium-Duty Weight: 11.089 lb 5.03 Kg&hellip;","og_url":"https:\/\/omanivietnam.com\/index.php\/san-pham\/timken-rao-111-16\/","og_site_name":"OMANI VI\u1ec6T NAM","og_image":[{"width":469,"height":397,"url":"https:\/\/omanivietnam.com\/wp-content\/uploads\/2024\/07\/RAO-111.16.png","type":"image\/png"}],"twitter_card":"summary_large_image","twitter_misc":{"\u01af\u1edbc t\u00ednh th\u1eddi gian \u0111\u1ecdc":"1 ph\u00fat"},"schema":{"@context":"https:\/\/schema.org","@graph":[{"@type":"WebPage","@id":"https:\/\/omanivietnam.com\/index.php\/san-pham\/timken-rao-111-16\/","url":"https:\/\/omanivietnam.com\/index.php\/san-pham\/timken-rao-111-16\/","name":"TIMKEN RAO 111\/16 - OMANI VI\u1ec6T NAM","isPartOf":{"@id":"https:\/\/omanivietnam.com\/#website"},"primaryImageOfPage":{"@id":"https:\/\/omanivietnam.com\/index.php\/san-pham\/timken-rao-111-16\/#primaryimage"},"image":{"@id":"https:\/\/omanivietnam.com\/index.php\/san-pham\/timken-rao-111-16\/#primaryimage"},"thumbnailUrl":"https:\/\/omanivietnam.com\/wp-content\/uploads\/2024\/07\/RAO-111.16.png","datePublished":"2024-07-24T22:26:48+00:00","dateModified":"2024-07-24T22:26:48+00:00","breadcrumb":{"@id":"https:\/\/omanivietnam.com\/index.php\/san-pham\/timken-rao-111-16\/#breadcrumb"},"inLanguage":"vi","potentialAction":[{"@type":"ReadAction","target":["https:\/\/omanivietnam.com\/index.php\/san-pham\/timken-rao-111-16\/"]}]},{"@type":"ImageObject","inLanguage":"vi","@id":"https:\/\/omanivietnam.com\/index.php\/san-pham\/timken-rao-111-16\/#primaryimage","url":"https:\/\/omanivietnam.com\/wp-content\/uploads\/2024\/07\/RAO-111.16.png","contentUrl":"https:\/\/omanivietnam.com\/wp-content\/uploads\/2024\/07\/RAO-111.16.png","width":469,"height":397},{"@type":"BreadcrumbList","@id":"https:\/\/omanivietnam.com\/index.php\/san-pham\/timken-rao-111-16\/#breadcrumb","itemListElement":[{"@type":"ListItem","position":1,"name":"Home","item":"https:\/\/omanivietnam.com\/"},{"@type":"ListItem","position":2,"name":"S\u1ea2N PH\u1ea8M","item":"https:\/\/omanivietnam.com\/index.php\/cua-hang\/"},{"@type":"ListItem","position":3,"name":"TIMKEN RAO 111\/16"}]},{"@type":"WebSite","@id":"https:\/\/omanivietnam.com\/#website","url":"https:\/\/omanivietnam.com\/","name":"OMANI VI\u1ec6T NAM","description":"Nh\u00e0 ph\u00e2n ph\u1ed1i thi\u1ebft b\u1ecb kh\u00ed n\u00e9n v\u00e0 thi\u1ebft b\u1ecb t\u1ef1 \u0111\u1ed9ng h\u00f3a trong c\u00f4ng nghi\u1ec7p","publisher":{"@id":"https:\/\/omanivietnam.com\/#\/schema\/person\/0ad398a980dc3fd696111c2c5c8fa897"},"potentialAction":[{"@type":"SearchAction","target":{"@type":"EntryPoint","urlTemplate":"https:\/\/omanivietnam.com\/?s={search_term_string}"},"query-input":"required name=search_term_string"}],"inLanguage":"vi"},{"@type":["Person","Organization"],"@id":"https:\/\/omanivietnam.com\/#\/schema\/person\/0ad398a980dc3fd696111c2c5c8fa897","name":"Nguy\u1ec5n V\u0103n Kh\u00e1nh","image":{"@type":"ImageObject","inLanguage":"vi","@id":"https:\/\/omanivietnam.com\/#\/schema\/person\/image\/","url":"https:\/\/omanivietnam.com\/wp-content\/uploads\/2024\/06\/logo-1024x1024.png","contentUrl":"https:\/\/omanivietnam.com\/wp-content\/uploads\/2024\/06\/logo-1024x1024.png","width":1024,"height":1024,"caption":"Nguy\u1ec5n V\u0103n Kh\u00e1nh"},"logo":{"@id":"https:\/\/omanivietnam.com\/#\/schema\/person\/image\/"},"sameAs":["https:\/\/omanivietnam.com"]}]}},"_links":{"self":[{"href":"https:\/\/omanivietnam.com\/index.php\/wp-json\/wp\/v2\/product\/1225","targetHints":{"allow":["GET"]}}],"collection":[{"href":"https:\/\/omanivietnam.com\/index.php\/wp-json\/wp\/v2\/product"}],"about":[{"href":"https:\/\/omanivietnam.com\/index.php\/wp-json\/wp\/v2\/types\/product"}],"replies":[{"embeddable":true,"href":"https:\/\/omanivietnam.com\/index.php\/wp-json\/wp\/v2\/comments?post=1225"}],"wp:featuredmedia":[{"embeddable":true,"href":"https:\/\/omanivietnam.com\/index.php\/wp-json\/wp\/v2\/media\/1226"}],"wp:attachment":[{"href":"https:\/\/omanivietnam.com\/index.php\/wp-json\/wp\/v2\/media?parent=1225"}],"wp:term":[{"taxonomy":"product_cat","embeddable":true,"href":"https:\/\/omanivietnam.com\/index.php\/wp-json\/wp\/v2\/product_cat?post=1225"},{"taxonomy":"product_tag","embeddable":true,"href":"https:\/\/omanivietnam.com\/index.php\/wp-json\/wp\/v2\/product_tag?post=1225"}],"curies":[{"name":"wp","href":"https:\/\/api.w.org\/{rel}","templated":true}]}}