{"id":1227,"date":"2024-07-25T05:42:25","date_gmt":"2024-07-24T22:42:25","guid":{"rendered":"https:\/\/omanivietnam.com\/?post_type=product&#038;p=1227"},"modified":"2024-07-25T05:42:25","modified_gmt":"2024-07-24T22:42:25","slug":"sartorius-mp30-01","status":"publish","type":"product","link":"https:\/\/omanivietnam.com\/index.php\/san-pham\/sartorius-mp30-01\/","title":{"rendered":"SARTORIUS MP30\/01"},"content":{"rendered":"<p>SARTORIUS MP30\/01 P\/N 9408 800 30011<\/p>\n<p>SARTORIUS MP 30\/20 P\/N 9408 800 30201<\/p>\n<p>SARTORIUS MP30\/00 PN: 9408 800 30001<\/p>\n<p><strong>Minebea Intec digital weight indicator\u00a0MP 30\u00a0&#8211; \u0111\u1ea7u c\u00e2n, b\u1ed9 ch\u1ec9 th\u1ecb k\u1ef9 thu\u1eadt s\u1ed1, c\u00e2n s\u00e0n, c\u00e2n b\u1ed3n, c\u00e2n silo, c\u00e2n ph\u1ec5u \u0111i\u1ec7n t\u1eed<\/strong><\/p>\n<p><strong>Th\u00f4ng s\u1ed1 k\u1ef9 thu\u1eadt c\u01a1 b\u1ea3n c\u1ee7a \u0111\u1ea7u c\u00e2n,\u00a0b\u1ed9 hi\u1ec3n th\u1ecb\u00a0&#8211; digital weight indicator MP 30:<\/strong><\/p>\n<div>Protection class:<br \/>\nHousing: IP20<br \/>\nPanel mounted: IP65<br \/>\nPower supply:<br \/>\n85\u2013250 VAC, 50\/60 Hz<br \/>\n11\u201336 VDC or 24 VAC (Option)<br \/>\nMax. power consumption: 15 VA<br \/>\nDisplay:<br \/>\nBright 5-digit LED display, 14 mm<br \/>\nStatus symbols: brutto\/gross, net, tare<br \/>\nSetpoint indication<br \/>\nKeypad:<br \/>\n5 keys for operation, calibration and configuration<br \/>\nLoad cell excitation:<br \/>\nJumper selectable: 5 VDC at 65 mA max. +\/-2%<br \/>\n10 VDC at 125 mA max. +\/-2%<br \/>\nmax. four load cells of 350 \u2126<br \/>\nTemperatur coefficient: 20 ppm\/K max.<br \/>\nDigital control inputs:<br \/>\n3 configurable user inputs (TTL)<br \/>\nInput voltage: max. 30 VDC<br \/>\nSink or source (aktiv\/passiv) selectable<br \/>\nSink: high Vin &lt; 0.7 VDC, low Vin &gt; 2.5 VDC<br \/>\nSource: high Vin &gt; 2.5 VDC, low Vin &lt; 0.7 VDC<br \/>\nUpdate rates:<br \/>\nStep response:<br \/>\n200 msec. max. to within 99 % of final readout value (digital filter and internal zero correction disabled)<br \/>\n700 msec. max. (digital filter disabled, internal zero correction enabled)<br \/>\nEnvironmental conditions:<br \/>\nOperating temperature range: 0 to 50\u00b0C (0 to 45\u00b0C with all three plug-in cards installed)<br \/>\nStorage temperature range: -40 to 60\u00b0C<br \/>\nHumidity: 0 to 85% max. non-condensing<br \/>\nA\/D converter:<br \/>\nResolution: 16 bit<br \/>\nA\/D Conversion rate: 20 readings\/sec.<br \/>\nManual tare:<br \/>\nConfigurable via front keys<br \/>\nAnalog output MP 30\/20:<br \/>\n2 analogue outputs with: 0\/4\u201320 mA or 0\u201310 VDC<br \/>\nIsolation to sensor &amp; user input commons Accuracy: 0.17 % of FS (18 to 28\u00b0C)<br \/>\nResolution: 1\/3500<br \/>\nCompliance: 10 VDC = 10 K\u2126 load min. 20 mA = 500 \u2126 load max.<br \/>\nUpdate time: max. 200 msec. filter and zero correction disabled Gross\/net selectable<br \/>\nSetpoint output MP 30\/10:<br \/>\nType: 2 FORM-C relays Isolation to sensor &amp; user input commons<br \/>\nIsolation to sensor &amp; user input commons Total current: 5 A at 120\/240 VAC or 28 VDC<br \/>\nLife expectancy: 100 K cycles min. at full load rating. Gross\/net selectable<br \/>\nSetpoint output MP 30\/11:<br \/>\nType: 4 FORM-A relays<br \/>\nTotal current: 3 A at 120\/240 VAC or 28 VDC<br \/>\nSerial communications RS232 (MP 30\/31) or RS485 (MP 30\/32):<br \/>\nIsolation to sensor &amp; user input commons<br \/>\nSettings: Databits: 7\/8,<br \/>\nBaudrate: 300\u201319,200,<br \/>\nParity: no\/odd\/even<br \/>\nBus address: selectable 0\u201399, max. 32 devices per line (RS485)<br \/>\nDistance:<br \/>\nRS232: up to 15 m<br \/>\nRS485: up to 1200 m<br \/>\nLow frequency noise rejection:<br \/>\nNormal mode: &gt; 60 dB at 50 or 60 Hz +\/-1%, digital filter off,<br \/>\nCommon mode: &gt; 100 dB, DC to 120 Hz (w.r.t. earth)<br \/>\nCustom linearization:<br \/>\nData point pairs: selectable from 2 to 16<br \/>\nDisplay range: -19.999 to 99.999<br \/>\nDecimal point: 0 to 0.0000<\/div>\n<div>H\u00e3ng s\u1ea3n xu\u1ea5t: Minebea Intec ( NMB\u00a0Minebea\u00a0&#8211; MinebeaMitsumi\u00a0Nh\u1eadt B\u1ea3n ).<\/div>\n<div>\n<p><strong>\u1ee8ng d\u1ee5ng:<\/strong><\/p>\n<ul>\n<li>C\u00e2n\u00a0b\u00e0n\u00a0\u0111i\u1ec7n t\u1eed,\u00a0c\u00e2n s\u00e0n\u00a0\u0111i\u1ec7n t\u1eed\u00a0c\u00f4ng nghi\u1ec7p.<\/li>\n<li>C\u00e2n b\u1ed3n ngang, c\u00e2n b\u1ed3n ch\u1ee9a, c\u00e2n ph\u1ec5u, c\u00e2n silo.<\/li>\n<li>Tank, Hopper Scale.<\/li>\n<\/ul>\n<p><strong>T\u00f9y ch\u1ecdn c\u1ee7a MP 30<\/strong><\/p>\n<ul>\n<li>MP 30\/00: Digital Indicator 85 to 250 VAC<\/li>\n<li>MP 30\/01: Digital Indicator 11 to 36 VAC\/DC<\/li>\n<li>MP 30\/10: Dual Relay Output for MP 30\/0x<\/li>\n<li>MP 30\/11: Quad Relay Output for MP 30\/0x<\/li>\n<li>MP 30\/20: Analog Output for MP 30\/0x<\/li>\n<li>MP 30\/31: RS 232 Interface for MP 30\/0x<\/li>\n<li>MP 30\/32: RS 485 Interface for MP 30\/0x<\/li>\n<\/ul>\n<\/div>\n<p><strong>\u0110\u1eb7c t\u00ednh k\u1ef9 thu\u1eadt:<\/strong><\/p>\n<ul>\n<li>Ngu\u1ed3n cung c\u1ea5p: 85 \u2013 250 VAC 50\/60 Hz ho\u1eb7c 11 \u2013 36 VDC\/24 VAC (t\u00f9y ch\u1ecdn).<\/li>\n<li>\u0110\u1ea7u ra analog (t\u00f9y ch\u1ecdn): 0\/4 \u2013 20 mA ho\u1eb7c 0 \u2013 10 VDC.<\/li>\n<li>Giao di\u1ec7n n\u1ed1i ti\u1ebfp (t\u00f9y ch\u1ecdn): RS 232 ho\u1eb7c RS 485.<\/li>\n<li>M\u1eb7t tr\u01b0\u1edbc k\u00edn, ti\u00eau chu\u1ea9n ch\u1ed1ng n\u01b0\u1edbc, ch\u1ed1ng b\u1ee5i:\u00a0IP65.<\/li>\n<li>Tr\u1eeb b\u00ec th\u1ee7 c\u00f4ng: nh\u1ea5n nh\u1ea3 ph\u00edm TARE.<\/li>\n<\/ul>\n<p>MP 30 Digital Weighing Indicator<\/p>\n<p>MP 30 is suitable for less complex aplications where readability of measuerement is priority. Through its modular design it can easily be expanded with additional I\/O or RS232\/485 modules.<\/p>\n<ul>\n<li>16 bit resolution and up to 20 readings\/sec.<\/li>\n<li>Supply voltage: 85 \u2013 250 VAC 50\/60 Hz or 11-36 VDC\/24 VAC (option)<\/li>\n<li>3 digital control inputs<\/li>\n<li>Analog output (option): 0\/4-20 mA or 0-10 VDC<\/li>\n<li>Serial interfaces (option): RS 232 or RS 485<\/li>\n<li>2 setpoint outputs (option)<\/li>\n<li>IP 65 sealed front panel<\/li>\n<li>Manual tare<\/li>\n<\/ul>\n<p><strong>Typical versions of the indicator and options:<\/strong><\/p>\n<ul>\n<li>MP30\/00 Digital indicator, 85-250 V AC 9408 800 30001<\/li>\n<li>MP30\/01 Digital indicator, 11-36 V AC\/DC 9408 800 30011<\/li>\n<\/ul>\n<p><strong>Expansion cards:<\/strong><\/p>\n<ul>\n<li>MP30\/10 Option Card \u2013 Relay output, 2 changeover contacts 9408 800 30101<\/li>\n<li>MP30\/11 Option Card \u2013 Relay output, 4 relays 9408 800 30111<\/li>\n<li>MP30\/20 Option Card \u2013 Analogue output 9408 800 30201<\/li>\n<li>MP30\/31 Option Card \u2013 RS 232 interface 9408 800 30311<\/li>\n<li>MP30\/32 Option Card \u2013 RS 485 interface 9408 800 30321<\/li>\n<\/ul>\n<p>\u0110\u1ea1i l\u00fd SARTORIUS vietnam, SARTORIUS viet nam, SARTORIUS vietnam distributor, Ph\u00e2n ph\u1ed1i SARTORIUS t\u1ea1i vi\u1ec7t nam<\/p>\n<p>\u0110\u1ea1i l\u00fd SARTORIUS vietnam, SARTORIUS viet nam, SARTORIUS vietnam distributor, Ph\u00e2n ph\u1ed1i SARTORIUS t\u1ea1i vi\u1ec7t nam<\/p>\n<p>\u0110\u1ea1i l\u00fd SARTORIUS vietnam, SARTORIUS viet nam, SARTORIUS vietnam distributor, Ph\u00e2n ph\u1ed1i SARTORIUS t\u1ea1i vi\u1ec7t nam<\/p>\n<p>\u0110\u1ea1i l\u00fd SARTORIUS vietnam, SARTORIUS viet nam, SARTORIUS vietnam distributor, Ph\u00e2n ph\u1ed1i SARTORIUS t\u1ea1i vi\u1ec7t nam<\/p>\n<p>\u0110\u1ea1i l\u00fd SARTORIUS vietnam, SARTORIUS viet nam, SARTORIUS vietnam distributor, Ph\u00e2n ph\u1ed1i SARTORIUS t\u1ea1i vi\u1ec7t nam<\/p>\n<p>&nbsp;<\/p>\n","protected":false},"excerpt":{"rendered":"<p>SARTORIUS MP30\/01 P\/N 9408 800 30011 SARTORIUS MP 30\/20 P\/N 9408 800 30201 SARTORIUS MP30\/00 PN: 9408 800 30001 Minebea Intec digital weight indicator\u00a0MP 30\u00a0&#8211; \u0111\u1ea7u c\u00e2n, b\u1ed9 ch\u1ec9 th\u1ecb k\u1ef9 thu\u1eadt s\u1ed1, c\u00e2n s\u00e0n, c\u00e2n b\u1ed3n, c\u00e2n silo, c\u00e2n ph\u1ec5u \u0111i\u1ec7n t\u1eed Th\u00f4ng s\u1ed1 k\u1ef9 thu\u1eadt c\u01a1 b\u1ea3n c\u1ee7a&hellip; <\/p>\n","protected":false},"featured_media":1228,"comment_status":"open","ping_status":"closed","template":"","meta":[],"product_cat":[331],"product_tag":[88,333,334,332],"class_list":{"0":"post-1227","1":"product","2":"type-product","3":"status-publish","4":"has-post-thumbnail","6":"product_cat-sartorius","7":"product_tag-cam-bien","8":"product_tag-dai-ly-sartorius-viet-nam","9":"product_tag-digital-weighing-indicator","10":"product_tag-sartorius-viet-nam","12":"first","13":"instock","14":"shipping-taxable","15":"product-type-simple"},"yoast_head":"<!-- This site is optimized with the Yoast SEO plugin v22.8 - https:\/\/yoast.com\/wordpress\/plugins\/seo\/ -->\n<title>SARTORIUS MP30\/01 - OMANI VI\u1ec6T NAM<\/title>\n<meta name=\"robots\" content=\"index, follow, max-snippet:-1, max-image-preview:large, max-video-preview:-1\" \/>\n<link rel=\"canonical\" href=\"https:\/\/omanivietnam.com\/index.php\/san-pham\/sartorius-mp30-01\/\" \/>\n<meta property=\"og:locale\" content=\"vi_VN\" \/>\n<meta property=\"og:type\" content=\"article\" \/>\n<meta property=\"og:title\" content=\"SARTORIUS MP30\/01 - OMANI VI\u1ec6T NAM\" \/>\n<meta property=\"og:description\" content=\"SARTORIUS MP30\/01 P\/N 9408 800 30011 SARTORIUS MP 30\/20 P\/N 9408 800 30201 SARTORIUS MP30\/00 PN: 9408 800 30001 Minebea Intec digital weight indicator\u00a0MP 30\u00a0&#8211; \u0111\u1ea7u c\u00e2n, b\u1ed9 ch\u1ec9 th\u1ecb k\u1ef9 thu\u1eadt s\u1ed1, c\u00e2n s\u00e0n, c\u00e2n b\u1ed3n, c\u00e2n silo, c\u00e2n ph\u1ec5u \u0111i\u1ec7n t\u1eed Th\u00f4ng s\u1ed1 k\u1ef9 thu\u1eadt c\u01a1 b\u1ea3n c\u1ee7a&hellip;\" \/>\n<meta property=\"og:url\" content=\"https:\/\/omanivietnam.com\/index.php\/san-pham\/sartorius-mp30-01\/\" \/>\n<meta property=\"og:site_name\" content=\"OMANI VI\u1ec6T NAM\" \/>\n<meta property=\"og:image\" content=\"https:\/\/omanivietnam.com\/wp-content\/uploads\/2024\/07\/MP30.png\" \/>\n\t<meta property=\"og:image:width\" content=\"1358\" \/>\n\t<meta property=\"og:image:height\" content=\"649\" \/>\n\t<meta property=\"og:image:type\" content=\"image\/png\" \/>\n<meta name=\"twitter:card\" content=\"summary_large_image\" \/>\n<meta name=\"twitter:label1\" content=\"\u01af\u1edbc t\u00ednh th\u1eddi gian \u0111\u1ecdc\" \/>\n\t<meta name=\"twitter:data1\" content=\"5 ph\u00fat\" \/>\n<script type=\"application\/ld+json\" class=\"yoast-schema-graph\">{\"@context\":\"https:\/\/schema.org\",\"@graph\":[{\"@type\":\"WebPage\",\"@id\":\"https:\/\/omanivietnam.com\/index.php\/san-pham\/sartorius-mp30-01\/\",\"url\":\"https:\/\/omanivietnam.com\/index.php\/san-pham\/sartorius-mp30-01\/\",\"name\":\"SARTORIUS MP30\/01 - OMANI VI\u1ec6T NAM\",\"isPartOf\":{\"@id\":\"https:\/\/omanivietnam.com\/#website\"},\"primaryImageOfPage\":{\"@id\":\"https:\/\/omanivietnam.com\/index.php\/san-pham\/sartorius-mp30-01\/#primaryimage\"},\"image\":{\"@id\":\"https:\/\/omanivietnam.com\/index.php\/san-pham\/sartorius-mp30-01\/#primaryimage\"},\"thumbnailUrl\":\"https:\/\/omanivietnam.com\/wp-content\/uploads\/2024\/07\/MP30.png\",\"datePublished\":\"2024-07-24T22:42:25+00:00\",\"dateModified\":\"2024-07-24T22:42:25+00:00\",\"breadcrumb\":{\"@id\":\"https:\/\/omanivietnam.com\/index.php\/san-pham\/sartorius-mp30-01\/#breadcrumb\"},\"inLanguage\":\"vi\",\"potentialAction\":[{\"@type\":\"ReadAction\",\"target\":[\"https:\/\/omanivietnam.com\/index.php\/san-pham\/sartorius-mp30-01\/\"]}]},{\"@type\":\"ImageObject\",\"inLanguage\":\"vi\",\"@id\":\"https:\/\/omanivietnam.com\/index.php\/san-pham\/sartorius-mp30-01\/#primaryimage\",\"url\":\"https:\/\/omanivietnam.com\/wp-content\/uploads\/2024\/07\/MP30.png\",\"contentUrl\":\"https:\/\/omanivietnam.com\/wp-content\/uploads\/2024\/07\/MP30.png\",\"width\":1358,\"height\":649},{\"@type\":\"BreadcrumbList\",\"@id\":\"https:\/\/omanivietnam.com\/index.php\/san-pham\/sartorius-mp30-01\/#breadcrumb\",\"itemListElement\":[{\"@type\":\"ListItem\",\"position\":1,\"name\":\"Home\",\"item\":\"https:\/\/omanivietnam.com\/\"},{\"@type\":\"ListItem\",\"position\":2,\"name\":\"S\u1ea2N PH\u1ea8M\",\"item\":\"https:\/\/omanivietnam.com\/index.php\/cua-hang\/\"},{\"@type\":\"ListItem\",\"position\":3,\"name\":\"SARTORIUS MP30\/01\"}]},{\"@type\":\"WebSite\",\"@id\":\"https:\/\/omanivietnam.com\/#website\",\"url\":\"https:\/\/omanivietnam.com\/\",\"name\":\"OMANI VI\u1ec6T NAM\",\"description\":\"Nh\u00e0 ph\u00e2n ph\u1ed1i thi\u1ebft b\u1ecb kh\u00ed n\u00e9n v\u00e0 thi\u1ebft b\u1ecb t\u1ef1 \u0111\u1ed9ng h\u00f3a trong c\u00f4ng nghi\u1ec7p\",\"publisher\":{\"@id\":\"https:\/\/omanivietnam.com\/#\/schema\/person\/0ad398a980dc3fd696111c2c5c8fa897\"},\"potentialAction\":[{\"@type\":\"SearchAction\",\"target\":{\"@type\":\"EntryPoint\",\"urlTemplate\":\"https:\/\/omanivietnam.com\/?s={search_term_string}\"},\"query-input\":\"required name=search_term_string\"}],\"inLanguage\":\"vi\"},{\"@type\":[\"Person\",\"Organization\"],\"@id\":\"https:\/\/omanivietnam.com\/#\/schema\/person\/0ad398a980dc3fd696111c2c5c8fa897\",\"name\":\"Nguy\u1ec5n V\u0103n Kh\u00e1nh\",\"image\":{\"@type\":\"ImageObject\",\"inLanguage\":\"vi\",\"@id\":\"https:\/\/omanivietnam.com\/#\/schema\/person\/image\/\",\"url\":\"https:\/\/omanivietnam.com\/wp-content\/uploads\/2024\/06\/logo-1024x1024.png\",\"contentUrl\":\"https:\/\/omanivietnam.com\/wp-content\/uploads\/2024\/06\/logo-1024x1024.png\",\"width\":1024,\"height\":1024,\"caption\":\"Nguy\u1ec5n V\u0103n Kh\u00e1nh\"},\"logo\":{\"@id\":\"https:\/\/omanivietnam.com\/#\/schema\/person\/image\/\"},\"sameAs\":[\"https:\/\/omanivietnam.com\"]}]}<\/script>\n<!-- \/ Yoast SEO plugin. -->","yoast_head_json":{"title":"SARTORIUS MP30\/01 - OMANI VI\u1ec6T NAM","robots":{"index":"index","follow":"follow","max-snippet":"max-snippet:-1","max-image-preview":"max-image-preview:large","max-video-preview":"max-video-preview:-1"},"canonical":"https:\/\/omanivietnam.com\/index.php\/san-pham\/sartorius-mp30-01\/","og_locale":"vi_VN","og_type":"article","og_title":"SARTORIUS MP30\/01 - OMANI VI\u1ec6T NAM","og_description":"SARTORIUS MP30\/01 P\/N 9408 800 30011 SARTORIUS MP 30\/20 P\/N 9408 800 30201 SARTORIUS MP30\/00 PN: 9408 800 30001 Minebea Intec digital weight indicator\u00a0MP 30\u00a0&#8211; \u0111\u1ea7u c\u00e2n, b\u1ed9 ch\u1ec9 th\u1ecb k\u1ef9 thu\u1eadt s\u1ed1, c\u00e2n s\u00e0n, c\u00e2n b\u1ed3n, c\u00e2n silo, c\u00e2n ph\u1ec5u \u0111i\u1ec7n t\u1eed Th\u00f4ng s\u1ed1 k\u1ef9 thu\u1eadt c\u01a1 b\u1ea3n c\u1ee7a&hellip;","og_url":"https:\/\/omanivietnam.com\/index.php\/san-pham\/sartorius-mp30-01\/","og_site_name":"OMANI VI\u1ec6T NAM","og_image":[{"width":1358,"height":649,"url":"https:\/\/omanivietnam.com\/wp-content\/uploads\/2024\/07\/MP30.png","type":"image\/png"}],"twitter_card":"summary_large_image","twitter_misc":{"\u01af\u1edbc t\u00ednh th\u1eddi gian \u0111\u1ecdc":"5 ph\u00fat"},"schema":{"@context":"https:\/\/schema.org","@graph":[{"@type":"WebPage","@id":"https:\/\/omanivietnam.com\/index.php\/san-pham\/sartorius-mp30-01\/","url":"https:\/\/omanivietnam.com\/index.php\/san-pham\/sartorius-mp30-01\/","name":"SARTORIUS MP30\/01 - OMANI VI\u1ec6T NAM","isPartOf":{"@id":"https:\/\/omanivietnam.com\/#website"},"primaryImageOfPage":{"@id":"https:\/\/omanivietnam.com\/index.php\/san-pham\/sartorius-mp30-01\/#primaryimage"},"image":{"@id":"https:\/\/omanivietnam.com\/index.php\/san-pham\/sartorius-mp30-01\/#primaryimage"},"thumbnailUrl":"https:\/\/omanivietnam.com\/wp-content\/uploads\/2024\/07\/MP30.png","datePublished":"2024-07-24T22:42:25+00:00","dateModified":"2024-07-24T22:42:25+00:00","breadcrumb":{"@id":"https:\/\/omanivietnam.com\/index.php\/san-pham\/sartorius-mp30-01\/#breadcrumb"},"inLanguage":"vi","potentialAction":[{"@type":"ReadAction","target":["https:\/\/omanivietnam.com\/index.php\/san-pham\/sartorius-mp30-01\/"]}]},{"@type":"ImageObject","inLanguage":"vi","@id":"https:\/\/omanivietnam.com\/index.php\/san-pham\/sartorius-mp30-01\/#primaryimage","url":"https:\/\/omanivietnam.com\/wp-content\/uploads\/2024\/07\/MP30.png","contentUrl":"https:\/\/omanivietnam.com\/wp-content\/uploads\/2024\/07\/MP30.png","width":1358,"height":649},{"@type":"BreadcrumbList","@id":"https:\/\/omanivietnam.com\/index.php\/san-pham\/sartorius-mp30-01\/#breadcrumb","itemListElement":[{"@type":"ListItem","position":1,"name":"Home","item":"https:\/\/omanivietnam.com\/"},{"@type":"ListItem","position":2,"name":"S\u1ea2N PH\u1ea8M","item":"https:\/\/omanivietnam.com\/index.php\/cua-hang\/"},{"@type":"ListItem","position":3,"name":"SARTORIUS MP30\/01"}]},{"@type":"WebSite","@id":"https:\/\/omanivietnam.com\/#website","url":"https:\/\/omanivietnam.com\/","name":"OMANI VI\u1ec6T NAM","description":"Nh\u00e0 ph\u00e2n ph\u1ed1i thi\u1ebft b\u1ecb kh\u00ed n\u00e9n v\u00e0 thi\u1ebft b\u1ecb t\u1ef1 \u0111\u1ed9ng h\u00f3a trong c\u00f4ng nghi\u1ec7p","publisher":{"@id":"https:\/\/omanivietnam.com\/#\/schema\/person\/0ad398a980dc3fd696111c2c5c8fa897"},"potentialAction":[{"@type":"SearchAction","target":{"@type":"EntryPoint","urlTemplate":"https:\/\/omanivietnam.com\/?s={search_term_string}"},"query-input":"required name=search_term_string"}],"inLanguage":"vi"},{"@type":["Person","Organization"],"@id":"https:\/\/omanivietnam.com\/#\/schema\/person\/0ad398a980dc3fd696111c2c5c8fa897","name":"Nguy\u1ec5n V\u0103n Kh\u00e1nh","image":{"@type":"ImageObject","inLanguage":"vi","@id":"https:\/\/omanivietnam.com\/#\/schema\/person\/image\/","url":"https:\/\/omanivietnam.com\/wp-content\/uploads\/2024\/06\/logo-1024x1024.png","contentUrl":"https:\/\/omanivietnam.com\/wp-content\/uploads\/2024\/06\/logo-1024x1024.png","width":1024,"height":1024,"caption":"Nguy\u1ec5n V\u0103n Kh\u00e1nh"},"logo":{"@id":"https:\/\/omanivietnam.com\/#\/schema\/person\/image\/"},"sameAs":["https:\/\/omanivietnam.com"]}]}},"_links":{"self":[{"href":"https:\/\/omanivietnam.com\/index.php\/wp-json\/wp\/v2\/product\/1227","targetHints":{"allow":["GET"]}}],"collection":[{"href":"https:\/\/omanivietnam.com\/index.php\/wp-json\/wp\/v2\/product"}],"about":[{"href":"https:\/\/omanivietnam.com\/index.php\/wp-json\/wp\/v2\/types\/product"}],"replies":[{"embeddable":true,"href":"https:\/\/omanivietnam.com\/index.php\/wp-json\/wp\/v2\/comments?post=1227"}],"wp:featuredmedia":[{"embeddable":true,"href":"https:\/\/omanivietnam.com\/index.php\/wp-json\/wp\/v2\/media\/1228"}],"wp:attachment":[{"href":"https:\/\/omanivietnam.com\/index.php\/wp-json\/wp\/v2\/media?parent=1227"}],"wp:term":[{"taxonomy":"product_cat","embeddable":true,"href":"https:\/\/omanivietnam.com\/index.php\/wp-json\/wp\/v2\/product_cat?post=1227"},{"taxonomy":"product_tag","embeddable":true,"href":"https:\/\/omanivietnam.com\/index.php\/wp-json\/wp\/v2\/product_tag?post=1227"}],"curies":[{"name":"wp","href":"https:\/\/api.w.org\/{rel}","templated":true}]}}