{"id":1316,"date":"2024-08-04T05:15:44","date_gmt":"2024-08-03T22:15:44","guid":{"rendered":"https:\/\/omanivietnam.com\/?post_type=product&#038;p=1316"},"modified":"2025-05-15T22:04:33","modified_gmt":"2025-05-15T15:04:33","slug":"festo-dsr-32-180-p","status":"publish","type":"product","link":"https:\/\/omanivietnam.com\/index.php\/san-pham\/festo-dsr-32-180-p\/","title":{"rendered":"FESTO DSR-32-180-P"},"content":{"rendered":"<p>FESTO DSR-32-180-P<\/p>\n<p class=\"title-product item_name\">Xy lanh quay DSR-32-180-P 11912<\/p>\n<p>1. Xy lanh quay DSR-32-180-P 11912:<\/p>\n<div>\n<div class=\"product-summary product_description\">\n<div class=\"rte description\">\n<p>K\u00edch th\u01b0\u1edbc 32<br \/>\nG\u00f3c gi\u1ea3m ch\u1ea5n [\u0111\u1ed9] 1,2<br \/>\nG\u00f3c xoay ph\u1ea1m vi c\u00e0i \u0111\u1eb7t [deg] 0 \u0111\u1ebfn 180<br \/>\nG\u00f3c xoay [\u0111\u1ed9] 0 \u0111\u1ebfn 180<br \/>\nGi\u1ea3m ch\u1ea5n P: V\u00f2ng \/ t\u1ea5m gi\u1ea3m thanh \u0111\u00e0n h\u1ed3i hai m\u1eb7t<br \/>\nv\u1ecb tr\u00ed l\u1eafp \u0111\u1eb7t B\u1ea5t k\u1ef3<br \/>\nNguy\u00ean l\u00fd ho\u1ea1t \u0111\u1ed9ng t\u00e1c \u0111\u1ed9ng k\u00e9p<br \/>\nX\u00e2y d\u1ef1ng thi\u1ebft l\u1eadp C\u00e1nh quay<br \/>\nPh\u00e1t hi\u1ec7n v\u1ecb tr\u00ed kh\u00f4ng c\u00f3<br \/>\n\u00c1p su\u1ea5t ho\u1ea1t \u0111\u1ed9ng [bar] 1,5 \u0111\u1ebfn 8<br \/>\nT\u1ed1i \u0111a xoay t\u1ea7n s\u1ed1 \u1edf 6 bar [hz] 3<\/p>\n<\/div>\n<\/div>\n<p>&nbsp;<\/p>\n<\/div>\n<p>&nbsp;<\/p>\n<p><img decoding=\"async\" src=\"https:\/\/www.khinen-festo.com\/wp-content\/uploads\/2020\/01\/DSR-Catalogue.jpg\" alt=\"xylanh quay nh\u1eadp kh\u1ea9u ch\u00ednh h\u00e3ng c\u1ee7a festo \u0111\u1ee9c \u0111\u01b0\u1ee3c ph\u00e2n ph\u1ed1i v\u00e0 b\u1ea3o h\u00e0nh 1 n\u0103m v\u1edbi gi\u00e1 r\u1ebb nh\u1ea5t tr\u00ean th\u1ecb tr\u01b0\u1eddng \u0111\u1ea3m b\u1ea3o uy t\u00edn\" \/><\/p>\n<p>&nbsp;<\/p>\n<p>2. M\u1ed9t s\u1ed1 d\u00f2ng t\u01b0\u01a1ng \u0111\u01b0\u01a1ng Xy lanh quay\u00a0DSR-32-180-P 11912:<\/p>\n<p>DSR-10-180-P 33297<br \/>\nDSR-12-180-P 11909<br \/>\nDSR-16-180-P 11910<br \/>\nDSR-25-180-P 11911<br \/>\nDSR-32-180-P 11912<br \/>\nDSR-40-180-P 13467<br \/>\nDSRL-10-180-P-FW 33296<br \/>\nDSRL-12-180-P-FW 30654<br \/>\nDSRL-16-180-P-FW 30655<br \/>\nDSRL-25-180-P-FW 30656<br \/>\nDSRL-32-180-P-FW 30657<br \/>\nDSRL-40-180-P-FW 30658<\/p>\n<p>&nbsp;<\/p>\n<p>FESTO CRDSNU-32-150-P-A 552791<\/p>\n<p>FESTO CRDSNU-12-80-P-A 8152528<\/p>\n<p>FESTO MA-40-6-R1\/4-EN 187078<br \/>\nFESTO ADVC-25-10-I-P-A-SA 1701348<br \/>\nFESTO DSR-32-180-P 11912<br \/>\nFESTO ADVC-100-15-I-P-A 188333=&gt; ADN-100-15-I-P-A<\/p>\n<p>&nbsp;<\/p>\n<p>\u0110\u1ea1i l\u00fd FESTO vietnam, FESTO viet nam, FESTO vietnam distributor, Ph\u00e2n ph\u1ed1i FESTO t\u1ea1i vi\u1ec7t nam<\/p>\n<p>\u0110\u1ea1i l\u00fd FESTO vietnam, FESTO viet nam, FESTO vietnam distributor, Ph\u00e2n ph\u1ed1i FESTO t\u1ea1i vi\u1ec7t nam<\/p>\n<p>\u0110\u1ea1i l\u00fd FESTO vietnam, FESTO viet nam, FESTO vietnam distributor, Ph\u00e2n ph\u1ed1i FESTO t\u1ea1i vi\u1ec7t nam<\/p>\n<p>\u0110\u1ea1i l\u00fd FESTO vietnam, FESTO viet nam, FESTO vietnam distributor, Ph\u00e2n ph\u1ed1i FESTO t\u1ea1i vi\u1ec7t nam<\/p>\n<p>\u0110\u1ea1i l\u00fd FESTO vietnam, FESTO viet nam, FESTO vietnam distributor, Ph\u00e2n ph\u1ed1i FESTO t\u1ea1i vi\u1ec7t nam<\/p>\n","protected":false},"excerpt":{"rendered":"<p>FESTO DSR-32-180-P Xy lanh quay DSR-32-180-P 11912 1. Xy lanh quay DSR-32-180-P 11912: K\u00edch th\u01b0\u1edbc 32 G\u00f3c gi\u1ea3m ch\u1ea5n [\u0111\u1ed9] 1,2 G\u00f3c xoay ph\u1ea1m vi c\u00e0i \u0111\u1eb7t [deg] 0 \u0111\u1ebfn 180 G\u00f3c xoay [\u0111\u1ed9] 0 \u0111\u1ebfn 180 Gi\u1ea3m ch\u1ea5n P: V\u00f2ng \/ t\u1ea5m gi\u1ea3m thanh \u0111\u00e0n h\u1ed3i hai m\u1eb7t v\u1ecb&hellip; <\/p>\n","protected":false},"featured_media":1317,"comment_status":"open","ping_status":"closed","template":"","meta":[],"product_cat":[284],"product_tag":[364,363,98],"class_list":{"0":"post-1316","1":"product","2":"type-product","3":"status-publish","4":"has-post-thumbnail","6":"product_cat-festo","7":"product_tag-dai-ly-festo-viet-nam","8":"product_tag-festo-viet-nam","9":"product_tag-xy-lanh-khi","11":"first","12":"instock","13":"shipping-taxable","14":"product-type-simple"},"yoast_head":"<!-- This site is optimized with the Yoast SEO plugin v22.8 - https:\/\/yoast.com\/wordpress\/plugins\/seo\/ -->\n<title>FESTO DSR-32-180-P - OMANI VI\u1ec6T NAM<\/title>\n<meta name=\"description\" content=\"FESTO DSR-32-180-P Rotary actuator, Semi-rotary drive DSR-32-180-P\" \/>\n<meta name=\"robots\" content=\"index, follow, max-snippet:-1, max-image-preview:large, max-video-preview:-1\" \/>\n<link rel=\"canonical\" href=\"https:\/\/omanivietnam.com\/index.php\/san-pham\/festo-dsr-32-180-p\/\" \/>\n<meta property=\"og:locale\" content=\"vi_VN\" \/>\n<meta property=\"og:type\" content=\"article\" \/>\n<meta property=\"og:title\" content=\"FESTO DSR-32-180-P - OMANI VI\u1ec6T NAM\" \/>\n<meta property=\"og:description\" content=\"FESTO DSR-32-180-P Rotary actuator, Semi-rotary drive DSR-32-180-P\" \/>\n<meta property=\"og:url\" content=\"https:\/\/omanivietnam.com\/index.php\/san-pham\/festo-dsr-32-180-p\/\" \/>\n<meta property=\"og:site_name\" content=\"OMANI VI\u1ec6T NAM\" \/>\n<meta property=\"article:modified_time\" content=\"2025-05-15T15:04:33+00:00\" \/>\n<meta property=\"og:image\" content=\"https:\/\/omanivietnam.com\/wp-content\/uploads\/2024\/08\/DSR-32-180-P.png\" \/>\n\t<meta property=\"og:image:width\" content=\"658\" \/>\n\t<meta property=\"og:image:height\" content=\"509\" \/>\n\t<meta property=\"og:image:type\" content=\"image\/png\" \/>\n<meta name=\"twitter:card\" content=\"summary_large_image\" \/>\n<meta name=\"twitter:label1\" content=\"\u01af\u1edbc t\u00ednh th\u1eddi gian \u0111\u1ecdc\" \/>\n\t<meta name=\"twitter:data1\" content=\"2 ph\u00fat\" \/>\n<script type=\"application\/ld+json\" class=\"yoast-schema-graph\">{\"@context\":\"https:\/\/schema.org\",\"@graph\":[{\"@type\":\"WebPage\",\"@id\":\"https:\/\/omanivietnam.com\/index.php\/san-pham\/festo-dsr-32-180-p\/\",\"url\":\"https:\/\/omanivietnam.com\/index.php\/san-pham\/festo-dsr-32-180-p\/\",\"name\":\"FESTO DSR-32-180-P - OMANI VI\u1ec6T NAM\",\"isPartOf\":{\"@id\":\"https:\/\/omanivietnam.com\/#website\"},\"primaryImageOfPage\":{\"@id\":\"https:\/\/omanivietnam.com\/index.php\/san-pham\/festo-dsr-32-180-p\/#primaryimage\"},\"image\":{\"@id\":\"https:\/\/omanivietnam.com\/index.php\/san-pham\/festo-dsr-32-180-p\/#primaryimage\"},\"thumbnailUrl\":\"https:\/\/omanivietnam.com\/wp-content\/uploads\/2024\/08\/DSR-32-180-P.png\",\"datePublished\":\"2024-08-03T22:15:44+00:00\",\"dateModified\":\"2025-05-15T15:04:33+00:00\",\"description\":\"FESTO DSR-32-180-P Rotary actuator, Semi-rotary drive DSR-32-180-P\",\"breadcrumb\":{\"@id\":\"https:\/\/omanivietnam.com\/index.php\/san-pham\/festo-dsr-32-180-p\/#breadcrumb\"},\"inLanguage\":\"vi\",\"potentialAction\":[{\"@type\":\"ReadAction\",\"target\":[\"https:\/\/omanivietnam.com\/index.php\/san-pham\/festo-dsr-32-180-p\/\"]}]},{\"@type\":\"ImageObject\",\"inLanguage\":\"vi\",\"@id\":\"https:\/\/omanivietnam.com\/index.php\/san-pham\/festo-dsr-32-180-p\/#primaryimage\",\"url\":\"https:\/\/omanivietnam.com\/wp-content\/uploads\/2024\/08\/DSR-32-180-P.png\",\"contentUrl\":\"https:\/\/omanivietnam.com\/wp-content\/uploads\/2024\/08\/DSR-32-180-P.png\",\"width\":658,\"height\":509},{\"@type\":\"BreadcrumbList\",\"@id\":\"https:\/\/omanivietnam.com\/index.php\/san-pham\/festo-dsr-32-180-p\/#breadcrumb\",\"itemListElement\":[{\"@type\":\"ListItem\",\"position\":1,\"name\":\"Home\",\"item\":\"https:\/\/omanivietnam.com\/\"},{\"@type\":\"ListItem\",\"position\":2,\"name\":\"S\u1ea2N PH\u1ea8M\",\"item\":\"https:\/\/omanivietnam.com\/index.php\/cua-hang\/\"},{\"@type\":\"ListItem\",\"position\":3,\"name\":\"FESTO DSR-32-180-P\"}]},{\"@type\":\"WebSite\",\"@id\":\"https:\/\/omanivietnam.com\/#website\",\"url\":\"https:\/\/omanivietnam.com\/\",\"name\":\"OMANI VI\u1ec6T NAM\",\"description\":\"Nh\u00e0 ph\u00e2n ph\u1ed1i thi\u1ebft b\u1ecb kh\u00ed n\u00e9n v\u00e0 thi\u1ebft b\u1ecb t\u1ef1 \u0111\u1ed9ng h\u00f3a trong c\u00f4ng nghi\u1ec7p\",\"publisher\":{\"@id\":\"https:\/\/omanivietnam.com\/#\/schema\/person\/0ad398a980dc3fd696111c2c5c8fa897\"},\"potentialAction\":[{\"@type\":\"SearchAction\",\"target\":{\"@type\":\"EntryPoint\",\"urlTemplate\":\"https:\/\/omanivietnam.com\/?s={search_term_string}\"},\"query-input\":\"required name=search_term_string\"}],\"inLanguage\":\"vi\"},{\"@type\":[\"Person\",\"Organization\"],\"@id\":\"https:\/\/omanivietnam.com\/#\/schema\/person\/0ad398a980dc3fd696111c2c5c8fa897\",\"name\":\"Nguy\u1ec5n V\u0103n Kh\u00e1nh\",\"image\":{\"@type\":\"ImageObject\",\"inLanguage\":\"vi\",\"@id\":\"https:\/\/omanivietnam.com\/#\/schema\/person\/image\/\",\"url\":\"https:\/\/omanivietnam.com\/wp-content\/uploads\/2024\/06\/logo-1024x1024.png\",\"contentUrl\":\"https:\/\/omanivietnam.com\/wp-content\/uploads\/2024\/06\/logo-1024x1024.png\",\"width\":1024,\"height\":1024,\"caption\":\"Nguy\u1ec5n V\u0103n Kh\u00e1nh\"},\"logo\":{\"@id\":\"https:\/\/omanivietnam.com\/#\/schema\/person\/image\/\"},\"sameAs\":[\"https:\/\/omanivietnam.com\"]}]}<\/script>\n<!-- \/ Yoast SEO plugin. -->","yoast_head_json":{"title":"FESTO DSR-32-180-P - OMANI VI\u1ec6T NAM","description":"FESTO DSR-32-180-P Rotary actuator, Semi-rotary drive DSR-32-180-P","robots":{"index":"index","follow":"follow","max-snippet":"max-snippet:-1","max-image-preview":"max-image-preview:large","max-video-preview":"max-video-preview:-1"},"canonical":"https:\/\/omanivietnam.com\/index.php\/san-pham\/festo-dsr-32-180-p\/","og_locale":"vi_VN","og_type":"article","og_title":"FESTO DSR-32-180-P - OMANI VI\u1ec6T NAM","og_description":"FESTO DSR-32-180-P Rotary actuator, Semi-rotary drive DSR-32-180-P","og_url":"https:\/\/omanivietnam.com\/index.php\/san-pham\/festo-dsr-32-180-p\/","og_site_name":"OMANI VI\u1ec6T NAM","article_modified_time":"2025-05-15T15:04:33+00:00","og_image":[{"width":658,"height":509,"url":"https:\/\/omanivietnam.com\/wp-content\/uploads\/2024\/08\/DSR-32-180-P.png","type":"image\/png"}],"twitter_card":"summary_large_image","twitter_misc":{"\u01af\u1edbc t\u00ednh th\u1eddi gian \u0111\u1ecdc":"2 ph\u00fat"},"schema":{"@context":"https:\/\/schema.org","@graph":[{"@type":"WebPage","@id":"https:\/\/omanivietnam.com\/index.php\/san-pham\/festo-dsr-32-180-p\/","url":"https:\/\/omanivietnam.com\/index.php\/san-pham\/festo-dsr-32-180-p\/","name":"FESTO DSR-32-180-P - OMANI VI\u1ec6T NAM","isPartOf":{"@id":"https:\/\/omanivietnam.com\/#website"},"primaryImageOfPage":{"@id":"https:\/\/omanivietnam.com\/index.php\/san-pham\/festo-dsr-32-180-p\/#primaryimage"},"image":{"@id":"https:\/\/omanivietnam.com\/index.php\/san-pham\/festo-dsr-32-180-p\/#primaryimage"},"thumbnailUrl":"https:\/\/omanivietnam.com\/wp-content\/uploads\/2024\/08\/DSR-32-180-P.png","datePublished":"2024-08-03T22:15:44+00:00","dateModified":"2025-05-15T15:04:33+00:00","description":"FESTO DSR-32-180-P Rotary actuator, Semi-rotary drive DSR-32-180-P","breadcrumb":{"@id":"https:\/\/omanivietnam.com\/index.php\/san-pham\/festo-dsr-32-180-p\/#breadcrumb"},"inLanguage":"vi","potentialAction":[{"@type":"ReadAction","target":["https:\/\/omanivietnam.com\/index.php\/san-pham\/festo-dsr-32-180-p\/"]}]},{"@type":"ImageObject","inLanguage":"vi","@id":"https:\/\/omanivietnam.com\/index.php\/san-pham\/festo-dsr-32-180-p\/#primaryimage","url":"https:\/\/omanivietnam.com\/wp-content\/uploads\/2024\/08\/DSR-32-180-P.png","contentUrl":"https:\/\/omanivietnam.com\/wp-content\/uploads\/2024\/08\/DSR-32-180-P.png","width":658,"height":509},{"@type":"BreadcrumbList","@id":"https:\/\/omanivietnam.com\/index.php\/san-pham\/festo-dsr-32-180-p\/#breadcrumb","itemListElement":[{"@type":"ListItem","position":1,"name":"Home","item":"https:\/\/omanivietnam.com\/"},{"@type":"ListItem","position":2,"name":"S\u1ea2N PH\u1ea8M","item":"https:\/\/omanivietnam.com\/index.php\/cua-hang\/"},{"@type":"ListItem","position":3,"name":"FESTO DSR-32-180-P"}]},{"@type":"WebSite","@id":"https:\/\/omanivietnam.com\/#website","url":"https:\/\/omanivietnam.com\/","name":"OMANI VI\u1ec6T NAM","description":"Nh\u00e0 ph\u00e2n ph\u1ed1i thi\u1ebft b\u1ecb kh\u00ed n\u00e9n v\u00e0 thi\u1ebft b\u1ecb t\u1ef1 \u0111\u1ed9ng h\u00f3a trong c\u00f4ng nghi\u1ec7p","publisher":{"@id":"https:\/\/omanivietnam.com\/#\/schema\/person\/0ad398a980dc3fd696111c2c5c8fa897"},"potentialAction":[{"@type":"SearchAction","target":{"@type":"EntryPoint","urlTemplate":"https:\/\/omanivietnam.com\/?s={search_term_string}"},"query-input":"required name=search_term_string"}],"inLanguage":"vi"},{"@type":["Person","Organization"],"@id":"https:\/\/omanivietnam.com\/#\/schema\/person\/0ad398a980dc3fd696111c2c5c8fa897","name":"Nguy\u1ec5n V\u0103n Kh\u00e1nh","image":{"@type":"ImageObject","inLanguage":"vi","@id":"https:\/\/omanivietnam.com\/#\/schema\/person\/image\/","url":"https:\/\/omanivietnam.com\/wp-content\/uploads\/2024\/06\/logo-1024x1024.png","contentUrl":"https:\/\/omanivietnam.com\/wp-content\/uploads\/2024\/06\/logo-1024x1024.png","width":1024,"height":1024,"caption":"Nguy\u1ec5n V\u0103n Kh\u00e1nh"},"logo":{"@id":"https:\/\/omanivietnam.com\/#\/schema\/person\/image\/"},"sameAs":["https:\/\/omanivietnam.com"]}]}},"_links":{"self":[{"href":"https:\/\/omanivietnam.com\/index.php\/wp-json\/wp\/v2\/product\/1316","targetHints":{"allow":["GET"]}}],"collection":[{"href":"https:\/\/omanivietnam.com\/index.php\/wp-json\/wp\/v2\/product"}],"about":[{"href":"https:\/\/omanivietnam.com\/index.php\/wp-json\/wp\/v2\/types\/product"}],"replies":[{"embeddable":true,"href":"https:\/\/omanivietnam.com\/index.php\/wp-json\/wp\/v2\/comments?post=1316"}],"wp:featuredmedia":[{"embeddable":true,"href":"https:\/\/omanivietnam.com\/index.php\/wp-json\/wp\/v2\/media\/1317"}],"wp:attachment":[{"href":"https:\/\/omanivietnam.com\/index.php\/wp-json\/wp\/v2\/media?parent=1316"}],"wp:term":[{"taxonomy":"product_cat","embeddable":true,"href":"https:\/\/omanivietnam.com\/index.php\/wp-json\/wp\/v2\/product_cat?post=1316"},{"taxonomy":"product_tag","embeddable":true,"href":"https:\/\/omanivietnam.com\/index.php\/wp-json\/wp\/v2\/product_tag?post=1316"}],"curies":[{"name":"wp","href":"https:\/\/api.w.org\/{rel}","templated":true}]}}