{"id":1347,"date":"2024-08-05T23:34:03","date_gmt":"2024-08-05T16:34:03","guid":{"rendered":"https:\/\/omanivietnam.com\/?post_type=product&#038;p=1347"},"modified":"2024-08-05T23:34:03","modified_gmt":"2024-08-05T16:34:03","slug":"smc-cdqsb25-30d","status":"publish","type":"product","link":"https:\/\/omanivietnam.com\/index.php\/san-pham\/smc-cdqsb25-30d\/","title":{"rendered":"SMC CDQSB25-30D"},"content":{"rendered":"<p>SMC CDQSB25-30D<\/p>\n<p class=\"m-h1\">Compact Cylinder, Standard Type, Double Acting, Single Rod CQS Series (CDQSB25-30D)<\/p>\n<p class=\"m-h2\">Product Description<\/p>\n<p>Compact Cylinder, Standard Type, Double Acting, Single Rod CQS Series that is ideal for machine designs with small space requirements.<br \/>\n[Features]<br \/>\n\u00b7 Square body shape that gives you flexibility for designing machines.<br \/>\n\u00b7 Auto switch mounting direction allows for flexible design requirements.<br \/>\n\u00b7 2-way basic mounting.<br \/>\n\u00b7 Non-rotating rod with high non-rotating accuracy.<\/p>\n<p class=\"m-h3\"><span data-lang=\"ENG\">Configured Specifications<\/span><\/p>\n<table class=\"m-listTable\" summary=\"Price, Spec., etc.\">\n<colgroup>\n<col width=\"20%\" \/>\n<col width=\"30%\" \/>\n<col width=\"20%\" \/>\n<col width=\"30%\" \/><\/colgroup>\n<tbody>\n<tr>\n<th>Cylinder Operation Method<\/th>\n<td>[Double Acting] Double Acting<\/td>\n<th>Rod Operation Method<\/th>\n<td>Single Rods<\/td>\n<\/tr>\n<tr>\n<th>Main Body Shape<\/th>\n<td>[Block Shape] Plate Cylinder<\/td>\n<th>Cylinder (Tube) Inner Diameter(\u00d8)<\/th>\n<td>25<\/td>\n<\/tr>\n<tr>\n<th>Stroke(mm)<\/th>\n<td>30<\/td>\n<th>Additional Function<\/th>\n<td>High rigidity \/ high precision high class guide<\/td>\n<\/tr>\n<tr>\n<th>Environment, Applications<\/th>\n<td>Low Speed<\/td>\n<th>Cushion<\/th>\n<td>None<\/td>\n<\/tr>\n<tr>\n<th>Operating Pressure(MPa)<\/th>\n<td>0.05 to 1.0<\/td>\n<th>Specifications<\/th>\n<td>Built-in magnet<\/td>\n<\/tr>\n<tr>\n<th>Stroke Type<\/th>\n<td>Standard stroke<\/td>\n<th>Body Options<\/th>\n<td>&#8211;<\/td>\n<\/tr>\n<tr class=\"VN_table-row\">\n<th>Auto Switches<\/th>\n<td>Without switch<\/td>\n<th>Lead Wire<\/th>\n<td>&#8211;<\/td>\n<\/tr>\n<tr class=\"VN_table-row\">\n<th>The number of the switches<\/th>\n<td>&#8211;<\/td>\n<th>Type of Mount Support<\/th>\n<td>Through-Hole \/ Both Ends Tapped Common (Standard)<\/td>\n<\/tr>\n<tr class=\"VN_table-row\">\n<th>Rod Tip Shape<\/th>\n<td>Female rod end<\/td>\n<th>Custom-made Specifications<\/th>\n<td>Low speed cylinder (10 to\u00a050\u00a0mm\/s)<\/td>\n<\/tr>\n<\/tbody>\n<\/table>\n<p>&nbsp;<\/p>\n<p><img decoding=\"async\" src=\"https:\/\/vn.misumi-ec.com\/linked\/vitem\/mech\/SMC1\/221006499182\/img\/221006499182_jh_w02.jpg\" alt=\"Model number example\" \/><\/p>\n<p>&nbsp;<\/p>\n<p>C\u00e1c s\u1ea3n ph\u1ea9m t\u01b0\u01a1ng t\u1ef1<\/p>\n<p>CDQSB25-5D CDQSB25-10D CDQSB25-15D CDQSB25-20D CDQSB25-25D CDQSB25-30D CDQSB25-35D CDQSB25-40D CDQSB25-45D CDQSB25-50D CDQSB25-75D CDQSB25-100D CDQSB25-5DC CDQSB25-10DC CD Cdqsb25-40dc CDQSB25-45DC CDQSB25-50DC CDQSB25-75DC CDQSB25-100DC<\/p>\n<p>\u0110\u1ea1i l\u00fd SMC vietnam, SMC viet nam, SMC vietnam distributor, Ph\u00e2n ph\u1ed1i SMC t\u1ea1i vi\u1ec7t nam<\/p>\n<p>\u0110\u1ea1i l\u00fd SMC vietnam, SMC viet nam, SMC vietnam distributor, Ph\u00e2n ph\u1ed1i SMC t\u1ea1i vi\u1ec7t nam<\/p>\n<p>\u0110\u1ea1i l\u00fd SMC vietnam, SMC viet nam, SMC vietnam distributor, Ph\u00e2n ph\u1ed1i SMC t\u1ea1i vi\u1ec7t nam<\/p>\n<p>\u0110\u1ea1i l\u00fd SMC vietnam, SMC viet nam, SMC vietnam distributor, Ph\u00e2n ph\u1ed1i SMC t\u1ea1i vi\u1ec7t nam<\/p>\n<p>\u0110\u1ea1i l\u00fd SMC vietnam, SMC viet nam, SMC vietnam distributor, Ph\u00e2n ph\u1ed1i SMC t\u1ea1i vi\u1ec7t nam<\/p>\n","protected":false},"excerpt":{"rendered":"<p>SMC CDQSB25-30D Compact Cylinder, Standard Type, Double Acting, Single Rod CQS Series (CDQSB25-30D) Product Description Compact Cylinder, Standard Type, Double Acting, Single Rod CQS Series that is ideal for machine designs with small space requirements. [Features] \u00b7 Square body shape that gives you flexibility for designing machines. \u00b7 Auto switch&hellip; <\/p>\n","protected":false},"featured_media":1348,"comment_status":"open","ping_status":"closed","template":"","meta":[],"product_cat":[283],"product_tag":[93,92,98],"class_list":{"0":"post-1347","1":"product","2":"type-product","3":"status-publish","4":"has-post-thumbnail","6":"product_cat-smc","7":"product_tag-dai-ly-smc-viet-nam","8":"product_tag-smc-viet-nam","9":"product_tag-xy-lanh-khi","11":"first","12":"instock","13":"shipping-taxable","14":"product-type-simple"},"yoast_head":"<!-- This site is optimized with the Yoast SEO plugin v22.8 - https:\/\/yoast.com\/wordpress\/plugins\/seo\/ -->\n<title>SMC CDQSB25-30D - OMANI VI\u1ec6T NAM<\/title>\n<meta name=\"robots\" content=\"index, follow, max-snippet:-1, max-image-preview:large, max-video-preview:-1\" \/>\n<link rel=\"canonical\" href=\"https:\/\/omanivietnam.com\/index.php\/san-pham\/smc-cdqsb25-30d\/\" \/>\n<meta property=\"og:locale\" content=\"vi_VN\" \/>\n<meta property=\"og:type\" content=\"article\" \/>\n<meta property=\"og:title\" content=\"SMC CDQSB25-30D - OMANI VI\u1ec6T NAM\" \/>\n<meta property=\"og:description\" content=\"SMC CDQSB25-30D Compact Cylinder, Standard Type, Double Acting, Single Rod CQS Series (CDQSB25-30D) Product Description Compact Cylinder, Standard Type, Double Acting, Single Rod CQS Series that is ideal for machine designs with small space requirements. [Features] \u00b7 Square body shape that gives you flexibility for designing machines. \u00b7 Auto switch&hellip;\" \/>\n<meta property=\"og:url\" content=\"https:\/\/omanivietnam.com\/index.php\/san-pham\/smc-cdqsb25-30d\/\" \/>\n<meta property=\"og:site_name\" content=\"OMANI VI\u1ec6T NAM\" \/>\n<meta property=\"og:image\" content=\"https:\/\/omanivietnam.com\/wp-content\/uploads\/2024\/08\/CDQSB25-30D.png\" \/>\n\t<meta property=\"og:image:width\" content=\"584\" \/>\n\t<meta property=\"og:image:height\" content=\"519\" \/>\n\t<meta property=\"og:image:type\" content=\"image\/png\" \/>\n<meta name=\"twitter:card\" content=\"summary_large_image\" \/>\n<meta name=\"twitter:label1\" content=\"\u01af\u1edbc t\u00ednh th\u1eddi gian \u0111\u1ecdc\" \/>\n\t<meta name=\"twitter:data1\" content=\"2 ph\u00fat\" \/>\n<script type=\"application\/ld+json\" class=\"yoast-schema-graph\">{\"@context\":\"https:\/\/schema.org\",\"@graph\":[{\"@type\":\"WebPage\",\"@id\":\"https:\/\/omanivietnam.com\/index.php\/san-pham\/smc-cdqsb25-30d\/\",\"url\":\"https:\/\/omanivietnam.com\/index.php\/san-pham\/smc-cdqsb25-30d\/\",\"name\":\"SMC CDQSB25-30D - OMANI VI\u1ec6T NAM\",\"isPartOf\":{\"@id\":\"https:\/\/omanivietnam.com\/#website\"},\"primaryImageOfPage\":{\"@id\":\"https:\/\/omanivietnam.com\/index.php\/san-pham\/smc-cdqsb25-30d\/#primaryimage\"},\"image\":{\"@id\":\"https:\/\/omanivietnam.com\/index.php\/san-pham\/smc-cdqsb25-30d\/#primaryimage\"},\"thumbnailUrl\":\"https:\/\/omanivietnam.com\/wp-content\/uploads\/2024\/08\/CDQSB25-30D.png\",\"datePublished\":\"2024-08-05T16:34:03+00:00\",\"dateModified\":\"2024-08-05T16:34:03+00:00\",\"breadcrumb\":{\"@id\":\"https:\/\/omanivietnam.com\/index.php\/san-pham\/smc-cdqsb25-30d\/#breadcrumb\"},\"inLanguage\":\"vi\",\"potentialAction\":[{\"@type\":\"ReadAction\",\"target\":[\"https:\/\/omanivietnam.com\/index.php\/san-pham\/smc-cdqsb25-30d\/\"]}]},{\"@type\":\"ImageObject\",\"inLanguage\":\"vi\",\"@id\":\"https:\/\/omanivietnam.com\/index.php\/san-pham\/smc-cdqsb25-30d\/#primaryimage\",\"url\":\"https:\/\/omanivietnam.com\/wp-content\/uploads\/2024\/08\/CDQSB25-30D.png\",\"contentUrl\":\"https:\/\/omanivietnam.com\/wp-content\/uploads\/2024\/08\/CDQSB25-30D.png\",\"width\":584,\"height\":519},{\"@type\":\"BreadcrumbList\",\"@id\":\"https:\/\/omanivietnam.com\/index.php\/san-pham\/smc-cdqsb25-30d\/#breadcrumb\",\"itemListElement\":[{\"@type\":\"ListItem\",\"position\":1,\"name\":\"Home\",\"item\":\"https:\/\/omanivietnam.com\/\"},{\"@type\":\"ListItem\",\"position\":2,\"name\":\"S\u1ea2N PH\u1ea8M\",\"item\":\"https:\/\/omanivietnam.com\/index.php\/cua-hang\/\"},{\"@type\":\"ListItem\",\"position\":3,\"name\":\"SMC CDQSB25-30D\"}]},{\"@type\":\"WebSite\",\"@id\":\"https:\/\/omanivietnam.com\/#website\",\"url\":\"https:\/\/omanivietnam.com\/\",\"name\":\"OMANI VI\u1ec6T NAM\",\"description\":\"Nh\u00e0 ph\u00e2n ph\u1ed1i thi\u1ebft b\u1ecb kh\u00ed n\u00e9n v\u00e0 thi\u1ebft b\u1ecb t\u1ef1 \u0111\u1ed9ng h\u00f3a trong c\u00f4ng nghi\u1ec7p\",\"publisher\":{\"@id\":\"https:\/\/omanivietnam.com\/#\/schema\/person\/0ad398a980dc3fd696111c2c5c8fa897\"},\"potentialAction\":[{\"@type\":\"SearchAction\",\"target\":{\"@type\":\"EntryPoint\",\"urlTemplate\":\"https:\/\/omanivietnam.com\/?s={search_term_string}\"},\"query-input\":\"required name=search_term_string\"}],\"inLanguage\":\"vi\"},{\"@type\":[\"Person\",\"Organization\"],\"@id\":\"https:\/\/omanivietnam.com\/#\/schema\/person\/0ad398a980dc3fd696111c2c5c8fa897\",\"name\":\"Nguy\u1ec5n V\u0103n Kh\u00e1nh\",\"image\":{\"@type\":\"ImageObject\",\"inLanguage\":\"vi\",\"@id\":\"https:\/\/omanivietnam.com\/#\/schema\/person\/image\/\",\"url\":\"https:\/\/omanivietnam.com\/wp-content\/uploads\/2024\/06\/logo-1024x1024.png\",\"contentUrl\":\"https:\/\/omanivietnam.com\/wp-content\/uploads\/2024\/06\/logo-1024x1024.png\",\"width\":1024,\"height\":1024,\"caption\":\"Nguy\u1ec5n V\u0103n Kh\u00e1nh\"},\"logo\":{\"@id\":\"https:\/\/omanivietnam.com\/#\/schema\/person\/image\/\"},\"sameAs\":[\"https:\/\/omanivietnam.com\"]}]}<\/script>\n<!-- \/ Yoast SEO plugin. -->","yoast_head_json":{"title":"SMC CDQSB25-30D - OMANI VI\u1ec6T NAM","robots":{"index":"index","follow":"follow","max-snippet":"max-snippet:-1","max-image-preview":"max-image-preview:large","max-video-preview":"max-video-preview:-1"},"canonical":"https:\/\/omanivietnam.com\/index.php\/san-pham\/smc-cdqsb25-30d\/","og_locale":"vi_VN","og_type":"article","og_title":"SMC CDQSB25-30D - OMANI VI\u1ec6T NAM","og_description":"SMC CDQSB25-30D Compact Cylinder, Standard Type, Double Acting, Single Rod CQS Series (CDQSB25-30D) Product Description Compact Cylinder, Standard Type, Double Acting, Single Rod CQS Series that is ideal for machine designs with small space requirements. [Features] \u00b7 Square body shape that gives you flexibility for designing machines. \u00b7 Auto switch&hellip;","og_url":"https:\/\/omanivietnam.com\/index.php\/san-pham\/smc-cdqsb25-30d\/","og_site_name":"OMANI VI\u1ec6T NAM","og_image":[{"width":584,"height":519,"url":"https:\/\/omanivietnam.com\/wp-content\/uploads\/2024\/08\/CDQSB25-30D.png","type":"image\/png"}],"twitter_card":"summary_large_image","twitter_misc":{"\u01af\u1edbc t\u00ednh th\u1eddi gian \u0111\u1ecdc":"2 ph\u00fat"},"schema":{"@context":"https:\/\/schema.org","@graph":[{"@type":"WebPage","@id":"https:\/\/omanivietnam.com\/index.php\/san-pham\/smc-cdqsb25-30d\/","url":"https:\/\/omanivietnam.com\/index.php\/san-pham\/smc-cdqsb25-30d\/","name":"SMC CDQSB25-30D - OMANI VI\u1ec6T NAM","isPartOf":{"@id":"https:\/\/omanivietnam.com\/#website"},"primaryImageOfPage":{"@id":"https:\/\/omanivietnam.com\/index.php\/san-pham\/smc-cdqsb25-30d\/#primaryimage"},"image":{"@id":"https:\/\/omanivietnam.com\/index.php\/san-pham\/smc-cdqsb25-30d\/#primaryimage"},"thumbnailUrl":"https:\/\/omanivietnam.com\/wp-content\/uploads\/2024\/08\/CDQSB25-30D.png","datePublished":"2024-08-05T16:34:03+00:00","dateModified":"2024-08-05T16:34:03+00:00","breadcrumb":{"@id":"https:\/\/omanivietnam.com\/index.php\/san-pham\/smc-cdqsb25-30d\/#breadcrumb"},"inLanguage":"vi","potentialAction":[{"@type":"ReadAction","target":["https:\/\/omanivietnam.com\/index.php\/san-pham\/smc-cdqsb25-30d\/"]}]},{"@type":"ImageObject","inLanguage":"vi","@id":"https:\/\/omanivietnam.com\/index.php\/san-pham\/smc-cdqsb25-30d\/#primaryimage","url":"https:\/\/omanivietnam.com\/wp-content\/uploads\/2024\/08\/CDQSB25-30D.png","contentUrl":"https:\/\/omanivietnam.com\/wp-content\/uploads\/2024\/08\/CDQSB25-30D.png","width":584,"height":519},{"@type":"BreadcrumbList","@id":"https:\/\/omanivietnam.com\/index.php\/san-pham\/smc-cdqsb25-30d\/#breadcrumb","itemListElement":[{"@type":"ListItem","position":1,"name":"Home","item":"https:\/\/omanivietnam.com\/"},{"@type":"ListItem","position":2,"name":"S\u1ea2N PH\u1ea8M","item":"https:\/\/omanivietnam.com\/index.php\/cua-hang\/"},{"@type":"ListItem","position":3,"name":"SMC CDQSB25-30D"}]},{"@type":"WebSite","@id":"https:\/\/omanivietnam.com\/#website","url":"https:\/\/omanivietnam.com\/","name":"OMANI VI\u1ec6T NAM","description":"Nh\u00e0 ph\u00e2n ph\u1ed1i thi\u1ebft b\u1ecb kh\u00ed n\u00e9n v\u00e0 thi\u1ebft b\u1ecb t\u1ef1 \u0111\u1ed9ng h\u00f3a trong c\u00f4ng nghi\u1ec7p","publisher":{"@id":"https:\/\/omanivietnam.com\/#\/schema\/person\/0ad398a980dc3fd696111c2c5c8fa897"},"potentialAction":[{"@type":"SearchAction","target":{"@type":"EntryPoint","urlTemplate":"https:\/\/omanivietnam.com\/?s={search_term_string}"},"query-input":"required name=search_term_string"}],"inLanguage":"vi"},{"@type":["Person","Organization"],"@id":"https:\/\/omanivietnam.com\/#\/schema\/person\/0ad398a980dc3fd696111c2c5c8fa897","name":"Nguy\u1ec5n V\u0103n Kh\u00e1nh","image":{"@type":"ImageObject","inLanguage":"vi","@id":"https:\/\/omanivietnam.com\/#\/schema\/person\/image\/","url":"https:\/\/omanivietnam.com\/wp-content\/uploads\/2024\/06\/logo-1024x1024.png","contentUrl":"https:\/\/omanivietnam.com\/wp-content\/uploads\/2024\/06\/logo-1024x1024.png","width":1024,"height":1024,"caption":"Nguy\u1ec5n V\u0103n Kh\u00e1nh"},"logo":{"@id":"https:\/\/omanivietnam.com\/#\/schema\/person\/image\/"},"sameAs":["https:\/\/omanivietnam.com"]}]}},"_links":{"self":[{"href":"https:\/\/omanivietnam.com\/index.php\/wp-json\/wp\/v2\/product\/1347","targetHints":{"allow":["GET"]}}],"collection":[{"href":"https:\/\/omanivietnam.com\/index.php\/wp-json\/wp\/v2\/product"}],"about":[{"href":"https:\/\/omanivietnam.com\/index.php\/wp-json\/wp\/v2\/types\/product"}],"replies":[{"embeddable":true,"href":"https:\/\/omanivietnam.com\/index.php\/wp-json\/wp\/v2\/comments?post=1347"}],"wp:featuredmedia":[{"embeddable":true,"href":"https:\/\/omanivietnam.com\/index.php\/wp-json\/wp\/v2\/media\/1348"}],"wp:attachment":[{"href":"https:\/\/omanivietnam.com\/index.php\/wp-json\/wp\/v2\/media?parent=1347"}],"wp:term":[{"taxonomy":"product_cat","embeddable":true,"href":"https:\/\/omanivietnam.com\/index.php\/wp-json\/wp\/v2\/product_cat?post=1347"},{"taxonomy":"product_tag","embeddable":true,"href":"https:\/\/omanivietnam.com\/index.php\/wp-json\/wp\/v2\/product_tag?post=1347"}],"curies":[{"name":"wp","href":"https:\/\/api.w.org\/{rel}","templated":true}]}}