{"id":1357,"date":"2024-08-07T05:33:43","date_gmt":"2024-08-06T22:33:43","guid":{"rendered":"https:\/\/omanivietnam.com\/?post_type=product&#038;p=1357"},"modified":"2024-08-07T05:33:43","modified_gmt":"2024-08-06T22:33:43","slug":"ckd-4kb119-00-ac200v","status":"publish","type":"product","link":"https:\/\/omanivietnam.com\/index.php\/san-pham\/ckd-4kb119-00-ac200v\/","title":{"rendered":"CKD 4KB119-00-AC200V"},"content":{"rendered":"<p>CKD 4KB119-00-AC200V<\/p>\n<p>4KB219-00-C2-AC200V<\/p>\n<div class=\"SKUDetailRightDesc\">\n<p>Single valve body piping, pilot-operated 3, 5-port pneumatic valve.<\/p>\n<p>VAN KH\u00cd N\u00c9N CKD 4KB119-00-AC200V<\/p>\n<p>M\u00f4i tr\u01b0\u1eddng : D\u00f9ng cho kh\u00ed<\/p>\n<p>\u00c1p su\u1ea5t l\u00e0m vi\u1ec7c: 0.15 &#8211; 0.7 bar<\/p>\n<p>Nhi\u1ec7t \u0111\u1ed9 l\u00e0m vi\u1ec7c : 5 &#8211; 50 \u0111\u1ed9 C<\/p>\n<p>Port size : Option<\/p>\n<p>Tr\u1ecdng l\u01b0\u1ee3ng ; Option<\/p>\n<\/div>\n<p>\u0110\u1ea1i l\u00fd CKD vietnam, CKD viet nam, CKD vietnam distributor, Ph\u00e2n ph\u1ed1i CKD t\u1ea1i vi\u1ec7t nam<\/p>\n<p>\u0110\u1ea1i l\u00fd CKD vietnam, CKD viet nam, CKD vietnam distributor, Ph\u00e2n ph\u1ed1i CKD t\u1ea1i vi\u1ec7t nam<\/p>\n<p>\u0110\u1ea1i l\u00fd CKD vietnam, CKD viet nam, CKD vietnam distributor, Ph\u00e2n ph\u1ed1i CKD t\u1ea1i vi\u1ec7t nam<\/p>\n<p>\u0110\u1ea1i l\u00fd CKD vietnam, CKD viet nam, CKD vietnam distributor, Ph\u00e2n ph\u1ed1i CKD t\u1ea1i vi\u1ec7t nam<\/p>\n<p>\u0110\u1ea1i l\u00fd CKD vietnam, CKD viet nam, CKD vietnam distributor, Ph\u00e2n ph\u1ed1i CKD t\u1ea1i vi\u1ec7t nam<\/p>\n<p>&nbsp;<\/p>\n","protected":false},"excerpt":{"rendered":"<p>CKD 4KB119-00-AC200V 4KB219-00-C2-AC200V Single valve body piping, pilot-operated 3, 5-port pneumatic valve. VAN KH\u00cd N\u00c9N CKD 4KB119-00-AC200V M\u00f4i tr\u01b0\u1eddng : D\u00f9ng cho kh\u00ed \u00c1p su\u1ea5t l\u00e0m vi\u1ec7c: 0.15 &#8211; 0.7 bar Nhi\u1ec7t \u0111\u1ed9 l\u00e0m vi\u1ec7c : 5 &#8211; 50 \u0111\u1ed9 C Port size : Option Tr\u1ecdng l\u01b0\u1ee3ng ; Option \u0110\u1ea1i&hellip; <\/p>\n","protected":false},"featured_media":1358,"comment_status":"open","ping_status":"closed","template":"","meta":[],"product_cat":[367],"product_tag":[100,101,102],"class_list":{"0":"post-1357","1":"product","2":"type-product","3":"status-publish","4":"has-post-thumbnail","6":"product_cat-ckd","7":"product_tag-ckd-viet-nam","8":"product_tag-dai-ly-ckd-viet-nam","9":"product_tag-van-khi-nen","11":"first","12":"instock","13":"shipping-taxable","14":"product-type-simple"},"yoast_head":"<!-- This site is optimized with the Yoast SEO plugin v22.8 - https:\/\/yoast.com\/wordpress\/plugins\/seo\/ -->\n<title>CKD 4KB119-00-AC200V - OMANI VI\u1ec6T NAM<\/title>\n<meta name=\"robots\" content=\"index, follow, max-snippet:-1, max-image-preview:large, max-video-preview:-1\" \/>\n<link rel=\"canonical\" href=\"https:\/\/omanivietnam.com\/index.php\/san-pham\/ckd-4kb119-00-ac200v\/\" \/>\n<meta property=\"og:locale\" content=\"vi_VN\" \/>\n<meta property=\"og:type\" content=\"article\" \/>\n<meta property=\"og:title\" content=\"CKD 4KB119-00-AC200V - OMANI VI\u1ec6T NAM\" \/>\n<meta property=\"og:description\" content=\"CKD 4KB119-00-AC200V 4KB219-00-C2-AC200V Single valve body piping, pilot-operated 3, 5-port pneumatic valve. VAN KH\u00cd N\u00c9N CKD 4KB119-00-AC200V M\u00f4i tr\u01b0\u1eddng : D\u00f9ng cho kh\u00ed \u00c1p su\u1ea5t l\u00e0m vi\u1ec7c: 0.15 &#8211; 0.7 bar Nhi\u1ec7t \u0111\u1ed9 l\u00e0m vi\u1ec7c : 5 &#8211; 50 \u0111\u1ed9 C Port size : Option Tr\u1ecdng l\u01b0\u1ee3ng ; Option \u0110\u1ea1i&hellip;\" \/>\n<meta property=\"og:url\" content=\"https:\/\/omanivietnam.com\/index.php\/san-pham\/ckd-4kb119-00-ac200v\/\" \/>\n<meta property=\"og:site_name\" content=\"OMANI VI\u1ec6T NAM\" \/>\n<meta property=\"og:image\" content=\"https:\/\/omanivietnam.com\/wp-content\/uploads\/2024\/08\/4KB119-00-AC200V.png\" \/>\n\t<meta property=\"og:image:width\" content=\"511\" \/>\n\t<meta property=\"og:image:height\" content=\"367\" \/>\n\t<meta property=\"og:image:type\" content=\"image\/png\" \/>\n<meta name=\"twitter:card\" content=\"summary_large_image\" \/>\n<meta name=\"twitter:label1\" content=\"\u01af\u1edbc t\u00ednh th\u1eddi gian \u0111\u1ecdc\" \/>\n\t<meta name=\"twitter:data1\" content=\"1 ph\u00fat\" \/>\n<script type=\"application\/ld+json\" class=\"yoast-schema-graph\">{\"@context\":\"https:\/\/schema.org\",\"@graph\":[{\"@type\":\"WebPage\",\"@id\":\"https:\/\/omanivietnam.com\/index.php\/san-pham\/ckd-4kb119-00-ac200v\/\",\"url\":\"https:\/\/omanivietnam.com\/index.php\/san-pham\/ckd-4kb119-00-ac200v\/\",\"name\":\"CKD 4KB119-00-AC200V - OMANI VI\u1ec6T NAM\",\"isPartOf\":{\"@id\":\"https:\/\/omanivietnam.com\/#website\"},\"primaryImageOfPage\":{\"@id\":\"https:\/\/omanivietnam.com\/index.php\/san-pham\/ckd-4kb119-00-ac200v\/#primaryimage\"},\"image\":{\"@id\":\"https:\/\/omanivietnam.com\/index.php\/san-pham\/ckd-4kb119-00-ac200v\/#primaryimage\"},\"thumbnailUrl\":\"https:\/\/omanivietnam.com\/wp-content\/uploads\/2024\/08\/4KB119-00-AC200V.png\",\"datePublished\":\"2024-08-06T22:33:43+00:00\",\"dateModified\":\"2024-08-06T22:33:43+00:00\",\"breadcrumb\":{\"@id\":\"https:\/\/omanivietnam.com\/index.php\/san-pham\/ckd-4kb119-00-ac200v\/#breadcrumb\"},\"inLanguage\":\"vi\",\"potentialAction\":[{\"@type\":\"ReadAction\",\"target\":[\"https:\/\/omanivietnam.com\/index.php\/san-pham\/ckd-4kb119-00-ac200v\/\"]}]},{\"@type\":\"ImageObject\",\"inLanguage\":\"vi\",\"@id\":\"https:\/\/omanivietnam.com\/index.php\/san-pham\/ckd-4kb119-00-ac200v\/#primaryimage\",\"url\":\"https:\/\/omanivietnam.com\/wp-content\/uploads\/2024\/08\/4KB119-00-AC200V.png\",\"contentUrl\":\"https:\/\/omanivietnam.com\/wp-content\/uploads\/2024\/08\/4KB119-00-AC200V.png\",\"width\":511,\"height\":367},{\"@type\":\"BreadcrumbList\",\"@id\":\"https:\/\/omanivietnam.com\/index.php\/san-pham\/ckd-4kb119-00-ac200v\/#breadcrumb\",\"itemListElement\":[{\"@type\":\"ListItem\",\"position\":1,\"name\":\"Home\",\"item\":\"https:\/\/omanivietnam.com\/\"},{\"@type\":\"ListItem\",\"position\":2,\"name\":\"S\u1ea2N PH\u1ea8M\",\"item\":\"https:\/\/omanivietnam.com\/index.php\/cua-hang\/\"},{\"@type\":\"ListItem\",\"position\":3,\"name\":\"CKD 4KB119-00-AC200V\"}]},{\"@type\":\"WebSite\",\"@id\":\"https:\/\/omanivietnam.com\/#website\",\"url\":\"https:\/\/omanivietnam.com\/\",\"name\":\"OMANI VI\u1ec6T NAM\",\"description\":\"Nh\u00e0 ph\u00e2n ph\u1ed1i thi\u1ebft b\u1ecb kh\u00ed n\u00e9n v\u00e0 thi\u1ebft b\u1ecb t\u1ef1 \u0111\u1ed9ng h\u00f3a trong c\u00f4ng nghi\u1ec7p\",\"publisher\":{\"@id\":\"https:\/\/omanivietnam.com\/#\/schema\/person\/0ad398a980dc3fd696111c2c5c8fa897\"},\"potentialAction\":[{\"@type\":\"SearchAction\",\"target\":{\"@type\":\"EntryPoint\",\"urlTemplate\":\"https:\/\/omanivietnam.com\/?s={search_term_string}\"},\"query-input\":\"required name=search_term_string\"}],\"inLanguage\":\"vi\"},{\"@type\":[\"Person\",\"Organization\"],\"@id\":\"https:\/\/omanivietnam.com\/#\/schema\/person\/0ad398a980dc3fd696111c2c5c8fa897\",\"name\":\"Nguy\u1ec5n V\u0103n Kh\u00e1nh\",\"image\":{\"@type\":\"ImageObject\",\"inLanguage\":\"vi\",\"@id\":\"https:\/\/omanivietnam.com\/#\/schema\/person\/image\/\",\"url\":\"https:\/\/omanivietnam.com\/wp-content\/uploads\/2024\/06\/logo-1024x1024.png\",\"contentUrl\":\"https:\/\/omanivietnam.com\/wp-content\/uploads\/2024\/06\/logo-1024x1024.png\",\"width\":1024,\"height\":1024,\"caption\":\"Nguy\u1ec5n V\u0103n Kh\u00e1nh\"},\"logo\":{\"@id\":\"https:\/\/omanivietnam.com\/#\/schema\/person\/image\/\"},\"sameAs\":[\"https:\/\/omanivietnam.com\"]}]}<\/script>\n<!-- \/ Yoast SEO plugin. -->","yoast_head_json":{"title":"CKD 4KB119-00-AC200V - OMANI VI\u1ec6T NAM","robots":{"index":"index","follow":"follow","max-snippet":"max-snippet:-1","max-image-preview":"max-image-preview:large","max-video-preview":"max-video-preview:-1"},"canonical":"https:\/\/omanivietnam.com\/index.php\/san-pham\/ckd-4kb119-00-ac200v\/","og_locale":"vi_VN","og_type":"article","og_title":"CKD 4KB119-00-AC200V - OMANI VI\u1ec6T NAM","og_description":"CKD 4KB119-00-AC200V 4KB219-00-C2-AC200V Single valve body piping, pilot-operated 3, 5-port pneumatic valve. VAN KH\u00cd N\u00c9N CKD 4KB119-00-AC200V M\u00f4i tr\u01b0\u1eddng : D\u00f9ng cho kh\u00ed \u00c1p su\u1ea5t l\u00e0m vi\u1ec7c: 0.15 &#8211; 0.7 bar Nhi\u1ec7t \u0111\u1ed9 l\u00e0m vi\u1ec7c : 5 &#8211; 50 \u0111\u1ed9 C Port size : Option Tr\u1ecdng l\u01b0\u1ee3ng ; Option \u0110\u1ea1i&hellip;","og_url":"https:\/\/omanivietnam.com\/index.php\/san-pham\/ckd-4kb119-00-ac200v\/","og_site_name":"OMANI VI\u1ec6T NAM","og_image":[{"width":511,"height":367,"url":"https:\/\/omanivietnam.com\/wp-content\/uploads\/2024\/08\/4KB119-00-AC200V.png","type":"image\/png"}],"twitter_card":"summary_large_image","twitter_misc":{"\u01af\u1edbc t\u00ednh th\u1eddi gian \u0111\u1ecdc":"1 ph\u00fat"},"schema":{"@context":"https:\/\/schema.org","@graph":[{"@type":"WebPage","@id":"https:\/\/omanivietnam.com\/index.php\/san-pham\/ckd-4kb119-00-ac200v\/","url":"https:\/\/omanivietnam.com\/index.php\/san-pham\/ckd-4kb119-00-ac200v\/","name":"CKD 4KB119-00-AC200V - OMANI VI\u1ec6T NAM","isPartOf":{"@id":"https:\/\/omanivietnam.com\/#website"},"primaryImageOfPage":{"@id":"https:\/\/omanivietnam.com\/index.php\/san-pham\/ckd-4kb119-00-ac200v\/#primaryimage"},"image":{"@id":"https:\/\/omanivietnam.com\/index.php\/san-pham\/ckd-4kb119-00-ac200v\/#primaryimage"},"thumbnailUrl":"https:\/\/omanivietnam.com\/wp-content\/uploads\/2024\/08\/4KB119-00-AC200V.png","datePublished":"2024-08-06T22:33:43+00:00","dateModified":"2024-08-06T22:33:43+00:00","breadcrumb":{"@id":"https:\/\/omanivietnam.com\/index.php\/san-pham\/ckd-4kb119-00-ac200v\/#breadcrumb"},"inLanguage":"vi","potentialAction":[{"@type":"ReadAction","target":["https:\/\/omanivietnam.com\/index.php\/san-pham\/ckd-4kb119-00-ac200v\/"]}]},{"@type":"ImageObject","inLanguage":"vi","@id":"https:\/\/omanivietnam.com\/index.php\/san-pham\/ckd-4kb119-00-ac200v\/#primaryimage","url":"https:\/\/omanivietnam.com\/wp-content\/uploads\/2024\/08\/4KB119-00-AC200V.png","contentUrl":"https:\/\/omanivietnam.com\/wp-content\/uploads\/2024\/08\/4KB119-00-AC200V.png","width":511,"height":367},{"@type":"BreadcrumbList","@id":"https:\/\/omanivietnam.com\/index.php\/san-pham\/ckd-4kb119-00-ac200v\/#breadcrumb","itemListElement":[{"@type":"ListItem","position":1,"name":"Home","item":"https:\/\/omanivietnam.com\/"},{"@type":"ListItem","position":2,"name":"S\u1ea2N PH\u1ea8M","item":"https:\/\/omanivietnam.com\/index.php\/cua-hang\/"},{"@type":"ListItem","position":3,"name":"CKD 4KB119-00-AC200V"}]},{"@type":"WebSite","@id":"https:\/\/omanivietnam.com\/#website","url":"https:\/\/omanivietnam.com\/","name":"OMANI VI\u1ec6T NAM","description":"Nh\u00e0 ph\u00e2n ph\u1ed1i thi\u1ebft b\u1ecb kh\u00ed n\u00e9n v\u00e0 thi\u1ebft b\u1ecb t\u1ef1 \u0111\u1ed9ng h\u00f3a trong c\u00f4ng nghi\u1ec7p","publisher":{"@id":"https:\/\/omanivietnam.com\/#\/schema\/person\/0ad398a980dc3fd696111c2c5c8fa897"},"potentialAction":[{"@type":"SearchAction","target":{"@type":"EntryPoint","urlTemplate":"https:\/\/omanivietnam.com\/?s={search_term_string}"},"query-input":"required name=search_term_string"}],"inLanguage":"vi"},{"@type":["Person","Organization"],"@id":"https:\/\/omanivietnam.com\/#\/schema\/person\/0ad398a980dc3fd696111c2c5c8fa897","name":"Nguy\u1ec5n V\u0103n Kh\u00e1nh","image":{"@type":"ImageObject","inLanguage":"vi","@id":"https:\/\/omanivietnam.com\/#\/schema\/person\/image\/","url":"https:\/\/omanivietnam.com\/wp-content\/uploads\/2024\/06\/logo-1024x1024.png","contentUrl":"https:\/\/omanivietnam.com\/wp-content\/uploads\/2024\/06\/logo-1024x1024.png","width":1024,"height":1024,"caption":"Nguy\u1ec5n V\u0103n Kh\u00e1nh"},"logo":{"@id":"https:\/\/omanivietnam.com\/#\/schema\/person\/image\/"},"sameAs":["https:\/\/omanivietnam.com"]}]}},"_links":{"self":[{"href":"https:\/\/omanivietnam.com\/index.php\/wp-json\/wp\/v2\/product\/1357","targetHints":{"allow":["GET"]}}],"collection":[{"href":"https:\/\/omanivietnam.com\/index.php\/wp-json\/wp\/v2\/product"}],"about":[{"href":"https:\/\/omanivietnam.com\/index.php\/wp-json\/wp\/v2\/types\/product"}],"replies":[{"embeddable":true,"href":"https:\/\/omanivietnam.com\/index.php\/wp-json\/wp\/v2\/comments?post=1357"}],"wp:featuredmedia":[{"embeddable":true,"href":"https:\/\/omanivietnam.com\/index.php\/wp-json\/wp\/v2\/media\/1358"}],"wp:attachment":[{"href":"https:\/\/omanivietnam.com\/index.php\/wp-json\/wp\/v2\/media?parent=1357"}],"wp:term":[{"taxonomy":"product_cat","embeddable":true,"href":"https:\/\/omanivietnam.com\/index.php\/wp-json\/wp\/v2\/product_cat?post=1357"},{"taxonomy":"product_tag","embeddable":true,"href":"https:\/\/omanivietnam.com\/index.php\/wp-json\/wp\/v2\/product_tag?post=1357"}],"curies":[{"name":"wp","href":"https:\/\/api.w.org\/{rel}","templated":true}]}}