{"id":1378,"date":"2024-08-10T05:11:59","date_gmt":"2024-08-09T22:11:59","guid":{"rendered":"https:\/\/omanivietnam.com\/?post_type=product&#038;p=1378"},"modified":"2024-08-10T05:12:07","modified_gmt":"2024-08-09T22:12:07","slug":"smc-crb2bw20-90sz","status":"publish","type":"product","link":"https:\/\/omanivietnam.com\/index.php\/san-pham\/smc-crb2bw20-90sz\/","title":{"rendered":"SMC CRB2BW20-90SZ"},"content":{"rendered":"<p>SMC CRB2BW20-90SZ<\/p>\n<p class=\"m-h1\">Rotary Actuator, Vane Type, CRB2 Series (CRB2BW20-90SZ)<\/p>\n<p class=\"m-h2\">Product Description<\/p>\n<p>Can be combined freely with many kinds of unit.<br \/>\n[Features]<br \/>\n\u00b7 Piping port parts are located on the flat section.<br \/>\n\u00b7 Many variations of shaft-end shape (6 types).<br \/>\n\u00b7 Works with the compact auto switch D-M9\u25a1 type.<\/p>\n<p class=\"m-h3\"><span data-lang=\"ENG\">Configured Specifications<\/span><\/p>\n<table class=\"m-listTable\" summary=\"Price, Spec., etc.\">\n<colgroup>\n<col width=\"20%\" \/>\n<col width=\"30%\" \/>\n<col width=\"20%\" \/>\n<col width=\"30%\" \/><\/colgroup>\n<tbody>\n<tr>\n<th>Type<\/th>\n<td>Rotary Actuator Both Sides Shaft Outputs<\/td>\n<th>Main Body Shape<\/th>\n<td>Round Shape<\/td>\n<\/tr>\n<tr>\n<th>Oscillation Angle A<\/th>\n<td>[90\u00b0] 90\u00b0<\/td>\n<th>Torque(N\uff65m)<\/th>\n<td>1 to Less Than 3<\/td>\n<\/tr>\n<tr>\n<th>Operation Method<\/th>\n<td>Single Vane<\/td>\n<th>Environment, Applications<\/th>\n<td>Standard<\/td>\n<\/tr>\n<tr>\n<th>Rigidity, Accuracy<\/th>\n<td>Standard<\/td>\n<th>Tube Nominal Dia.<\/th>\n<td>20<\/td>\n<\/tr>\n<tr>\n<th>Valves<\/th>\n<td>N\/A<\/td>\n<th>Allowable Kinetic Energy(J)<\/th>\n<td>Less than 0.005<\/td>\n<\/tr>\n<tr>\n<th>Allowable Kinetic Energy(J)<\/th>\n<td>0.003<\/td>\n<th>Operating Pressure Range(MPa)<\/th>\n<td>0.15\uff5e0.7<\/td>\n<\/tr>\n<tr class=\"VN_table-row\">\n<th>Connection port location<\/th>\n<td>Body side surface<\/td>\n<th>Switch<\/th>\n<td>None<\/td>\n<\/tr>\n<tr class=\"VN_table-row\">\n<th>Lead wire(m)<\/th>\n<td>None<\/td>\n<th>Number of switches<\/th>\n<td>None<\/td>\n<\/tr>\n<tr class=\"VN_table-row\">\n<th>Shaft pattern<\/th>\n<td>Long shaft: single flat \/ Short shaft: single flat<\/td>\n<th>Axial direction<\/th>\n<td>Standard<\/td>\n<\/tr>\n<tr class=\"VN_table-row\">\n<th>Made to order specifications<\/th>\n<td>None<\/td>\n<th>Lead wire electrical entry<\/th>\n<td>&#8211;<\/td>\n<\/tr>\n<tr class=\"VN_table-row\">\n<th>Mounting style<\/th>\n<td>Basic type<\/td>\n<th>Connector type<\/th>\n<td>None<\/td>\n<\/tr>\n<tr class=\"VN_table-row\">\n<th>Specifications<\/th>\n<td>Standard type<\/td>\n<th>&#8211;<\/th>\n<td>&#8211;<\/td>\n<\/tr>\n<\/tbody>\n<\/table>\n<p>C\u00e1c s\u1ea3n ph\u1ea9m t\u01b0\u01a1ng t\u1ef1<\/p>\n<p>CRB2BW20-90S,<\/p>\n<p>SMC CRB2BW20-180S,<\/p>\n<p>CRB2BW20-270S,<\/p>\n<p>CDRB2BW20-90S,<\/p>\n<p>CDRB2BW20-180S,<\/p>\n<p>CDRB2BW20-270S,<\/p>\n<p>CRB2BW30-90S,<\/p>\n<p>CRB2BW30-180S,<\/p>\n<p>CRB2BW30-270S,<\/p>\n<p>CDRB2BW30-90S,<\/p>\n<p>CDRB2BW30-180S,<\/p>\n<p>CDRB2BW30-270S,<\/p>\n<p>CRB2BW40-90S,<\/p>\n<p>CRB2BW40-180S,<\/p>\n<p>CRB2BW40-270S,<\/p>\n<p>CDRB2BW40-90S,<\/p>\n<p>CDRB2BW40-180S,<\/p>\n<p>CDRB2BW40-270S,<\/p>\n<p>CRB2BW10-90SZ,<\/p>\n<p>CRB2BW10-180SZ,<\/p>\n<p>CRB2BW10-270SZ ,<\/p>\n<p>CDRB2BW10-90SZ ,<\/p>\n<p>CDRB2BW10-180SZ,<\/p>\n<p>CDRB2BW10-270SZ<\/p>\n<p>\u0110\u1ea1i l\u00fd SMC vietnam, SMC viet nam, SMC vietnam distributor, Ph\u00e2n ph\u1ed1i SMC t\u1ea1i vi\u1ec7t nam<\/p>\n<p>\u0110\u1ea1i l\u00fd SMC vietnam, SMC viet nam, SMC vietnam distributor, Ph\u00e2n ph\u1ed1i SMC t\u1ea1i vi\u1ec7t nam<\/p>\n<p>\u0110\u1ea1i l\u00fd SMC vietnam, SMC viet nam, SMC vietnam distributor, Ph\u00e2n ph\u1ed1i SMC t\u1ea1i vi\u1ec7t nam<\/p>\n<p>\u0110\u1ea1i l\u00fd SMC vietnam, SMC viet nam, SMC vietnam distributor, Ph\u00e2n ph\u1ed1i SMC t\u1ea1i vi\u1ec7t nam<\/p>\n<p>\u0110\u1ea1i l\u00fd SMC vietnam, SMC viet nam, SMC vietnam distributor, Ph\u00e2n ph\u1ed1i SMC t\u1ea1i vi\u1ec7t nam<\/p>\n","protected":false},"excerpt":{"rendered":"<p>SMC CRB2BW20-90SZ Rotary Actuator, Vane Type, CRB2 Series (CRB2BW20-90SZ) Product Description Can be combined freely with many kinds of unit. [Features] \u00b7 Piping port parts are located on the flat section. \u00b7 Many variations of shaft-end shape (6 types). \u00b7 Works with the compact auto switch D-M9\u25a1 type. Configured Specifications&hellip; <\/p>\n","protected":false},"featured_media":1379,"comment_status":"open","ping_status":"closed","template":"","meta":[],"product_cat":[283],"product_tag":[93,92,98],"class_list":{"0":"post-1378","1":"product","2":"type-product","3":"status-publish","4":"has-post-thumbnail","6":"product_cat-smc","7":"product_tag-dai-ly-smc-viet-nam","8":"product_tag-smc-viet-nam","9":"product_tag-xy-lanh-khi","11":"first","12":"instock","13":"shipping-taxable","14":"product-type-simple"},"yoast_head":"<!-- This site is optimized with the Yoast SEO plugin v22.8 - https:\/\/yoast.com\/wordpress\/plugins\/seo\/ -->\n<title>SMC CRB2BW20-90SZ - OMANI VI\u1ec6T NAM<\/title>\n<meta name=\"robots\" content=\"index, follow, max-snippet:-1, max-image-preview:large, max-video-preview:-1\" \/>\n<link rel=\"canonical\" href=\"https:\/\/omanivietnam.com\/index.php\/san-pham\/smc-crb2bw20-90sz\/\" \/>\n<meta property=\"og:locale\" content=\"vi_VN\" \/>\n<meta property=\"og:type\" content=\"article\" \/>\n<meta property=\"og:title\" content=\"SMC CRB2BW20-90SZ - OMANI VI\u1ec6T NAM\" \/>\n<meta property=\"og:description\" content=\"SMC CRB2BW20-90SZ Rotary Actuator, Vane Type, CRB2 Series (CRB2BW20-90SZ) Product Description Can be combined freely with many kinds of unit. [Features] \u00b7 Piping port parts are located on the flat section. \u00b7 Many variations of shaft-end shape (6 types). \u00b7 Works with the compact auto switch D-M9\u25a1 type. Configured Specifications&hellip;\" \/>\n<meta property=\"og:url\" content=\"https:\/\/omanivietnam.com\/index.php\/san-pham\/smc-crb2bw20-90sz\/\" \/>\n<meta property=\"og:site_name\" content=\"OMANI VI\u1ec6T NAM\" \/>\n<meta property=\"article:modified_time\" content=\"2024-08-09T22:12:07+00:00\" \/>\n<meta property=\"og:image\" content=\"https:\/\/omanivietnam.com\/wp-content\/uploads\/2024\/08\/CRB2BW20-90SZ.png\" \/>\n\t<meta property=\"og:image:width\" content=\"621\" \/>\n\t<meta property=\"og:image:height\" content=\"420\" \/>\n\t<meta property=\"og:image:type\" content=\"image\/png\" \/>\n<meta name=\"twitter:card\" content=\"summary_large_image\" \/>\n<meta name=\"twitter:label1\" content=\"\u01af\u1edbc t\u00ednh th\u1eddi gian \u0111\u1ecdc\" \/>\n\t<meta name=\"twitter:data1\" content=\"2 ph\u00fat\" \/>\n<script type=\"application\/ld+json\" class=\"yoast-schema-graph\">{\"@context\":\"https:\/\/schema.org\",\"@graph\":[{\"@type\":\"WebPage\",\"@id\":\"https:\/\/omanivietnam.com\/index.php\/san-pham\/smc-crb2bw20-90sz\/\",\"url\":\"https:\/\/omanivietnam.com\/index.php\/san-pham\/smc-crb2bw20-90sz\/\",\"name\":\"SMC CRB2BW20-90SZ - OMANI VI\u1ec6T NAM\",\"isPartOf\":{\"@id\":\"https:\/\/omanivietnam.com\/#website\"},\"primaryImageOfPage\":{\"@id\":\"https:\/\/omanivietnam.com\/index.php\/san-pham\/smc-crb2bw20-90sz\/#primaryimage\"},\"image\":{\"@id\":\"https:\/\/omanivietnam.com\/index.php\/san-pham\/smc-crb2bw20-90sz\/#primaryimage\"},\"thumbnailUrl\":\"https:\/\/omanivietnam.com\/wp-content\/uploads\/2024\/08\/CRB2BW20-90SZ.png\",\"datePublished\":\"2024-08-09T22:11:59+00:00\",\"dateModified\":\"2024-08-09T22:12:07+00:00\",\"breadcrumb\":{\"@id\":\"https:\/\/omanivietnam.com\/index.php\/san-pham\/smc-crb2bw20-90sz\/#breadcrumb\"},\"inLanguage\":\"vi\",\"potentialAction\":[{\"@type\":\"ReadAction\",\"target\":[\"https:\/\/omanivietnam.com\/index.php\/san-pham\/smc-crb2bw20-90sz\/\"]}]},{\"@type\":\"ImageObject\",\"inLanguage\":\"vi\",\"@id\":\"https:\/\/omanivietnam.com\/index.php\/san-pham\/smc-crb2bw20-90sz\/#primaryimage\",\"url\":\"https:\/\/omanivietnam.com\/wp-content\/uploads\/2024\/08\/CRB2BW20-90SZ.png\",\"contentUrl\":\"https:\/\/omanivietnam.com\/wp-content\/uploads\/2024\/08\/CRB2BW20-90SZ.png\",\"width\":621,\"height\":420},{\"@type\":\"BreadcrumbList\",\"@id\":\"https:\/\/omanivietnam.com\/index.php\/san-pham\/smc-crb2bw20-90sz\/#breadcrumb\",\"itemListElement\":[{\"@type\":\"ListItem\",\"position\":1,\"name\":\"Home\",\"item\":\"https:\/\/omanivietnam.com\/\"},{\"@type\":\"ListItem\",\"position\":2,\"name\":\"S\u1ea2N PH\u1ea8M\",\"item\":\"https:\/\/omanivietnam.com\/index.php\/cua-hang\/\"},{\"@type\":\"ListItem\",\"position\":3,\"name\":\"SMC CRB2BW20-90SZ\"}]},{\"@type\":\"WebSite\",\"@id\":\"https:\/\/omanivietnam.com\/#website\",\"url\":\"https:\/\/omanivietnam.com\/\",\"name\":\"OMANI VI\u1ec6T NAM\",\"description\":\"Nh\u00e0 ph\u00e2n ph\u1ed1i thi\u1ebft b\u1ecb kh\u00ed n\u00e9n v\u00e0 thi\u1ebft b\u1ecb t\u1ef1 \u0111\u1ed9ng h\u00f3a trong c\u00f4ng nghi\u1ec7p\",\"publisher\":{\"@id\":\"https:\/\/omanivietnam.com\/#\/schema\/person\/0ad398a980dc3fd696111c2c5c8fa897\"},\"potentialAction\":[{\"@type\":\"SearchAction\",\"target\":{\"@type\":\"EntryPoint\",\"urlTemplate\":\"https:\/\/omanivietnam.com\/?s={search_term_string}\"},\"query-input\":\"required name=search_term_string\"}],\"inLanguage\":\"vi\"},{\"@type\":[\"Person\",\"Organization\"],\"@id\":\"https:\/\/omanivietnam.com\/#\/schema\/person\/0ad398a980dc3fd696111c2c5c8fa897\",\"name\":\"Nguy\u1ec5n V\u0103n Kh\u00e1nh\",\"image\":{\"@type\":\"ImageObject\",\"inLanguage\":\"vi\",\"@id\":\"https:\/\/omanivietnam.com\/#\/schema\/person\/image\/\",\"url\":\"https:\/\/omanivietnam.com\/wp-content\/uploads\/2024\/06\/logo-1024x1024.png\",\"contentUrl\":\"https:\/\/omanivietnam.com\/wp-content\/uploads\/2024\/06\/logo-1024x1024.png\",\"width\":1024,\"height\":1024,\"caption\":\"Nguy\u1ec5n V\u0103n Kh\u00e1nh\"},\"logo\":{\"@id\":\"https:\/\/omanivietnam.com\/#\/schema\/person\/image\/\"},\"sameAs\":[\"https:\/\/omanivietnam.com\"]}]}<\/script>\n<!-- \/ Yoast SEO plugin. -->","yoast_head_json":{"title":"SMC CRB2BW20-90SZ - OMANI VI\u1ec6T NAM","robots":{"index":"index","follow":"follow","max-snippet":"max-snippet:-1","max-image-preview":"max-image-preview:large","max-video-preview":"max-video-preview:-1"},"canonical":"https:\/\/omanivietnam.com\/index.php\/san-pham\/smc-crb2bw20-90sz\/","og_locale":"vi_VN","og_type":"article","og_title":"SMC CRB2BW20-90SZ - OMANI VI\u1ec6T NAM","og_description":"SMC CRB2BW20-90SZ Rotary Actuator, Vane Type, CRB2 Series (CRB2BW20-90SZ) Product Description Can be combined freely with many kinds of unit. [Features] \u00b7 Piping port parts are located on the flat section. \u00b7 Many variations of shaft-end shape (6 types). \u00b7 Works with the compact auto switch D-M9\u25a1 type. Configured Specifications&hellip;","og_url":"https:\/\/omanivietnam.com\/index.php\/san-pham\/smc-crb2bw20-90sz\/","og_site_name":"OMANI VI\u1ec6T NAM","article_modified_time":"2024-08-09T22:12:07+00:00","og_image":[{"width":621,"height":420,"url":"https:\/\/omanivietnam.com\/wp-content\/uploads\/2024\/08\/CRB2BW20-90SZ.png","type":"image\/png"}],"twitter_card":"summary_large_image","twitter_misc":{"\u01af\u1edbc t\u00ednh th\u1eddi gian \u0111\u1ecdc":"2 ph\u00fat"},"schema":{"@context":"https:\/\/schema.org","@graph":[{"@type":"WebPage","@id":"https:\/\/omanivietnam.com\/index.php\/san-pham\/smc-crb2bw20-90sz\/","url":"https:\/\/omanivietnam.com\/index.php\/san-pham\/smc-crb2bw20-90sz\/","name":"SMC CRB2BW20-90SZ - OMANI VI\u1ec6T NAM","isPartOf":{"@id":"https:\/\/omanivietnam.com\/#website"},"primaryImageOfPage":{"@id":"https:\/\/omanivietnam.com\/index.php\/san-pham\/smc-crb2bw20-90sz\/#primaryimage"},"image":{"@id":"https:\/\/omanivietnam.com\/index.php\/san-pham\/smc-crb2bw20-90sz\/#primaryimage"},"thumbnailUrl":"https:\/\/omanivietnam.com\/wp-content\/uploads\/2024\/08\/CRB2BW20-90SZ.png","datePublished":"2024-08-09T22:11:59+00:00","dateModified":"2024-08-09T22:12:07+00:00","breadcrumb":{"@id":"https:\/\/omanivietnam.com\/index.php\/san-pham\/smc-crb2bw20-90sz\/#breadcrumb"},"inLanguage":"vi","potentialAction":[{"@type":"ReadAction","target":["https:\/\/omanivietnam.com\/index.php\/san-pham\/smc-crb2bw20-90sz\/"]}]},{"@type":"ImageObject","inLanguage":"vi","@id":"https:\/\/omanivietnam.com\/index.php\/san-pham\/smc-crb2bw20-90sz\/#primaryimage","url":"https:\/\/omanivietnam.com\/wp-content\/uploads\/2024\/08\/CRB2BW20-90SZ.png","contentUrl":"https:\/\/omanivietnam.com\/wp-content\/uploads\/2024\/08\/CRB2BW20-90SZ.png","width":621,"height":420},{"@type":"BreadcrumbList","@id":"https:\/\/omanivietnam.com\/index.php\/san-pham\/smc-crb2bw20-90sz\/#breadcrumb","itemListElement":[{"@type":"ListItem","position":1,"name":"Home","item":"https:\/\/omanivietnam.com\/"},{"@type":"ListItem","position":2,"name":"S\u1ea2N PH\u1ea8M","item":"https:\/\/omanivietnam.com\/index.php\/cua-hang\/"},{"@type":"ListItem","position":3,"name":"SMC CRB2BW20-90SZ"}]},{"@type":"WebSite","@id":"https:\/\/omanivietnam.com\/#website","url":"https:\/\/omanivietnam.com\/","name":"OMANI VI\u1ec6T NAM","description":"Nh\u00e0 ph\u00e2n ph\u1ed1i thi\u1ebft b\u1ecb kh\u00ed n\u00e9n v\u00e0 thi\u1ebft b\u1ecb t\u1ef1 \u0111\u1ed9ng h\u00f3a trong c\u00f4ng nghi\u1ec7p","publisher":{"@id":"https:\/\/omanivietnam.com\/#\/schema\/person\/0ad398a980dc3fd696111c2c5c8fa897"},"potentialAction":[{"@type":"SearchAction","target":{"@type":"EntryPoint","urlTemplate":"https:\/\/omanivietnam.com\/?s={search_term_string}"},"query-input":"required name=search_term_string"}],"inLanguage":"vi"},{"@type":["Person","Organization"],"@id":"https:\/\/omanivietnam.com\/#\/schema\/person\/0ad398a980dc3fd696111c2c5c8fa897","name":"Nguy\u1ec5n V\u0103n Kh\u00e1nh","image":{"@type":"ImageObject","inLanguage":"vi","@id":"https:\/\/omanivietnam.com\/#\/schema\/person\/image\/","url":"https:\/\/omanivietnam.com\/wp-content\/uploads\/2024\/06\/logo-1024x1024.png","contentUrl":"https:\/\/omanivietnam.com\/wp-content\/uploads\/2024\/06\/logo-1024x1024.png","width":1024,"height":1024,"caption":"Nguy\u1ec5n V\u0103n Kh\u00e1nh"},"logo":{"@id":"https:\/\/omanivietnam.com\/#\/schema\/person\/image\/"},"sameAs":["https:\/\/omanivietnam.com"]}]}},"_links":{"self":[{"href":"https:\/\/omanivietnam.com\/index.php\/wp-json\/wp\/v2\/product\/1378","targetHints":{"allow":["GET"]}}],"collection":[{"href":"https:\/\/omanivietnam.com\/index.php\/wp-json\/wp\/v2\/product"}],"about":[{"href":"https:\/\/omanivietnam.com\/index.php\/wp-json\/wp\/v2\/types\/product"}],"replies":[{"embeddable":true,"href":"https:\/\/omanivietnam.com\/index.php\/wp-json\/wp\/v2\/comments?post=1378"}],"wp:featuredmedia":[{"embeddable":true,"href":"https:\/\/omanivietnam.com\/index.php\/wp-json\/wp\/v2\/media\/1379"}],"wp:attachment":[{"href":"https:\/\/omanivietnam.com\/index.php\/wp-json\/wp\/v2\/media?parent=1378"}],"wp:term":[{"taxonomy":"product_cat","embeddable":true,"href":"https:\/\/omanivietnam.com\/index.php\/wp-json\/wp\/v2\/product_cat?post=1378"},{"taxonomy":"product_tag","embeddable":true,"href":"https:\/\/omanivietnam.com\/index.php\/wp-json\/wp\/v2\/product_tag?post=1378"}],"curies":[{"name":"wp","href":"https:\/\/api.w.org\/{rel}","templated":true}]}}