{"id":1457,"date":"2024-08-16T21:39:00","date_gmt":"2024-08-16T14:39:00","guid":{"rendered":"https:\/\/omanivietnam.com\/?post_type=product&#038;p=1457"},"modified":"2024-08-16T21:39:00","modified_gmt":"2024-08-16T14:39:00","slug":"ckd-f3000-8-w-f","status":"publish","type":"product","link":"https:\/\/omanivietnam.com\/index.php\/san-pham\/ckd-f3000-8-w-f\/","title":{"rendered":"CKD F3000-8-W-F"},"content":{"rendered":"<p>CKD F3000-8-W-F<\/p>\n<table>\n<tbody>\n<tr>\n<td class=\"label\">Model Number<\/td>\n<td class=\"spec\">F3000<\/td>\n<\/tr>\n<tr>\n<td class=\"label\">Port Size<\/td>\n<td class=\"spec\">8 (1\/4)<\/td>\n<\/tr>\n<tr>\n<td class=\"label\">Port Thread<\/td>\n<td class=\"spec\">Blank (Rc thread)<\/td>\n<\/tr>\n<tr>\n<td class=\"label\">Colour<\/td>\n<td class=\"spec\">W (White)<\/td>\n<\/tr>\n<tr>\n<td class=\"label\">Drain discharge<\/td>\n<td class=\"spec\">F (Auto-drain, manual override, normally open, no press -&gt; exhaust)<\/td>\n<\/tr>\n<tr>\n<td class=\"label\">Differential pressure detection<\/td>\n<td class=\"spec\">Blank (without differential pressure detection port)<\/td>\n<\/tr>\n<tr>\n<td class=\"label\">Flow direction<\/td>\n<td class=\"spec\">Blank (Standard flow &#8211; left -&gt; right)<\/td>\n<\/tr>\n<tr>\n<td class=\"label\">Display unit<\/td>\n<td class=\"spec\">Blank (MPa display, Rc thread)<\/td>\n<\/tr>\n<tr>\n<td class=\"label\">Pipe adaptor set<\/td>\n<td class=\"spec\">Blank (Not attached)<\/td>\n<\/tr>\n<\/tbody>\n<\/table>\n<p class=\"m-h3\"><span data-lang=\"ENG\">Configured Specifications<\/span><\/p>\n<table class=\"m-listTable\" summary=\"Price, Spec., etc.\">\n<colgroup>\n<col width=\"20%\" \/>\n<col width=\"30%\" \/>\n<col width=\"20%\" \/>\n<col width=\"30%\" \/><\/colgroup>\n<tbody>\n<tr>\n<th>Type<\/th>\n<td>Standard<\/td>\n<th>Compressed Air Quality<\/th>\n<td>Coarse dust containing air<\/td>\n<\/tr>\n<tr>\n<th>Filtration Level<\/th>\n<td>5\u03bcm<\/td>\n<th>Connection Type<\/th>\n<td>[Rc (R)] Rc<\/td>\n<\/tr>\n<tr>\n<th>Plumbing Thread Nominal<\/th>\n<td>3\/8<\/td>\n<th>Operating Environment<\/th>\n<td>Standard<\/td>\n<\/tr>\n<tr>\n<th>Drain Cock<\/th>\n<td>Auto float type<\/td>\n<th>Bowl Material<\/th>\n<td>Resin<\/td>\n<\/tr>\n<tr>\n<th>Bowl Guard<\/th>\n<td>Presence<\/td>\n<th>How to Connect<\/th>\n<td>Pipe connection type<\/td>\n<\/tr>\n<tr>\n<th>Operating Pressure Range(MPa)<\/th>\n<td>\uff5e1.0<\/td>\n<th>Drain Storage Capacity(cm<sup>3<\/sup>)<\/th>\n<td>45<\/td>\n<\/tr>\n<tr class=\"VN_table-row\">\n<th>Operating Temperature(\u2103)<\/th>\n<td>5~60<\/td>\n<th>Proof pressure<\/th>\n<td>1.5<\/td>\n<\/tr>\n<tr class=\"VN_table-row\">\n<th>Weight(g)<\/th>\n<td>250<\/td>\n<th>&#8211;<\/th>\n<td>&#8211;<\/td>\n<\/tr>\n<\/tbody>\n<\/table>\n<p>&nbsp;<\/p>\n<p>&nbsp;<\/p>\n<p>C\u00e1c m\u00e3 h\u00e0ng t\u01b0\u01a1ng t\u1ef1:<\/p>\n<p>SRL3-LB-20-B-545-B<\/p>\n<p>4GB119R-00-A2NH-3<\/p>\n<p>4GB129R-00-A2NH-3<\/p>\n<p>B\u1ed9 l\u1ecdc kh\u00ed CKD F4000-8-W-FM\/Z<\/p>\n<p>B\u1ed9 l\u1ecdc kh\u00ed CKD F4000-15-W-F1\/Z<\/p>\n<p>B\u1ed9 l\u1ecdc kh\u00ed CKD F4000-15G-WIZ<\/p>\n<p>B\u1ed9 l\u1ecdc kh\u00ed CKD F4000-15N-W-YIZ<\/p>\n<p>B\u1ed9 l\u1ecdc kh\u00ed CKD F4000-15-W-FYIZ<\/p>\n<p>B\u1ed9 l\u1ecdc kh\u00ed CKD F1000-6-W-F1\/Z<\/p>\n<p>B\u1ed9 l\u1ecdc kh\u00ed CKD F1000-8-W-F1-BWIZ<\/p>\n<p>B\u1ed9 l\u1ecdc kh\u00ed CKD F2000-8-W-F1\/Z<\/p>\n<p>B\u1ed9 l\u1ecdc kh\u00ed CKD F2000-10-W-F1\/Z<\/p>\n<p>B\u1ed9 l\u1ecdc kh\u00ed CKD F8000-20-W-FIZ<\/p>\n<p>B\u1ed9 l\u1ecdc kh\u00ed CKD F8000-25-W-FIZ<\/p>\n<p>B\u1ed9 l\u1ecdc kh\u00ed CKD F8000-25-W-F1M\/Z<\/p>\n<p>B\u1ed9 l\u1ecdc kh\u00ed CKD F8000-25N-W-FM\/Z<\/p>\n<p>B\u1ed9 l\u1ecdc kh\u00ed CKD F8000-ELEMENTIZ<\/p>\n<p>B\u1ed9 l\u1ecdc kh\u00ed CKD F3000-8-W-F1M\/Z<\/p>\n<p>B\u1ed9 l\u1ecdc kh\u00ed CKD F3000-10-W-F1ZIZ<\/p>\n<p>B\u1ed9 l\u1ecdc kh\u00ed CKD F3000-8G-W-Y-BW\/Z<\/p>\n<p>B\u1ed9 l\u1ecdc kh\u00ed CKD F3000-ELEMENT-YIZ<\/p>\n<p>B\u1ed9 l\u1ecdc kh\u00ed CKD F3000-10-W-X1\/Z<\/p>\n<p>B\u1ed9 l\u1ecdc kh\u00ed CKD F3000-W-BOWL-FIZ<\/p>\n<p>B\u1ed9 l\u1ecdc kh\u00ed CKD F3000-ELEMENTIZ<\/p>\n<p>B\u1ed9 l\u1ecdc kh\u00ed CKD F3000-10-W-FX1\/Z<\/p>\n<p>B\u1ed9 l\u1ecdc kh\u00ed CKD F6000-20-W-X1\/Z<\/p>\n<p>B\u1ed9 l\u1ecdc kh\u00ed CKD F6000-20-W-A20WIZ<\/p>\n<p>B\u1ed9 l\u1ecdc kh\u00ed CKD F6000-25-W-F1\/Z<\/p>\n<p>B\u1ed9 l\u1ecdc kh\u00ed CKD F6000-20-W-FIZ<\/p>\n<p>B\u1ed9 l\u1ecdc kh\u00ed CKD F6000-20-W-F1Y\/Z<\/p>\n<p>B\u1ed9 l\u1ecdc kh\u00ed CKD F3000-8-W-FIZ<\/p>\n<p>B\u1ed9 l\u1ecdc kh\u00ed CKD F3000-10-W-F\/Z<\/p>\n<p>B\u1ed9 l\u1ecdc kh\u00ed CKD F3000-8-W-F1\/Z<\/p>\n<p>B\u1ed9 l\u1ecdc kh\u00ed CKD F3000-10-W-F1\/Z<\/p>\n<p>B\u1ed9 l\u1ecdc kh\u00ed CKD F3000-8G-W-FZIZ<\/p>\n<p>B\u1ed9 l\u1ecdc kh\u00ed CKD F3000-8-W-Y\/Z<\/p>\n<p>B\u1ed9 l\u1ecdc kh\u00ed CKD F3000-8G-W-YIZ<\/p>\n<p>B\u1ed9 l\u1ecdc kh\u00ed CKD F4000-15-W-FM\/Z<\/p>\n<p>B\u1ed9 l\u1ecdc kh\u00ed CKD F4000-10N-W-F1MZ<\/p>\n<p>B\u1ed9 l\u1ecdc kh\u00ed CKD F4000-15-W-A15WIZ<\/p>\n<p>B\u1ed9 l\u1ecdc kh\u00ed CKD F4000-W-BOWLIZ<\/p>\n<p>B\u1ed9 l\u1ecdc kh\u00ed CKD F4000-W-BOWL-FIZ<\/p>\n<table width=\"181\">\n<tbody>\n<tr>\n<td width=\"181\">SCPD3-LF-00-16-270<\/td>\n<\/tr>\n<tr>\n<td>SCPD3-LF-LS-16-15<\/td>\n<\/tr>\n<tr>\n<td>SCPD3-LF-LS-16-30<\/td>\n<\/tr>\n<tr>\n<td>SCPD3-LF-LS-16-45<\/td>\n<\/tr>\n<tr>\n<td>SCPD3-LF-LS-16-60<\/td>\n<\/tr>\n<tr>\n<td>SCPD3-LF-LS-16-260<\/td>\n<\/tr>\n<tr>\n<td>SCPD3-LF-LS-16-270<\/td>\n<\/tr>\n<tr>\n<td>SCPD3-LF-FA-16-15<\/td>\n<\/tr>\n<tr>\n<td>SCPD3-LF-FA-16-30<\/td>\n<\/tr>\n<tr>\n<td>SCPD3-LF-FA-16-45<\/td>\n<\/tr>\n<tr>\n<td>SCPD3-LF-FA-16-60<\/td>\n<\/tr>\n<tr>\n<td>SCPD3-LF-FA-16-260<\/td>\n<\/tr>\n<tr>\n<td>SCPD3-LF-FA-16-270<\/td>\n<\/tr>\n<tr>\n<td>SCPD3-LF-CB-16-15<\/td>\n<\/tr>\n<tr>\n<td>SCPD3-LF-CB-16-30<\/td>\n<\/tr>\n<tr>\n<td>SCPD3-LF-CB-16-45<\/td>\n<\/tr>\n<tr>\n<td>SCPD3-LF-CB-16-60<\/td>\n<\/tr>\n<tr>\n<td>SCPD3-LF-CB-16-260<\/td>\n<\/tr>\n<tr>\n<td>SCPD3-LF-CB-16-270<\/td>\n<\/tr>\n<tr>\n<td>SCPD3-O-00-6-15<\/td>\n<\/tr>\n<tr>\n<td>SCPD3-O-00-6-30<\/td>\n<\/tr>\n<tr>\n<td>SCPD3-O-00-6-45<\/td>\n<\/tr>\n<tr>\n<td>SCPD3-O-00-6-60<\/td>\n<\/tr>\n<tr>\n<td>SCPD3-O-00-6-100<\/td>\n<\/tr>\n<tr>\n<td>SCPD3-O-00-6-105<\/td>\n<\/tr>\n<tr>\n<td>SCPD3-O-LS-6-15<\/td>\n<\/tr>\n<tr>\n<td>SCPD3-O-LS-6-30<\/td>\n<\/tr>\n<tr>\n<td>SCPD3-O-LS-6-45<\/td>\n<\/tr>\n<tr>\n<td>SCPD3-O-LS-6-60<\/td>\n<\/tr>\n<tr>\n<td>SCPD3-O-LS-6-100<\/td>\n<\/tr>\n<tr>\n<td>SCPD3-O-LS-6-105<\/td>\n<\/tr>\n<tr>\n<td>SCPD3-O-FA-6-15<\/td>\n<\/tr>\n<tr>\n<td>SCPD3-O-FA-6-30<\/td>\n<\/tr>\n<tr>\n<td>SCPD3-O-FA-6-45<\/td>\n<\/tr>\n<tr>\n<td>SCPD3-O-FA-6-60<\/td>\n<\/tr>\n<tr>\n<td>SCPD3-O-FA-6-100<\/td>\n<\/tr>\n<tr>\n<td>SCPD3-O-LA-6-105<\/td>\n<\/tr>\n<tr>\n<td>SCPD3-O-00-10-15<\/td>\n<\/tr>\n<tr>\n<td>SCPD3-O-00-10-30<\/td>\n<\/tr>\n<tr>\n<td>SCPD3-O-00-10-45<\/td>\n<\/tr>\n<tr>\n<td>SCPD3-O-00-10-60<\/td>\n<\/tr>\n<tr>\n<td>SCPD3-O-00-10-200<\/td>\n<\/tr>\n<tr>\n<td>SCPD3-O-00-10-210<\/td>\n<\/tr>\n<tr>\n<td>SCPD3-O-LS-10-15<\/td>\n<\/tr>\n<tr>\n<td>SCPD3-O-LS-10-30<\/td>\n<\/tr>\n<tr>\n<td>SCPD3-O-LS-10-45<\/td>\n<\/tr>\n<tr>\n<td>SCPD3-O-LS-10-60<\/td>\n<\/tr>\n<tr>\n<td>SCPD3-O-LS-10-200<\/td>\n<\/tr>\n<tr>\n<td>SCPD3-O-LS-10-210<\/td>\n<\/tr>\n<tr>\n<td>SCPD3-O-FA-10-15<\/td>\n<\/tr>\n<tr>\n<td>SCPD3-O-FA-10-30<\/td>\n<\/tr>\n<tr>\n<td>SCPD3-O-FA-10-45<\/td>\n<\/tr>\n<tr>\n<td>SCPD3-O-FA-10-60<\/td>\n<\/tr>\n<tr>\n<td>SCPD3-O-FA-10-200<\/td>\n<\/tr>\n<tr>\n<td>SCPD3-O-FA-10-210<\/td>\n<\/tr>\n<tr>\n<td>SCPD3-O-CB-10-15<\/td>\n<\/tr>\n<tr>\n<td>SCPD3-O-CB-10-30<\/td>\n<\/tr>\n<tr>\n<td>SCPD3-O-CB-10-45<\/td>\n<\/tr>\n<tr>\n<td>SCPD3-O-CB-10-60<\/td>\n<\/tr>\n<tr>\n<td>SCPD3-O-CB-10-200<\/td>\n<\/tr>\n<tr>\n<td>SCPD3-O-CB-10-210<\/td>\n<\/tr>\n<tr>\n<td>SCPD3-O-00-16-15<\/td>\n<\/tr>\n<tr>\n<td>SCPD3-O-00-16-30<\/td>\n<\/tr>\n<tr>\n<td>SCPD3-O-00-16-45<\/td>\n<\/tr>\n<tr>\n<td>SCPD3-O-00-16-60<\/td>\n<\/tr>\n<tr>\n<td>SCPD3-O-00-16-260<\/td>\n<\/tr>\n<tr>\n<td>SCPD3-O-00-16-270<\/td>\n<\/tr>\n<tr>\n<td>SCPD3-O-LS-16-15<\/td>\n<\/tr>\n<tr>\n<td>SCPD3-O-LS-16-30<\/td>\n<\/tr>\n<tr>\n<td>SCPD3-O-LS-16-45<\/td>\n<\/tr>\n<tr>\n<td>SCPD3-O-LS-16-60<\/td>\n<\/tr>\n<tr>\n<td>SCPD3-O-LS-16-260<\/td>\n<\/tr>\n<tr>\n<td>SCPD3-O-LS-16-270<\/td>\n<\/tr>\n<tr>\n<td>SCPD3-O-FA-16-15<\/td>\n<\/tr>\n<tr>\n<td>SCPD3-O-FA-16-30<\/td>\n<\/tr>\n<tr>\n<td>SCPD3-O-FA-16-45<\/td>\n<\/tr>\n<tr>\n<td>SCPD3-O-FA-16-60<\/td>\n<\/tr>\n<tr>\n<td>SCPD3-O-FA-16-260<\/td>\n<\/tr>\n<tr>\n<td>SCPD3-O-FA-16-270<\/td>\n<\/tr>\n<tr>\n<td>SCPD3-O-CB-16-15<\/td>\n<\/tr>\n<tr>\n<td>SCPD3-O-CB-16-30<\/td>\n<\/tr>\n<tr>\n<td>SCPD3-O-CB-16-45<\/td>\n<\/tr>\n<tr>\n<td>SCPD3-O-CB-16-60<\/td>\n<\/tr>\n<tr>\n<td>SCPD3-O-CB-16-260<\/td>\n<\/tr>\n<tr>\n<td>SCPD3-O-CB-16-270<\/td>\n<\/tr>\n<tr>\n<td>SCPD3-OL-00-6-15<\/td>\n<\/tr>\n<tr>\n<td>SCPD3-OL-00-6-30<\/td>\n<\/tr>\n<tr>\n<td>SCPD3-OL-00-6-45<\/td>\n<\/tr>\n<tr>\n<td>SCPD3-OL-00-6-60<\/td>\n<\/tr>\n<tr>\n<td>SCPD3-OL-00-6-100<\/td>\n<\/tr>\n<tr>\n<td>SCPD3-OL-00-6-105<\/td>\n<\/tr>\n<tr>\n<td>SCPD3-OL-LS-6-15<\/td>\n<\/tr>\n<tr>\n<td>SCPD3-OL-LS-6-30<\/td>\n<\/tr>\n<tr>\n<td>SCPD3-OL-LS-6-45<\/td>\n<\/tr>\n<tr>\n<td>SCPD3-OL-LS-6-60<\/td>\n<\/tr>\n<tr>\n<td>SCPD3-OL-LS-6-100<\/td>\n<\/tr>\n<tr>\n<td>SCPD3-OL-LS-6-105<\/td>\n<\/tr>\n<tr>\n<td>SCPD3-OL-FA-6-15<\/td>\n<\/tr>\n<tr>\n<td>SCPD3-OL-FA-6-30<\/td>\n<\/tr>\n<tr>\n<td>SCPD3-OL-FA-6-45<\/td>\n<\/tr>\n<tr>\n<td>SCPD3-OL-FA-6-60<\/td>\n<\/tr>\n<tr>\n<td>SCPD3-OL-FA-6-100<\/td>\n<\/tr>\n<tr>\n<td>SCPD3-OL-LA-6-105<\/td>\n<\/tr>\n<tr>\n<td>SCPD3-OL-00-10-15<\/td>\n<\/tr>\n<tr>\n<td>SCPD3-OL-00-10-30<\/td>\n<\/tr>\n<tr>\n<td>SCPD3-OL-00-10-45<\/td>\n<\/tr>\n<tr>\n<td>SCPD3-OL-00-10-60<\/td>\n<\/tr>\n<tr>\n<td>SCPD3-OL-00-10-200<\/td>\n<\/tr>\n<tr>\n<td>SCPD3-OL-00-10-210<\/td>\n<\/tr>\n<tr>\n<td>SCPD3-OL-LS-10-15<\/td>\n<\/tr>\n<tr>\n<td>SCPD3-OL-LS-10-30<\/td>\n<\/tr>\n<tr>\n<td>SCPD3-OL-LS-10-45<\/td>\n<\/tr>\n<tr>\n<td>SCPD3-OL-LS-10-60<\/td>\n<\/tr>\n<tr>\n<td>SCPD3-OL-LS-10-200<\/td>\n<\/tr>\n<tr>\n<td>SCPD3-OL-LS-10-210<\/td>\n<\/tr>\n<tr>\n<td>SCPD3-OL-FA-10-15<\/td>\n<\/tr>\n<tr>\n<td>SCPD3-OL-FA-10-30<\/td>\n<\/tr>\n<tr>\n<td>SCPD3-OL-FA-10-45<\/td>\n<\/tr>\n<tr>\n<td>SCPD3-OL-FA-10-60<\/td>\n<\/tr>\n<tr>\n<td>SCPD3-OL-FA-10-200<\/td>\n<\/tr>\n<tr>\n<td>SCPD3-OL-FA-10-210<\/td>\n<\/tr>\n<tr>\n<td>SCPD3-OL-CB-10-15<\/td>\n<\/tr>\n<tr>\n<td>SCPD3-OL-CB-10-30<\/td>\n<\/tr>\n<tr>\n<td>SCPD3-OL-CB-10-45<\/td>\n<\/tr>\n<tr>\n<td>SCPD3-OL-CB-10-60<\/td>\n<\/tr>\n<tr>\n<td>SCPD3-OL-CB-10-200<\/td>\n<\/tr>\n<tr>\n<td>SCPD3-OL-CB-10-210<\/td>\n<\/tr>\n<tr>\n<td>SCPD3-OL-00-16-15<\/td>\n<\/tr>\n<tr>\n<td>SCPD3-OL-00-16-30<\/td>\n<\/tr>\n<tr>\n<td>SCPD3-OL-00-16-45<\/td>\n<\/tr>\n<tr>\n<td>SCPD3-OL-00-16-60<\/td>\n<\/tr>\n<tr>\n<td>SCPD3-OL-00-16-260<\/td>\n<\/tr>\n<tr>\n<td>SCPD3-OL-00-16-270<\/td>\n<\/tr>\n<tr>\n<td>SCPD3-OL-LS-16-15<\/td>\n<\/tr>\n<tr>\n<td>SCPD3-OL-LS-16-30<\/td>\n<\/tr>\n<tr>\n<td>SCPD3-OL-LS-16-45<\/td>\n<\/tr>\n<tr>\n<td>SCPD3-OL-LS-16-60<\/td>\n<\/tr>\n<tr>\n<td>SCPD3-OL-LS-16-260<\/td>\n<\/tr>\n<tr>\n<td>SCPD3-OL-LS-16-270<\/td>\n<\/tr>\n<tr>\n<td>SCPD3-OL-FA-16-15<\/td>\n<\/tr>\n<tr>\n<td>SCPD3-OL-FA-16-30<\/td>\n<\/tr>\n<tr>\n<td>SCPD3-OL-FA-16-45<\/td>\n<\/tr>\n<tr>\n<td>SCPD3-OL-FA-16-60<\/td>\n<\/tr>\n<tr>\n<td>SCPD3-OL-FA-16-260<\/td>\n<\/tr>\n<tr>\n<td>SCPD3-OL-FA-16-270<\/td>\n<\/tr>\n<tr>\n<td>SCPD3-OL-CB-16-15<\/td>\n<\/tr>\n<tr>\n<td>SCPD3-OL-CB-16-30<\/td>\n<\/tr>\n<tr>\n<td>SCPD3-OL-CB-16-45<\/td>\n<\/tr>\n<tr>\n<td>SCPD3-OL-CB-16-60<\/td>\n<\/tr>\n<tr>\n<td>SCPD3-OL-CB-16-260<\/td>\n<\/tr>\n<\/tbody>\n<\/table>\n<p>&nbsp;<\/p>\n<p>\u0110\u1ea1i l\u00fd CKD vietnam, CKD viet nam, CKD vietnam distributor, Ph\u00e2n ph\u1ed1i CKD t\u1ea1i vi\u1ec7t nam<\/p>\n<p>\u0110\u1ea1i l\u00fd CKD vietnam, CKD viet nam, CKD vietnam distributor, Ph\u00e2n ph\u1ed1i CKD t\u1ea1i vi\u1ec7t nam<\/p>\n<p>\u0110\u1ea1i l\u00fd CKD vietnam, CKD viet nam, CKD vietnam distributor, Ph\u00e2n ph\u1ed1i CKD t\u1ea1i vi\u1ec7t nam<\/p>\n<p>\u0110\u1ea1i l\u00fd CKD vietnam, CKD viet nam, CKD vietnam distributor, Ph\u00e2n ph\u1ed1i CKD t\u1ea1i vi\u1ec7t nam<\/p>\n<p>\u0110\u1ea1i l\u00fd CKD vietnam, CKD viet nam, CKD vietnam distributor, Ph\u00e2n ph\u1ed1i CKD t\u1ea1i vi\u1ec7t nam<\/p>\n","protected":false},"excerpt":{"rendered":"<p>CKD F3000-8-W-F Model Number F3000 Port Size 8 (1\/4) Port Thread Blank (Rc thread) Colour W (White) Drain discharge F (Auto-drain, manual override, normally open, no press -&gt; exhaust) Differential pressure detection Blank (without differential pressure detection port) Flow direction Blank (Standard flow &#8211; left -&gt; right) Display unit Blank&hellip; <\/p>\n","protected":false},"featured_media":1458,"comment_status":"open","ping_status":"closed","template":"","meta":[],"product_cat":[367],"product_tag":[100,101,350],"class_list":{"0":"post-1457","1":"product","2":"type-product","3":"status-publish","4":"has-post-thumbnail","6":"product_cat-ckd","7":"product_tag-ckd-viet-nam","8":"product_tag-dai-ly-ckd-viet-nam","9":"product_tag-thiet-bi-loc-khi","11":"first","12":"instock","13":"shipping-taxable","14":"product-type-simple"},"yoast_head":"<!-- This site is optimized with the Yoast SEO plugin v22.8 - https:\/\/yoast.com\/wordpress\/plugins\/seo\/ -->\n<title>CKD F3000-8-W-F - OMANI VI\u1ec6T NAM<\/title>\n<meta name=\"robots\" content=\"index, follow, max-snippet:-1, max-image-preview:large, max-video-preview:-1\" \/>\n<link rel=\"canonical\" href=\"https:\/\/omanivietnam.com\/index.php\/san-pham\/ckd-f3000-8-w-f\/\" \/>\n<meta property=\"og:locale\" content=\"vi_VN\" \/>\n<meta property=\"og:type\" content=\"article\" \/>\n<meta property=\"og:title\" content=\"CKD F3000-8-W-F - OMANI VI\u1ec6T NAM\" \/>\n<meta property=\"og:description\" content=\"CKD F3000-8-W-F Model Number F3000 Port Size 8 (1\/4) Port Thread Blank (Rc thread) Colour W (White) Drain discharge F (Auto-drain, manual override, normally open, no press -&gt; exhaust) Differential pressure detection Blank (without differential pressure detection port) Flow direction Blank (Standard flow &#8211; left -&gt; right) Display unit Blank&hellip;\" \/>\n<meta property=\"og:url\" content=\"https:\/\/omanivietnam.com\/index.php\/san-pham\/ckd-f3000-8-w-f\/\" \/>\n<meta property=\"og:site_name\" content=\"OMANI VI\u1ec6T NAM\" \/>\n<meta property=\"og:image\" content=\"https:\/\/omanivietnam.com\/wp-content\/uploads\/2024\/08\/F3000-8-W-F.png\" \/>\n\t<meta property=\"og:image:width\" content=\"472\" \/>\n\t<meta property=\"og:image:height\" content=\"472\" \/>\n\t<meta property=\"og:image:type\" content=\"image\/png\" \/>\n<meta name=\"twitter:card\" content=\"summary_large_image\" \/>\n<meta name=\"twitter:label1\" content=\"\u01af\u1edbc t\u00ednh th\u1eddi gian \u0111\u1ecdc\" \/>\n\t<meta name=\"twitter:data1\" content=\"4 ph\u00fat\" \/>\n<script type=\"application\/ld+json\" class=\"yoast-schema-graph\">{\"@context\":\"https:\/\/schema.org\",\"@graph\":[{\"@type\":\"WebPage\",\"@id\":\"https:\/\/omanivietnam.com\/index.php\/san-pham\/ckd-f3000-8-w-f\/\",\"url\":\"https:\/\/omanivietnam.com\/index.php\/san-pham\/ckd-f3000-8-w-f\/\",\"name\":\"CKD F3000-8-W-F - OMANI VI\u1ec6T NAM\",\"isPartOf\":{\"@id\":\"https:\/\/omanivietnam.com\/#website\"},\"primaryImageOfPage\":{\"@id\":\"https:\/\/omanivietnam.com\/index.php\/san-pham\/ckd-f3000-8-w-f\/#primaryimage\"},\"image\":{\"@id\":\"https:\/\/omanivietnam.com\/index.php\/san-pham\/ckd-f3000-8-w-f\/#primaryimage\"},\"thumbnailUrl\":\"https:\/\/omanivietnam.com\/wp-content\/uploads\/2024\/08\/F3000-8-W-F.png\",\"datePublished\":\"2024-08-16T14:39:00+00:00\",\"dateModified\":\"2024-08-16T14:39:00+00:00\",\"breadcrumb\":{\"@id\":\"https:\/\/omanivietnam.com\/index.php\/san-pham\/ckd-f3000-8-w-f\/#breadcrumb\"},\"inLanguage\":\"vi\",\"potentialAction\":[{\"@type\":\"ReadAction\",\"target\":[\"https:\/\/omanivietnam.com\/index.php\/san-pham\/ckd-f3000-8-w-f\/\"]}]},{\"@type\":\"ImageObject\",\"inLanguage\":\"vi\",\"@id\":\"https:\/\/omanivietnam.com\/index.php\/san-pham\/ckd-f3000-8-w-f\/#primaryimage\",\"url\":\"https:\/\/omanivietnam.com\/wp-content\/uploads\/2024\/08\/F3000-8-W-F.png\",\"contentUrl\":\"https:\/\/omanivietnam.com\/wp-content\/uploads\/2024\/08\/F3000-8-W-F.png\",\"width\":472,\"height\":472},{\"@type\":\"BreadcrumbList\",\"@id\":\"https:\/\/omanivietnam.com\/index.php\/san-pham\/ckd-f3000-8-w-f\/#breadcrumb\",\"itemListElement\":[{\"@type\":\"ListItem\",\"position\":1,\"name\":\"Home\",\"item\":\"https:\/\/omanivietnam.com\/\"},{\"@type\":\"ListItem\",\"position\":2,\"name\":\"S\u1ea2N PH\u1ea8M\",\"item\":\"https:\/\/omanivietnam.com\/index.php\/cua-hang\/\"},{\"@type\":\"ListItem\",\"position\":3,\"name\":\"CKD F3000-8-W-F\"}]},{\"@type\":\"WebSite\",\"@id\":\"https:\/\/omanivietnam.com\/#website\",\"url\":\"https:\/\/omanivietnam.com\/\",\"name\":\"OMANI VI\u1ec6T NAM\",\"description\":\"Nh\u00e0 ph\u00e2n ph\u1ed1i thi\u1ebft b\u1ecb kh\u00ed n\u00e9n v\u00e0 thi\u1ebft b\u1ecb t\u1ef1 \u0111\u1ed9ng h\u00f3a trong c\u00f4ng nghi\u1ec7p\",\"publisher\":{\"@id\":\"https:\/\/omanivietnam.com\/#\/schema\/person\/0ad398a980dc3fd696111c2c5c8fa897\"},\"potentialAction\":[{\"@type\":\"SearchAction\",\"target\":{\"@type\":\"EntryPoint\",\"urlTemplate\":\"https:\/\/omanivietnam.com\/?s={search_term_string}\"},\"query-input\":\"required name=search_term_string\"}],\"inLanguage\":\"vi\"},{\"@type\":[\"Person\",\"Organization\"],\"@id\":\"https:\/\/omanivietnam.com\/#\/schema\/person\/0ad398a980dc3fd696111c2c5c8fa897\",\"name\":\"Nguy\u1ec5n V\u0103n Kh\u00e1nh\",\"image\":{\"@type\":\"ImageObject\",\"inLanguage\":\"vi\",\"@id\":\"https:\/\/omanivietnam.com\/#\/schema\/person\/image\/\",\"url\":\"https:\/\/omanivietnam.com\/wp-content\/uploads\/2024\/06\/logo-1024x1024.png\",\"contentUrl\":\"https:\/\/omanivietnam.com\/wp-content\/uploads\/2024\/06\/logo-1024x1024.png\",\"width\":1024,\"height\":1024,\"caption\":\"Nguy\u1ec5n V\u0103n Kh\u00e1nh\"},\"logo\":{\"@id\":\"https:\/\/omanivietnam.com\/#\/schema\/person\/image\/\"},\"sameAs\":[\"https:\/\/omanivietnam.com\"]}]}<\/script>\n<!-- \/ Yoast SEO plugin. -->","yoast_head_json":{"title":"CKD F3000-8-W-F - OMANI VI\u1ec6T NAM","robots":{"index":"index","follow":"follow","max-snippet":"max-snippet:-1","max-image-preview":"max-image-preview:large","max-video-preview":"max-video-preview:-1"},"canonical":"https:\/\/omanivietnam.com\/index.php\/san-pham\/ckd-f3000-8-w-f\/","og_locale":"vi_VN","og_type":"article","og_title":"CKD F3000-8-W-F - OMANI VI\u1ec6T NAM","og_description":"CKD F3000-8-W-F Model Number F3000 Port Size 8 (1\/4) Port Thread Blank (Rc thread) Colour W (White) Drain discharge F (Auto-drain, manual override, normally open, no press -&gt; exhaust) Differential pressure detection Blank (without differential pressure detection port) Flow direction Blank (Standard flow &#8211; left -&gt; right) Display unit Blank&hellip;","og_url":"https:\/\/omanivietnam.com\/index.php\/san-pham\/ckd-f3000-8-w-f\/","og_site_name":"OMANI VI\u1ec6T NAM","og_image":[{"width":472,"height":472,"url":"https:\/\/omanivietnam.com\/wp-content\/uploads\/2024\/08\/F3000-8-W-F.png","type":"image\/png"}],"twitter_card":"summary_large_image","twitter_misc":{"\u01af\u1edbc t\u00ednh th\u1eddi gian \u0111\u1ecdc":"4 ph\u00fat"},"schema":{"@context":"https:\/\/schema.org","@graph":[{"@type":"WebPage","@id":"https:\/\/omanivietnam.com\/index.php\/san-pham\/ckd-f3000-8-w-f\/","url":"https:\/\/omanivietnam.com\/index.php\/san-pham\/ckd-f3000-8-w-f\/","name":"CKD F3000-8-W-F - OMANI VI\u1ec6T NAM","isPartOf":{"@id":"https:\/\/omanivietnam.com\/#website"},"primaryImageOfPage":{"@id":"https:\/\/omanivietnam.com\/index.php\/san-pham\/ckd-f3000-8-w-f\/#primaryimage"},"image":{"@id":"https:\/\/omanivietnam.com\/index.php\/san-pham\/ckd-f3000-8-w-f\/#primaryimage"},"thumbnailUrl":"https:\/\/omanivietnam.com\/wp-content\/uploads\/2024\/08\/F3000-8-W-F.png","datePublished":"2024-08-16T14:39:00+00:00","dateModified":"2024-08-16T14:39:00+00:00","breadcrumb":{"@id":"https:\/\/omanivietnam.com\/index.php\/san-pham\/ckd-f3000-8-w-f\/#breadcrumb"},"inLanguage":"vi","potentialAction":[{"@type":"ReadAction","target":["https:\/\/omanivietnam.com\/index.php\/san-pham\/ckd-f3000-8-w-f\/"]}]},{"@type":"ImageObject","inLanguage":"vi","@id":"https:\/\/omanivietnam.com\/index.php\/san-pham\/ckd-f3000-8-w-f\/#primaryimage","url":"https:\/\/omanivietnam.com\/wp-content\/uploads\/2024\/08\/F3000-8-W-F.png","contentUrl":"https:\/\/omanivietnam.com\/wp-content\/uploads\/2024\/08\/F3000-8-W-F.png","width":472,"height":472},{"@type":"BreadcrumbList","@id":"https:\/\/omanivietnam.com\/index.php\/san-pham\/ckd-f3000-8-w-f\/#breadcrumb","itemListElement":[{"@type":"ListItem","position":1,"name":"Home","item":"https:\/\/omanivietnam.com\/"},{"@type":"ListItem","position":2,"name":"S\u1ea2N PH\u1ea8M","item":"https:\/\/omanivietnam.com\/index.php\/cua-hang\/"},{"@type":"ListItem","position":3,"name":"CKD F3000-8-W-F"}]},{"@type":"WebSite","@id":"https:\/\/omanivietnam.com\/#website","url":"https:\/\/omanivietnam.com\/","name":"OMANI VI\u1ec6T NAM","description":"Nh\u00e0 ph\u00e2n ph\u1ed1i thi\u1ebft b\u1ecb kh\u00ed n\u00e9n v\u00e0 thi\u1ebft b\u1ecb t\u1ef1 \u0111\u1ed9ng h\u00f3a trong c\u00f4ng nghi\u1ec7p","publisher":{"@id":"https:\/\/omanivietnam.com\/#\/schema\/person\/0ad398a980dc3fd696111c2c5c8fa897"},"potentialAction":[{"@type":"SearchAction","target":{"@type":"EntryPoint","urlTemplate":"https:\/\/omanivietnam.com\/?s={search_term_string}"},"query-input":"required name=search_term_string"}],"inLanguage":"vi"},{"@type":["Person","Organization"],"@id":"https:\/\/omanivietnam.com\/#\/schema\/person\/0ad398a980dc3fd696111c2c5c8fa897","name":"Nguy\u1ec5n V\u0103n Kh\u00e1nh","image":{"@type":"ImageObject","inLanguage":"vi","@id":"https:\/\/omanivietnam.com\/#\/schema\/person\/image\/","url":"https:\/\/omanivietnam.com\/wp-content\/uploads\/2024\/06\/logo-1024x1024.png","contentUrl":"https:\/\/omanivietnam.com\/wp-content\/uploads\/2024\/06\/logo-1024x1024.png","width":1024,"height":1024,"caption":"Nguy\u1ec5n V\u0103n Kh\u00e1nh"},"logo":{"@id":"https:\/\/omanivietnam.com\/#\/schema\/person\/image\/"},"sameAs":["https:\/\/omanivietnam.com"]}]}},"_links":{"self":[{"href":"https:\/\/omanivietnam.com\/index.php\/wp-json\/wp\/v2\/product\/1457","targetHints":{"allow":["GET"]}}],"collection":[{"href":"https:\/\/omanivietnam.com\/index.php\/wp-json\/wp\/v2\/product"}],"about":[{"href":"https:\/\/omanivietnam.com\/index.php\/wp-json\/wp\/v2\/types\/product"}],"replies":[{"embeddable":true,"href":"https:\/\/omanivietnam.com\/index.php\/wp-json\/wp\/v2\/comments?post=1457"}],"wp:featuredmedia":[{"embeddable":true,"href":"https:\/\/omanivietnam.com\/index.php\/wp-json\/wp\/v2\/media\/1458"}],"wp:attachment":[{"href":"https:\/\/omanivietnam.com\/index.php\/wp-json\/wp\/v2\/media?parent=1457"}],"wp:term":[{"taxonomy":"product_cat","embeddable":true,"href":"https:\/\/omanivietnam.com\/index.php\/wp-json\/wp\/v2\/product_cat?post=1457"},{"taxonomy":"product_tag","embeddable":true,"href":"https:\/\/omanivietnam.com\/index.php\/wp-json\/wp\/v2\/product_tag?post=1457"}],"curies":[{"name":"wp","href":"https:\/\/api.w.org\/{rel}","templated":true}]}}