{"id":1575,"date":"2024-08-28T05:51:29","date_gmt":"2024-08-27T22:51:29","guid":{"rendered":"https:\/\/omanivietnam.com\/?post_type=product&#038;p=1575"},"modified":"2024-08-28T05:52:27","modified_gmt":"2024-08-27T22:52:27","slug":"keyence-ft-50aw","status":"publish","type":"product","link":"https:\/\/omanivietnam.com\/index.php\/san-pham\/keyence-ft-50aw\/","title":{"rendered":"KEYENCE FT-50AW"},"content":{"rendered":"<p>KEYENCE FT-50AW<\/p>\n<p class=\"product_title entry-title\">B\u1ed9 khu\u1ebfch \u0111\u1ea1i c\u1ea3m bi\u1ebfn Keyence FT-50AW<\/p>\n<p>Amplifier: DIN Rail Mountable, NPN<br \/>\nSKU: FT-50AW<br \/>\nH\u00e3ng s\u1ea3n xu\u1ea5t: Keyence<br \/>\nCh\u1ea5t l\u01b0\u1ee3ng: M\u1edbi 100%<br \/>\nB\u1ea3o h\u00e0nh: Ch\u00ednh h\u00e3ng<\/p>\n<table class=\"woocommerce-product-attributes shop_attributes\">\n<tbody>\n<tr>\n<td colspan=\"4\">Model<\/td>\n<td>FT-50AW<\/td>\n<\/tr>\n<tr>\n<td colspan=\"4\">Type<\/td>\n<td>DIN-rail mounting type<\/td>\n<\/tr>\n<tr>\n<td colspan=\"4\">Power voltage<\/td>\n<td>12 to 24 VDC, Ripple (P-P)10% max.<\/td>\n<\/tr>\n<tr>\n<td rowspan=\"2\">Powerconsumption<\/td>\n<td colspan=\"3\">Normal<\/td>\n<td>1400 mW (For 12 V), 1600 mW (For 24 V)<\/td>\n<\/tr>\n<tr>\n<td colspan=\"3\">Eco mode<\/td>\n<td>1150 mW (For 12 V), 1350 mW (For 24 V)<\/td>\n<\/tr>\n<tr>\n<td colspan=\"4\">Display method<\/td>\n<td>4 + 1\/two-digit 7-segment LED, dual-display (red\/green) display (character height in the upper display (red): 8 mm\u00a0<span class=\"prd-utility-color-inch\">0.31\u2033<\/span>,character height in the lower display (green): 5.7 mm\u00a0<span class=\"prd-utility-color-inch\">0.22\u2033<\/span>), Display updating cycle: 10\/s<\/td>\n<\/tr>\n<tr>\n<td colspan=\"4\">Operation indicator<\/td>\n<td>Red LED x 3 (control output1\/control output2\/timing input indicator)<\/td>\n<\/tr>\n<tr>\n<td colspan=\"4\">Display resolution<\/td>\n<td>0.1\u00b0C or 1\u00b0C\u00a0<span class=\"prd-utility-color-inch\">0.2\u00b0F or 1.8\u00b0F<\/span>\u00a0(when using FT-H10\/H20\/H30), 1\u00b0C\u00a0<span class=\"prd-utility-color-inch\">1.8\u00b0F<\/span>\u00a0(when using FT-H50\/H40K\/H50K)<\/td>\n<\/tr>\n<tr>\n<td colspan=\"4\">Hysteresis<\/td>\n<td>Variable<\/td>\n<\/tr>\n<tr>\n<td colspan=\"4\">Response speed<\/td>\n<td>HSP, 30, 100, 200, 500, 1000, or 5000 ms can be selected (In HSP: 15 ms max.)<\/td>\n<\/tr>\n<tr>\n<td colspan=\"4\">Bank selection<\/td>\n<td>Pink and Purple wires can be configured for Bank Inputs #1,2 respectively for up to 4 total banks.<\/td>\n<\/tr>\n<tr>\n<td colspan=\"4\">Bank specifications<\/td>\n<td>Emissivity (valid in temperature mode) and limit settings x 2 can be set for each bank.<\/td>\n<\/tr>\n<tr>\n<td rowspan=\"2\">External input<\/td>\n<td colspan=\"3\">Timing input<\/td>\n<td>Input time: 2 ms min.<\/td>\n<\/tr>\n<tr>\n<td colspan=\"3\">Bank input<\/td>\n<td>Input time: 20 ms min.<\/td>\n<\/tr>\n<tr>\n<td colspan=\"4\">Control output<\/td>\n<td>NPN open collector x 2 channels (N.O.\/N.C. selectable), 100 mA max. (40 VDC max.), residual voltage: 1 V max.<\/td>\n<\/tr>\n<tr>\n<td colspan=\"4\">Analog output<\/td>\n<td>4 to 20 mA, maximum load resistance: 260 \u2126 The upper- and lower-limit values of the analog output range can be set optionally.<\/td>\n<\/tr>\n<tr>\n<td rowspan=\"3\">Environmental resistance<\/td>\n<td colspan=\"3\">Ambient temperature<\/td>\n<td>-10 to +50 \u00b0C\u00a0<span class=\"prd-utility-color-inch\">14 to 122 \u00b0F<\/span>\u00a0(No freezing)<sup>*1<\/sup><\/td>\n<\/tr>\n<tr>\n<td colspan=\"3\">Relative humidity<\/td>\n<td>35 to 85 % RH (No condensation)<\/td>\n<\/tr>\n<tr>\n<td colspan=\"3\">Vibration resistance<\/td>\n<td>10 to 55 Hz, Double amplitude 1.5 mm\u00a0<span class=\"prd-utility-color-inch\">0.06\u2033<\/span>, 2 hours in each of the X, Y, and Z axis<\/td>\n<\/tr>\n<tr>\n<td colspan=\"4\">Material<\/td>\n<td>Main unit, Cover: Polycarbonate, Keycaps: Polyester elastomer, Cable: Vinyl chlorideMounting bracket: SUS304<\/td>\n<\/tr>\n<tr>\n<td colspan=\"4\">Accessory<\/td>\n<td>DIN anchoring fixture, power cable, unit cover sticker<\/td>\n<\/tr>\n<tr>\n<td colspan=\"4\">Weight<\/td>\n<td>Approx. 85 g<\/td>\n<\/tr>\n<tr>\n<td colspan=\"5\"><sup>*1<\/sup>\u00a0Ambient temperature when using the analog output is -10 to 45 \u00b0C\u00a0<span class=\"prd-utility-color-inch\">14 to 113 \u00b0F<\/span>.<\/td>\n<\/tr>\n<\/tbody>\n<\/table>\n<p>&nbsp;<\/p>\n<p>\u0110\u1ea1i l\u00fd Keyence vietnam, Keyence viet nam, Keyence vietnam distributor, Ph\u00e2n ph\u1ed1i Keyence t\u1ea1i vi\u1ec7t nam<\/p>\n<p>\u0110\u1ea1i l\u00fd Keyence vietnam, Keyence viet nam, Keyence vietnam distributor, Ph\u00e2n ph\u1ed1i Keyence t\u1ea1i vi\u1ec7t nam<\/p>\n<p>\u0110\u1ea1i l\u00fd Keyence vietnam, Keyence viet nam, Keyence vietnam distributor, Ph\u00e2n ph\u1ed1i Keyence t\u1ea1i vi\u1ec7t nam<\/p>\n<p>\u0110\u1ea1i l\u00fd Keyence vietnam, Keyence viet nam, Keyence vietnam distributor, Ph\u00e2n ph\u1ed1i Keyence t\u1ea1i vi\u1ec7t nam<\/p>\n<p>\u0110\u1ea1i l\u00fd Keyence vietnam, Keyence viet nam, Keyence vietnam distributor, Ph\u00e2n ph\u1ed1i Keyence t\u1ea1i vi\u1ec7t nam<\/p>\n","protected":false},"excerpt":{"rendered":"<p>KEYENCE FT-50AW B\u1ed9 khu\u1ebfch \u0111\u1ea1i c\u1ea3m bi\u1ebfn Keyence FT-50AW Amplifier: DIN Rail Mountable, NPN SKU: FT-50AW H\u00e3ng s\u1ea3n xu\u1ea5t: Keyence Ch\u1ea5t l\u01b0\u1ee3ng: M\u1edbi 100% B\u1ea3o h\u00e0nh: Ch\u00ednh h\u00e3ng Model FT-50AW Type DIN-rail mounting type Power voltage 12 to 24 VDC, Ripple (P-P)10% max. Powerconsumption Normal 1400 mW (For 12 V),&hellip; <\/p>\n","protected":false},"featured_media":1576,"comment_status":"open","ping_status":"closed","template":"","meta":[],"product_cat":[292],"product_tag":[88,114,113],"class_list":{"0":"post-1575","1":"product","2":"type-product","3":"status-publish","4":"has-post-thumbnail","6":"product_cat-keyence","7":"product_tag-cam-bien","8":"product_tag-dai-ly-keyence-viet-nam","9":"product_tag-keyence-viet-nam","11":"first","12":"instock","13":"shipping-taxable","14":"product-type-simple"},"yoast_head":"<!-- This site is optimized with the Yoast SEO plugin v22.8 - https:\/\/yoast.com\/wordpress\/plugins\/seo\/ -->\n<title>KEYENCE FT-50AW - OMANI VI\u1ec6T NAM<\/title>\n<meta name=\"robots\" content=\"index, follow, max-snippet:-1, max-image-preview:large, max-video-preview:-1\" \/>\n<link rel=\"canonical\" href=\"https:\/\/omanivietnam.com\/index.php\/san-pham\/keyence-ft-50aw\/\" \/>\n<meta property=\"og:locale\" content=\"vi_VN\" \/>\n<meta property=\"og:type\" content=\"article\" \/>\n<meta property=\"og:title\" content=\"KEYENCE FT-50AW - OMANI VI\u1ec6T NAM\" \/>\n<meta property=\"og:description\" content=\"KEYENCE FT-50AW B\u1ed9 khu\u1ebfch \u0111\u1ea1i c\u1ea3m bi\u1ebfn Keyence FT-50AW Amplifier: DIN Rail Mountable, NPN SKU: FT-50AW H\u00e3ng s\u1ea3n xu\u1ea5t: Keyence Ch\u1ea5t l\u01b0\u1ee3ng: M\u1edbi 100% B\u1ea3o h\u00e0nh: Ch\u00ednh h\u00e3ng Model FT-50AW Type DIN-rail mounting type Power voltage 12 to 24 VDC, Ripple (P-P)10% max. Powerconsumption Normal 1400 mW (For 12 V),&hellip;\" \/>\n<meta property=\"og:url\" content=\"https:\/\/omanivietnam.com\/index.php\/san-pham\/keyence-ft-50aw\/\" \/>\n<meta property=\"og:site_name\" content=\"OMANI VI\u1ec6T NAM\" \/>\n<meta property=\"article:modified_time\" content=\"2024-08-27T22:52:27+00:00\" \/>\n<meta property=\"og:image\" content=\"https:\/\/omanivietnam.com\/wp-content\/uploads\/2024\/08\/FT-50AW.png\" \/>\n\t<meta property=\"og:image:width\" content=\"488\" \/>\n\t<meta property=\"og:image:height\" content=\"375\" \/>\n\t<meta property=\"og:image:type\" content=\"image\/png\" \/>\n<meta name=\"twitter:card\" content=\"summary_large_image\" \/>\n<meta name=\"twitter:label1\" content=\"\u01af\u1edbc t\u00ednh th\u1eddi gian \u0111\u1ecdc\" \/>\n\t<meta name=\"twitter:data1\" content=\"3 ph\u00fat\" \/>\n<script type=\"application\/ld+json\" class=\"yoast-schema-graph\">{\"@context\":\"https:\/\/schema.org\",\"@graph\":[{\"@type\":\"WebPage\",\"@id\":\"https:\/\/omanivietnam.com\/index.php\/san-pham\/keyence-ft-50aw\/\",\"url\":\"https:\/\/omanivietnam.com\/index.php\/san-pham\/keyence-ft-50aw\/\",\"name\":\"KEYENCE FT-50AW - OMANI VI\u1ec6T NAM\",\"isPartOf\":{\"@id\":\"https:\/\/omanivietnam.com\/#website\"},\"primaryImageOfPage\":{\"@id\":\"https:\/\/omanivietnam.com\/index.php\/san-pham\/keyence-ft-50aw\/#primaryimage\"},\"image\":{\"@id\":\"https:\/\/omanivietnam.com\/index.php\/san-pham\/keyence-ft-50aw\/#primaryimage\"},\"thumbnailUrl\":\"https:\/\/omanivietnam.com\/wp-content\/uploads\/2024\/08\/FT-50AW.png\",\"datePublished\":\"2024-08-27T22:51:29+00:00\",\"dateModified\":\"2024-08-27T22:52:27+00:00\",\"breadcrumb\":{\"@id\":\"https:\/\/omanivietnam.com\/index.php\/san-pham\/keyence-ft-50aw\/#breadcrumb\"},\"inLanguage\":\"vi\",\"potentialAction\":[{\"@type\":\"ReadAction\",\"target\":[\"https:\/\/omanivietnam.com\/index.php\/san-pham\/keyence-ft-50aw\/\"]}]},{\"@type\":\"ImageObject\",\"inLanguage\":\"vi\",\"@id\":\"https:\/\/omanivietnam.com\/index.php\/san-pham\/keyence-ft-50aw\/#primaryimage\",\"url\":\"https:\/\/omanivietnam.com\/wp-content\/uploads\/2024\/08\/FT-50AW.png\",\"contentUrl\":\"https:\/\/omanivietnam.com\/wp-content\/uploads\/2024\/08\/FT-50AW.png\",\"width\":488,\"height\":375},{\"@type\":\"BreadcrumbList\",\"@id\":\"https:\/\/omanivietnam.com\/index.php\/san-pham\/keyence-ft-50aw\/#breadcrumb\",\"itemListElement\":[{\"@type\":\"ListItem\",\"position\":1,\"name\":\"Home\",\"item\":\"https:\/\/omanivietnam.com\/\"},{\"@type\":\"ListItem\",\"position\":2,\"name\":\"S\u1ea2N PH\u1ea8M\",\"item\":\"https:\/\/omanivietnam.com\/index.php\/cua-hang\/\"},{\"@type\":\"ListItem\",\"position\":3,\"name\":\"KEYENCE FT-50AW\"}]},{\"@type\":\"WebSite\",\"@id\":\"https:\/\/omanivietnam.com\/#website\",\"url\":\"https:\/\/omanivietnam.com\/\",\"name\":\"OMANI VI\u1ec6T NAM\",\"description\":\"Nh\u00e0 ph\u00e2n ph\u1ed1i thi\u1ebft b\u1ecb kh\u00ed n\u00e9n v\u00e0 thi\u1ebft b\u1ecb t\u1ef1 \u0111\u1ed9ng h\u00f3a trong c\u00f4ng nghi\u1ec7p\",\"publisher\":{\"@id\":\"https:\/\/omanivietnam.com\/#\/schema\/person\/0ad398a980dc3fd696111c2c5c8fa897\"},\"potentialAction\":[{\"@type\":\"SearchAction\",\"target\":{\"@type\":\"EntryPoint\",\"urlTemplate\":\"https:\/\/omanivietnam.com\/?s={search_term_string}\"},\"query-input\":\"required name=search_term_string\"}],\"inLanguage\":\"vi\"},{\"@type\":[\"Person\",\"Organization\"],\"@id\":\"https:\/\/omanivietnam.com\/#\/schema\/person\/0ad398a980dc3fd696111c2c5c8fa897\",\"name\":\"Nguy\u1ec5n V\u0103n Kh\u00e1nh\",\"image\":{\"@type\":\"ImageObject\",\"inLanguage\":\"vi\",\"@id\":\"https:\/\/omanivietnam.com\/#\/schema\/person\/image\/\",\"url\":\"https:\/\/omanivietnam.com\/wp-content\/uploads\/2024\/06\/logo-1024x1024.png\",\"contentUrl\":\"https:\/\/omanivietnam.com\/wp-content\/uploads\/2024\/06\/logo-1024x1024.png\",\"width\":1024,\"height\":1024,\"caption\":\"Nguy\u1ec5n V\u0103n Kh\u00e1nh\"},\"logo\":{\"@id\":\"https:\/\/omanivietnam.com\/#\/schema\/person\/image\/\"},\"sameAs\":[\"https:\/\/omanivietnam.com\"]}]}<\/script>\n<!-- \/ Yoast SEO plugin. -->","yoast_head_json":{"title":"KEYENCE FT-50AW - OMANI VI\u1ec6T NAM","robots":{"index":"index","follow":"follow","max-snippet":"max-snippet:-1","max-image-preview":"max-image-preview:large","max-video-preview":"max-video-preview:-1"},"canonical":"https:\/\/omanivietnam.com\/index.php\/san-pham\/keyence-ft-50aw\/","og_locale":"vi_VN","og_type":"article","og_title":"KEYENCE FT-50AW - OMANI VI\u1ec6T NAM","og_description":"KEYENCE FT-50AW B\u1ed9 khu\u1ebfch \u0111\u1ea1i c\u1ea3m bi\u1ebfn Keyence FT-50AW Amplifier: DIN Rail Mountable, NPN SKU: FT-50AW H\u00e3ng s\u1ea3n xu\u1ea5t: Keyence Ch\u1ea5t l\u01b0\u1ee3ng: M\u1edbi 100% B\u1ea3o h\u00e0nh: Ch\u00ednh h\u00e3ng Model FT-50AW Type DIN-rail mounting type Power voltage 12 to 24 VDC, Ripple (P-P)10% max. Powerconsumption Normal 1400 mW (For 12 V),&hellip;","og_url":"https:\/\/omanivietnam.com\/index.php\/san-pham\/keyence-ft-50aw\/","og_site_name":"OMANI VI\u1ec6T NAM","article_modified_time":"2024-08-27T22:52:27+00:00","og_image":[{"width":488,"height":375,"url":"https:\/\/omanivietnam.com\/wp-content\/uploads\/2024\/08\/FT-50AW.png","type":"image\/png"}],"twitter_card":"summary_large_image","twitter_misc":{"\u01af\u1edbc t\u00ednh th\u1eddi gian \u0111\u1ecdc":"3 ph\u00fat"},"schema":{"@context":"https:\/\/schema.org","@graph":[{"@type":"WebPage","@id":"https:\/\/omanivietnam.com\/index.php\/san-pham\/keyence-ft-50aw\/","url":"https:\/\/omanivietnam.com\/index.php\/san-pham\/keyence-ft-50aw\/","name":"KEYENCE FT-50AW - OMANI VI\u1ec6T NAM","isPartOf":{"@id":"https:\/\/omanivietnam.com\/#website"},"primaryImageOfPage":{"@id":"https:\/\/omanivietnam.com\/index.php\/san-pham\/keyence-ft-50aw\/#primaryimage"},"image":{"@id":"https:\/\/omanivietnam.com\/index.php\/san-pham\/keyence-ft-50aw\/#primaryimage"},"thumbnailUrl":"https:\/\/omanivietnam.com\/wp-content\/uploads\/2024\/08\/FT-50AW.png","datePublished":"2024-08-27T22:51:29+00:00","dateModified":"2024-08-27T22:52:27+00:00","breadcrumb":{"@id":"https:\/\/omanivietnam.com\/index.php\/san-pham\/keyence-ft-50aw\/#breadcrumb"},"inLanguage":"vi","potentialAction":[{"@type":"ReadAction","target":["https:\/\/omanivietnam.com\/index.php\/san-pham\/keyence-ft-50aw\/"]}]},{"@type":"ImageObject","inLanguage":"vi","@id":"https:\/\/omanivietnam.com\/index.php\/san-pham\/keyence-ft-50aw\/#primaryimage","url":"https:\/\/omanivietnam.com\/wp-content\/uploads\/2024\/08\/FT-50AW.png","contentUrl":"https:\/\/omanivietnam.com\/wp-content\/uploads\/2024\/08\/FT-50AW.png","width":488,"height":375},{"@type":"BreadcrumbList","@id":"https:\/\/omanivietnam.com\/index.php\/san-pham\/keyence-ft-50aw\/#breadcrumb","itemListElement":[{"@type":"ListItem","position":1,"name":"Home","item":"https:\/\/omanivietnam.com\/"},{"@type":"ListItem","position":2,"name":"S\u1ea2N PH\u1ea8M","item":"https:\/\/omanivietnam.com\/index.php\/cua-hang\/"},{"@type":"ListItem","position":3,"name":"KEYENCE FT-50AW"}]},{"@type":"WebSite","@id":"https:\/\/omanivietnam.com\/#website","url":"https:\/\/omanivietnam.com\/","name":"OMANI VI\u1ec6T NAM","description":"Nh\u00e0 ph\u00e2n ph\u1ed1i thi\u1ebft b\u1ecb kh\u00ed n\u00e9n v\u00e0 thi\u1ebft b\u1ecb t\u1ef1 \u0111\u1ed9ng h\u00f3a trong c\u00f4ng nghi\u1ec7p","publisher":{"@id":"https:\/\/omanivietnam.com\/#\/schema\/person\/0ad398a980dc3fd696111c2c5c8fa897"},"potentialAction":[{"@type":"SearchAction","target":{"@type":"EntryPoint","urlTemplate":"https:\/\/omanivietnam.com\/?s={search_term_string}"},"query-input":"required name=search_term_string"}],"inLanguage":"vi"},{"@type":["Person","Organization"],"@id":"https:\/\/omanivietnam.com\/#\/schema\/person\/0ad398a980dc3fd696111c2c5c8fa897","name":"Nguy\u1ec5n V\u0103n Kh\u00e1nh","image":{"@type":"ImageObject","inLanguage":"vi","@id":"https:\/\/omanivietnam.com\/#\/schema\/person\/image\/","url":"https:\/\/omanivietnam.com\/wp-content\/uploads\/2024\/06\/logo-1024x1024.png","contentUrl":"https:\/\/omanivietnam.com\/wp-content\/uploads\/2024\/06\/logo-1024x1024.png","width":1024,"height":1024,"caption":"Nguy\u1ec5n V\u0103n Kh\u00e1nh"},"logo":{"@id":"https:\/\/omanivietnam.com\/#\/schema\/person\/image\/"},"sameAs":["https:\/\/omanivietnam.com"]}]}},"_links":{"self":[{"href":"https:\/\/omanivietnam.com\/index.php\/wp-json\/wp\/v2\/product\/1575","targetHints":{"allow":["GET"]}}],"collection":[{"href":"https:\/\/omanivietnam.com\/index.php\/wp-json\/wp\/v2\/product"}],"about":[{"href":"https:\/\/omanivietnam.com\/index.php\/wp-json\/wp\/v2\/types\/product"}],"replies":[{"embeddable":true,"href":"https:\/\/omanivietnam.com\/index.php\/wp-json\/wp\/v2\/comments?post=1575"}],"wp:featuredmedia":[{"embeddable":true,"href":"https:\/\/omanivietnam.com\/index.php\/wp-json\/wp\/v2\/media\/1576"}],"wp:attachment":[{"href":"https:\/\/omanivietnam.com\/index.php\/wp-json\/wp\/v2\/media?parent=1575"}],"wp:term":[{"taxonomy":"product_cat","embeddable":true,"href":"https:\/\/omanivietnam.com\/index.php\/wp-json\/wp\/v2\/product_cat?post=1575"},{"taxonomy":"product_tag","embeddable":true,"href":"https:\/\/omanivietnam.com\/index.php\/wp-json\/wp\/v2\/product_tag?post=1575"}],"curies":[{"name":"wp","href":"https:\/\/api.w.org\/{rel}","templated":true}]}}