{"id":1579,"date":"2024-08-28T08:41:58","date_gmt":"2024-08-28T01:41:58","guid":{"rendered":"https:\/\/omanivietnam.com\/?post_type=product&#038;p=1579"},"modified":"2024-08-28T08:43:40","modified_gmt":"2024-08-28T01:43:40","slug":"chino-1schs1-0-t-h-2000-61-32-txis-002","status":"publish","type":"product","link":"https:\/\/omanivietnam.com\/index.php\/san-pham\/chino-1schs1-0-t-h-2000-61-32-txis-002\/","title":{"rendered":"CHINO 1SCHS1-0-T-H-2000-61-32-TXIS-002"},"content":{"rendered":"<p>CHINO 1SCHS1-0-T-H-2000-61-32-TXIS-002<\/p>\n<p>1SCH-0-H-T-2000-61-32-TXIS-002 -&gt;1SCHS1-0-T-H-2000-61-32-TXIS-002<\/p>\n<p>C\u1eb7p nhi\u1ec7t \u0111i\u1ec7n c\u00f3 v\u1ecf b\u1ecdc c\u00f3 d\u00e2y c\u1eb7p nhi\u1ec7t \u0111i\u1ec7n \u0111\u01b0\u1ee3c l\u1eafp b\u00ean trong \u1ed1ng b\u1ea3o v\u1ec7 b\u1eb1ng kim lo\u1ea1i (v\u1ecf b\u1ecdc), \u0111\u01b0\u1ee3c b\u1ecbt k\u00edn b\u1eb1ng b\u1ed9t c\u00e1ch \u0111i\u1ec7n v\u00f4 c\u01a1 (magie oxit c\u00f3 \u0111\u1ed9 tinh khi\u1ebft cao), c\u00f3 kh\u1ea3 n\u0103ng c\u00e1ch nhi\u1ec7t, k\u00edn kh\u00ed v\u00e0 ph\u1ea3n h\u1ed3i tuy\u1ec7t v\u1eddi. N\u00f3 th\u1ec3 hi\u1ec7n \u0111\u1ed9 b\u1ec1n v\u01b0\u1ee3t tr\u1ed9i ngay c\u1ea3 khi s\u1eed d\u1ee5ng. li\u00ean t\u1ee5c trong th\u1eddi gian d\u00e0i \u1edf nhi\u1ec7t \u0111\u1ed9 cao v\u00e0 c\u00e1c b\u1ea7u kh\u00f4ng kh\u00ed \u00e1c t\u00ednh kh\u00e1c nhau.<\/p>\n<h2 class=\"ttl-basic\">C\u00e1ch nhi\u1ec7t v\u00e0 k\u00edn kh\u00ed tuy\u1ec7t v\u1eddi, c\u00f3 th\u1ec3 s\u1eed d\u1ee5ng \u1edf m\u00f4i tr\u01b0\u1eddng c\u00f3 nhi\u1ec7t \u0111\u1ed9 cao<\/h2>\n<ul>\n<li>\u0110o nhi\u1ec7t \u0111\u1ed9 ph\u1ea1m vi r\u1ed9ng<br \/>\nV\u1edbi c\u1eb7p nhi\u1ec7t \u0111i\u1ec7n K, N, E, J v\u00e0 T, c\u00f3 th\u1ec3 \u0111o ph\u1ea1m vi nhi\u1ec7t \u0111\u1ed9 r\u1ed9ng t\u1eeb (-)200oC \u0111\u1ebfn 1050oC. Ngo\u00e0i ra, \u0111\u01b0\u1eddng k\u00ednh ngo\u00e0i c\u1ee7a v\u1ecf b\u1ecdc dao \u0111\u1ed9ng t\u1eeb si\u00eau m\u1ecfng \u03c60,1mm \u0111\u1ebfn \u03c68,0mm n\u00ean th\u00edch h\u1ee3p cho nhi\u1ec1u \u1ee9ng d\u1ee5ng nh\u01b0 \u0111o nhi\u1ec7t \u0111\u1ed9 trong kh\u00f4ng gian h\u1eb9p v\u00e0 c\u00e1c v\u1eadt th\u1ec3 nh\u1ecf, l\u00f2 x\u1eed l\u00fd nhi\u1ec7t v\u00e0 nh\u00e0 m\u00e1y h\u00f3a ch\u1ea5t.<\/li>\n<li>Kh\u1ea3 n\u0103ng ch\u1ed1ng \u0111\u1ed9ng \u0111\u1ea5t v\u00e0 ch\u1ed1ng \u0103n m\u00f2n tuy\u1ec7t v\u1eddi<br \/>\nKho\u1ea3ng kh\u00f4ng gian gi\u1eefa v\u1ecf b\u1ecdc v\u00e0 d\u00e2y \u0111\u01b0\u1ee3c b\u1ecbt k\u00edn b\u1eb1ng ch\u1ea5t c\u00e1ch \u0111i\u1ec7n v\u00e0 d\u00e2y \u0111\u01b0\u1ee3c b\u1ea3o v\u1ec7 m\u1ed9t c\u00e1ch \u0111\u00e1ng tin c\u1eady. N\u00f3 c\u00f3 kh\u1ea3 n\u0103ng ch\u1ed1ng rung v\u00e0 ch\u1ed1ng \u0103n m\u00f2n tuy\u1ec7t v\u1eddi, c\u00f3 th\u1ec3 \u0111\u01b0\u1ee3c s\u1eed d\u1ee5ng li\u00ean t\u1ee5c \u1edf nhi\u1ec7t \u0111\u1ed9 v\u00e0 \u00e1p su\u1ea5t cao.<\/li>\n<li>Ph\u1ea3n \u1ee9ng nhanh<br \/>\nC\u1ea5u tr\u00fac k\u00edn b\u1eb1ng v\u1eadt li\u1ec7u c\u00e1ch nhi\u1ec7t v\u00e0 thi\u1ebft k\u1ebf si\u00eau m\u1ecfng \u03c60,1mm c\u00f3 kh\u1ea3 n\u0103ng sinh nhi\u1ec7t c\u1ef1c nh\u1ecf v\u00e0 ph\u1ea3n \u1ee9ng nhanh v\u1edbi nh\u1eefng thay \u0111\u1ed5i nhi\u1ec7t \u0111\u1ed9 \u0111\u1ed9t ng\u1ed9t v\u00e0 t\u1eebng ph\u00fat.<\/li>\n<li>C\u00f3 s\u1eb5n c\u1eb7p nhi\u1ec7t \u0111i\u1ec7n c\u00f3 v\u1ecf b\u1ecdc nhi\u1ec7t \u0111\u1ed9 cao. Ch\u00fang t\u00f4i<br \/>\ncung c\u1ea5p c\u1eb7p nhi\u1ec7t \u0111i\u1ec7n c\u00f3 v\u1ecf b\u1ecdc nhi\u1ec7t \u0111\u1ed9 cao (v\u1eadt li\u1ec7u \u1ed1ng b\u1ea3o v\u1ec7: Chino Alloy B, Chino Alloy X) c\u00f3 \u0111\u1ed9 b\u1ec1n t\u0103ng \u0111\u00e1ng k\u1ec3 \u1edf nhi\u1ec7t \u0111\u1ed9 cao. So v\u1edbi v\u1eadt li\u1ec7u \u1ed1ng b\u1ea3o v\u1ec7 NCF600, n\u00f3 c\u00f3 \u0111\u1ed9 \u1ed5n \u0111\u1ecbnh tuy\u1ec7t v\u1eddi \u1edf nhi\u1ec7t \u0111\u1ed9 cao* v\u00e0 \u0111\u1ed9 b\u1ec1n g\u1ea5p 5 l\u1ea7n.<br \/>\n*\u0110\u00e2y l\u00e0 k\u1ebft qu\u1ea3 th\u1eed nghi\u1ec7m c\u1ee7a ch\u00fang t\u00f4i trong m\u00f4i tr\u01b0\u1eddng oxy h\u00f3a \u1edf 1100oC v\u00e0 kh\u00f4ng \u0111\u1ea3m b\u1ea3o tu\u1ed5i th\u1ecd.<\/li>\n<\/ul>\n<h2 class=\"ttl-product-detail\">\u0110\u1eb7c \u0111i\u1ec3m k\u1ef9 thu\u1eadt<\/h2>\n<div class=\"wrap-webeditor-contents\">\n<div class=\"wrap-scroll-x-sp\">\n<table class=\"table-basic\">\n<tbody>\n<tr>\n<th>D\u00e2y tr\u1ea7n<\/th>\n<td>K, J, E, T, N (\u03c60.1, \u03c60.15, \u03c60.3, \u03c60.5 ch\u1ec9 l\u00e0 K)<br \/>\n(C\u1eb7p nhi\u1ec7t \u0111i\u1ec7n R c\u0169ng c\u00f3 th\u1ec3 \u0111\u01b0\u1ee3c s\u1ea3n xu\u1ea5t)<\/td>\n<\/tr>\n<tr>\n<th>l\u1edbp h\u1ecdc<\/th>\n<td>JIS 1 (c\u1ea5p 0,4), 2 (c\u1ea5p 0,75)<\/td>\n<\/tr>\n<tr>\n<th>V\u1eadt li\u1ec7u \u1ed1ng b\u1ea3o v\u1ec7<\/th>\n<td>K: SUS316, SUS310S, SUS347, NCF600 (Inconel)<br \/>\n(\u03c60.15, \u03c60.15 ch\u1ec9 d\u00e0nh cho SUS316, \u03c60.3, \u03c60.5 ch\u1ec9 d\u00e0nh cho NCF600)<br \/>\nJ, E, T: SUS316<br \/>\nN: NCF600<\/td>\n<\/tr>\n<tr>\n<th>\u0110\u01b0\u1eddng k\u00ednh ngo\u00e0i c\u1ee7a \u1ed1ng b\u1ea3o v\u1ec7<\/th>\n<td>\u03c60,1, \u03c60,15, \u03c60,3, \u03c60,5, \u03c61,0, \u03c61,6, \u03c63,2, \u03c64,8, \u03c66,4, \u03c68,0mm<\/td>\n<\/tr>\n<tr>\n<th>\u0110\u1ed9 d\u00e0y v\u1ecf b\u1ecdc<\/th>\n<td>10% tr\u1edf l\u00ean \u0111\u01b0\u1eddng k\u00ednh ngo\u00e0i c\u1ee7a v\u1ecf b\u1ecdc kim lo\u1ea1i<\/td>\n<\/tr>\n<tr>\n<th>\u0110\u01b0\u1eddng k\u00ednh d\u00e2y<\/th>\n<td>15% tr\u1edf l\u00ean \u0111\u01b0\u1eddng k\u00ednh ngo\u00e0i c\u1ee7a v\u1ecf b\u1ecdc kim lo\u1ea1i<\/td>\n<\/tr>\n<tr>\n<th>Chi\u1ec1u d\u00e0i ti\u00eau chu\u1ea9n v\u1ecf b\u1ecdc<\/th>\n<td>300, 500, 750, 1000, 1500, 2000mm<\/td>\n<\/tr>\n<tr>\n<th>b\u00e1n k\u00ednh u\u1ed1n<\/th>\n<td>2 \u0111\u1ebfn 3 l\u1ea7n ho\u1eb7c h\u01a1n \u0111\u01b0\u1eddng k\u00ednh ngo\u00e0i c\u1ee7a v\u1ecf b\u1ecdc<br \/>\n*10 l\u1ea7n tr\u1edf l\u00ean sau khi l\u00e0m n\u00f3ng<\/td>\n<\/tr>\n<tr>\n<th>chi\u1ec1u d\u00e0i t\u1ed1i \u0111a<\/th>\n<td>\u03c60,1, \u03c60,15: 2m, \u03c60,3: 3m, \u03c60,5: di\u1ec7n t\u00edch kh\u00f4ng n\u1ed1i \u0111\u1ea5t 10m, di\u1ec7n t\u00edch n\u1ed1i \u0111\u1ea5t 50m,<br \/>\n\u03c61,0: 200m, \u03c61,6: 100m, \u03c63,2: 50m, \u03c64. 8 : 50m,<br \/>\n\u03c66,4: 35m, \u03c68: 15m<\/td>\n<\/tr>\n<\/tbody>\n<\/table>\n<\/div>\n<p>C\u00f3 nhi\u1ec1u lo\u1ea1i kh\u00e1c nhau, bao g\u1ed3m c\u1eb7p nhi\u1ec7t \u0111i\u1ec7n c\u00f3 v\u1ecf b\u1ecdc v\u1edbi h\u1ed9p \u0111\u1ea7u c\u1ef1c v\u00e0 lo\u1ea1i kh\u00f4ng \u0111\u1ea7u kh\u00f4ng c\u00f3 h\u1ed9p \u0111\u1ea7u cu\u1ed1i v\u00e0 c\u00f3 d\u00e2y d\u1eabn b\u00f9 tr\u1ef1c ti\u1ebfp.<br \/>\nNgo\u00e0i ra, c\u00f2n c\u00f3 ba lo\u1ea1i h\u00ecnh d\u1ea1ng \u0111\u1ea7u sau \u0111\u00e2y. M\u1ed9t lo\u1ea1t c\u00e1c ph\u1ea7n c\u1ee9ng g\u1eafn c\u0169ng c\u00f3 s\u1eb5n.<\/p>\n<\/div>\n<div><\/div>\n<div><\/div>\n<p>&nbsp;<\/p>\n<p>\u0110\u1ea1i l\u00fd CHINO vietnam, CHINO viet nam, CHINO vietnam distributor, Ph\u00e2n ph\u1ed1i CHINO t\u1ea1i vi\u1ec7t nam<\/p>\n<p>\u0110\u1ea1i l\u00fd CHINO vietnam, CHINO viet nam, CHINO vietnam distributor, Ph\u00e2n ph\u1ed1i CHINO t\u1ea1i vi\u1ec7t nam<\/p>\n<p>\u0110\u1ea1i l\u00fd CHINO vietnam, CHINO viet nam, CHINO vietnam distributor, Ph\u00e2n ph\u1ed1i CHINO t\u1ea1i vi\u1ec7t nam<\/p>\n<p>\u0110\u1ea1i l\u00fd CHINO vietnam, CHINO viet nam, CHINO vietnam distributor, Ph\u00e2n ph\u1ed1i CHINO t\u1ea1i vi\u1ec7t nam<\/p>\n<p>\u0110\u1ea1i l\u00fd CHINO vietnam, CHINO viet nam, CHINO vietnam distributor, Ph\u00e2n ph\u1ed1i CHINO t\u1ea1i vi\u1ec7t nam<\/p>\n","protected":false},"excerpt":{"rendered":"<p>CHINO 1SCHS1-0-T-H-2000-61-32-TXIS-002 1SCH-0-H-T-2000-61-32-TXIS-002 -&gt;1SCHS1-0-T-H-2000-61-32-TXIS-002 C\u1eb7p nhi\u1ec7t \u0111i\u1ec7n c\u00f3 v\u1ecf b\u1ecdc c\u00f3 d\u00e2y c\u1eb7p nhi\u1ec7t \u0111i\u1ec7n \u0111\u01b0\u1ee3c l\u1eafp b\u00ean trong \u1ed1ng b\u1ea3o v\u1ec7 b\u1eb1ng kim lo\u1ea1i (v\u1ecf b\u1ecdc), \u0111\u01b0\u1ee3c b\u1ecbt k\u00edn b\u1eb1ng b\u1ed9t c\u00e1ch \u0111i\u1ec7n v\u00f4 c\u01a1 (magie oxit c\u00f3 \u0111\u1ed9 tinh khi\u1ebft cao), c\u00f3 kh\u1ea3 n\u0103ng c\u00e1ch nhi\u1ec7t, k\u00edn kh\u00ed&hellip; <\/p>\n","protected":false},"featured_media":1580,"comment_status":"open","ping_status":"closed","template":"","meta":[],"product_cat":[404],"product_tag":[88,405,406],"class_list":{"0":"post-1579","1":"product","2":"type-product","3":"status-publish","4":"has-post-thumbnail","6":"product_cat-chino","7":"product_tag-cam-bien","8":"product_tag-chino-viet-nam","9":"product_tag-dai-ly-chino-viet-nam","11":"first","12":"instock","13":"shipping-taxable","14":"product-type-simple"},"yoast_head":"<!-- This site is optimized with the Yoast SEO plugin v22.8 - https:\/\/yoast.com\/wordpress\/plugins\/seo\/ -->\n<title>CHINO 1SCHS1-0-T-H-2000-61-32-TXIS-002 - OMANI VI\u1ec6T NAM<\/title>\n<meta name=\"robots\" content=\"index, follow, max-snippet:-1, max-image-preview:large, max-video-preview:-1\" \/>\n<link rel=\"canonical\" href=\"https:\/\/omanivietnam.com\/index.php\/san-pham\/chino-1schs1-0-t-h-2000-61-32-txis-002\/\" \/>\n<meta property=\"og:locale\" content=\"vi_VN\" \/>\n<meta property=\"og:type\" content=\"article\" \/>\n<meta property=\"og:title\" content=\"CHINO 1SCHS1-0-T-H-2000-61-32-TXIS-002 - OMANI VI\u1ec6T NAM\" \/>\n<meta property=\"og:description\" content=\"CHINO 1SCHS1-0-T-H-2000-61-32-TXIS-002 1SCH-0-H-T-2000-61-32-TXIS-002 -&gt;1SCHS1-0-T-H-2000-61-32-TXIS-002 C\u1eb7p nhi\u1ec7t \u0111i\u1ec7n c\u00f3 v\u1ecf b\u1ecdc c\u00f3 d\u00e2y c\u1eb7p nhi\u1ec7t \u0111i\u1ec7n \u0111\u01b0\u1ee3c l\u1eafp b\u00ean trong \u1ed1ng b\u1ea3o v\u1ec7 b\u1eb1ng kim lo\u1ea1i (v\u1ecf b\u1ecdc), \u0111\u01b0\u1ee3c b\u1ecbt k\u00edn b\u1eb1ng b\u1ed9t c\u00e1ch \u0111i\u1ec7n v\u00f4 c\u01a1 (magie oxit c\u00f3 \u0111\u1ed9 tinh khi\u1ebft cao), c\u00f3 kh\u1ea3 n\u0103ng c\u00e1ch nhi\u1ec7t, k\u00edn kh\u00ed&hellip;\" \/>\n<meta property=\"og:url\" content=\"https:\/\/omanivietnam.com\/index.php\/san-pham\/chino-1schs1-0-t-h-2000-61-32-txis-002\/\" \/>\n<meta property=\"og:site_name\" content=\"OMANI VI\u1ec6T NAM\" \/>\n<meta property=\"article:modified_time\" content=\"2024-08-28T01:43:40+00:00\" \/>\n<meta property=\"og:image\" content=\"https:\/\/omanivietnam.com\/wp-content\/uploads\/2024\/08\/CHINO.png\" \/>\n\t<meta property=\"og:image:width\" content=\"523\" \/>\n\t<meta property=\"og:image:height\" content=\"397\" \/>\n\t<meta property=\"og:image:type\" content=\"image\/png\" \/>\n<meta name=\"twitter:card\" content=\"summary_large_image\" \/>\n<meta name=\"twitter:label1\" content=\"\u01af\u1edbc t\u00ednh th\u1eddi gian \u0111\u1ecdc\" \/>\n\t<meta name=\"twitter:data1\" content=\"4 ph\u00fat\" \/>\n<script type=\"application\/ld+json\" class=\"yoast-schema-graph\">{\"@context\":\"https:\/\/schema.org\",\"@graph\":[{\"@type\":\"WebPage\",\"@id\":\"https:\/\/omanivietnam.com\/index.php\/san-pham\/chino-1schs1-0-t-h-2000-61-32-txis-002\/\",\"url\":\"https:\/\/omanivietnam.com\/index.php\/san-pham\/chino-1schs1-0-t-h-2000-61-32-txis-002\/\",\"name\":\"CHINO 1SCHS1-0-T-H-2000-61-32-TXIS-002 - OMANI VI\u1ec6T NAM\",\"isPartOf\":{\"@id\":\"https:\/\/omanivietnam.com\/#website\"},\"primaryImageOfPage\":{\"@id\":\"https:\/\/omanivietnam.com\/index.php\/san-pham\/chino-1schs1-0-t-h-2000-61-32-txis-002\/#primaryimage\"},\"image\":{\"@id\":\"https:\/\/omanivietnam.com\/index.php\/san-pham\/chino-1schs1-0-t-h-2000-61-32-txis-002\/#primaryimage\"},\"thumbnailUrl\":\"https:\/\/omanivietnam.com\/wp-content\/uploads\/2024\/08\/CHINO.png\",\"datePublished\":\"2024-08-28T01:41:58+00:00\",\"dateModified\":\"2024-08-28T01:43:40+00:00\",\"breadcrumb\":{\"@id\":\"https:\/\/omanivietnam.com\/index.php\/san-pham\/chino-1schs1-0-t-h-2000-61-32-txis-002\/#breadcrumb\"},\"inLanguage\":\"vi\",\"potentialAction\":[{\"@type\":\"ReadAction\",\"target\":[\"https:\/\/omanivietnam.com\/index.php\/san-pham\/chino-1schs1-0-t-h-2000-61-32-txis-002\/\"]}]},{\"@type\":\"ImageObject\",\"inLanguage\":\"vi\",\"@id\":\"https:\/\/omanivietnam.com\/index.php\/san-pham\/chino-1schs1-0-t-h-2000-61-32-txis-002\/#primaryimage\",\"url\":\"https:\/\/omanivietnam.com\/wp-content\/uploads\/2024\/08\/CHINO.png\",\"contentUrl\":\"https:\/\/omanivietnam.com\/wp-content\/uploads\/2024\/08\/CHINO.png\",\"width\":523,\"height\":397},{\"@type\":\"BreadcrumbList\",\"@id\":\"https:\/\/omanivietnam.com\/index.php\/san-pham\/chino-1schs1-0-t-h-2000-61-32-txis-002\/#breadcrumb\",\"itemListElement\":[{\"@type\":\"ListItem\",\"position\":1,\"name\":\"Home\",\"item\":\"https:\/\/omanivietnam.com\/\"},{\"@type\":\"ListItem\",\"position\":2,\"name\":\"S\u1ea2N PH\u1ea8M\",\"item\":\"https:\/\/omanivietnam.com\/index.php\/cua-hang\/\"},{\"@type\":\"ListItem\",\"position\":3,\"name\":\"CHINO 1SCHS1-0-T-H-2000-61-32-TXIS-002\"}]},{\"@type\":\"WebSite\",\"@id\":\"https:\/\/omanivietnam.com\/#website\",\"url\":\"https:\/\/omanivietnam.com\/\",\"name\":\"OMANI VI\u1ec6T NAM\",\"description\":\"Nh\u00e0 ph\u00e2n ph\u1ed1i thi\u1ebft b\u1ecb kh\u00ed n\u00e9n v\u00e0 thi\u1ebft b\u1ecb t\u1ef1 \u0111\u1ed9ng h\u00f3a trong c\u00f4ng nghi\u1ec7p\",\"publisher\":{\"@id\":\"https:\/\/omanivietnam.com\/#\/schema\/person\/0ad398a980dc3fd696111c2c5c8fa897\"},\"potentialAction\":[{\"@type\":\"SearchAction\",\"target\":{\"@type\":\"EntryPoint\",\"urlTemplate\":\"https:\/\/omanivietnam.com\/?s={search_term_string}\"},\"query-input\":\"required name=search_term_string\"}],\"inLanguage\":\"vi\"},{\"@type\":[\"Person\",\"Organization\"],\"@id\":\"https:\/\/omanivietnam.com\/#\/schema\/person\/0ad398a980dc3fd696111c2c5c8fa897\",\"name\":\"Nguy\u1ec5n V\u0103n Kh\u00e1nh\",\"image\":{\"@type\":\"ImageObject\",\"inLanguage\":\"vi\",\"@id\":\"https:\/\/omanivietnam.com\/#\/schema\/person\/image\/\",\"url\":\"https:\/\/omanivietnam.com\/wp-content\/uploads\/2024\/06\/logo-1024x1024.png\",\"contentUrl\":\"https:\/\/omanivietnam.com\/wp-content\/uploads\/2024\/06\/logo-1024x1024.png\",\"width\":1024,\"height\":1024,\"caption\":\"Nguy\u1ec5n V\u0103n Kh\u00e1nh\"},\"logo\":{\"@id\":\"https:\/\/omanivietnam.com\/#\/schema\/person\/image\/\"},\"sameAs\":[\"https:\/\/omanivietnam.com\"]}]}<\/script>\n<!-- \/ Yoast SEO plugin. -->","yoast_head_json":{"title":"CHINO 1SCHS1-0-T-H-2000-61-32-TXIS-002 - OMANI VI\u1ec6T NAM","robots":{"index":"index","follow":"follow","max-snippet":"max-snippet:-1","max-image-preview":"max-image-preview:large","max-video-preview":"max-video-preview:-1"},"canonical":"https:\/\/omanivietnam.com\/index.php\/san-pham\/chino-1schs1-0-t-h-2000-61-32-txis-002\/","og_locale":"vi_VN","og_type":"article","og_title":"CHINO 1SCHS1-0-T-H-2000-61-32-TXIS-002 - OMANI VI\u1ec6T NAM","og_description":"CHINO 1SCHS1-0-T-H-2000-61-32-TXIS-002 1SCH-0-H-T-2000-61-32-TXIS-002 -&gt;1SCHS1-0-T-H-2000-61-32-TXIS-002 C\u1eb7p nhi\u1ec7t \u0111i\u1ec7n c\u00f3 v\u1ecf b\u1ecdc c\u00f3 d\u00e2y c\u1eb7p nhi\u1ec7t \u0111i\u1ec7n \u0111\u01b0\u1ee3c l\u1eafp b\u00ean trong \u1ed1ng b\u1ea3o v\u1ec7 b\u1eb1ng kim lo\u1ea1i (v\u1ecf b\u1ecdc), \u0111\u01b0\u1ee3c b\u1ecbt k\u00edn b\u1eb1ng b\u1ed9t c\u00e1ch \u0111i\u1ec7n v\u00f4 c\u01a1 (magie oxit c\u00f3 \u0111\u1ed9 tinh khi\u1ebft cao), c\u00f3 kh\u1ea3 n\u0103ng c\u00e1ch nhi\u1ec7t, k\u00edn kh\u00ed&hellip;","og_url":"https:\/\/omanivietnam.com\/index.php\/san-pham\/chino-1schs1-0-t-h-2000-61-32-txis-002\/","og_site_name":"OMANI VI\u1ec6T NAM","article_modified_time":"2024-08-28T01:43:40+00:00","og_image":[{"width":523,"height":397,"url":"https:\/\/omanivietnam.com\/wp-content\/uploads\/2024\/08\/CHINO.png","type":"image\/png"}],"twitter_card":"summary_large_image","twitter_misc":{"\u01af\u1edbc t\u00ednh th\u1eddi gian \u0111\u1ecdc":"4 ph\u00fat"},"schema":{"@context":"https:\/\/schema.org","@graph":[{"@type":"WebPage","@id":"https:\/\/omanivietnam.com\/index.php\/san-pham\/chino-1schs1-0-t-h-2000-61-32-txis-002\/","url":"https:\/\/omanivietnam.com\/index.php\/san-pham\/chino-1schs1-0-t-h-2000-61-32-txis-002\/","name":"CHINO 1SCHS1-0-T-H-2000-61-32-TXIS-002 - OMANI VI\u1ec6T NAM","isPartOf":{"@id":"https:\/\/omanivietnam.com\/#website"},"primaryImageOfPage":{"@id":"https:\/\/omanivietnam.com\/index.php\/san-pham\/chino-1schs1-0-t-h-2000-61-32-txis-002\/#primaryimage"},"image":{"@id":"https:\/\/omanivietnam.com\/index.php\/san-pham\/chino-1schs1-0-t-h-2000-61-32-txis-002\/#primaryimage"},"thumbnailUrl":"https:\/\/omanivietnam.com\/wp-content\/uploads\/2024\/08\/CHINO.png","datePublished":"2024-08-28T01:41:58+00:00","dateModified":"2024-08-28T01:43:40+00:00","breadcrumb":{"@id":"https:\/\/omanivietnam.com\/index.php\/san-pham\/chino-1schs1-0-t-h-2000-61-32-txis-002\/#breadcrumb"},"inLanguage":"vi","potentialAction":[{"@type":"ReadAction","target":["https:\/\/omanivietnam.com\/index.php\/san-pham\/chino-1schs1-0-t-h-2000-61-32-txis-002\/"]}]},{"@type":"ImageObject","inLanguage":"vi","@id":"https:\/\/omanivietnam.com\/index.php\/san-pham\/chino-1schs1-0-t-h-2000-61-32-txis-002\/#primaryimage","url":"https:\/\/omanivietnam.com\/wp-content\/uploads\/2024\/08\/CHINO.png","contentUrl":"https:\/\/omanivietnam.com\/wp-content\/uploads\/2024\/08\/CHINO.png","width":523,"height":397},{"@type":"BreadcrumbList","@id":"https:\/\/omanivietnam.com\/index.php\/san-pham\/chino-1schs1-0-t-h-2000-61-32-txis-002\/#breadcrumb","itemListElement":[{"@type":"ListItem","position":1,"name":"Home","item":"https:\/\/omanivietnam.com\/"},{"@type":"ListItem","position":2,"name":"S\u1ea2N PH\u1ea8M","item":"https:\/\/omanivietnam.com\/index.php\/cua-hang\/"},{"@type":"ListItem","position":3,"name":"CHINO 1SCHS1-0-T-H-2000-61-32-TXIS-002"}]},{"@type":"WebSite","@id":"https:\/\/omanivietnam.com\/#website","url":"https:\/\/omanivietnam.com\/","name":"OMANI VI\u1ec6T NAM","description":"Nh\u00e0 ph\u00e2n ph\u1ed1i thi\u1ebft b\u1ecb kh\u00ed n\u00e9n v\u00e0 thi\u1ebft b\u1ecb t\u1ef1 \u0111\u1ed9ng h\u00f3a trong c\u00f4ng nghi\u1ec7p","publisher":{"@id":"https:\/\/omanivietnam.com\/#\/schema\/person\/0ad398a980dc3fd696111c2c5c8fa897"},"potentialAction":[{"@type":"SearchAction","target":{"@type":"EntryPoint","urlTemplate":"https:\/\/omanivietnam.com\/?s={search_term_string}"},"query-input":"required name=search_term_string"}],"inLanguage":"vi"},{"@type":["Person","Organization"],"@id":"https:\/\/omanivietnam.com\/#\/schema\/person\/0ad398a980dc3fd696111c2c5c8fa897","name":"Nguy\u1ec5n V\u0103n Kh\u00e1nh","image":{"@type":"ImageObject","inLanguage":"vi","@id":"https:\/\/omanivietnam.com\/#\/schema\/person\/image\/","url":"https:\/\/omanivietnam.com\/wp-content\/uploads\/2024\/06\/logo-1024x1024.png","contentUrl":"https:\/\/omanivietnam.com\/wp-content\/uploads\/2024\/06\/logo-1024x1024.png","width":1024,"height":1024,"caption":"Nguy\u1ec5n V\u0103n Kh\u00e1nh"},"logo":{"@id":"https:\/\/omanivietnam.com\/#\/schema\/person\/image\/"},"sameAs":["https:\/\/omanivietnam.com"]}]}},"_links":{"self":[{"href":"https:\/\/omanivietnam.com\/index.php\/wp-json\/wp\/v2\/product\/1579","targetHints":{"allow":["GET"]}}],"collection":[{"href":"https:\/\/omanivietnam.com\/index.php\/wp-json\/wp\/v2\/product"}],"about":[{"href":"https:\/\/omanivietnam.com\/index.php\/wp-json\/wp\/v2\/types\/product"}],"replies":[{"embeddable":true,"href":"https:\/\/omanivietnam.com\/index.php\/wp-json\/wp\/v2\/comments?post=1579"}],"wp:featuredmedia":[{"embeddable":true,"href":"https:\/\/omanivietnam.com\/index.php\/wp-json\/wp\/v2\/media\/1580"}],"wp:attachment":[{"href":"https:\/\/omanivietnam.com\/index.php\/wp-json\/wp\/v2\/media?parent=1579"}],"wp:term":[{"taxonomy":"product_cat","embeddable":true,"href":"https:\/\/omanivietnam.com\/index.php\/wp-json\/wp\/v2\/product_cat?post=1579"},{"taxonomy":"product_tag","embeddable":true,"href":"https:\/\/omanivietnam.com\/index.php\/wp-json\/wp\/v2\/product_tag?post=1579"}],"curies":[{"name":"wp","href":"https:\/\/api.w.org\/{rel}","templated":true}]}}