{"id":1603,"date":"2024-08-29T21:34:15","date_gmt":"2024-08-29T14:34:15","guid":{"rendered":"https:\/\/omanivietnam.com\/?post_type=product&#038;p=1603"},"modified":"2024-08-29T21:35:25","modified_gmt":"2024-08-29T14:35:25","slug":"sick-srs50-hua0-k21","status":"publish","type":"product","link":"https:\/\/omanivietnam.com\/index.php\/san-pham\/sick-srs50-hua0-k21\/","title":{"rendered":"SICK SRS50-HUA0-K21"},"content":{"rendered":"<p>SICK SRS50-HUA0-K21<\/p>\n<p class=\"product-section-title\">Specifications<\/p>\n<div class=\"additional-attributes-wrapper table-wrapper\">\n<table id=\"product-attribute-specs-table\" class=\"data table additional-attributes\">\n<caption class=\"table-caption\">Specifications<\/caption>\n<tbody>\n<tr>\n<th class=\"col label\" scope=\"row\">In Stock<\/th>\n<td class=\"col data\" data-th=\"In Stock\">No<\/td>\n<\/tr>\n<tr>\n<th class=\"col label\" scope=\"row\">Ships Factory Direct<\/th>\n<td class=\"col data\" data-th=\"Ships Factory Direct\">No<\/td>\n<\/tr>\n<tr>\n<th class=\"col label\" scope=\"row\">Manufacturer Part Number<\/th>\n<td class=\"col data\" data-th=\"Manufacturer Part Number\">7127310<\/td>\n<\/tr>\n<tr>\n<th class=\"col label\" scope=\"row\">Manufacturer<\/th>\n<td class=\"col data\" data-th=\"Manufacturer\">Sick<\/td>\n<\/tr>\n<tr>\n<th class=\"col label\" scope=\"row\">Product Series<\/th>\n<td class=\"col data\" data-th=\"Product Series\">SRS50<\/td>\n<\/tr>\n<tr>\n<th class=\"col label\" scope=\"row\">Family Series<\/th>\n<td class=\"col data\" data-th=\"Family Series\">Sick Encoders, SRS50 Series<\/td>\n<\/tr>\n<tr>\n<th class=\"col label\" scope=\"row\">Description<\/th>\n<td class=\"col data\" data-th=\"Description\">7127310, Motorfeedback<\/td>\n<\/tr>\n<tr>\n<th class=\"col label\" scope=\"row\">Input Power<\/th>\n<td class=\"col data\" data-th=\"Input Power\">7-12 VDC<\/td>\n<\/tr>\n<tr>\n<th class=\"col label\" scope=\"row\">Protocol<\/th>\n<td class=\"col data\" data-th=\"Protocol\">HIPERFACE<\/td>\n<\/tr>\n<tr>\n<th class=\"col label\" scope=\"row\">Connector<\/th>\n<td class=\"col data\" data-th=\"Connector\">Male Connector<\/td>\n<\/tr>\n<tr>\n<th class=\"col label\" scope=\"row\">Duty<\/th>\n<td class=\"col data\" data-th=\"Duty\">Industrial<\/td>\n<\/tr>\n<tr>\n<th class=\"col label\" scope=\"row\">Mounting Style<\/th>\n<td class=\"col data\" data-th=\"Mounting Style\">Solid Shaft<\/td>\n<\/tr>\n<tr>\n<th class=\"col label\" scope=\"row\">Operating Temperature<\/th>\n<td class=\"col data\" data-th=\"Operating Temperature\">-40-75 \u00b0C<\/td>\n<\/tr>\n<tr>\n<th class=\"col label\" scope=\"row\">IP Rating<\/th>\n<td class=\"col data\" data-th=\"IP Rating\">IP65<\/td>\n<\/tr>\n<tr>\n<th class=\"col label\" scope=\"row\">Approvals<\/th>\n<td class=\"col data\" data-th=\"Approvals\">CE<\/td>\n<\/tr>\n<tr>\n<th class=\"col label\" scope=\"row\">Net Weight<\/th>\n<td class=\"col data\" data-th=\"Net Weight\">1.625 lbs<\/td>\n<\/tr>\n<tr>\n<th class=\"col label\" scope=\"row\">Gross Weight<\/th>\n<td class=\"col data\" data-th=\"Gross Weight\">1.63 lbs<\/td>\n<\/tr>\n<\/tbody>\n<\/table>\n<\/div>\n<table>\n<tbody>\n<tr>\n<td>Sine\/cosine periods per revolution<\/td>\n<td>1,024<\/td>\n<\/tr>\n<tr>\n<td>Number of the absolute ascertainable revolutions<\/td>\n<td>1<\/td>\n<\/tr>\n<tr>\n<td>Total number of steps<\/td>\n<td>32,768<\/td>\n<\/tr>\n<tr>\n<td>Measuring step<\/td>\n<td>0.3\u00a0\u2033 For interpolation of the sine\/cosine signals with, e.\u00a0g., 12\u00a0bits<\/td>\n<\/tr>\n<tr>\n<td>Integral non-linearity<\/td>\n<td>Typ. \u00b1\u00a045\u00a0\u2033, Error limits for evaluating sine\/cosine period<\/td>\n<\/tr>\n<tr>\n<td>Differential non-linearity<\/td>\n<td>\u00b1\u00a07\u00a0\u2033<\/td>\n<\/tr>\n<tr>\n<td>Operating speed<\/td>\n<td>\u2264\u00a06,000\u00a0min\u207b\u00b9, up to which the absolute position can be reliably produced<\/td>\n<\/tr>\n<tr>\n<td>Available memory area<\/td>\n<td>128\u00a0Byte<\/td>\n<\/tr>\n<tr>\n<td>System accuracy<\/td>\n<td>\u00b1\u00a052\u00a0\u2033<\/td>\n<\/tr>\n<\/tbody>\n<\/table>\n<table>\n<tbody>\n<tr>\n<td>Connection type<\/td>\n<td>Male connector, MS, 10-pin, radial<\/td>\n<\/tr>\n<tr>\n<td>Supply voltage<\/td>\n<td>7\u00a0V\u00a0DC\u00a0&#8230; 12\u00a0V\u00a0DC<\/td>\n<\/tr>\n<tr>\n<td>Recommended supply voltage<\/td>\n<td>8\u00a0V\u00a0DC<\/td>\n<\/tr>\n<tr>\n<td>Current consumption<\/td>\n<td>80\u00a0mA\u00a0<sup>1)<\/sup><\/td>\n<\/tr>\n<tr>\n<td>Output frequency for sine\/cosine signals<\/td>\n<td>\u2264 200\u00a0kHz<\/td>\n<\/tr>\n<\/tbody>\n<\/table>\n<p>&nbsp;<\/p>\n<table>\n<tbody>\n<tr>\n<td>Shaft version<\/td>\n<td>Solid shaft<\/td>\n<\/tr>\n<tr>\n<td>Flange type \/ stator coupling<\/td>\n<td>Square flange, stator coupling<\/td>\n<\/tr>\n<tr>\n<td>Dimensions<\/td>\n<td>See dimensional drawing<\/td>\n<\/tr>\n<tr>\n<td>Weight<\/td>\n<td>\u2264\u00a00.2\u00a0kg<\/td>\n<\/tr>\n<tr>\n<td>Moment of inertia of the rotor<\/td>\n<td>28.8\u00a0gcm\u00b2<\/td>\n<\/tr>\n<tr>\n<td>Operating speed<\/td>\n<td>\u2264\u00a06,000\u00a0min\u207b\u00b9<\/td>\n<\/tr>\n<tr>\n<td>Angular acceleration<\/td>\n<td>\u2264\u00a0500,000\u00a0rad\/s\u00b2<\/td>\n<\/tr>\n<tr>\n<td>Operating torque<\/td>\n<td>1\u00a0Ncm<\/td>\n<\/tr>\n<tr>\n<td>Start up torque<\/td>\n<td>+\u00a01.5\u00a0Ncm<\/td>\n<\/tr>\n<tr>\n<td>Permissible shaft loading<\/td>\n<td>40\u00a0N (radial)<\/p>\n<p>20\u00a0N (axial)<\/td>\n<\/tr>\n<tr>\n<td>Life of ball bearings<\/td>\n<td>3.6\u00a0x 10<sup>9<\/sup>\u00a0revolutions<\/td>\n<\/tr>\n<\/tbody>\n<\/table>\n<p>&nbsp;<\/p>\n<p>\u0110\u1ea1i l\u00fd SICK vietnam, SICK viet nam, SICK vietnam distributor, Ph\u00e2n ph\u1ed1i SICK t\u1ea1i vi\u1ec7t nam<\/p>\n<p>\u0110\u1ea1i l\u00fd SICK vietnam, SICK viet nam, SICK vietnam distributor, Ph\u00e2n ph\u1ed1i SICK t\u1ea1i vi\u1ec7t nam<\/p>\n<p>\u0110\u1ea1i l\u00fd SICK vietnam, SICK viet nam, SICK vietnam distributor, Ph\u00e2n ph\u1ed1i SICK t\u1ea1i vi\u1ec7t nam<\/p>\n<p>\u0110\u1ea1i l\u00fd SICK vietnam, SICK viet nam, SICK vietnam distributor, Ph\u00e2n ph\u1ed1i SICK t\u1ea1i vi\u1ec7t nam<\/p>\n<p>\u0110\u1ea1i l\u00fd SICK vietnam, SICK viet nam, SICK vietnam distributor, Ph\u00e2n ph\u1ed1i SICK t\u1ea1i vi\u1ec7t nam<\/p>\n","protected":false},"excerpt":{"rendered":"<p>SICK SRS50-HUA0-K21 Specifications Specifications In Stock No Ships Factory Direct No Manufacturer Part Number 7127310 Manufacturer Sick Product Series SRS50 Family Series Sick Encoders, SRS50 Series Description 7127310, Motorfeedback Input Power 7-12 VDC Protocol HIPERFACE Connector Male Connector Duty Industrial Mounting Style Solid Shaft Operating Temperature -40-75 \u00b0C IP Rating&hellip; <\/p>\n","protected":false},"featured_media":1604,"comment_status":"open","ping_status":"closed","template":"","meta":[],"product_cat":[297],"product_tag":[174,89,90],"class_list":{"0":"post-1603","1":"product","2":"type-product","3":"status-publish","4":"has-post-thumbnail","6":"product_cat-sick","7":"product_tag-bo-ma-hoa","8":"product_tag-dai-ly-sick-viet-nam","9":"product_tag-sick-viet-nam","11":"first","12":"instock","13":"shipping-taxable","14":"product-type-simple"},"yoast_head":"<!-- This site is optimized with the Yoast SEO plugin v22.8 - https:\/\/yoast.com\/wordpress\/plugins\/seo\/ -->\n<title>SICK SRS50-HUA0-K21 - OMANI VI\u1ec6T NAM<\/title>\n<meta name=\"robots\" content=\"index, follow, max-snippet:-1, max-image-preview:large, max-video-preview:-1\" \/>\n<link rel=\"canonical\" href=\"https:\/\/omanivietnam.com\/index.php\/san-pham\/sick-srs50-hua0-k21\/\" \/>\n<meta property=\"og:locale\" content=\"vi_VN\" \/>\n<meta property=\"og:type\" content=\"article\" \/>\n<meta property=\"og:title\" content=\"SICK SRS50-HUA0-K21 - OMANI VI\u1ec6T NAM\" \/>\n<meta property=\"og:description\" content=\"SICK SRS50-HUA0-K21 Specifications Specifications In Stock No Ships Factory Direct No Manufacturer Part Number 7127310 Manufacturer Sick Product Series SRS50 Family Series Sick Encoders, SRS50 Series Description 7127310, Motorfeedback Input Power 7-12 VDC Protocol HIPERFACE Connector Male Connector Duty Industrial Mounting Style Solid Shaft Operating Temperature -40-75 \u00b0C IP Rating&hellip;\" \/>\n<meta property=\"og:url\" content=\"https:\/\/omanivietnam.com\/index.php\/san-pham\/sick-srs50-hua0-k21\/\" \/>\n<meta property=\"og:site_name\" content=\"OMANI VI\u1ec6T NAM\" \/>\n<meta property=\"article:modified_time\" content=\"2024-08-29T14:35:25+00:00\" \/>\n<meta property=\"og:image\" content=\"https:\/\/omanivietnam.com\/wp-content\/uploads\/2024\/08\/SRS50-HUA0-K21.png\" \/>\n\t<meta property=\"og:image:width\" content=\"543\" \/>\n\t<meta property=\"og:image:height\" content=\"434\" \/>\n\t<meta property=\"og:image:type\" content=\"image\/png\" \/>\n<meta name=\"twitter:card\" content=\"summary_large_image\" \/>\n<meta name=\"twitter:label1\" content=\"\u01af\u1edbc t\u00ednh th\u1eddi gian \u0111\u1ecdc\" \/>\n\t<meta name=\"twitter:data1\" content=\"2 ph\u00fat\" \/>\n<script type=\"application\/ld+json\" class=\"yoast-schema-graph\">{\"@context\":\"https:\/\/schema.org\",\"@graph\":[{\"@type\":\"WebPage\",\"@id\":\"https:\/\/omanivietnam.com\/index.php\/san-pham\/sick-srs50-hua0-k21\/\",\"url\":\"https:\/\/omanivietnam.com\/index.php\/san-pham\/sick-srs50-hua0-k21\/\",\"name\":\"SICK SRS50-HUA0-K21 - OMANI VI\u1ec6T NAM\",\"isPartOf\":{\"@id\":\"https:\/\/omanivietnam.com\/#website\"},\"primaryImageOfPage\":{\"@id\":\"https:\/\/omanivietnam.com\/index.php\/san-pham\/sick-srs50-hua0-k21\/#primaryimage\"},\"image\":{\"@id\":\"https:\/\/omanivietnam.com\/index.php\/san-pham\/sick-srs50-hua0-k21\/#primaryimage\"},\"thumbnailUrl\":\"https:\/\/omanivietnam.com\/wp-content\/uploads\/2024\/08\/SRS50-HUA0-K21.png\",\"datePublished\":\"2024-08-29T14:34:15+00:00\",\"dateModified\":\"2024-08-29T14:35:25+00:00\",\"breadcrumb\":{\"@id\":\"https:\/\/omanivietnam.com\/index.php\/san-pham\/sick-srs50-hua0-k21\/#breadcrumb\"},\"inLanguage\":\"vi\",\"potentialAction\":[{\"@type\":\"ReadAction\",\"target\":[\"https:\/\/omanivietnam.com\/index.php\/san-pham\/sick-srs50-hua0-k21\/\"]}]},{\"@type\":\"ImageObject\",\"inLanguage\":\"vi\",\"@id\":\"https:\/\/omanivietnam.com\/index.php\/san-pham\/sick-srs50-hua0-k21\/#primaryimage\",\"url\":\"https:\/\/omanivietnam.com\/wp-content\/uploads\/2024\/08\/SRS50-HUA0-K21.png\",\"contentUrl\":\"https:\/\/omanivietnam.com\/wp-content\/uploads\/2024\/08\/SRS50-HUA0-K21.png\",\"width\":543,\"height\":434},{\"@type\":\"BreadcrumbList\",\"@id\":\"https:\/\/omanivietnam.com\/index.php\/san-pham\/sick-srs50-hua0-k21\/#breadcrumb\",\"itemListElement\":[{\"@type\":\"ListItem\",\"position\":1,\"name\":\"Home\",\"item\":\"https:\/\/omanivietnam.com\/\"},{\"@type\":\"ListItem\",\"position\":2,\"name\":\"S\u1ea2N PH\u1ea8M\",\"item\":\"https:\/\/omanivietnam.com\/index.php\/cua-hang\/\"},{\"@type\":\"ListItem\",\"position\":3,\"name\":\"SICK SRS50-HUA0-K21\"}]},{\"@type\":\"WebSite\",\"@id\":\"https:\/\/omanivietnam.com\/#website\",\"url\":\"https:\/\/omanivietnam.com\/\",\"name\":\"OMANI VI\u1ec6T NAM\",\"description\":\"Nh\u00e0 ph\u00e2n ph\u1ed1i thi\u1ebft b\u1ecb kh\u00ed n\u00e9n v\u00e0 thi\u1ebft b\u1ecb t\u1ef1 \u0111\u1ed9ng h\u00f3a trong c\u00f4ng nghi\u1ec7p\",\"publisher\":{\"@id\":\"https:\/\/omanivietnam.com\/#\/schema\/person\/0ad398a980dc3fd696111c2c5c8fa897\"},\"potentialAction\":[{\"@type\":\"SearchAction\",\"target\":{\"@type\":\"EntryPoint\",\"urlTemplate\":\"https:\/\/omanivietnam.com\/?s={search_term_string}\"},\"query-input\":\"required name=search_term_string\"}],\"inLanguage\":\"vi\"},{\"@type\":[\"Person\",\"Organization\"],\"@id\":\"https:\/\/omanivietnam.com\/#\/schema\/person\/0ad398a980dc3fd696111c2c5c8fa897\",\"name\":\"Nguy\u1ec5n V\u0103n Kh\u00e1nh\",\"image\":{\"@type\":\"ImageObject\",\"inLanguage\":\"vi\",\"@id\":\"https:\/\/omanivietnam.com\/#\/schema\/person\/image\/\",\"url\":\"https:\/\/omanivietnam.com\/wp-content\/uploads\/2024\/06\/logo-1024x1024.png\",\"contentUrl\":\"https:\/\/omanivietnam.com\/wp-content\/uploads\/2024\/06\/logo-1024x1024.png\",\"width\":1024,\"height\":1024,\"caption\":\"Nguy\u1ec5n V\u0103n Kh\u00e1nh\"},\"logo\":{\"@id\":\"https:\/\/omanivietnam.com\/#\/schema\/person\/image\/\"},\"sameAs\":[\"https:\/\/omanivietnam.com\"]}]}<\/script>\n<!-- \/ Yoast SEO plugin. -->","yoast_head_json":{"title":"SICK SRS50-HUA0-K21 - OMANI VI\u1ec6T NAM","robots":{"index":"index","follow":"follow","max-snippet":"max-snippet:-1","max-image-preview":"max-image-preview:large","max-video-preview":"max-video-preview:-1"},"canonical":"https:\/\/omanivietnam.com\/index.php\/san-pham\/sick-srs50-hua0-k21\/","og_locale":"vi_VN","og_type":"article","og_title":"SICK SRS50-HUA0-K21 - OMANI VI\u1ec6T NAM","og_description":"SICK SRS50-HUA0-K21 Specifications Specifications In Stock No Ships Factory Direct No Manufacturer Part Number 7127310 Manufacturer Sick Product Series SRS50 Family Series Sick Encoders, SRS50 Series Description 7127310, Motorfeedback Input Power 7-12 VDC Protocol HIPERFACE Connector Male Connector Duty Industrial Mounting Style Solid Shaft Operating Temperature -40-75 \u00b0C IP Rating&hellip;","og_url":"https:\/\/omanivietnam.com\/index.php\/san-pham\/sick-srs50-hua0-k21\/","og_site_name":"OMANI VI\u1ec6T NAM","article_modified_time":"2024-08-29T14:35:25+00:00","og_image":[{"width":543,"height":434,"url":"https:\/\/omanivietnam.com\/wp-content\/uploads\/2024\/08\/SRS50-HUA0-K21.png","type":"image\/png"}],"twitter_card":"summary_large_image","twitter_misc":{"\u01af\u1edbc t\u00ednh th\u1eddi gian \u0111\u1ecdc":"2 ph\u00fat"},"schema":{"@context":"https:\/\/schema.org","@graph":[{"@type":"WebPage","@id":"https:\/\/omanivietnam.com\/index.php\/san-pham\/sick-srs50-hua0-k21\/","url":"https:\/\/omanivietnam.com\/index.php\/san-pham\/sick-srs50-hua0-k21\/","name":"SICK SRS50-HUA0-K21 - OMANI VI\u1ec6T NAM","isPartOf":{"@id":"https:\/\/omanivietnam.com\/#website"},"primaryImageOfPage":{"@id":"https:\/\/omanivietnam.com\/index.php\/san-pham\/sick-srs50-hua0-k21\/#primaryimage"},"image":{"@id":"https:\/\/omanivietnam.com\/index.php\/san-pham\/sick-srs50-hua0-k21\/#primaryimage"},"thumbnailUrl":"https:\/\/omanivietnam.com\/wp-content\/uploads\/2024\/08\/SRS50-HUA0-K21.png","datePublished":"2024-08-29T14:34:15+00:00","dateModified":"2024-08-29T14:35:25+00:00","breadcrumb":{"@id":"https:\/\/omanivietnam.com\/index.php\/san-pham\/sick-srs50-hua0-k21\/#breadcrumb"},"inLanguage":"vi","potentialAction":[{"@type":"ReadAction","target":["https:\/\/omanivietnam.com\/index.php\/san-pham\/sick-srs50-hua0-k21\/"]}]},{"@type":"ImageObject","inLanguage":"vi","@id":"https:\/\/omanivietnam.com\/index.php\/san-pham\/sick-srs50-hua0-k21\/#primaryimage","url":"https:\/\/omanivietnam.com\/wp-content\/uploads\/2024\/08\/SRS50-HUA0-K21.png","contentUrl":"https:\/\/omanivietnam.com\/wp-content\/uploads\/2024\/08\/SRS50-HUA0-K21.png","width":543,"height":434},{"@type":"BreadcrumbList","@id":"https:\/\/omanivietnam.com\/index.php\/san-pham\/sick-srs50-hua0-k21\/#breadcrumb","itemListElement":[{"@type":"ListItem","position":1,"name":"Home","item":"https:\/\/omanivietnam.com\/"},{"@type":"ListItem","position":2,"name":"S\u1ea2N PH\u1ea8M","item":"https:\/\/omanivietnam.com\/index.php\/cua-hang\/"},{"@type":"ListItem","position":3,"name":"SICK SRS50-HUA0-K21"}]},{"@type":"WebSite","@id":"https:\/\/omanivietnam.com\/#website","url":"https:\/\/omanivietnam.com\/","name":"OMANI VI\u1ec6T NAM","description":"Nh\u00e0 ph\u00e2n ph\u1ed1i thi\u1ebft b\u1ecb kh\u00ed n\u00e9n v\u00e0 thi\u1ebft b\u1ecb t\u1ef1 \u0111\u1ed9ng h\u00f3a trong c\u00f4ng nghi\u1ec7p","publisher":{"@id":"https:\/\/omanivietnam.com\/#\/schema\/person\/0ad398a980dc3fd696111c2c5c8fa897"},"potentialAction":[{"@type":"SearchAction","target":{"@type":"EntryPoint","urlTemplate":"https:\/\/omanivietnam.com\/?s={search_term_string}"},"query-input":"required name=search_term_string"}],"inLanguage":"vi"},{"@type":["Person","Organization"],"@id":"https:\/\/omanivietnam.com\/#\/schema\/person\/0ad398a980dc3fd696111c2c5c8fa897","name":"Nguy\u1ec5n V\u0103n Kh\u00e1nh","image":{"@type":"ImageObject","inLanguage":"vi","@id":"https:\/\/omanivietnam.com\/#\/schema\/person\/image\/","url":"https:\/\/omanivietnam.com\/wp-content\/uploads\/2024\/06\/logo-1024x1024.png","contentUrl":"https:\/\/omanivietnam.com\/wp-content\/uploads\/2024\/06\/logo-1024x1024.png","width":1024,"height":1024,"caption":"Nguy\u1ec5n V\u0103n Kh\u00e1nh"},"logo":{"@id":"https:\/\/omanivietnam.com\/#\/schema\/person\/image\/"},"sameAs":["https:\/\/omanivietnam.com"]}]}},"_links":{"self":[{"href":"https:\/\/omanivietnam.com\/index.php\/wp-json\/wp\/v2\/product\/1603","targetHints":{"allow":["GET"]}}],"collection":[{"href":"https:\/\/omanivietnam.com\/index.php\/wp-json\/wp\/v2\/product"}],"about":[{"href":"https:\/\/omanivietnam.com\/index.php\/wp-json\/wp\/v2\/types\/product"}],"replies":[{"embeddable":true,"href":"https:\/\/omanivietnam.com\/index.php\/wp-json\/wp\/v2\/comments?post=1603"}],"wp:featuredmedia":[{"embeddable":true,"href":"https:\/\/omanivietnam.com\/index.php\/wp-json\/wp\/v2\/media\/1604"}],"wp:attachment":[{"href":"https:\/\/omanivietnam.com\/index.php\/wp-json\/wp\/v2\/media?parent=1603"}],"wp:term":[{"taxonomy":"product_cat","embeddable":true,"href":"https:\/\/omanivietnam.com\/index.php\/wp-json\/wp\/v2\/product_cat?post=1603"},{"taxonomy":"product_tag","embeddable":true,"href":"https:\/\/omanivietnam.com\/index.php\/wp-json\/wp\/v2\/product_tag?post=1603"}],"curies":[{"name":"wp","href":"https:\/\/api.w.org\/{rel}","templated":true}]}}