{"id":1616,"date":"2024-08-30T05:26:01","date_gmt":"2024-08-29T22:26:01","guid":{"rendered":"https:\/\/omanivietnam.com\/?post_type=product&#038;p=1616"},"modified":"2024-08-30T05:26:02","modified_gmt":"2024-08-29T22:26:02","slug":"festo-hgl-1-4-b-530031","status":"publish","type":"product","link":"https:\/\/omanivietnam.com\/index.php\/san-pham\/festo-hgl-1-4-b-530031\/","title":{"rendered":"FESTO HGL-1\/4-B 530031"},"content":{"rendered":"<p>FESTO HGL-1\/4-B 530031<\/p>\n<p>FESTO HGL-1\/4-B 530031<br \/>\nFESTO HGL-3\/8-B 530032<br \/>\nFESTO HGL-1\/2-B 530033<\/p>\n<p class=\"m-h1\">Piloted Non Return Valve, HGL Series<\/p>\n<p class=\"m-h2\">Product Description<\/p>\n<p><b>Festo HGL Series Piloted Non-Return Valve<\/b><\/p>\n<ul>\n<li>Piloted non-return function<\/li>\n<li>Pneumatic actuation<\/li>\n<li>Screw-in mounting with male thread<\/li>\n<li>Mounting position flexibility<\/li>\n<li>Various pneumatic connections (M5 to G1\/2)<\/li>\n<li>Operating pressure: 0.5 to 10 bar<\/li>\n<li>Ambient temperature range: -10\u00b0C to +60\u00b0C<\/li>\n<li>Compressed air operation (ISO 8573-1:2010 [7:4:4])<\/li>\n<li>Corrosion resistance class CRC 2<\/li>\n<\/ul>\n<h3 class=\"m-h3\">Specifications<\/h3>\n<table class=\"m-table\" summary=\"Check valve, HGL Series Sheet1\">\n<colgroup>\n<col width=\"20.1%\" \/>\n<col width=\"16.8%\" \/>\n<col width=\"15.4%\" \/>\n<col width=\"15.4%\" \/>\n<col width=\"16.8%\" \/>\n<col width=\"15.4%\" \/><\/colgroup>\n<tbody>\n<tr class=\"mc-top\">\n<th>Pneumatic\u00a0connection\u00a02<\/th>\n<td>M5<\/td>\n<td>G\u00a01\/8<\/td>\n<td>G\u00a01\/4<\/td>\n<td>G\u00a03\/8<\/td>\n<td>G\u00a01\/2<\/td>\n<\/tr>\n<tr class=\"mc-top\">\n<th>Pneumatic\u00a0connection\u00a01<\/th>\n<td>QS-4<\/td>\n<td>QS-4,\u00a0QS-6<\/td>\n<td>QS-8,\u00a0QS-10<\/td>\n<td>QS-8,\u00a0QS-10<\/td>\n<td>QS-12<\/td>\n<\/tr>\n<tr class=\"mc-top\">\n<th>Pilot\u00a0air\u00a0connection\u00a021<\/th>\n<td>QS-4<\/td>\n<td>M5<\/td>\n<td>G\u00a01\/8<\/td>\n<td>G\u00a01\/4<\/td>\n<td>G\u00a03\/8<\/td>\n<\/tr>\n<tr class=\"mc-top\">\n<th>Valve\u00a0function<\/th>\n<td colspan=\"5\">Piloted\u00a0non-return\u00a0function<\/td>\n<\/tr>\n<tr class=\"mc-top\">\n<th>Actuation\u00a0type<\/th>\n<td colspan=\"5\">Pneumatic<\/td>\n<\/tr>\n<tr class=\"mc-top\">\n<th>Type\u00a0of\u00a0mounting<\/th>\n<td colspan=\"5\">Screw-in,\u00a0via\u00a0male\u00a0thread<\/td>\n<\/tr>\n<tr class=\"mc-top\">\n<th>Mounting\u00a0position<\/th>\n<td colspan=\"5\">Any<\/td>\n<\/tr>\n<tr class=\"mc-top\">\n<th>Nominal\u00a0tightening\u00a0torque\u00a0[Nm]<\/th>\n<td>1.25\u00a0\u00b110%<\/td>\n<td>3.5\u00a0\u00b110%<\/td>\n<td>11\u00a0\u00b110%<\/td>\n<td>12.5\u00a0\u00b110%<\/td>\n<td>14\u00a0\u00b110%<\/td>\n<\/tr>\n<\/tbody>\n<\/table>\n<p>&nbsp;<\/p>\n<h3 class=\"m-h3\">Operating\u00a0and\u00a0environmental\u00a0conditions<\/h3>\n<p>&nbsp;<\/p>\n<p>&nbsp;<\/p>\n<table class=\"m-table\" style=\"height: 321px\" summary=\"Check valve, HGL Series Sheet2\" width=\"1051\">\n<colgroup>\n<col width=\"23.2%\" \/>\n<col width=\"11.1%\" \/>\n<col width=\"16.4%\" \/>\n<col width=\"16.4%\" \/>\n<col width=\"16.4%\" \/>\n<col width=\"16.4%\" \/><\/colgroup>\n<tbody>\n<tr class=\"mc-top\">\n<th><span style=\"font-family: Arial, Times New Roman, Bitstream Charter, Times, serif\"><span style=\"font-size: 15px;font-weight: 400\">Pneumatic\u00a0connection\u00a02<\/span><\/span><\/th>\n<td><span style=\"font-family: Arial, Times New Roman, Bitstream Charter, Times, serif\"><span style=\"font-size: 15px\">M5<\/span><\/span><\/td>\n<td><span style=\"font-family: Arial, Times New Roman, Bitstream Charter, Times, serif\"><span style=\"font-size: 15px\">G\u00a01\/8<\/span><\/span><\/td>\n<td><span style=\"font-family: Arial, Times New Roman, Bitstream Charter, Times, serif\"><span style=\"font-size: 15px\">G\u00a01\/4<\/span><\/span><\/td>\n<td><span style=\"font-family: Arial, Times New Roman, Bitstream Charter, Times, serif\"><span style=\"font-size: 15px\">G\u00a03\/8<\/span><\/span><\/td>\n<td><span style=\"font-family: Arial, Times New Roman, Bitstream Charter, Times, serif\"><span style=\"font-size: 15px\">G\u00a01\/2<\/span><\/span><\/td>\n<\/tr>\n<tr class=\"mc-top\">\n<th><span style=\"font-family: Arial, Times New Roman, Bitstream Charter, Times, serif\"><span style=\"font-size: 15px;font-weight: 400\">Operating\u00a0pressure\u00a0complete\u00a0temperature\u00a0range\u00a0[bar]<\/span><\/span><\/th>\n<td colspan=\"5\"><span style=\"font-family: Arial, Times New Roman, Bitstream Charter, Times, serif\"><span style=\"font-size: 15px\">0.5\u00a0to\u00a010<\/span><\/span><\/td>\n<\/tr>\n<tr class=\"mc-top\">\n<th><span style=\"font-family: Arial, Times New Roman, Bitstream Charter, Times, serif\"><span style=\"font-size: 15px;font-weight: 400\">Pilot\u00a0pressure\u00a0[bar]<\/span><\/span><\/th>\n<td colspan=\"3\"><span style=\"font-family: Arial, Times New Roman, Bitstream Charter, Times, serif\"><span style=\"font-size: 15px\">2\u00a0to\u00a010<\/span><\/span><\/td>\n<td colspan=\"2\"><span style=\"font-family: Arial, Times New Roman, Bitstream Charter, Times, serif\"><span style=\"font-size: 15px\">1\u00a0to\u00a010<\/span><\/span><\/td>\n<\/tr>\n<tr class=\"mc-top\">\n<th><span style=\"font-family: Arial, Times New Roman, Bitstream Charter, Times, serif\"><span style=\"font-size: 15px;font-weight: 400\">Operating\/pilot\u00a0medium<\/span><\/span><\/th>\n<td colspan=\"5\"><span style=\"font-family: Arial, Times New Roman, Bitstream Charter, Times, serif\"><span style=\"font-size: 15px\">Compressed\u00a0air\u00a0in\u00a0accordance\u00a0with\u00a0ISO\u00a085731:2010\u00a0[7:4:4]<\/span><\/span><\/td>\n<\/tr>\n<tr class=\"mc-top\">\n<th><span style=\"font-family: Arial, Times New Roman, Bitstream Charter, Times, serif\"><span style=\"font-size: 15px;font-weight: 400\">Note\u00a0on\u00a0operating\/pilot\u00a0medium<\/span><\/span><\/th>\n<td colspan=\"5\"><span style=\"font-family: Arial, Times New Roman, Bitstream Charter, Times, serif\"><span style=\"font-size: 15px\">Operation\u00a0with\u00a0lubricated\u00a0medium\u00a0possible\u00a0(in\u00a0which\u00a0case\u00a0lubricated\u00a0operation\u00a0will\u00a0always\u00a0be\u00a0required)<\/span><\/span><\/td>\n<\/tr>\n<tr class=\"mc-top\">\n<th><span style=\"font-family: Arial, Times New Roman, Bitstream Charter, Times, serif\"><span style=\"font-size: 15px;font-weight: 400\">Ambient\u00a0temperature\u00a0[\u2103]<\/span><\/span><\/th>\n<td colspan=\"5\"><span style=\"font-family: Arial, Times New Roman, Bitstream Charter, Times, serif\"><span style=\"font-size: 15px\">-10\u00a0to\u00a0+60<\/span><\/span><\/td>\n<\/tr>\n<tr class=\"mc-top\">\n<th><span style=\"font-family: Arial, Times New Roman, Bitstream Charter, Times, serif\"><span style=\"font-size: 15px;font-weight: 400\">Temperature\u00a0of\u00a0medium\u00a0[\u2103]<\/span><\/span><\/th>\n<td colspan=\"5\"><span style=\"font-family: Arial, Times New Roman, Bitstream Charter, Times, serif\"><span style=\"font-size: 15px\">-10\u00a0to\u00a0+60<\/span><\/span><\/td>\n<\/tr>\n<tr class=\"mc-top\">\n<th><span style=\"font-family: Arial, Times New Roman, Bitstream Charter, Times, serif\"><span style=\"font-size: 15px;font-weight: 400\">Storage\u00a0temperature\u00a0[\u2103]<\/span><\/span><\/th>\n<td colspan=\"5\"><span style=\"font-family: Arial, Times New Roman, Bitstream Charter, Times, serif\"><span style=\"font-size: 15px\">-10\u00a0to\u00a0+60<\/span><\/span><\/td>\n<\/tr>\n<tr class=\"mc-top\">\n<th><span style=\"font-family: Arial, Times New Roman, Bitstream Charter, Times, serif\"><span style=\"font-size: 15px;font-weight: 400\">Corrosion\u00a0resistance\u00a0class\u00a0CRC<\/span><\/span><\/th>\n<td colspan=\"5\"><span style=\"font-family: Arial, Times New Roman, Bitstream Charter, Times, serif\"><span style=\"font-size: 15px\">2<\/span><\/span><\/p>\n<p>&nbsp;<\/td>\n<\/tr>\n<\/tbody>\n<\/table>\n","protected":false},"excerpt":{"rendered":"<p>FESTO HGL-1\/4-B 530031 FESTO HGL-1\/4-B 530031 FESTO HGL-3\/8-B 530032 FESTO HGL-1\/2-B 530033 Piloted Non Return Valve, HGL Series Product Description Festo HGL Series Piloted Non-Return Valve Piloted non-return function Pneumatic actuation Screw-in mounting with male thread Mounting position flexibility Various pneumatic connections (M5 to G1\/2) Operating pressure: 0.5 to 10&hellip; <\/p>\n","protected":false},"featured_media":1617,"comment_status":"open","ping_status":"closed","template":"","meta":[],"product_cat":[284],"product_tag":[364,363,430],"class_list":{"0":"post-1616","1":"product","2":"type-product","3":"status-publish","4":"has-post-thumbnail","6":"product_cat-festo","7":"product_tag-dai-ly-festo-viet-nam","8":"product_tag-festo-viet-nam","9":"product_tag-van-tiet-luu","11":"first","12":"instock","13":"shipping-taxable","14":"product-type-simple"},"yoast_head":"<!-- This site is optimized with the Yoast SEO plugin v22.8 - https:\/\/yoast.com\/wordpress\/plugins\/seo\/ -->\n<title>FESTO HGL-1\/4-B 530031 - OMANI VI\u1ec6T NAM<\/title>\n<meta name=\"robots\" content=\"index, follow, max-snippet:-1, max-image-preview:large, max-video-preview:-1\" \/>\n<link rel=\"canonical\" href=\"https:\/\/omanivietnam.com\/index.php\/san-pham\/festo-hgl-1-4-b-530031\/\" \/>\n<meta property=\"og:locale\" content=\"vi_VN\" \/>\n<meta property=\"og:type\" content=\"article\" \/>\n<meta property=\"og:title\" content=\"FESTO HGL-1\/4-B 530031 - OMANI VI\u1ec6T NAM\" \/>\n<meta property=\"og:description\" content=\"FESTO HGL-1\/4-B 530031 FESTO HGL-1\/4-B 530031 FESTO HGL-3\/8-B 530032 FESTO HGL-1\/2-B 530033 Piloted Non Return Valve, HGL Series Product Description Festo HGL Series Piloted Non-Return Valve Piloted non-return function Pneumatic actuation Screw-in mounting with male thread Mounting position flexibility Various pneumatic connections (M5 to G1\/2) Operating pressure: 0.5 to 10&hellip;\" \/>\n<meta property=\"og:url\" content=\"https:\/\/omanivietnam.com\/index.php\/san-pham\/festo-hgl-1-4-b-530031\/\" \/>\n<meta property=\"og:site_name\" content=\"OMANI VI\u1ec6T NAM\" \/>\n<meta property=\"article:modified_time\" content=\"2024-08-29T22:26:02+00:00\" \/>\n<meta property=\"og:image\" content=\"https:\/\/omanivietnam.com\/wp-content\/uploads\/2024\/08\/HGL-1-4-B-530031.png\" \/>\n\t<meta property=\"og:image:width\" content=\"505\" \/>\n\t<meta property=\"og:image:height\" content=\"538\" \/>\n\t<meta property=\"og:image:type\" content=\"image\/png\" \/>\n<meta name=\"twitter:card\" content=\"summary_large_image\" \/>\n<meta name=\"twitter:label1\" content=\"\u01af\u1edbc t\u00ednh th\u1eddi gian \u0111\u1ecdc\" \/>\n\t<meta name=\"twitter:data1\" content=\"2 ph\u00fat\" \/>\n<script type=\"application\/ld+json\" class=\"yoast-schema-graph\">{\"@context\":\"https:\/\/schema.org\",\"@graph\":[{\"@type\":\"WebPage\",\"@id\":\"https:\/\/omanivietnam.com\/index.php\/san-pham\/festo-hgl-1-4-b-530031\/\",\"url\":\"https:\/\/omanivietnam.com\/index.php\/san-pham\/festo-hgl-1-4-b-530031\/\",\"name\":\"FESTO HGL-1\/4-B 530031 - OMANI VI\u1ec6T NAM\",\"isPartOf\":{\"@id\":\"https:\/\/omanivietnam.com\/#website\"},\"primaryImageOfPage\":{\"@id\":\"https:\/\/omanivietnam.com\/index.php\/san-pham\/festo-hgl-1-4-b-530031\/#primaryimage\"},\"image\":{\"@id\":\"https:\/\/omanivietnam.com\/index.php\/san-pham\/festo-hgl-1-4-b-530031\/#primaryimage\"},\"thumbnailUrl\":\"https:\/\/omanivietnam.com\/wp-content\/uploads\/2024\/08\/HGL-1-4-B-530031.png\",\"datePublished\":\"2024-08-29T22:26:01+00:00\",\"dateModified\":\"2024-08-29T22:26:02+00:00\",\"breadcrumb\":{\"@id\":\"https:\/\/omanivietnam.com\/index.php\/san-pham\/festo-hgl-1-4-b-530031\/#breadcrumb\"},\"inLanguage\":\"vi\",\"potentialAction\":[{\"@type\":\"ReadAction\",\"target\":[\"https:\/\/omanivietnam.com\/index.php\/san-pham\/festo-hgl-1-4-b-530031\/\"]}]},{\"@type\":\"ImageObject\",\"inLanguage\":\"vi\",\"@id\":\"https:\/\/omanivietnam.com\/index.php\/san-pham\/festo-hgl-1-4-b-530031\/#primaryimage\",\"url\":\"https:\/\/omanivietnam.com\/wp-content\/uploads\/2024\/08\/HGL-1-4-B-530031.png\",\"contentUrl\":\"https:\/\/omanivietnam.com\/wp-content\/uploads\/2024\/08\/HGL-1-4-B-530031.png\",\"width\":505,\"height\":538},{\"@type\":\"BreadcrumbList\",\"@id\":\"https:\/\/omanivietnam.com\/index.php\/san-pham\/festo-hgl-1-4-b-530031\/#breadcrumb\",\"itemListElement\":[{\"@type\":\"ListItem\",\"position\":1,\"name\":\"Home\",\"item\":\"https:\/\/omanivietnam.com\/\"},{\"@type\":\"ListItem\",\"position\":2,\"name\":\"S\u1ea2N PH\u1ea8M\",\"item\":\"https:\/\/omanivietnam.com\/index.php\/cua-hang\/\"},{\"@type\":\"ListItem\",\"position\":3,\"name\":\"FESTO HGL-1\/4-B 530031\"}]},{\"@type\":\"WebSite\",\"@id\":\"https:\/\/omanivietnam.com\/#website\",\"url\":\"https:\/\/omanivietnam.com\/\",\"name\":\"OMANI VI\u1ec6T NAM\",\"description\":\"Nh\u00e0 ph\u00e2n ph\u1ed1i thi\u1ebft b\u1ecb kh\u00ed n\u00e9n v\u00e0 thi\u1ebft b\u1ecb t\u1ef1 \u0111\u1ed9ng h\u00f3a trong c\u00f4ng nghi\u1ec7p\",\"publisher\":{\"@id\":\"https:\/\/omanivietnam.com\/#\/schema\/person\/0ad398a980dc3fd696111c2c5c8fa897\"},\"potentialAction\":[{\"@type\":\"SearchAction\",\"target\":{\"@type\":\"EntryPoint\",\"urlTemplate\":\"https:\/\/omanivietnam.com\/?s={search_term_string}\"},\"query-input\":\"required name=search_term_string\"}],\"inLanguage\":\"vi\"},{\"@type\":[\"Person\",\"Organization\"],\"@id\":\"https:\/\/omanivietnam.com\/#\/schema\/person\/0ad398a980dc3fd696111c2c5c8fa897\",\"name\":\"Nguy\u1ec5n V\u0103n Kh\u00e1nh\",\"image\":{\"@type\":\"ImageObject\",\"inLanguage\":\"vi\",\"@id\":\"https:\/\/omanivietnam.com\/#\/schema\/person\/image\/\",\"url\":\"https:\/\/omanivietnam.com\/wp-content\/uploads\/2024\/06\/logo-1024x1024.png\",\"contentUrl\":\"https:\/\/omanivietnam.com\/wp-content\/uploads\/2024\/06\/logo-1024x1024.png\",\"width\":1024,\"height\":1024,\"caption\":\"Nguy\u1ec5n V\u0103n Kh\u00e1nh\"},\"logo\":{\"@id\":\"https:\/\/omanivietnam.com\/#\/schema\/person\/image\/\"},\"sameAs\":[\"https:\/\/omanivietnam.com\"]}]}<\/script>\n<!-- \/ Yoast SEO plugin. -->","yoast_head_json":{"title":"FESTO HGL-1\/4-B 530031 - OMANI VI\u1ec6T NAM","robots":{"index":"index","follow":"follow","max-snippet":"max-snippet:-1","max-image-preview":"max-image-preview:large","max-video-preview":"max-video-preview:-1"},"canonical":"https:\/\/omanivietnam.com\/index.php\/san-pham\/festo-hgl-1-4-b-530031\/","og_locale":"vi_VN","og_type":"article","og_title":"FESTO HGL-1\/4-B 530031 - OMANI VI\u1ec6T NAM","og_description":"FESTO HGL-1\/4-B 530031 FESTO HGL-1\/4-B 530031 FESTO HGL-3\/8-B 530032 FESTO HGL-1\/2-B 530033 Piloted Non Return Valve, HGL Series Product Description Festo HGL Series Piloted Non-Return Valve Piloted non-return function Pneumatic actuation Screw-in mounting with male thread Mounting position flexibility Various pneumatic connections (M5 to G1\/2) Operating pressure: 0.5 to 10&hellip;","og_url":"https:\/\/omanivietnam.com\/index.php\/san-pham\/festo-hgl-1-4-b-530031\/","og_site_name":"OMANI VI\u1ec6T NAM","article_modified_time":"2024-08-29T22:26:02+00:00","og_image":[{"width":505,"height":538,"url":"https:\/\/omanivietnam.com\/wp-content\/uploads\/2024\/08\/HGL-1-4-B-530031.png","type":"image\/png"}],"twitter_card":"summary_large_image","twitter_misc":{"\u01af\u1edbc t\u00ednh th\u1eddi gian \u0111\u1ecdc":"2 ph\u00fat"},"schema":{"@context":"https:\/\/schema.org","@graph":[{"@type":"WebPage","@id":"https:\/\/omanivietnam.com\/index.php\/san-pham\/festo-hgl-1-4-b-530031\/","url":"https:\/\/omanivietnam.com\/index.php\/san-pham\/festo-hgl-1-4-b-530031\/","name":"FESTO HGL-1\/4-B 530031 - OMANI VI\u1ec6T NAM","isPartOf":{"@id":"https:\/\/omanivietnam.com\/#website"},"primaryImageOfPage":{"@id":"https:\/\/omanivietnam.com\/index.php\/san-pham\/festo-hgl-1-4-b-530031\/#primaryimage"},"image":{"@id":"https:\/\/omanivietnam.com\/index.php\/san-pham\/festo-hgl-1-4-b-530031\/#primaryimage"},"thumbnailUrl":"https:\/\/omanivietnam.com\/wp-content\/uploads\/2024\/08\/HGL-1-4-B-530031.png","datePublished":"2024-08-29T22:26:01+00:00","dateModified":"2024-08-29T22:26:02+00:00","breadcrumb":{"@id":"https:\/\/omanivietnam.com\/index.php\/san-pham\/festo-hgl-1-4-b-530031\/#breadcrumb"},"inLanguage":"vi","potentialAction":[{"@type":"ReadAction","target":["https:\/\/omanivietnam.com\/index.php\/san-pham\/festo-hgl-1-4-b-530031\/"]}]},{"@type":"ImageObject","inLanguage":"vi","@id":"https:\/\/omanivietnam.com\/index.php\/san-pham\/festo-hgl-1-4-b-530031\/#primaryimage","url":"https:\/\/omanivietnam.com\/wp-content\/uploads\/2024\/08\/HGL-1-4-B-530031.png","contentUrl":"https:\/\/omanivietnam.com\/wp-content\/uploads\/2024\/08\/HGL-1-4-B-530031.png","width":505,"height":538},{"@type":"BreadcrumbList","@id":"https:\/\/omanivietnam.com\/index.php\/san-pham\/festo-hgl-1-4-b-530031\/#breadcrumb","itemListElement":[{"@type":"ListItem","position":1,"name":"Home","item":"https:\/\/omanivietnam.com\/"},{"@type":"ListItem","position":2,"name":"S\u1ea2N PH\u1ea8M","item":"https:\/\/omanivietnam.com\/index.php\/cua-hang\/"},{"@type":"ListItem","position":3,"name":"FESTO HGL-1\/4-B 530031"}]},{"@type":"WebSite","@id":"https:\/\/omanivietnam.com\/#website","url":"https:\/\/omanivietnam.com\/","name":"OMANI VI\u1ec6T NAM","description":"Nh\u00e0 ph\u00e2n ph\u1ed1i thi\u1ebft b\u1ecb kh\u00ed n\u00e9n v\u00e0 thi\u1ebft b\u1ecb t\u1ef1 \u0111\u1ed9ng h\u00f3a trong c\u00f4ng nghi\u1ec7p","publisher":{"@id":"https:\/\/omanivietnam.com\/#\/schema\/person\/0ad398a980dc3fd696111c2c5c8fa897"},"potentialAction":[{"@type":"SearchAction","target":{"@type":"EntryPoint","urlTemplate":"https:\/\/omanivietnam.com\/?s={search_term_string}"},"query-input":"required name=search_term_string"}],"inLanguage":"vi"},{"@type":["Person","Organization"],"@id":"https:\/\/omanivietnam.com\/#\/schema\/person\/0ad398a980dc3fd696111c2c5c8fa897","name":"Nguy\u1ec5n V\u0103n Kh\u00e1nh","image":{"@type":"ImageObject","inLanguage":"vi","@id":"https:\/\/omanivietnam.com\/#\/schema\/person\/image\/","url":"https:\/\/omanivietnam.com\/wp-content\/uploads\/2024\/06\/logo-1024x1024.png","contentUrl":"https:\/\/omanivietnam.com\/wp-content\/uploads\/2024\/06\/logo-1024x1024.png","width":1024,"height":1024,"caption":"Nguy\u1ec5n V\u0103n Kh\u00e1nh"},"logo":{"@id":"https:\/\/omanivietnam.com\/#\/schema\/person\/image\/"},"sameAs":["https:\/\/omanivietnam.com"]}]}},"_links":{"self":[{"href":"https:\/\/omanivietnam.com\/index.php\/wp-json\/wp\/v2\/product\/1616","targetHints":{"allow":["GET"]}}],"collection":[{"href":"https:\/\/omanivietnam.com\/index.php\/wp-json\/wp\/v2\/product"}],"about":[{"href":"https:\/\/omanivietnam.com\/index.php\/wp-json\/wp\/v2\/types\/product"}],"replies":[{"embeddable":true,"href":"https:\/\/omanivietnam.com\/index.php\/wp-json\/wp\/v2\/comments?post=1616"}],"wp:featuredmedia":[{"embeddable":true,"href":"https:\/\/omanivietnam.com\/index.php\/wp-json\/wp\/v2\/media\/1617"}],"wp:attachment":[{"href":"https:\/\/omanivietnam.com\/index.php\/wp-json\/wp\/v2\/media?parent=1616"}],"wp:term":[{"taxonomy":"product_cat","embeddable":true,"href":"https:\/\/omanivietnam.com\/index.php\/wp-json\/wp\/v2\/product_cat?post=1616"},{"taxonomy":"product_tag","embeddable":true,"href":"https:\/\/omanivietnam.com\/index.php\/wp-json\/wp\/v2\/product_tag?post=1616"}],"curies":[{"name":"wp","href":"https:\/\/api.w.org\/{rel}","templated":true}]}}