{"id":1698,"date":"2024-09-13T05:24:59","date_gmt":"2024-09-12T22:24:59","guid":{"rendered":"https:\/\/omanivietnam.com\/?post_type=product&#038;p=1698"},"modified":"2024-09-13T05:26:36","modified_gmt":"2024-09-12T22:26:36","slug":"allen-bradley-2080-lc20-20qbb","status":"publish","type":"product","link":"https:\/\/omanivietnam.com\/index.php\/san-pham\/allen-bradley-2080-lc20-20qbb\/","title":{"rendered":"ALLEN BRADLEY 2080-LC20-20QBB"},"content":{"rendered":"<p>ALLEN BRADLEY 2080-LC20-20QBB<\/p>\n<ul>\n<li><strong>Micro820 2080-LC20-20QBB<\/strong><\/li>\n<li><strong>Th\u00f4ng s\u1ed1 k\u0129 thu\u1eadt :<\/strong><\/li>\n<li>H\u00e3ng SX<strong>:\u00a0<\/strong><strong>ALLEN-BRADLEY<\/strong><\/li>\n<li>12 Ng\u00f5 v\u00e0o 12-24VDC.<\/li>\n<li>4 Ng\u00f5 v\u00e0o Analog \u0111\u01b0\u1ee3c c\u1ea5u h\u00ecnh t\u1eeb 4 ng\u00f5 v\u00e0o digital.<\/li>\n<li>7 Ng\u00f5 ra ngu\u1ed3n 24V DC.<\/li>\n<li>1 Ng\u00f5 ra Analog (t\u1eeb 0 \u0111\u1ebfn 10V).<\/li>\n<li>L\u1eadp tr\u00ecnh b\u1eb1ng c\u1ed5ng: Enthernet.<\/li>\n<li>Cung c\u1ea5p th\u00eam nhi\u1ec1u chu\u1ea9n giao ti\u1ebfp nh\u01b0: RS232, RS485<\/li>\n<li>C\u00f3 th\u1ec3 \u0111i\u1ec1u khi\u1ec3n b\u1eb1ng Keypad v\u1edbi m\u00e0n h\u00ecnh LCD 3.5 in.<\/li>\n<li>Ph\u1ea7n m\u1ec1m l\u1eadp tr\u00ecnh: Connected Components Workbench(CCW).<\/li>\n<li>C\u00f3 th\u1ec3 m\u1edf r\u1ed9ng l\u00ean \u0111\u1ebfn 2 module.<\/li>\n<li>M\u1ed9t s\u1ed1 s\u1ea3n ph\u1ea9m c\u00f9ng lo\u1ea1i\u00a0<strong>:<\/strong><\/li>\n<\/ul>\n<p class=\"name-product\">Module analog 1734-IE2C<\/p>\n<p>Bi\u1ebfn t\u1ea7n 22F-D8P7N113<\/p>\n<p>Allen Bradley 2080-IQ4<\/p>\n<p>Allen Bradley 2080-OB4<\/p>\n<p>Aallen-bradley 150-C108NBD<\/p>\n<p>Allen Bradley 150-C30NBD<\/p>\n<p>B\u1ed9 ngu\u1ed3n 2080-PS120-240VAC<\/p>\n<p>Allen Bradley Micro 800 2080-IF2<\/p>\n<p>2080-SERIALISOL<\/p>\n<p>SMC-3 150-C25NBD<\/p>\n<p>PowerFlex 523 25A-D2P3N114<\/p>\n<p>2080-IF4<\/p>\n<p>Micro 850 2080-LC50-48QWB<\/p>\n<p>2085-IF8<\/p>\n<p>Micro800 2080-OF2<\/p>\n<p>Miro 850 2080-L50E-24QWB<\/p>\n<p>Micro 850 2080-L50E-48QBB<\/p>\n<p>Micro 850 2080-L50E-24QBB<\/p>\n<p>Allen-Bradley 140U-H3C2-D11<\/p>\n<p>Allen-Bradley 150-C43NBD<\/p>\n<p>\u0110\u1ea1i l\u00fd ALLEN BRADLEY vietnam, ALLEN BRADLEY viet nam, ALLEN BRADLEY vietnam distributor, Ph\u00e2n ph\u1ed1i ALLEN BRADLEY t\u1ea1i vi\u1ec7t nam<\/p>\n<p>\u0110\u1ea1i l\u00fd ALLEN BRADLEY vietnam, ALLEN BRADLEY viet nam, ALLEN BRADLEY vietnam distributor, Ph\u00e2n ph\u1ed1i ALLEN BRADLEY t\u1ea1i vi\u1ec7t nam<\/p>\n<p>\u0110\u1ea1i l\u00fd ALLEN BRADLEY vietnam, ALLEN BRADLEY viet nam, ALLEN BRADLEY vietnam distributor, Ph\u00e2n ph\u1ed1i ALLEN BRADLEY t\u1ea1i vi\u1ec7t nam<\/p>\n<p>\u0110\u1ea1i l\u00fd ALLEN BRADLEY vietnam, ALLEN BRADLEY viet nam, ALLEN BRADLEY vietnam distributor, Ph\u00e2n ph\u1ed1i ALLEN BRADLEY t\u1ea1i vi\u1ec7t nam<\/p>\n<p>\u0110\u1ea1i l\u00fd ALLEN BRADLEY vietnam, ALLEN BRADLEY viet nam, ALLEN BRADLEY vietnam distributor, Ph\u00e2n ph\u1ed1i ALLEN BRADLEY t\u1ea1i vi\u1ec7t nam<\/p>\n","protected":false},"excerpt":{"rendered":"<p>ALLEN BRADLEY 2080-LC20-20QBB Micro820 2080-LC20-20QBB Th\u00f4ng s\u1ed1 k\u0129 thu\u1eadt : H\u00e3ng SX:\u00a0ALLEN-BRADLEY 12 Ng\u00f5 v\u00e0o 12-24VDC. 4 Ng\u00f5 v\u00e0o Analog \u0111\u01b0\u1ee3c c\u1ea5u h\u00ecnh t\u1eeb 4 ng\u00f5 v\u00e0o digital. 7 Ng\u00f5 ra ngu\u1ed3n 24V DC. 1 Ng\u00f5 ra Analog (t\u1eeb 0 \u0111\u1ebfn 10V). L\u1eadp tr\u00ecnh b\u1eb1ng c\u1ed5ng: Enthernet. Cung c\u1ea5p th\u00eam&hellip; <\/p>\n","protected":false},"featured_media":1699,"comment_status":"open","ping_status":"closed","template":"","meta":[],"product_cat":[295],"product_tag":[178,167,179],"class_list":{"0":"post-1698","1":"product","2":"type-product","3":"status-publish","4":"has-post-thumbnail","6":"product_cat-allen-bradley","7":"product_tag-allen-bradley-viet-nam","8":"product_tag-bo-dieu-khien","9":"product_tag-dai-ly-allen-bradley-viet-nam","11":"first","12":"instock","13":"shipping-taxable","14":"product-type-simple"},"yoast_head":"<!-- This site is optimized with the Yoast SEO plugin v22.8 - https:\/\/yoast.com\/wordpress\/plugins\/seo\/ -->\n<title>ALLEN BRADLEY 2080-LC20-20QBB - OMANI VI\u1ec6T NAM<\/title>\n<meta name=\"robots\" content=\"index, follow, max-snippet:-1, max-image-preview:large, max-video-preview:-1\" \/>\n<link rel=\"canonical\" href=\"https:\/\/omanivietnam.com\/index.php\/san-pham\/allen-bradley-2080-lc20-20qbb\/\" \/>\n<meta property=\"og:locale\" content=\"vi_VN\" \/>\n<meta property=\"og:type\" content=\"article\" \/>\n<meta property=\"og:title\" content=\"ALLEN BRADLEY 2080-LC20-20QBB - OMANI VI\u1ec6T NAM\" \/>\n<meta property=\"og:description\" content=\"ALLEN BRADLEY 2080-LC20-20QBB Micro820 2080-LC20-20QBB Th\u00f4ng s\u1ed1 k\u0129 thu\u1eadt : H\u00e3ng SX:\u00a0ALLEN-BRADLEY 12 Ng\u00f5 v\u00e0o 12-24VDC. 4 Ng\u00f5 v\u00e0o Analog \u0111\u01b0\u1ee3c c\u1ea5u h\u00ecnh t\u1eeb 4 ng\u00f5 v\u00e0o digital. 7 Ng\u00f5 ra ngu\u1ed3n 24V DC. 1 Ng\u00f5 ra Analog (t\u1eeb 0 \u0111\u1ebfn 10V). L\u1eadp tr\u00ecnh b\u1eb1ng c\u1ed5ng: Enthernet. Cung c\u1ea5p th\u00eam&hellip;\" \/>\n<meta property=\"og:url\" content=\"https:\/\/omanivietnam.com\/index.php\/san-pham\/allen-bradley-2080-lc20-20qbb\/\" \/>\n<meta property=\"og:site_name\" content=\"OMANI VI\u1ec6T NAM\" \/>\n<meta property=\"article:modified_time\" content=\"2024-09-12T22:26:36+00:00\" \/>\n<meta property=\"og:image\" content=\"https:\/\/omanivietnam.com\/wp-content\/uploads\/2024\/09\/2080-LC20-20QBB.png\" \/>\n\t<meta property=\"og:image:width\" content=\"621\" \/>\n\t<meta property=\"og:image:height\" content=\"602\" \/>\n\t<meta property=\"og:image:type\" content=\"image\/png\" \/>\n<meta name=\"twitter:card\" content=\"summary_large_image\" \/>\n<meta name=\"twitter:label1\" content=\"\u01af\u1edbc t\u00ednh th\u1eddi gian \u0111\u1ecdc\" \/>\n\t<meta name=\"twitter:data1\" content=\"2 ph\u00fat\" \/>\n<script type=\"application\/ld+json\" class=\"yoast-schema-graph\">{\"@context\":\"https:\/\/schema.org\",\"@graph\":[{\"@type\":\"WebPage\",\"@id\":\"https:\/\/omanivietnam.com\/index.php\/san-pham\/allen-bradley-2080-lc20-20qbb\/\",\"url\":\"https:\/\/omanivietnam.com\/index.php\/san-pham\/allen-bradley-2080-lc20-20qbb\/\",\"name\":\"ALLEN BRADLEY 2080-LC20-20QBB - OMANI VI\u1ec6T NAM\",\"isPartOf\":{\"@id\":\"https:\/\/omanivietnam.com\/#website\"},\"primaryImageOfPage\":{\"@id\":\"https:\/\/omanivietnam.com\/index.php\/san-pham\/allen-bradley-2080-lc20-20qbb\/#primaryimage\"},\"image\":{\"@id\":\"https:\/\/omanivietnam.com\/index.php\/san-pham\/allen-bradley-2080-lc20-20qbb\/#primaryimage\"},\"thumbnailUrl\":\"https:\/\/omanivietnam.com\/wp-content\/uploads\/2024\/09\/2080-LC20-20QBB.png\",\"datePublished\":\"2024-09-12T22:24:59+00:00\",\"dateModified\":\"2024-09-12T22:26:36+00:00\",\"breadcrumb\":{\"@id\":\"https:\/\/omanivietnam.com\/index.php\/san-pham\/allen-bradley-2080-lc20-20qbb\/#breadcrumb\"},\"inLanguage\":\"vi\",\"potentialAction\":[{\"@type\":\"ReadAction\",\"target\":[\"https:\/\/omanivietnam.com\/index.php\/san-pham\/allen-bradley-2080-lc20-20qbb\/\"]}]},{\"@type\":\"ImageObject\",\"inLanguage\":\"vi\",\"@id\":\"https:\/\/omanivietnam.com\/index.php\/san-pham\/allen-bradley-2080-lc20-20qbb\/#primaryimage\",\"url\":\"https:\/\/omanivietnam.com\/wp-content\/uploads\/2024\/09\/2080-LC20-20QBB.png\",\"contentUrl\":\"https:\/\/omanivietnam.com\/wp-content\/uploads\/2024\/09\/2080-LC20-20QBB.png\",\"width\":621,\"height\":602},{\"@type\":\"BreadcrumbList\",\"@id\":\"https:\/\/omanivietnam.com\/index.php\/san-pham\/allen-bradley-2080-lc20-20qbb\/#breadcrumb\",\"itemListElement\":[{\"@type\":\"ListItem\",\"position\":1,\"name\":\"Home\",\"item\":\"https:\/\/omanivietnam.com\/\"},{\"@type\":\"ListItem\",\"position\":2,\"name\":\"S\u1ea2N PH\u1ea8M\",\"item\":\"https:\/\/omanivietnam.com\/index.php\/cua-hang\/\"},{\"@type\":\"ListItem\",\"position\":3,\"name\":\"ALLEN BRADLEY 2080-LC20-20QBB\"}]},{\"@type\":\"WebSite\",\"@id\":\"https:\/\/omanivietnam.com\/#website\",\"url\":\"https:\/\/omanivietnam.com\/\",\"name\":\"OMANI VI\u1ec6T NAM\",\"description\":\"Nh\u00e0 ph\u00e2n ph\u1ed1i thi\u1ebft b\u1ecb kh\u00ed n\u00e9n v\u00e0 thi\u1ebft b\u1ecb t\u1ef1 \u0111\u1ed9ng h\u00f3a trong c\u00f4ng nghi\u1ec7p\",\"publisher\":{\"@id\":\"https:\/\/omanivietnam.com\/#\/schema\/person\/0ad398a980dc3fd696111c2c5c8fa897\"},\"potentialAction\":[{\"@type\":\"SearchAction\",\"target\":{\"@type\":\"EntryPoint\",\"urlTemplate\":\"https:\/\/omanivietnam.com\/?s={search_term_string}\"},\"query-input\":\"required name=search_term_string\"}],\"inLanguage\":\"vi\"},{\"@type\":[\"Person\",\"Organization\"],\"@id\":\"https:\/\/omanivietnam.com\/#\/schema\/person\/0ad398a980dc3fd696111c2c5c8fa897\",\"name\":\"Nguy\u1ec5n V\u0103n Kh\u00e1nh\",\"image\":{\"@type\":\"ImageObject\",\"inLanguage\":\"vi\",\"@id\":\"https:\/\/omanivietnam.com\/#\/schema\/person\/image\/\",\"url\":\"https:\/\/omanivietnam.com\/wp-content\/uploads\/2024\/06\/logo-1024x1024.png\",\"contentUrl\":\"https:\/\/omanivietnam.com\/wp-content\/uploads\/2024\/06\/logo-1024x1024.png\",\"width\":1024,\"height\":1024,\"caption\":\"Nguy\u1ec5n V\u0103n Kh\u00e1nh\"},\"logo\":{\"@id\":\"https:\/\/omanivietnam.com\/#\/schema\/person\/image\/\"},\"sameAs\":[\"https:\/\/omanivietnam.com\"]}]}<\/script>\n<!-- \/ Yoast SEO plugin. -->","yoast_head_json":{"title":"ALLEN BRADLEY 2080-LC20-20QBB - OMANI VI\u1ec6T NAM","robots":{"index":"index","follow":"follow","max-snippet":"max-snippet:-1","max-image-preview":"max-image-preview:large","max-video-preview":"max-video-preview:-1"},"canonical":"https:\/\/omanivietnam.com\/index.php\/san-pham\/allen-bradley-2080-lc20-20qbb\/","og_locale":"vi_VN","og_type":"article","og_title":"ALLEN BRADLEY 2080-LC20-20QBB - OMANI VI\u1ec6T NAM","og_description":"ALLEN BRADLEY 2080-LC20-20QBB Micro820 2080-LC20-20QBB Th\u00f4ng s\u1ed1 k\u0129 thu\u1eadt : H\u00e3ng SX:\u00a0ALLEN-BRADLEY 12 Ng\u00f5 v\u00e0o 12-24VDC. 4 Ng\u00f5 v\u00e0o Analog \u0111\u01b0\u1ee3c c\u1ea5u h\u00ecnh t\u1eeb 4 ng\u00f5 v\u00e0o digital. 7 Ng\u00f5 ra ngu\u1ed3n 24V DC. 1 Ng\u00f5 ra Analog (t\u1eeb 0 \u0111\u1ebfn 10V). L\u1eadp tr\u00ecnh b\u1eb1ng c\u1ed5ng: Enthernet. Cung c\u1ea5p th\u00eam&hellip;","og_url":"https:\/\/omanivietnam.com\/index.php\/san-pham\/allen-bradley-2080-lc20-20qbb\/","og_site_name":"OMANI VI\u1ec6T NAM","article_modified_time":"2024-09-12T22:26:36+00:00","og_image":[{"width":621,"height":602,"url":"https:\/\/omanivietnam.com\/wp-content\/uploads\/2024\/09\/2080-LC20-20QBB.png","type":"image\/png"}],"twitter_card":"summary_large_image","twitter_misc":{"\u01af\u1edbc t\u00ednh th\u1eddi gian \u0111\u1ecdc":"2 ph\u00fat"},"schema":{"@context":"https:\/\/schema.org","@graph":[{"@type":"WebPage","@id":"https:\/\/omanivietnam.com\/index.php\/san-pham\/allen-bradley-2080-lc20-20qbb\/","url":"https:\/\/omanivietnam.com\/index.php\/san-pham\/allen-bradley-2080-lc20-20qbb\/","name":"ALLEN BRADLEY 2080-LC20-20QBB - OMANI VI\u1ec6T NAM","isPartOf":{"@id":"https:\/\/omanivietnam.com\/#website"},"primaryImageOfPage":{"@id":"https:\/\/omanivietnam.com\/index.php\/san-pham\/allen-bradley-2080-lc20-20qbb\/#primaryimage"},"image":{"@id":"https:\/\/omanivietnam.com\/index.php\/san-pham\/allen-bradley-2080-lc20-20qbb\/#primaryimage"},"thumbnailUrl":"https:\/\/omanivietnam.com\/wp-content\/uploads\/2024\/09\/2080-LC20-20QBB.png","datePublished":"2024-09-12T22:24:59+00:00","dateModified":"2024-09-12T22:26:36+00:00","breadcrumb":{"@id":"https:\/\/omanivietnam.com\/index.php\/san-pham\/allen-bradley-2080-lc20-20qbb\/#breadcrumb"},"inLanguage":"vi","potentialAction":[{"@type":"ReadAction","target":["https:\/\/omanivietnam.com\/index.php\/san-pham\/allen-bradley-2080-lc20-20qbb\/"]}]},{"@type":"ImageObject","inLanguage":"vi","@id":"https:\/\/omanivietnam.com\/index.php\/san-pham\/allen-bradley-2080-lc20-20qbb\/#primaryimage","url":"https:\/\/omanivietnam.com\/wp-content\/uploads\/2024\/09\/2080-LC20-20QBB.png","contentUrl":"https:\/\/omanivietnam.com\/wp-content\/uploads\/2024\/09\/2080-LC20-20QBB.png","width":621,"height":602},{"@type":"BreadcrumbList","@id":"https:\/\/omanivietnam.com\/index.php\/san-pham\/allen-bradley-2080-lc20-20qbb\/#breadcrumb","itemListElement":[{"@type":"ListItem","position":1,"name":"Home","item":"https:\/\/omanivietnam.com\/"},{"@type":"ListItem","position":2,"name":"S\u1ea2N PH\u1ea8M","item":"https:\/\/omanivietnam.com\/index.php\/cua-hang\/"},{"@type":"ListItem","position":3,"name":"ALLEN BRADLEY 2080-LC20-20QBB"}]},{"@type":"WebSite","@id":"https:\/\/omanivietnam.com\/#website","url":"https:\/\/omanivietnam.com\/","name":"OMANI VI\u1ec6T NAM","description":"Nh\u00e0 ph\u00e2n ph\u1ed1i thi\u1ebft b\u1ecb kh\u00ed n\u00e9n v\u00e0 thi\u1ebft b\u1ecb t\u1ef1 \u0111\u1ed9ng h\u00f3a trong c\u00f4ng nghi\u1ec7p","publisher":{"@id":"https:\/\/omanivietnam.com\/#\/schema\/person\/0ad398a980dc3fd696111c2c5c8fa897"},"potentialAction":[{"@type":"SearchAction","target":{"@type":"EntryPoint","urlTemplate":"https:\/\/omanivietnam.com\/?s={search_term_string}"},"query-input":"required name=search_term_string"}],"inLanguage":"vi"},{"@type":["Person","Organization"],"@id":"https:\/\/omanivietnam.com\/#\/schema\/person\/0ad398a980dc3fd696111c2c5c8fa897","name":"Nguy\u1ec5n V\u0103n Kh\u00e1nh","image":{"@type":"ImageObject","inLanguage":"vi","@id":"https:\/\/omanivietnam.com\/#\/schema\/person\/image\/","url":"https:\/\/omanivietnam.com\/wp-content\/uploads\/2024\/06\/logo-1024x1024.png","contentUrl":"https:\/\/omanivietnam.com\/wp-content\/uploads\/2024\/06\/logo-1024x1024.png","width":1024,"height":1024,"caption":"Nguy\u1ec5n V\u0103n Kh\u00e1nh"},"logo":{"@id":"https:\/\/omanivietnam.com\/#\/schema\/person\/image\/"},"sameAs":["https:\/\/omanivietnam.com"]}]}},"_links":{"self":[{"href":"https:\/\/omanivietnam.com\/index.php\/wp-json\/wp\/v2\/product\/1698","targetHints":{"allow":["GET"]}}],"collection":[{"href":"https:\/\/omanivietnam.com\/index.php\/wp-json\/wp\/v2\/product"}],"about":[{"href":"https:\/\/omanivietnam.com\/index.php\/wp-json\/wp\/v2\/types\/product"}],"replies":[{"embeddable":true,"href":"https:\/\/omanivietnam.com\/index.php\/wp-json\/wp\/v2\/comments?post=1698"}],"wp:featuredmedia":[{"embeddable":true,"href":"https:\/\/omanivietnam.com\/index.php\/wp-json\/wp\/v2\/media\/1699"}],"wp:attachment":[{"href":"https:\/\/omanivietnam.com\/index.php\/wp-json\/wp\/v2\/media?parent=1698"}],"wp:term":[{"taxonomy":"product_cat","embeddable":true,"href":"https:\/\/omanivietnam.com\/index.php\/wp-json\/wp\/v2\/product_cat?post=1698"},{"taxonomy":"product_tag","embeddable":true,"href":"https:\/\/omanivietnam.com\/index.php\/wp-json\/wp\/v2\/product_tag?post=1698"}],"curies":[{"name":"wp","href":"https:\/\/api.w.org\/{rel}","templated":true}]}}