{"id":1898,"date":"2024-09-28T20:21:10","date_gmt":"2024-09-28T13:21:10","guid":{"rendered":"https:\/\/omanivietnam.com\/?post_type=product&#038;p=1898"},"modified":"2025-07-23T21:09:09","modified_gmt":"2025-07-23T14:09:09","slug":"allen-bradley-1756-l72","status":"publish","type":"product","link":"https:\/\/omanivietnam.com\/index.php\/san-pham\/allen-bradley-1756-l72\/","title":{"rendered":"ALLEN BRADLEY 1756-L72"},"content":{"rendered":"<p>ALLEN BRADLEY 1756-L72<\/p>\n<p>Thi\u1ebft b\u1ecb hi\u1ec7n \u0111ang \u0111\u01b0\u1ee3c s\u1eed d\u1ee5ng trong c\u00e1c l\u0129nh v\u1ef1c: Th\u1ef1c ph\u1ea9m, \u0110i\u1ec7n l\u1ef1c, D\u1ea7u Kh\u00ed, N\u0103ng l\u01b0\u1ee3ng m\u1eb7t tr\u1eddi, D\u1ec7t May, C\u00f4ng nghi\u1ec7p 4.0, C\u00f4ng nghi\u1ec7p t\u1ef1 \u0111\u1ed9ng h\u00f3a.<\/p>\n<p>M\u00f4 t\u1ea3 b\u1ed9 \u0111i\u1ec1u khi\u1ec3n ControlLogix 1756-L72: Model 1756-L72 b\u1ed9 \u0111i\u1ec1u khi\u1ec3n Control Logix l\u00e0 m\u1ed9t thi\u1ebft thi\u1ebft b\u1ecb thu\u1ed9c h\u1ec7 Ki\u1ebfn Tr\u00fac T\u00edch H\u1ee3p c\u1ee7a H\u00e3ng Rockwell Automation \/ Allen Bradley. S\u1eed d\u1ee5ng ph\u1ea7n m\u1ec1m RS Logix 5000, Studio 5000 v\u00e0 c\u00e1c m\u1ea1ng truy\u1ec1n th\u00f4ng ph\u1ed5 bi\u1ebfn. B\u00ean c\u1ea1nh \u0111\u00f3 v\u1edbi \u1ee9ng d\u1ee5ng cao c\u1ea5p d\u00f2ng Controller 1756-L72 c\u00f3 kh\u1ea3 n\u0103ng m\u1edf r\u1ed9ng h\u1ec7 th\u1ed1ng m\u1ea1nh m\u1ebd, s\u1eed d\u1ee5ng h\u1ec7 th\u1ed1ng Redundancy \u0111\u00e3m b\u1ea3o t\u00ednh an to\u00e0n s\u1ea3n xu\u1ea5t. B\u1ed9 Controller 1756-L72 d\u00f9ng cho c\u00e1c \u1ee9ng d\u1ee5ng h\u1ec7 th\u1ed1ng l\u1edbn, c\u00f3 y\u00eau c\u1ea7u \u0111\u00e1p \u1ee9ng cao. B\u1ed9 nh\u1edb 4MB. \u0110\u00e3 t\u00edch h\u1ee3p 1 c\u1ed5ng RS-232. Cho c\u00e1c \u1ee9ng d\u1ee5ng v\u1edbi t\u1ed1i \u0111a 128.000 IO Digital, 4.000 IO Analog. M\u1ed9t s\u1ed1 m\u00e3 PLC Controller c\u00f9ng d\u00f2ng 1756-L72: 1756-L61, 1756-L62, 1756-L63, 1756-L64, 1756-L65 1756-L71, 1756-L73, 1756-L74, 1756-L75.<\/p>\n<p><strong>B\u1ed9 \u0111i\u1ec1u khi\u1ec3n PLC Allen-Bradley 1756-L72 4MB<\/strong><\/p>\n<p>Allen Bradley 1756-L72 Controllogix Procesador<\/p>\n<p>Allen-Bradley 1756-L72 l\u00e0 B\u1ed9 \u0111i\u1ec1u khi\u1ec3n t\u1ef1 \u0111\u1ed9ng h\u00f3a l\u1eadp tr\u00ecnh d\u00f2ng ControlLogix (PAC). N\u00f3 c\u00f3 b\u1ed9 nh\u1edb ng\u01b0\u1eddi d\u00f9ng 4 MB c\u00f3 s\u1eb5n cho d\u1eef li\u1ec7u v\u00e0 logic v\u00e0 b\u1ed9 nh\u1edb I \/ O 0,98 MB. B\u1ed9 \u0111i\u1ec1u khi\u1ec3n \u0111i k\u00e8m v\u1edbi th\u1ebb SD 1 GB, 1784-SD1, m\u00e0 b\u1ea1n c\u00f3 th\u1ec3 s\u1eed d\u1ee5ng l\u00e0m b\u1ed9 nh\u1edb kh\u00f4ng linh ho\u1ea1t t\u00f9y ch\u1ecdn. B\u1ea1n c\u0169ng c\u00f3 th\u1ec3 n\u00e2ng c\u1ea5p n\u00f3 l\u00ean 2 GB th\u00f4ng qua th\u1ebb 1784-SD2 n\u1ebfu dung l\u01b0\u1ee3ng l\u01b0u tr\u1eef kh\u00f4ng \u0111\u1ee7 \u0111\u1ec3 b\u1ea1n s\u1eed d\u1ee5ng. B\u1ea1n n\u00ean l\u1eafp th\u1ebb SD v\u00e0o b\u1ed9 \u0111i\u1ec1u khi\u1ec3n v\u00e0 ch\u1ec9 s\u1eed d\u1ee5ng nh\u1eefng th\u1ebb do Rockwell Automation b\u00e1n v\u00ec nh\u1eefng th\u1ebb n\u00e0y \u0111\u00e3 \u0111\u01b0\u1ee3c ki\u1ec3m tra \u0111\u1ea7y \u0111\u1ee7 \u0111\u1ec3 ho\u1ea1t \u0111\u1ed9ng v\u1edbi b\u1ed9 \u0111i\u1ec1u khi\u1ec3n. S\u1eed d\u1ee5ng c\u00e1c th\u1ebb SD kh\u00e1c c\u00f3 nguy c\u01a1 b\u1ecb m\u1ea5t ho\u1eb7c h\u1ecfng d\u1eef li\u1ec7u. Th\u1ebb SD ch\u1ee7 y\u1ebfu \u0111\u01b0\u1ee3c s\u1eed d\u1ee5ng \u0111\u1ec3 l\u01b0u tr\u1eef d\u1eef li\u1ec7u ch\u1ea9n \u0111o\u00e1n \u0111\u01b0\u1ee3c ghi t\u1ef1 \u0111\u1ed9ng khi x\u1ea3y ra l\u1ed7i. Nh\u1eefng d\u1eef li\u1ec7u n\u00e0y \u0111\u01b0\u1ee3c Rockwell Automation s\u1eed d\u1ee5ng cho c\u00e1c m\u1ee5c \u0111\u00edch kh\u1eafc ph\u1ee5c s\u1ef1 c\u1ed1. B\u1ed9 \u0111i\u1ec1u khi\u1ec3n 1756-L72 c\u0169ng \u0111i k\u00e8m v\u1edbi ba m\u00f4-\u0111un l\u01b0u tr\u1eef n\u0103ng l\u01b0\u1ee3ng t\u1ee5 \u0111i\u1ec7n. 1756-ESMCAP \/ 1756-ESMCAPK l\u00e0 m\u1ed9t m\u00f4-\u0111un c\u00f3 th\u1ec3 th\u00e1o r\u1eddi c\u00f3 s\u1eb5n trong m\u1ecdi b\u1ed9 \u0111i\u1ec1u khi\u1ec3n. M\u1ed9t m\u00f4-\u0111un c\u00f3 th\u1ec3 th\u00e1o r\u1eddi kh\u00e1c l\u00e0 1756-ESMNSE \/ 1756-ESMNSEK kh\u00f4ng c\u00f3 ngu\u1ed3n d\u1ef1 ph\u00f2ng WallClockTime c\u00f2n l\u1ea1i. M\u00f4-\u0111un kh\u00f4ng th\u1ec3 di chuy\u1ec3n duy nh\u1ea5t l\u00e0 1756-ESMNRM \/ 1756-ESMNRMK gi\u00fap ng\u0103n k\u1ebft n\u1ed1i USB v\u00e0 s\u1eed d\u1ee5ng th\u1ebb SD \u0111\u1ec3 gi\u00fap b\u1ea3o m\u1eadt b\u1ed9 \u0111i\u1ec1u khi\u1ec3n c\u1ee7a ch\u00fang t\u00f4i.<\/p>\n<p>PLC 1756-L72 CPU Controller c\u1ee7a PLC ControlLogix Allen-Bradley \/ Rockwell Automation Model 1756-L72 b\u1ed9 \u0111i\u1ec1u khi\u1ec3n Control Logix l\u00e0 m\u1ed9t thi\u1ebft thi\u1ebft b\u1ecb thu\u1ed9c h\u1ec7 Ki\u1ebfn Tr\u00fac T\u00edch H\u1ee3p c\u1ee7a H\u00e3ng Rockwell Automation \/ Allen Bradley. S\u1eed d\u1ee5ng ph\u1ea7n m\u1ec1m RS Logix 5000, Studio 5000 v\u00e0 c\u00e1c m\u1ea1ng truy\u1ec1n th\u00f4ng ph\u1ed5 bi\u1ebfn. D\u00f9ng cho c\u00e1c \u1ee9ng d\u1ee5ng y\u00eau c\u1ea7u \u0111\u00e1p \u1ee9ng cao, ti\u00eau chu\u1ea9n kh\u1eaft khe, hi\u1ec7u n\u0103ng m\u1ea1nh m\u1ebd. C\u00e1c m\u1ea1ng truy\u1ec1n th\u00f4ng ph\u1ed5 bi\u1ebfn: EtherNet\/IP, ControlNet, DeviceNet, Data Highway Plus (DH+), Remote I\/O, SynchLink v\u00e0 c\u00e1c thi\u1ebft b\u1ecb c\u1ee7a c\u00e1c h\u00e3ng th\u1ee9<\/p>\n<p>&nbsp;<\/p>\n<h4><strong><em>Th\u00f4ng s\u1ed1 k\u1ef9 thu\u1eadt:<\/em><\/strong><\/h4>\n<table width=\"654\">\n<tbody>\n<tr>\n<td>Category according to EN 954-1<\/td>\n<td>4<\/td>\n<\/tr>\n<tr>\n<td>Depth<\/td>\n<td>164.52 mm<\/td>\n<\/tr>\n<tr>\n<td>Front installation possible<\/td>\n<td>yes<\/td>\n<\/tr>\n<tr>\n<td>Height<\/td>\n<td>240 mm<\/td>\n<\/tr>\n<tr>\n<td>Memory size<\/td>\n<td>4096 kByte<\/td>\n<\/tr>\n<tr>\n<td>Model<\/td>\n<td>Modular<\/td>\n<\/tr>\n<tr>\n<td>Number of HW-interfaces industrial Ethernet<\/td>\n<td>0<\/td>\n<\/tr>\n<tr>\n<td>Number of HW-interfaces other<\/td>\n<td>0<\/td>\n<\/tr>\n<tr>\n<td>Number of HW-interfaces RS-232<\/td>\n<td>0<\/td>\n<\/tr>\n<tr>\n<td>Number of HW-interfaces USB<\/td>\n<td>1<\/td>\n<\/tr>\n<tr>\n<td>Number of relay outputs<\/td>\n<td>0<\/td>\n<\/tr>\n<tr>\n<td width=\"489\">Performance level acc. to EN ISO 13849-1<\/td>\n<td width=\"165\">Level e<\/td>\n<\/tr>\n<tr>\n<td>Rack-assembly possible<\/td>\n<td>yes<\/td>\n<\/tr>\n<tr>\n<td>Rail mounting possible<\/td>\n<td>no<\/td>\n<\/tr>\n<tr>\n<td>SIL according to IEC 61508<\/td>\n<td>3<\/td>\n<\/tr>\n<tr>\n<td>Supporting protocol for Data-Highway<\/td>\n<td>no<\/td>\n<\/tr>\n<tr>\n<td>Supporting protocol for EtherNet\/IP<\/td>\n<td>yes<\/td>\n<\/tr>\n<tr>\n<td>Supporting protocol for MODBUS<\/td>\n<td>yes<\/td>\n<\/tr>\n<tr>\n<td>Supporting protocol for SERCOS<\/td>\n<td>no<\/td>\n<\/tr>\n<tr>\n<td>Supporting protocol for TCP\/IP<\/td>\n<td>no<\/td>\n<\/tr>\n<tr>\n<td>Wall mounting\/direct mounting<\/td>\n<td>no<\/td>\n<\/tr>\n<tr>\n<td>Width<\/td>\n<td>292 mm<\/td>\n<\/tr>\n<tr>\n<td>With display<\/td>\n<td>yes<\/td>\n<\/tr>\n<\/tbody>\n<\/table>\n<h4><strong>M\u00e3 h\u00e0ng:<\/strong><\/h4>\n<table width=\"584\">\n<tbody>\n<tr>\n<td width=\"72\"><strong>\u00a0<\/strong><strong>Item<\/strong><\/td>\n<td width=\"126\"><strong>\u00a0<\/strong><strong>M\u00e3 h\u00e0ng<\/strong><\/td>\n<td width=\"386\"><strong>\u00a0<\/strong><strong>Th\u00f4ng tin M\u00f4 t\u1ea3<\/strong><\/td>\n<\/tr>\n<tr>\n<td width=\"72\">1<\/td>\n<td width=\"126\">1756L61<\/td>\n<td width=\"386\">ControlLogix 2 MB Memory Controller<\/td>\n<\/tr>\n<tr>\n<td width=\"72\">2<\/td>\n<td width=\"126\">1756L61S<\/td>\n<td width=\"386\">GuardLogix 2 MB Standard Mem Controller<\/td>\n<\/tr>\n<tr>\n<td width=\"72\">3<\/td>\n<td width=\"126\">1756L62<\/td>\n<td width=\"386\">ControlLogix 4 MB Memory Controller<\/td>\n<\/tr>\n<tr>\n<td width=\"72\">4<\/td>\n<td width=\"126\">1756L62S<\/td>\n<td width=\"386\">GuardLogix 4 MB Standard Mem Controller<\/td>\n<\/tr>\n<tr>\n<td width=\"72\">5<\/td>\n<td width=\"126\">1756L63<\/td>\n<td width=\"386\">ControlLogix 8 MB Memory Controller<\/td>\n<\/tr>\n<tr>\n<td width=\"72\">6<\/td>\n<td width=\"126\">1756L63S<\/td>\n<td width=\"386\">GuardLogix 8 MB Standard Mem Controller<\/td>\n<\/tr>\n<tr>\n<td width=\"72\">7<\/td>\n<td width=\"126\">1756L63XT<\/td>\n<td width=\"386\">ControlLogix XT 8 MB Memory Controller<\/td>\n<\/tr>\n<tr>\n<td width=\"72\">8<\/td>\n<td width=\"126\">1756L64<\/td>\n<td width=\"386\">ControlLogix 16 MB Memory Controller<\/td>\n<\/tr>\n<tr>\n<td width=\"72\">9<\/td>\n<td width=\"126\">1756L65<\/td>\n<td width=\"386\">ControlLogix 32 MB Memory Controller<\/td>\n<\/tr>\n<tr>\n<td width=\"72\">10<\/td>\n<td width=\"126\">1756L71<\/td>\n<td width=\"386\">ControlLogix 2 MB Controller<\/td>\n<\/tr>\n<tr>\n<td width=\"72\">11<\/td>\n<td width=\"126\">1756L71S<\/td>\n<td width=\"386\">Logix 5571S Automation Controller 2\/1M<\/td>\n<\/tr>\n<tr>\n<td width=\"72\">12<\/td>\n<td width=\"126\">1756L72<\/td>\n<td width=\"386\">ControlLogix 4 MB Controller<\/td>\n<\/tr>\n<tr>\n<td width=\"72\">13<\/td>\n<td width=\"126\">1756L72EROMS<\/td>\n<td width=\"386\">ArmorGuardLogix On Machine Safety Cont<\/td>\n<\/tr>\n<tr>\n<td width=\"72\">14<\/td>\n<td width=\"126\">1756L72S<\/td>\n<td width=\"386\">Logix 5572S Automation Controller 4M\/2M<\/td>\n<\/tr>\n<tr>\n<td width=\"72\">15<\/td>\n<td width=\"126\">1756L73<\/td>\n<td width=\"386\">ControlLogix 8 MB Controller<\/td>\n<\/tr>\n<tr>\n<td width=\"72\">16<\/td>\n<td width=\"126\">1756L73S<\/td>\n<td width=\"386\">Logix 5573S Automation Controller 8M\/4M<\/td>\n<\/tr>\n<tr>\n<td width=\"72\">17<\/td>\n<td width=\"126\">1756L74<\/td>\n<td width=\"386\">ControlLogix 16 MB Controller<\/td>\n<\/tr>\n<tr>\n<td width=\"72\">18<\/td>\n<td width=\"126\">1756L75<\/td>\n<td width=\"386\">ControlLogix 32 MB Controller<\/td>\n<\/tr>\n<tr>\n<td width=\"72\">19<\/td>\n<td width=\"126\">1756L7SP<\/td>\n<td width=\"386\">Logix L7SP SIL 3 PLe Safety Partner<\/td>\n<\/tr>\n<tr>\n<td width=\"72\">20<\/td>\n<td width=\"126\">1756L7SPXT<\/td>\n<td width=\"386\">Logix L7SPXT SIL 3 PLe Safety Partner<\/td>\n<\/tr>\n<tr>\n<td width=\"72\">21<\/td>\n<td width=\"126\">1756-L82E<\/td>\n<td width=\"386\">ControlLogix L8\u00a0 CPU Controller<\/td>\n<\/tr>\n<tr>\n<td width=\"72\">22<\/td>\n<td width=\"126\">1756-L82E<\/td>\n<td width=\"386\">ControlLogix L8\u00a0 CPU Controller<\/td>\n<\/tr>\n<\/tbody>\n<\/table>\n<p>C\u00e1c s\u1ea3n ph\u1ea9m kh\u00e1c c\u00f9ng lo\u1ea1i<\/p>\n<p>M\u1ed9t s\u1ed1 m\u00e3 PLC Controller c\u00f9ng d\u00f2ng 1756-L72:\u00a01756-L61, 1756-L62, 1756-L63, 1756-L64, 1756-L65 1756-L71, 1756-L73, 1756-L74, 1756-L75.<\/p>\n<p>1756-L61, 1756-L62, 1756-L63, 1756-L64, 1756-L65, 1756-L71, 1756-L72, 1756-L73, 1756-L74, 1756-L75, 1756-L81E, 1756-L82E, 1756-L83E, 1756-L84E, 1756-L85E<\/p>\n<p>&nbsp;<\/p>\n<div class=\"flex flex-col w-full pt-2 md:flex-row\">\n<div class=\"datatablerow clearfix datatablerow-2\">\n<div class=\"field--item\"><\/div>\n<\/div>\n<\/div>\n<table>\n<tbody>\n<tr>\n<td>100% USA Origin<\/td>\n<td>Allen Bradley<br \/>\nVietnam<\/td>\n<td>Model: 5069-IB16<br \/>\nModule<\/td>\n<\/tr>\n<tr>\n<td>100% USA Origin<\/td>\n<td>Allen Bradley<br \/>\nVietnam<\/td>\n<td>Model: 5069-IY4<br \/>\nModule<\/td>\n<\/tr>\n<tr>\n<td>100% USA Origin<\/td>\n<td>Allen Bradley<br \/>\nVietnam<\/td>\n<td>Model: 1492-CM1746-M04<br \/>\nConversion Module<\/td>\n<\/tr>\n<tr>\n<td>100% USA Origin<\/td>\n<td>Allen Bradley<br \/>\nVietnam<\/td>\n<td>Model: 1606-XLE240E 240W 24VDC 10A<br \/>\nPOWER SUPPLY<\/td>\n<\/tr>\n<tr>\n<td>100% USA Origin<\/td>\n<td>Allen Bradley<br \/>\nVietnam<\/td>\n<td>Model: 1492-CM1746-M12<br \/>\nConversion Module<\/td>\n<\/tr>\n<tr>\n<td>100% USA Origin<\/td>\n<td>Allen Bradley<br \/>\nVietnam<\/td>\n<td>Model: 1756-L72<br \/>\nCompactLogix<\/td>\n<\/tr>\n<tr>\n<td>100% USA Origin<\/td>\n<td>Allen Bradley<br \/>\nVietnam<\/td>\n<td>Model: 1756-RM2<br \/>\nModule<\/td>\n<\/tr>\n<tr>\n<td>100% USA Origin<\/td>\n<td>Allen Bradley<br \/>\nVietnam<\/td>\n<td>Model: 1756-EN2T<br \/>\nModule<\/td>\n<\/tr>\n<tr>\n<td>100% USA Origin<\/td>\n<td>Allen Bradley<br \/>\nVietnam<\/td>\n<td>Model: 1756-EN2TR<br \/>\nModule<\/td>\n<\/tr>\n<tr>\n<td>100% USA Origin<\/td>\n<td>Allen Bradley<br \/>\nVietnam<\/td>\n<td>Model: 1783-ETAP<br \/>\nModule<\/td>\n<\/tr>\n<tr>\n<td>100% USA Origin<\/td>\n<td>Allen Bradley<br \/>\nVietnam<\/td>\n<td>Model: 1756-A4<br \/>\nModule<\/td>\n<\/tr>\n<tr>\n<td>100% USA Origin<\/td>\n<td>Allen Bradley<br \/>\nVietnam<\/td>\n<td>Model: 1756-PA72<br \/>\nPower supply<br \/>\n(Ngu\u1ed3n \u0111i k\u00e8m v\u1edbi thi\u1ebft b\u1ecb)<\/td>\n<\/tr>\n<tr>\n<td>100% USA Origin<\/td>\n<td>Allen Bradley<br \/>\nVietnam<\/td>\n<td>Model: 1756-PA75<br \/>\nPower supply<br \/>\n(Ngu\u1ed3n \u0111i k\u00e8m v\u1edbi thi\u1ebft b\u1ecb)<\/td>\n<\/tr>\n<\/tbody>\n<\/table>\n<p>\u0110\u1ea1i l\u00fd ALLEN BRADLEY vietnam, ALLEN BRADLEY viet nam, ALLEN BRADLEY vietnam distributor, Ph\u00e2n ph\u1ed1i ALLEN BRADLEY t\u1ea1i vi\u1ec7t nam<\/p>\n<p>\u0110\u1ea1i l\u00fd ALLEN BRADLEY vietnam, ALLEN BRADLEY viet nam, ALLEN BRADLEY vietnam distributor, Ph\u00e2n ph\u1ed1i ALLEN BRADLEY t\u1ea1i vi\u1ec7t nam<\/p>\n<p>\u0110\u1ea1i l\u00fd ALLEN BRADLEY vietnam, ALLEN BRADLEY viet nam, ALLEN BRADLEY vietnam distributor, Ph\u00e2n ph\u1ed1i ALLEN BRADLEY t\u1ea1i vi\u1ec7t nam<\/p>\n<p>\u0110\u1ea1i l\u00fd ALLEN BRADLEY vietnam, ALLEN BRADLEY viet nam, ALLEN BRADLEY vietnam distributor, Ph\u00e2n ph\u1ed1i ALLEN BRADLEY t\u1ea1i vi\u1ec7t nam<\/p>\n<p>\u0110\u1ea1i l\u00fd ALLEN BRADLEY vietnam, ALLEN BRADLEY viet nam, ALLEN BRADLEY vietnam distributor, Ph\u00e2n ph\u1ed1i ALLEN BRADLEY t\u1ea1i vi\u1ec7t nam<\/p>\n","protected":false},"excerpt":{"rendered":"<p>ALLEN BRADLEY 1756-L72 Thi\u1ebft b\u1ecb hi\u1ec7n \u0111ang \u0111\u01b0\u1ee3c s\u1eed d\u1ee5ng trong c\u00e1c l\u0129nh v\u1ef1c: Th\u1ef1c ph\u1ea9m, \u0110i\u1ec7n l\u1ef1c, D\u1ea7u Kh\u00ed, N\u0103ng l\u01b0\u1ee3ng m\u1eb7t tr\u1eddi, D\u1ec7t May, C\u00f4ng nghi\u1ec7p 4.0, C\u00f4ng nghi\u1ec7p t\u1ef1 \u0111\u1ed9ng h\u00f3a. M\u00f4 t\u1ea3 b\u1ed9 \u0111i\u1ec1u khi\u1ec3n ControlLogix 1756-L72: Model 1756-L72 b\u1ed9 \u0111i\u1ec1u khi\u1ec3n Control Logix l\u00e0 m\u1ed9t&hellip; <\/p>\n","protected":false},"featured_media":1900,"comment_status":"open","ping_status":"closed","template":"","meta":[],"product_cat":[295],"product_tag":[178,167,179],"class_list":{"0":"post-1898","1":"product","2":"type-product","3":"status-publish","4":"has-post-thumbnail","6":"product_cat-allen-bradley","7":"product_tag-allen-bradley-viet-nam","8":"product_tag-bo-dieu-khien","9":"product_tag-dai-ly-allen-bradley-viet-nam","11":"first","12":"instock","13":"shipping-taxable","14":"product-type-simple"},"yoast_head":"<!-- This site is optimized with the Yoast SEO plugin v22.8 - https:\/\/yoast.com\/wordpress\/plugins\/seo\/ -->\n<title>ALLEN BRADLEY 1756-L72 - OMANI VI\u1ec6T NAM<\/title>\n<meta name=\"description\" content=\"ALLEN BRADLEY 1756-L72 ControlLogix 4 MB Controller\" \/>\n<meta name=\"robots\" content=\"index, follow, max-snippet:-1, max-image-preview:large, max-video-preview:-1\" \/>\n<link rel=\"canonical\" href=\"https:\/\/omanivietnam.com\/index.php\/san-pham\/allen-bradley-1756-l72\/\" \/>\n<meta property=\"og:locale\" content=\"vi_VN\" \/>\n<meta property=\"og:type\" content=\"article\" \/>\n<meta property=\"og:title\" content=\"ALLEN BRADLEY 1756-L72 - OMANI VI\u1ec6T NAM\" \/>\n<meta property=\"og:description\" content=\"ALLEN BRADLEY 1756-L72 ControlLogix 4 MB Controller\" \/>\n<meta property=\"og:url\" content=\"https:\/\/omanivietnam.com\/index.php\/san-pham\/allen-bradley-1756-l72\/\" \/>\n<meta property=\"og:site_name\" content=\"OMANI VI\u1ec6T NAM\" \/>\n<meta property=\"article:modified_time\" content=\"2025-07-23T14:09:09+00:00\" \/>\n<meta property=\"og:image\" content=\"https:\/\/omanivietnam.com\/wp-content\/uploads\/2024\/09\/1756-L72-1.png\" \/>\n\t<meta property=\"og:image:width\" content=\"697\" \/>\n\t<meta property=\"og:image:height\" content=\"436\" \/>\n\t<meta property=\"og:image:type\" content=\"image\/png\" \/>\n<meta name=\"twitter:card\" content=\"summary_large_image\" \/>\n<meta name=\"twitter:label1\" content=\"\u01af\u1edbc t\u00ednh th\u1eddi gian \u0111\u1ecdc\" \/>\n\t<meta name=\"twitter:data1\" content=\"7 ph\u00fat\" \/>\n<script type=\"application\/ld+json\" class=\"yoast-schema-graph\">{\"@context\":\"https:\/\/schema.org\",\"@graph\":[{\"@type\":\"WebPage\",\"@id\":\"https:\/\/omanivietnam.com\/index.php\/san-pham\/allen-bradley-1756-l72\/\",\"url\":\"https:\/\/omanivietnam.com\/index.php\/san-pham\/allen-bradley-1756-l72\/\",\"name\":\"ALLEN BRADLEY 1756-L72 - OMANI VI\u1ec6T NAM\",\"isPartOf\":{\"@id\":\"https:\/\/omanivietnam.com\/#website\"},\"primaryImageOfPage\":{\"@id\":\"https:\/\/omanivietnam.com\/index.php\/san-pham\/allen-bradley-1756-l72\/#primaryimage\"},\"image\":{\"@id\":\"https:\/\/omanivietnam.com\/index.php\/san-pham\/allen-bradley-1756-l72\/#primaryimage\"},\"thumbnailUrl\":\"https:\/\/omanivietnam.com\/wp-content\/uploads\/2024\/09\/1756-L72-1.png\",\"datePublished\":\"2024-09-28T13:21:10+00:00\",\"dateModified\":\"2025-07-23T14:09:09+00:00\",\"description\":\"ALLEN BRADLEY 1756-L72 ControlLogix 4 MB Controller\",\"breadcrumb\":{\"@id\":\"https:\/\/omanivietnam.com\/index.php\/san-pham\/allen-bradley-1756-l72\/#breadcrumb\"},\"inLanguage\":\"vi\",\"potentialAction\":[{\"@type\":\"ReadAction\",\"target\":[\"https:\/\/omanivietnam.com\/index.php\/san-pham\/allen-bradley-1756-l72\/\"]}]},{\"@type\":\"ImageObject\",\"inLanguage\":\"vi\",\"@id\":\"https:\/\/omanivietnam.com\/index.php\/san-pham\/allen-bradley-1756-l72\/#primaryimage\",\"url\":\"https:\/\/omanivietnam.com\/wp-content\/uploads\/2024\/09\/1756-L72-1.png\",\"contentUrl\":\"https:\/\/omanivietnam.com\/wp-content\/uploads\/2024\/09\/1756-L72-1.png\",\"width\":697,\"height\":436},{\"@type\":\"BreadcrumbList\",\"@id\":\"https:\/\/omanivietnam.com\/index.php\/san-pham\/allen-bradley-1756-l72\/#breadcrumb\",\"itemListElement\":[{\"@type\":\"ListItem\",\"position\":1,\"name\":\"Home\",\"item\":\"https:\/\/omanivietnam.com\/\"},{\"@type\":\"ListItem\",\"position\":2,\"name\":\"S\u1ea2N PH\u1ea8M\",\"item\":\"https:\/\/omanivietnam.com\/index.php\/cua-hang\/\"},{\"@type\":\"ListItem\",\"position\":3,\"name\":\"ALLEN BRADLEY 1756-L72\"}]},{\"@type\":\"WebSite\",\"@id\":\"https:\/\/omanivietnam.com\/#website\",\"url\":\"https:\/\/omanivietnam.com\/\",\"name\":\"OMANI VI\u1ec6T NAM\",\"description\":\"Nh\u00e0 ph\u00e2n ph\u1ed1i thi\u1ebft b\u1ecb kh\u00ed n\u00e9n v\u00e0 thi\u1ebft b\u1ecb t\u1ef1 \u0111\u1ed9ng h\u00f3a trong c\u00f4ng nghi\u1ec7p\",\"publisher\":{\"@id\":\"https:\/\/omanivietnam.com\/#\/schema\/person\/0ad398a980dc3fd696111c2c5c8fa897\"},\"potentialAction\":[{\"@type\":\"SearchAction\",\"target\":{\"@type\":\"EntryPoint\",\"urlTemplate\":\"https:\/\/omanivietnam.com\/?s={search_term_string}\"},\"query-input\":\"required name=search_term_string\"}],\"inLanguage\":\"vi\"},{\"@type\":[\"Person\",\"Organization\"],\"@id\":\"https:\/\/omanivietnam.com\/#\/schema\/person\/0ad398a980dc3fd696111c2c5c8fa897\",\"name\":\"Nguy\u1ec5n V\u0103n Kh\u00e1nh\",\"image\":{\"@type\":\"ImageObject\",\"inLanguage\":\"vi\",\"@id\":\"https:\/\/omanivietnam.com\/#\/schema\/person\/image\/\",\"url\":\"https:\/\/omanivietnam.com\/wp-content\/uploads\/2024\/06\/logo-1024x1024.png\",\"contentUrl\":\"https:\/\/omanivietnam.com\/wp-content\/uploads\/2024\/06\/logo-1024x1024.png\",\"width\":1024,\"height\":1024,\"caption\":\"Nguy\u1ec5n V\u0103n Kh\u00e1nh\"},\"logo\":{\"@id\":\"https:\/\/omanivietnam.com\/#\/schema\/person\/image\/\"},\"sameAs\":[\"https:\/\/omanivietnam.com\"]}]}<\/script>\n<!-- \/ Yoast SEO plugin. -->","yoast_head_json":{"title":"ALLEN BRADLEY 1756-L72 - OMANI VI\u1ec6T NAM","description":"ALLEN BRADLEY 1756-L72 ControlLogix 4 MB Controller","robots":{"index":"index","follow":"follow","max-snippet":"max-snippet:-1","max-image-preview":"max-image-preview:large","max-video-preview":"max-video-preview:-1"},"canonical":"https:\/\/omanivietnam.com\/index.php\/san-pham\/allen-bradley-1756-l72\/","og_locale":"vi_VN","og_type":"article","og_title":"ALLEN BRADLEY 1756-L72 - OMANI VI\u1ec6T NAM","og_description":"ALLEN BRADLEY 1756-L72 ControlLogix 4 MB Controller","og_url":"https:\/\/omanivietnam.com\/index.php\/san-pham\/allen-bradley-1756-l72\/","og_site_name":"OMANI VI\u1ec6T NAM","article_modified_time":"2025-07-23T14:09:09+00:00","og_image":[{"width":697,"height":436,"url":"https:\/\/omanivietnam.com\/wp-content\/uploads\/2024\/09\/1756-L72-1.png","type":"image\/png"}],"twitter_card":"summary_large_image","twitter_misc":{"\u01af\u1edbc t\u00ednh th\u1eddi gian \u0111\u1ecdc":"7 ph\u00fat"},"schema":{"@context":"https:\/\/schema.org","@graph":[{"@type":"WebPage","@id":"https:\/\/omanivietnam.com\/index.php\/san-pham\/allen-bradley-1756-l72\/","url":"https:\/\/omanivietnam.com\/index.php\/san-pham\/allen-bradley-1756-l72\/","name":"ALLEN BRADLEY 1756-L72 - OMANI VI\u1ec6T NAM","isPartOf":{"@id":"https:\/\/omanivietnam.com\/#website"},"primaryImageOfPage":{"@id":"https:\/\/omanivietnam.com\/index.php\/san-pham\/allen-bradley-1756-l72\/#primaryimage"},"image":{"@id":"https:\/\/omanivietnam.com\/index.php\/san-pham\/allen-bradley-1756-l72\/#primaryimage"},"thumbnailUrl":"https:\/\/omanivietnam.com\/wp-content\/uploads\/2024\/09\/1756-L72-1.png","datePublished":"2024-09-28T13:21:10+00:00","dateModified":"2025-07-23T14:09:09+00:00","description":"ALLEN BRADLEY 1756-L72 ControlLogix 4 MB Controller","breadcrumb":{"@id":"https:\/\/omanivietnam.com\/index.php\/san-pham\/allen-bradley-1756-l72\/#breadcrumb"},"inLanguage":"vi","potentialAction":[{"@type":"ReadAction","target":["https:\/\/omanivietnam.com\/index.php\/san-pham\/allen-bradley-1756-l72\/"]}]},{"@type":"ImageObject","inLanguage":"vi","@id":"https:\/\/omanivietnam.com\/index.php\/san-pham\/allen-bradley-1756-l72\/#primaryimage","url":"https:\/\/omanivietnam.com\/wp-content\/uploads\/2024\/09\/1756-L72-1.png","contentUrl":"https:\/\/omanivietnam.com\/wp-content\/uploads\/2024\/09\/1756-L72-1.png","width":697,"height":436},{"@type":"BreadcrumbList","@id":"https:\/\/omanivietnam.com\/index.php\/san-pham\/allen-bradley-1756-l72\/#breadcrumb","itemListElement":[{"@type":"ListItem","position":1,"name":"Home","item":"https:\/\/omanivietnam.com\/"},{"@type":"ListItem","position":2,"name":"S\u1ea2N PH\u1ea8M","item":"https:\/\/omanivietnam.com\/index.php\/cua-hang\/"},{"@type":"ListItem","position":3,"name":"ALLEN BRADLEY 1756-L72"}]},{"@type":"WebSite","@id":"https:\/\/omanivietnam.com\/#website","url":"https:\/\/omanivietnam.com\/","name":"OMANI VI\u1ec6T NAM","description":"Nh\u00e0 ph\u00e2n ph\u1ed1i thi\u1ebft b\u1ecb kh\u00ed n\u00e9n v\u00e0 thi\u1ebft b\u1ecb t\u1ef1 \u0111\u1ed9ng h\u00f3a trong c\u00f4ng nghi\u1ec7p","publisher":{"@id":"https:\/\/omanivietnam.com\/#\/schema\/person\/0ad398a980dc3fd696111c2c5c8fa897"},"potentialAction":[{"@type":"SearchAction","target":{"@type":"EntryPoint","urlTemplate":"https:\/\/omanivietnam.com\/?s={search_term_string}"},"query-input":"required name=search_term_string"}],"inLanguage":"vi"},{"@type":["Person","Organization"],"@id":"https:\/\/omanivietnam.com\/#\/schema\/person\/0ad398a980dc3fd696111c2c5c8fa897","name":"Nguy\u1ec5n V\u0103n Kh\u00e1nh","image":{"@type":"ImageObject","inLanguage":"vi","@id":"https:\/\/omanivietnam.com\/#\/schema\/person\/image\/","url":"https:\/\/omanivietnam.com\/wp-content\/uploads\/2024\/06\/logo-1024x1024.png","contentUrl":"https:\/\/omanivietnam.com\/wp-content\/uploads\/2024\/06\/logo-1024x1024.png","width":1024,"height":1024,"caption":"Nguy\u1ec5n V\u0103n Kh\u00e1nh"},"logo":{"@id":"https:\/\/omanivietnam.com\/#\/schema\/person\/image\/"},"sameAs":["https:\/\/omanivietnam.com"]}]}},"_links":{"self":[{"href":"https:\/\/omanivietnam.com\/index.php\/wp-json\/wp\/v2\/product\/1898","targetHints":{"allow":["GET"]}}],"collection":[{"href":"https:\/\/omanivietnam.com\/index.php\/wp-json\/wp\/v2\/product"}],"about":[{"href":"https:\/\/omanivietnam.com\/index.php\/wp-json\/wp\/v2\/types\/product"}],"replies":[{"embeddable":true,"href":"https:\/\/omanivietnam.com\/index.php\/wp-json\/wp\/v2\/comments?post=1898"}],"wp:featuredmedia":[{"embeddable":true,"href":"https:\/\/omanivietnam.com\/index.php\/wp-json\/wp\/v2\/media\/1900"}],"wp:attachment":[{"href":"https:\/\/omanivietnam.com\/index.php\/wp-json\/wp\/v2\/media?parent=1898"}],"wp:term":[{"taxonomy":"product_cat","embeddable":true,"href":"https:\/\/omanivietnam.com\/index.php\/wp-json\/wp\/v2\/product_cat?post=1898"},{"taxonomy":"product_tag","embeddable":true,"href":"https:\/\/omanivietnam.com\/index.php\/wp-json\/wp\/v2\/product_tag?post=1898"}],"curies":[{"name":"wp","href":"https:\/\/api.w.org\/{rel}","templated":true}]}}