{"id":1920,"date":"2024-09-29T15:06:59","date_gmt":"2024-09-29T08:06:59","guid":{"rendered":"https:\/\/omanivietnam.com\/?post_type=product&#038;p=1920"},"modified":"2024-09-29T15:15:18","modified_gmt":"2024-09-29T08:15:18","slug":"convum-sc3-fe","status":"publish","type":"product","link":"https:\/\/omanivietnam.com\/index.php\/san-pham\/convum-sc3-fe\/","title":{"rendered":"CONVUM SC3-FE"},"content":{"rendered":"<p class=\"product_title entry-title\">CONVUM SC3-FE<\/p>\n<p>CONVUM SC3-FE<\/p>\n<p><em>CONVUM<\/em>\u00a0Vi\u1ec7t Nam\u00a0<em>SC3<\/em>\u00a0C\u00f3 th\u1ec3 l\u1ef1a ch\u1ecdn v\u00f2i phun \u0110a giai \u0111o\u1ea1n C\u00f3 th\u1ec3 l\u1ef1a ch\u1ecdn b\u1ed9 l\u1ecdc c\u00f3 v\u00e0 kh\u00f4ng c\u00f3 b\u1ed9 l\u1ecdc v\u00e0 b\u1ed9 c\u1ea3m bi\u1ebfn \u0110\u01b0\u1ee3c g\u1eafn v\u1edbi van ki\u1ec3m tra c\u00f3 th\u1ec3 d\u00f9ng\u00a0\u2026<\/p>\n<p><em>SC3<\/em>\u2013<em>FE<\/em>\u00a0(Filter element). SC3-10SU ( Sliencer unit,applicable nozzle: 105, 10L)<\/p>\n<p><em>SC3<\/em>\u00a0\u30fc FU. FU. Filter unit\uff08body,with element\uff09.\u00a0<em>FE<\/em>. Filter element\uff08only element\uff09. CKV010-4E. Common for vacuum generation and blow-off. \u203b Lead wire length\u00a0\u2026<\/p>\n<p><img decoding=\"async\" src=\"https:\/\/convum.co.jp\/products\/wp-content\/uploads\/sc3-en-main.jpg\" \/><\/p>\n<p>\u0110\u1ea1i l\u00fd Convum vietnam, Convum viet nam, Convum vietnam distributor, Ph\u00e2n ph\u1ed1i Convum t\u1ea1i vi\u1ec7t nam<\/p>\n<p>\u0110\u1ea1i l\u00fd Convum vietnam, Convum viet nam, Convum vietnam distributor, Ph\u00e2n ph\u1ed1i Convum t\u1ea1i vi\u1ec7t nam<\/p>\n<p>\u0110\u1ea1i l\u00fd Convum vietnam, Convum viet nam, Convum vietnam distributor, Ph\u00e2n ph\u1ed1i Convum t\u1ea1i vi\u1ec7t nam<\/p>\n<p>\u0110\u1ea1i l\u00fd Convum vietnam, Convum viet nam, Convum vietnam distributor, Ph\u00e2n ph\u1ed1i Convum t\u1ea1i vi\u1ec7t nam<\/p>\n<p>\u0110\u1ea1i l\u00fd Convum vietnam, Convum viet nam, Convum vietnam distributor, Ph\u00e2n ph\u1ed1i Convum t\u1ea1i vi\u1ec7t nam<\/p>\n<p>&nbsp;<\/p>\n","protected":false},"excerpt":{"rendered":"<p>CONVUM SC3-FE CONVUM SC3-FE CONVUM\u00a0Vi\u1ec7t Nam\u00a0SC3\u00a0C\u00f3 th\u1ec3 l\u1ef1a ch\u1ecdn v\u00f2i phun \u0110a giai \u0111o\u1ea1n C\u00f3 th\u1ec3 l\u1ef1a ch\u1ecdn b\u1ed9 l\u1ecdc c\u00f3 v\u00e0 kh\u00f4ng c\u00f3 b\u1ed9 l\u1ecdc v\u00e0 b\u1ed9 c\u1ea3m bi\u1ebfn \u0110\u01b0\u1ee3c g\u1eafn v\u1edbi van ki\u1ec3m tra c\u00f3 th\u1ec3 d\u00f9ng\u00a0\u2026 SC3\u2013FE\u00a0(Filter element). SC3-10SU ( Sliencer unit,applicable nozzle: 105, 10L) SC3\u00a0\u30fc FU.&hellip; <\/p>\n","protected":false},"featured_media":1921,"comment_status":"open","ping_status":"closed","template":"","meta":[],"product_cat":[335],"product_tag":[238,258,259],"class_list":{"0":"post-1920","1":"product","2":"type-product","3":"status-publish","4":"has-post-thumbnail","6":"product_cat-convum","7":"product_tag-bo-loc","8":"product_tag-convum-viet-nam","9":"product_tag-dai-ly-convum-viet-nam","11":"first","12":"instock","13":"shipping-taxable","14":"product-type-simple"},"yoast_head":"<!-- This site is optimized with the Yoast SEO plugin v22.8 - https:\/\/yoast.com\/wordpress\/plugins\/seo\/ -->\n<title>CONVUM SC3-FE - OMANI VI\u1ec6T NAM<\/title>\n<meta name=\"robots\" content=\"index, follow, max-snippet:-1, max-image-preview:large, max-video-preview:-1\" \/>\n<link rel=\"canonical\" href=\"https:\/\/omanivietnam.com\/index.php\/san-pham\/convum-sc3-fe\/\" \/>\n<meta property=\"og:locale\" content=\"vi_VN\" \/>\n<meta property=\"og:type\" content=\"article\" \/>\n<meta property=\"og:title\" content=\"CONVUM SC3-FE - OMANI VI\u1ec6T NAM\" \/>\n<meta property=\"og:description\" content=\"CONVUM SC3-FE CONVUM SC3-FE CONVUM\u00a0Vi\u1ec7t Nam\u00a0SC3\u00a0C\u00f3 th\u1ec3 l\u1ef1a ch\u1ecdn v\u00f2i phun \u0110a giai \u0111o\u1ea1n C\u00f3 th\u1ec3 l\u1ef1a ch\u1ecdn b\u1ed9 l\u1ecdc c\u00f3 v\u00e0 kh\u00f4ng c\u00f3 b\u1ed9 l\u1ecdc v\u00e0 b\u1ed9 c\u1ea3m bi\u1ebfn \u0110\u01b0\u1ee3c g\u1eafn v\u1edbi van ki\u1ec3m tra c\u00f3 th\u1ec3 d\u00f9ng\u00a0\u2026 SC3\u2013FE\u00a0(Filter element). SC3-10SU ( Sliencer unit,applicable nozzle: 105, 10L) SC3\u00a0\u30fc FU.&hellip;\" \/>\n<meta property=\"og:url\" content=\"https:\/\/omanivietnam.com\/index.php\/san-pham\/convum-sc3-fe\/\" \/>\n<meta property=\"og:site_name\" content=\"OMANI VI\u1ec6T NAM\" \/>\n<meta property=\"article:modified_time\" content=\"2024-09-29T08:15:18+00:00\" \/>\n<meta property=\"og:image\" content=\"https:\/\/omanivietnam.com\/wp-content\/uploads\/2024\/09\/SC3-FE.png\" \/>\n\t<meta property=\"og:image:width\" content=\"729\" \/>\n\t<meta property=\"og:image:height\" content=\"797\" \/>\n\t<meta property=\"og:image:type\" content=\"image\/png\" \/>\n<meta name=\"twitter:card\" content=\"summary_large_image\" \/>\n<meta name=\"twitter:label1\" content=\"\u01af\u1edbc t\u00ednh th\u1eddi gian \u0111\u1ecdc\" \/>\n\t<meta name=\"twitter:data1\" content=\"2 ph\u00fat\" \/>\n<script type=\"application\/ld+json\" class=\"yoast-schema-graph\">{\"@context\":\"https:\/\/schema.org\",\"@graph\":[{\"@type\":\"WebPage\",\"@id\":\"https:\/\/omanivietnam.com\/index.php\/san-pham\/convum-sc3-fe\/\",\"url\":\"https:\/\/omanivietnam.com\/index.php\/san-pham\/convum-sc3-fe\/\",\"name\":\"CONVUM SC3-FE - OMANI VI\u1ec6T NAM\",\"isPartOf\":{\"@id\":\"https:\/\/omanivietnam.com\/#website\"},\"primaryImageOfPage\":{\"@id\":\"https:\/\/omanivietnam.com\/index.php\/san-pham\/convum-sc3-fe\/#primaryimage\"},\"image\":{\"@id\":\"https:\/\/omanivietnam.com\/index.php\/san-pham\/convum-sc3-fe\/#primaryimage\"},\"thumbnailUrl\":\"https:\/\/omanivietnam.com\/wp-content\/uploads\/2024\/09\/SC3-FE.png\",\"datePublished\":\"2024-09-29T08:06:59+00:00\",\"dateModified\":\"2024-09-29T08:15:18+00:00\",\"breadcrumb\":{\"@id\":\"https:\/\/omanivietnam.com\/index.php\/san-pham\/convum-sc3-fe\/#breadcrumb\"},\"inLanguage\":\"vi\",\"potentialAction\":[{\"@type\":\"ReadAction\",\"target\":[\"https:\/\/omanivietnam.com\/index.php\/san-pham\/convum-sc3-fe\/\"]}]},{\"@type\":\"ImageObject\",\"inLanguage\":\"vi\",\"@id\":\"https:\/\/omanivietnam.com\/index.php\/san-pham\/convum-sc3-fe\/#primaryimage\",\"url\":\"https:\/\/omanivietnam.com\/wp-content\/uploads\/2024\/09\/SC3-FE.png\",\"contentUrl\":\"https:\/\/omanivietnam.com\/wp-content\/uploads\/2024\/09\/SC3-FE.png\",\"width\":729,\"height\":797},{\"@type\":\"BreadcrumbList\",\"@id\":\"https:\/\/omanivietnam.com\/index.php\/san-pham\/convum-sc3-fe\/#breadcrumb\",\"itemListElement\":[{\"@type\":\"ListItem\",\"position\":1,\"name\":\"Home\",\"item\":\"https:\/\/omanivietnam.com\/\"},{\"@type\":\"ListItem\",\"position\":2,\"name\":\"S\u1ea2N PH\u1ea8M\",\"item\":\"https:\/\/omanivietnam.com\/index.php\/cua-hang\/\"},{\"@type\":\"ListItem\",\"position\":3,\"name\":\"CONVUM SC3-FE\"}]},{\"@type\":\"WebSite\",\"@id\":\"https:\/\/omanivietnam.com\/#website\",\"url\":\"https:\/\/omanivietnam.com\/\",\"name\":\"OMANI VI\u1ec6T NAM\",\"description\":\"Nh\u00e0 ph\u00e2n ph\u1ed1i thi\u1ebft b\u1ecb kh\u00ed n\u00e9n v\u00e0 thi\u1ebft b\u1ecb t\u1ef1 \u0111\u1ed9ng h\u00f3a trong c\u00f4ng nghi\u1ec7p\",\"publisher\":{\"@id\":\"https:\/\/omanivietnam.com\/#\/schema\/person\/0ad398a980dc3fd696111c2c5c8fa897\"},\"potentialAction\":[{\"@type\":\"SearchAction\",\"target\":{\"@type\":\"EntryPoint\",\"urlTemplate\":\"https:\/\/omanivietnam.com\/?s={search_term_string}\"},\"query-input\":\"required name=search_term_string\"}],\"inLanguage\":\"vi\"},{\"@type\":[\"Person\",\"Organization\"],\"@id\":\"https:\/\/omanivietnam.com\/#\/schema\/person\/0ad398a980dc3fd696111c2c5c8fa897\",\"name\":\"Nguy\u1ec5n V\u0103n Kh\u00e1nh\",\"image\":{\"@type\":\"ImageObject\",\"inLanguage\":\"vi\",\"@id\":\"https:\/\/omanivietnam.com\/#\/schema\/person\/image\/\",\"url\":\"https:\/\/omanivietnam.com\/wp-content\/uploads\/2024\/06\/logo-1024x1024.png\",\"contentUrl\":\"https:\/\/omanivietnam.com\/wp-content\/uploads\/2024\/06\/logo-1024x1024.png\",\"width\":1024,\"height\":1024,\"caption\":\"Nguy\u1ec5n V\u0103n Kh\u00e1nh\"},\"logo\":{\"@id\":\"https:\/\/omanivietnam.com\/#\/schema\/person\/image\/\"},\"sameAs\":[\"https:\/\/omanivietnam.com\"]}]}<\/script>\n<!-- \/ Yoast SEO plugin. -->","yoast_head_json":{"title":"CONVUM SC3-FE - OMANI VI\u1ec6T NAM","robots":{"index":"index","follow":"follow","max-snippet":"max-snippet:-1","max-image-preview":"max-image-preview:large","max-video-preview":"max-video-preview:-1"},"canonical":"https:\/\/omanivietnam.com\/index.php\/san-pham\/convum-sc3-fe\/","og_locale":"vi_VN","og_type":"article","og_title":"CONVUM SC3-FE - OMANI VI\u1ec6T NAM","og_description":"CONVUM SC3-FE CONVUM SC3-FE CONVUM\u00a0Vi\u1ec7t Nam\u00a0SC3\u00a0C\u00f3 th\u1ec3 l\u1ef1a ch\u1ecdn v\u00f2i phun \u0110a giai \u0111o\u1ea1n C\u00f3 th\u1ec3 l\u1ef1a ch\u1ecdn b\u1ed9 l\u1ecdc c\u00f3 v\u00e0 kh\u00f4ng c\u00f3 b\u1ed9 l\u1ecdc v\u00e0 b\u1ed9 c\u1ea3m bi\u1ebfn \u0110\u01b0\u1ee3c g\u1eafn v\u1edbi van ki\u1ec3m tra c\u00f3 th\u1ec3 d\u00f9ng\u00a0\u2026 SC3\u2013FE\u00a0(Filter element). SC3-10SU ( Sliencer unit,applicable nozzle: 105, 10L) SC3\u00a0\u30fc FU.&hellip;","og_url":"https:\/\/omanivietnam.com\/index.php\/san-pham\/convum-sc3-fe\/","og_site_name":"OMANI VI\u1ec6T NAM","article_modified_time":"2024-09-29T08:15:18+00:00","og_image":[{"width":729,"height":797,"url":"https:\/\/omanivietnam.com\/wp-content\/uploads\/2024\/09\/SC3-FE.png","type":"image\/png"}],"twitter_card":"summary_large_image","twitter_misc":{"\u01af\u1edbc t\u00ednh th\u1eddi gian \u0111\u1ecdc":"2 ph\u00fat"},"schema":{"@context":"https:\/\/schema.org","@graph":[{"@type":"WebPage","@id":"https:\/\/omanivietnam.com\/index.php\/san-pham\/convum-sc3-fe\/","url":"https:\/\/omanivietnam.com\/index.php\/san-pham\/convum-sc3-fe\/","name":"CONVUM SC3-FE - OMANI VI\u1ec6T NAM","isPartOf":{"@id":"https:\/\/omanivietnam.com\/#website"},"primaryImageOfPage":{"@id":"https:\/\/omanivietnam.com\/index.php\/san-pham\/convum-sc3-fe\/#primaryimage"},"image":{"@id":"https:\/\/omanivietnam.com\/index.php\/san-pham\/convum-sc3-fe\/#primaryimage"},"thumbnailUrl":"https:\/\/omanivietnam.com\/wp-content\/uploads\/2024\/09\/SC3-FE.png","datePublished":"2024-09-29T08:06:59+00:00","dateModified":"2024-09-29T08:15:18+00:00","breadcrumb":{"@id":"https:\/\/omanivietnam.com\/index.php\/san-pham\/convum-sc3-fe\/#breadcrumb"},"inLanguage":"vi","potentialAction":[{"@type":"ReadAction","target":["https:\/\/omanivietnam.com\/index.php\/san-pham\/convum-sc3-fe\/"]}]},{"@type":"ImageObject","inLanguage":"vi","@id":"https:\/\/omanivietnam.com\/index.php\/san-pham\/convum-sc3-fe\/#primaryimage","url":"https:\/\/omanivietnam.com\/wp-content\/uploads\/2024\/09\/SC3-FE.png","contentUrl":"https:\/\/omanivietnam.com\/wp-content\/uploads\/2024\/09\/SC3-FE.png","width":729,"height":797},{"@type":"BreadcrumbList","@id":"https:\/\/omanivietnam.com\/index.php\/san-pham\/convum-sc3-fe\/#breadcrumb","itemListElement":[{"@type":"ListItem","position":1,"name":"Home","item":"https:\/\/omanivietnam.com\/"},{"@type":"ListItem","position":2,"name":"S\u1ea2N PH\u1ea8M","item":"https:\/\/omanivietnam.com\/index.php\/cua-hang\/"},{"@type":"ListItem","position":3,"name":"CONVUM SC3-FE"}]},{"@type":"WebSite","@id":"https:\/\/omanivietnam.com\/#website","url":"https:\/\/omanivietnam.com\/","name":"OMANI VI\u1ec6T NAM","description":"Nh\u00e0 ph\u00e2n ph\u1ed1i thi\u1ebft b\u1ecb kh\u00ed n\u00e9n v\u00e0 thi\u1ebft b\u1ecb t\u1ef1 \u0111\u1ed9ng h\u00f3a trong c\u00f4ng nghi\u1ec7p","publisher":{"@id":"https:\/\/omanivietnam.com\/#\/schema\/person\/0ad398a980dc3fd696111c2c5c8fa897"},"potentialAction":[{"@type":"SearchAction","target":{"@type":"EntryPoint","urlTemplate":"https:\/\/omanivietnam.com\/?s={search_term_string}"},"query-input":"required name=search_term_string"}],"inLanguage":"vi"},{"@type":["Person","Organization"],"@id":"https:\/\/omanivietnam.com\/#\/schema\/person\/0ad398a980dc3fd696111c2c5c8fa897","name":"Nguy\u1ec5n V\u0103n Kh\u00e1nh","image":{"@type":"ImageObject","inLanguage":"vi","@id":"https:\/\/omanivietnam.com\/#\/schema\/person\/image\/","url":"https:\/\/omanivietnam.com\/wp-content\/uploads\/2024\/06\/logo-1024x1024.png","contentUrl":"https:\/\/omanivietnam.com\/wp-content\/uploads\/2024\/06\/logo-1024x1024.png","width":1024,"height":1024,"caption":"Nguy\u1ec5n V\u0103n Kh\u00e1nh"},"logo":{"@id":"https:\/\/omanivietnam.com\/#\/schema\/person\/image\/"},"sameAs":["https:\/\/omanivietnam.com"]}]}},"_links":{"self":[{"href":"https:\/\/omanivietnam.com\/index.php\/wp-json\/wp\/v2\/product\/1920","targetHints":{"allow":["GET"]}}],"collection":[{"href":"https:\/\/omanivietnam.com\/index.php\/wp-json\/wp\/v2\/product"}],"about":[{"href":"https:\/\/omanivietnam.com\/index.php\/wp-json\/wp\/v2\/types\/product"}],"replies":[{"embeddable":true,"href":"https:\/\/omanivietnam.com\/index.php\/wp-json\/wp\/v2\/comments?post=1920"}],"wp:featuredmedia":[{"embeddable":true,"href":"https:\/\/omanivietnam.com\/index.php\/wp-json\/wp\/v2\/media\/1921"}],"wp:attachment":[{"href":"https:\/\/omanivietnam.com\/index.php\/wp-json\/wp\/v2\/media?parent=1920"}],"wp:term":[{"taxonomy":"product_cat","embeddable":true,"href":"https:\/\/omanivietnam.com\/index.php\/wp-json\/wp\/v2\/product_cat?post=1920"},{"taxonomy":"product_tag","embeddable":true,"href":"https:\/\/omanivietnam.com\/index.php\/wp-json\/wp\/v2\/product_tag?post=1920"}],"curies":[{"name":"wp","href":"https:\/\/api.w.org\/{rel}","templated":true}]}}