{"id":2121,"date":"2024-10-13T09:18:14","date_gmt":"2024-10-13T02:18:14","guid":{"rendered":"https:\/\/omanivietnam.com\/?post_type=product&#038;p=2121"},"modified":"2025-04-22T21:20:42","modified_gmt":"2025-04-22T14:20:42","slug":"pilz-pnoz-mi1p-773400","status":"publish","type":"product","link":"https:\/\/omanivietnam.com\/index.php\/san-pham\/pilz-pnoz-mi1p-773400\/","title":{"rendered":"PILZ PNOZ MI1P  773400"},"content":{"rendered":"<p>PILZ PNOZ MI1P 773400<\/p>\n<p><strong>T\u1ed5ng quan s\u1ea3n ph\u1ea9m<\/strong><\/p>\n<p>R\u01a1 le an to\u00e0n<strong>\u00a0PILZ PNOZ mi1p 8 input (773400)\u00a0<\/strong>l\u00e0 m\u1ed9t lo\u1ea1i m\u00f4-\u0111un \u0111\u1ea7u v\u00e0o thu\u1ed9c s\u00ea-ri Pilz PNOZ multi, c\u00f3 8 \u0111\u1ea7u v\u00e0o, hi\u1ec7u \u0111i\u1ec7n th\u1ebf 24 V DC. N\u00f3 c\u00f3 th\u1ec3 k\u1ebft n\u1ed1i t\u1ed1i \u0111a 8 m\u00f4-\u0111un \u0111\u1ea7u v\u00e0o v\u1edbi thi\u1ebft b\u1ecb c\u01a1 s\u1edf b\u1eb1ng c\u00e1ch s\u1eed d\u1ee5ng c\u00e1c n\u00fat nh\u1ea3y \u1edf m\u1eb7t sau c\u1ee7a thi\u1ebft b\u1ecb. Gi\u00fap gi\u00e1m s\u00e1t v\u00e0 ki\u1ec3m so\u00e1t s\u1ef1 an to\u00e0n cho c\u00e1c m\u00e1y m\u00f3c ph\u1ee9c t\u1ea1p trong nh\u00e0 m\u00e0y. S\u1ea3n ph\u1ea9m th\u00f4ng minh n\u00e0y, \u0111\u1eb7c bi\u1ec7t ph\u00f9 h\u1ee3p trong k\u1ef9 thu\u1eadt x\u1eed l\u00fd, c\u00e1p treo\/h\u1ec7 th\u1ed1ng thang m\u00e1y v\u00e0 \u0111i\u1ec1u khi\u1ec3n \u0111\u1ea7u \u0111\u1ed1t\u2026<\/p>\n<ul>\n<li>C\u1ea5u h\u00ecnh \u0111\u01a1n gi\u1ea3n v\u1edbi ph\u1ea7n m\u1ec1m PNOZmulti Configurator<\/li>\n<li>Gi\u00e1m s\u00e1t \u0111\u1ea7u v\u00e0o an to\u00e0n<\/li>\n<li>D\u1ea3i nhi\u1ec7t \u0111\u1ed9 ho\u1ea1t \u0111\u1ed9ng r\u1ed9ng n\u1eb1m trong kho\u1ea3ng t\u1eeb 0\u00b0C \u0111\u1ebfn 60\u00b0C<\/li>\n<li>Chi ph\u00ed \u0111i d\u00e2y th\u1ea5p th\u00f4ng qua c\u00e1c thi\u1ebft b\u1ecb \u0111\u1ea7u cu\u1ed1i k\u1ebft n\u1ed1i c\u00f3 th\u1ec3 c\u1eafm \u0111\u01b0\u1ee3c<\/li>\n<\/ul>\n<h2><strong>Th\u00f4ng tin chi ti\u1ebft PILZ PNOZ mi1p 8 input (773400)<\/strong><\/h2>\n<ul>\n<li>Lo\u1ea1i: PNOZ mi1p<\/li>\n<li>M\u00e3 h\u00e0ng: PNOZ mi1p 8 input<\/li>\n<li>Part no: 773400<\/li>\n<li>K\u1ebft n\u1ed1i: C\u1eafm v\u00e0o<\/li>\n<li>S\u1ed1 \u0111\u1ea7u v\u00e0o: 8<\/li>\n<li>S\u1ed1 \u0111\u1ea7u ra: 0<\/li>\n<li>K\u00edch th\u01b0\u1edbc (W x H x D): 22,5mm x 94mm x 121mm<\/li>\n<\/ul>\n<p><strong>Chi ti\u1ebft k\u1ef9 thu\u1eadt s\u1ea3n ph\u1ea9m<\/strong><\/p>\n<table width=\"536\">\n<tbody>\n<tr>\n<td width=\"281\">M\u1ee5c \u0111\u00edch c\u1ee7a UINT1<\/td>\n<td width=\"255\">Cung c\u1ea5p m\u00f4-\u0111un<\/td>\n<\/tr>\n<tr>\n<td width=\"281\">Ngu\u1ed3n \u0111i\u1ec7n \u00e1p b\u00ean trong<\/td>\n<td width=\"255\">Th\u00f4ng qua \u0111\u01a1n v\u1ecb c\u01a1 s\u1edf<\/td>\n<\/tr>\n<tr>\n<td width=\"281\">Lo\u1ea1i \u0111i\u1ec7n \u00e1p c\u1ee7a UINT1<\/td>\n<td width=\"255\">DC<\/td>\n<\/tr>\n<tr>\n<td width=\"281\">Dung sai c\u1ee7a UINT m\u00f4-\u0111un<\/td>\n<td width=\"255\">-2 %\/+2 %<\/td>\n<\/tr>\n<tr>\n<td width=\"281\">S\u1ed1 l\u01b0\u1ee3ng \u0111\u1ea7u v\u00e0o k\u1ef9 thu\u1eadt s\u1ed1<\/td>\n<td width=\"255\">8<\/td>\n<\/tr>\n<tr>\n<td width=\"281\">M\u1ee9c t\u00edn hi\u1ec7u \u1edf \u0111\u1ea7u v\u00e0o<\/td>\n<td width=\"255\">-3 \u2013 +5VDC<\/td>\n<\/tr>\n<tr>\n<td width=\"281\">\u0110\u1ea7u v\u00e0o U theo EN 61131-2 lo\u1ea1i 1<\/td>\n<td width=\"255\">24 V m\u1ed9t chi\u1ec1u<\/td>\n<\/tr>\n<tr>\n<td width=\"281\">Thi\u1ebft b\u1ecb \u0111\u1ea7u cu\u1ed1i k\u1ebft n\u1ed1i<\/td>\n<td width=\"255\">Thi\u1ebft b\u1ecb \u0111\u1ea7u cu\u1ed1i tr\u1ee5c v\u00edtThi\u1ebft b\u1ecb \u0111\u1ea7u cu\u1ed1i l\u00f2 xo<\/td>\n<\/tr>\n<tr>\n<td width=\"281\">G\u1eafn<\/td>\n<td width=\"255\">DIN<\/td>\n<\/tr>\n<tr>\n<td width=\"281\">V\u1ecb tr\u00ed l\u1eafp \u0111\u1eb7t<\/td>\n<td width=\"255\">N\u1eb1m ngang tr\u00ean \u0111\u01b0\u1eddng ray m\u0169 tr\u00ean c\u00f9ng<\/td>\n<\/tr>\n<tr>\n<td width=\"281\">Kh\u1ed1i l\u01b0\u1ee3ng t\u1ecbnh<\/td>\n<td width=\"255\">120 gam<\/td>\n<\/tr>\n<tr>\n<td width=\"281\">Nhi\u1ec7t \u0111\u1ed9 ho\u1ea1t \u0111\u1ed9ng<\/td>\n<td width=\"255\">0\u202660\u00b0C<\/td>\n<\/tr>\n<\/tbody>\n<\/table>\n<p>Relay Safety PILZ PNOZ mi1p 773400<\/p>\n<p>Th\u00f4ng s\u1ed1 k\u1ef9 thu\u1eadt: Relay Safety PILZ PNOZ mi1p 773400<\/p>\n<div class=\"accordeon\">\n<div class=\"accordeon\">\n<div class=\"table-responsive\">\n<table>\n<tbody>\n<tr>\n<td class=\"\">S\u1ed1 l\u01b0\u1ee3ng \u0111\u1ea7u v\u00e0o k\u1ef9 thu\u1eadt s\u1ed1:<\/td>\n<td class=\"\">8<\/td>\n<\/tr>\n<tr>\n<td class=\"\">Phi\u00ean b\u1ea3n cho m\u00f4i tr\u01b0\u1eddng:<\/td>\n<td class=\"\">Ti\u00eau chu\u1ea9n<\/td>\n<\/tr>\n<tr>\n<td class=\"\">K\u00edch th\u01b0\u1edbc chi\u1ec1u r\u1ed9ng:<\/td>\n<td class=\"\">22,5 mm<\/td>\n<\/tr>\n<tr>\n<td class=\"\">Chi\u1ec1u cao:<\/td>\n<td class=\"\">94,0 mm<\/td>\n<\/tr>\n<tr>\n<td class=\"\">Chi\u1ec1u s\u00e2u:<\/td>\n<td class=\"\">121,0 mm<\/td>\n<\/tr>\n<tr>\n<td class=\"\">Tr\u1ecdng l\u01b0\u1ee3ng th\u00f4:<\/td>\n<td class=\"\">138 g<\/td>\n<\/tr>\n<tr>\n<td class=\"\">Kh\u1ed1i l\u01b0\u1ee3ng t\u1ecbnh:<\/td>\n<td class=\"\">120 g<\/td>\n<\/tr>\n<tr>\n<td class=\"\">Nhi\u1ec7t \u0111\u1ed9 m\u00f4i tr\u01b0\u1eddng:<\/td>\n<td class=\"\">0 \u2013 60 \u00b0 C<\/td>\n<\/tr>\n<\/tbody>\n<\/table>\n<div class=\"prd-block-desc\"><\/div>\n<p class=\"prd-block-desc\"><strong>Ph\u1ee5 ki\u1ec7n:<\/strong><\/p>\n<div class=\"prd-block-desc\">Vui l\u00f2ng ch\u1ecdn phi\u00ean b\u1ea3n ph\u00f9 h\u1ee3p c\u1ee7a b\u1ea1n cho t\u1eebng lo\u1ea1i ph\u1ee5 ki\u1ec7n.<\/div>\n<div class=\"prd-block-desc\"><\/div>\n<div class=\"row\">\n<div class=\"col-100\">\n<div class=\"table-responsive\">\n<table>\n<tbody>\n<tr data-index=\"0\">\n<td class=\"prod-code hidden-xs\">783400<\/td>\n<td class=\"prod-desc\">\n<div class=\"col-xs-12 col-sm-12 col-md-12 col-lg-12\">\n<p>PNOZmulti \u0110\u1eb7t thi\u1ebft b\u1ecb \u0111\u1ea7u cu\u1ed1i t\u1ea3i m\u00f9a xu\u00e2n<\/p>\n<div class=\"cat-prd-ldsc\">1 b\u1ed9 thi\u1ebft b\u1ecb \u0111\u1ea7u cu\u1ed1i t\u1ea3i l\u00f2 xo cho PNOZ mi1p \/ mi2p \/ mo1p \/ mo3p \/ ml1p.<\/div>\n<\/div>\n<\/td>\n<\/tr>\n<tr data-index=\"1\">\n<td class=\"prod-code hidden-xs\">793400<\/td>\n<td class=\"prod-desc\">\n<div class=\"col-xs-12 col-sm-12 col-md-12 col-lg-12\">\n<p>Thi\u1ebft b\u1ecb \u0111\u1ea7u cu\u1ed1i v\u00edt PNOZ mi1p \/ mi2p \/ mo1p<\/p>\n<div class=\"cat-prd-ldsc\">1 b\u1ed9 thi\u1ebft b\u1ecb \u0111\u1ea7u cu\u1ed1i v\u00edt cho PNOZ mi1p \/ mi2p \/ mo1p \/ mo3p \/ ml1p.<\/div>\n<\/div>\n<\/td>\n<\/tr>\n<\/tbody>\n<\/table>\n<\/div>\n<\/div>\n<\/div>\n<div class=\"prd-block-desc\"><strong>Ph\u1ee5 ki\u1ec7n t\u00f9y ch\u1ecdn<\/strong><\/div>\n<div class=\"row\">\n<div class=\"col-100\">\n<div class=\"table-responsive\">\n<table>\n<tbody>\n<tr data-index=\"0\">\n<td class=\"prod-code hidden-xs\">774639<\/td>\n<td class=\"prod-desc\">\n<div class=\"col-xs-12 col-sm-12 col-md-12 col-lg-12\">\n<p>KOP-XE<\/p>\n<div class=\"cat-prd-ldsc\">\u0110\u1ea7u n\u1ed1i kh\u1edbp n\u1ed1i PNOZplus, PNOZpower, PNOZmulti;\u00a0nhu c\u1ea7u thay th\u1ebf.<\/div>\n<\/div>\n<\/td>\n<\/tr>\n<tr data-index=\"1\">\n<td class=\"prod-code hidden-xs\">779110<\/td>\n<td class=\"prod-desc\">\n<div class=\"col-xs-12 col-sm-12 col-md-12 col-lg-12\">Thi\u1ebft b\u1ecb \u0111\u1ea7u cu\u1ed1i PNOZmulti<\/div>\n<\/td>\n<\/tr>\n<\/tbody>\n<\/table>\n<p>R\u01a1 le an to\u00e0n PILZ PNOZ s22 C (751132)<\/p>\n<p>R\u01a1le an to\u00e0n PILZ PNOZ X7 (774059)<\/p>\n<p>R\u01a1 le an to\u00e0n PILZ PNOZ s2 C (751102)<\/p>\n<p>R\u01a1 le an to\u00e0n PILZ PNOZ X2P C (787303)<\/p>\n<p>R\u01a1 le an to\u00e0n PILZ PNOZ mo4p (773536)<\/p>\n<p>R\u01a1 le an to\u00e0n PILZ PNOZ 16SP (777077)<\/p>\n<p>C\u1ea3m bi\u1ebfn quang WTB4-3P1361 SICK- PHOTOELECTRIC SENSORS<\/p>\n<p>C\u1ea3m bi\u1ebfn LEUZE PRK46C.1\/4P-M12<\/p>\n<\/div>\n<p>&nbsp;<\/p>\n<\/div>\n<\/div>\n<\/div>\n<\/div>\n<\/div>\n","protected":false},"excerpt":{"rendered":"<p>PILZ PNOZ MI1P 773400 T\u1ed5ng quan s\u1ea3n ph\u1ea9m R\u01a1 le an to\u00e0n\u00a0PILZ PNOZ mi1p 8 input (773400)\u00a0l\u00e0 m\u1ed9t lo\u1ea1i m\u00f4-\u0111un \u0111\u1ea7u v\u00e0o thu\u1ed9c s\u00ea-ri Pilz PNOZ multi, c\u00f3 8 \u0111\u1ea7u v\u00e0o, hi\u1ec7u \u0111i\u1ec7n th\u1ebf 24 V DC. N\u00f3 c\u00f3 th\u1ec3 k\u1ebft n\u1ed1i t\u1ed1i \u0111a 8 m\u00f4-\u0111un \u0111\u1ea7u v\u00e0o v\u1edbi thi\u1ebft&hellip; <\/p>\n","protected":false},"featured_media":2123,"comment_status":"open","ping_status":"closed","template":"","meta":[],"product_cat":[513],"product_tag":[515,514,161],"class_list":{"0":"post-2121","1":"product","2":"type-product","3":"status-publish","4":"has-post-thumbnail","6":"product_cat-pilz","7":"product_tag-dai-ly-pilz-viet-nam","8":"product_tag-pilz-viet-nam","9":"product_tag-ro-le","11":"first","12":"instock","13":"shipping-taxable","14":"product-type-simple"},"yoast_head":"<!-- This site is optimized with the Yoast SEO plugin v22.8 - https:\/\/yoast.com\/wordpress\/plugins\/seo\/ -->\n<title>PILZ PNOZ MI1P 773400 - OMANI VI\u1ec6T NAM<\/title>\n<meta name=\"description\" content=\"PILZ PNOZ MI1P 773400 Relay Safety\" \/>\n<meta name=\"robots\" content=\"index, follow, max-snippet:-1, max-image-preview:large, max-video-preview:-1\" \/>\n<link rel=\"canonical\" href=\"https:\/\/omanivietnam.com\/index.php\/san-pham\/pilz-pnoz-mi1p-773400\/\" \/>\n<meta property=\"og:locale\" content=\"vi_VN\" \/>\n<meta property=\"og:type\" content=\"article\" \/>\n<meta property=\"og:title\" content=\"PILZ PNOZ MI1P 773400 - OMANI VI\u1ec6T NAM\" \/>\n<meta property=\"og:description\" content=\"PILZ PNOZ MI1P 773400 Relay Safety\" \/>\n<meta property=\"og:url\" content=\"https:\/\/omanivietnam.com\/index.php\/san-pham\/pilz-pnoz-mi1p-773400\/\" \/>\n<meta property=\"og:site_name\" content=\"OMANI VI\u1ec6T NAM\" \/>\n<meta property=\"article:modified_time\" content=\"2025-04-22T14:20:42+00:00\" \/>\n<meta property=\"og:image\" content=\"https:\/\/omanivietnam.com\/wp-content\/uploads\/2024\/10\/PNOZ-MI1P-773400.png\" \/>\n\t<meta property=\"og:image:width\" content=\"465\" \/>\n\t<meta property=\"og:image:height\" content=\"636\" \/>\n\t<meta property=\"og:image:type\" content=\"image\/png\" \/>\n<meta name=\"twitter:card\" content=\"summary_large_image\" \/>\n<meta name=\"twitter:label1\" content=\"\u01af\u1edbc t\u00ednh th\u1eddi gian \u0111\u1ecdc\" \/>\n\t<meta name=\"twitter:data1\" content=\"4 ph\u00fat\" \/>\n<script type=\"application\/ld+json\" class=\"yoast-schema-graph\">{\"@context\":\"https:\/\/schema.org\",\"@graph\":[{\"@type\":\"WebPage\",\"@id\":\"https:\/\/omanivietnam.com\/index.php\/san-pham\/pilz-pnoz-mi1p-773400\/\",\"url\":\"https:\/\/omanivietnam.com\/index.php\/san-pham\/pilz-pnoz-mi1p-773400\/\",\"name\":\"PILZ PNOZ MI1P 773400 - OMANI VI\u1ec6T NAM\",\"isPartOf\":{\"@id\":\"https:\/\/omanivietnam.com\/#website\"},\"primaryImageOfPage\":{\"@id\":\"https:\/\/omanivietnam.com\/index.php\/san-pham\/pilz-pnoz-mi1p-773400\/#primaryimage\"},\"image\":{\"@id\":\"https:\/\/omanivietnam.com\/index.php\/san-pham\/pilz-pnoz-mi1p-773400\/#primaryimage\"},\"thumbnailUrl\":\"https:\/\/omanivietnam.com\/wp-content\/uploads\/2024\/10\/PNOZ-MI1P-773400.png\",\"datePublished\":\"2024-10-13T02:18:14+00:00\",\"dateModified\":\"2025-04-22T14:20:42+00:00\",\"description\":\"PILZ PNOZ MI1P 773400 Relay Safety\",\"breadcrumb\":{\"@id\":\"https:\/\/omanivietnam.com\/index.php\/san-pham\/pilz-pnoz-mi1p-773400\/#breadcrumb\"},\"inLanguage\":\"vi\",\"potentialAction\":[{\"@type\":\"ReadAction\",\"target\":[\"https:\/\/omanivietnam.com\/index.php\/san-pham\/pilz-pnoz-mi1p-773400\/\"]}]},{\"@type\":\"ImageObject\",\"inLanguage\":\"vi\",\"@id\":\"https:\/\/omanivietnam.com\/index.php\/san-pham\/pilz-pnoz-mi1p-773400\/#primaryimage\",\"url\":\"https:\/\/omanivietnam.com\/wp-content\/uploads\/2024\/10\/PNOZ-MI1P-773400.png\",\"contentUrl\":\"https:\/\/omanivietnam.com\/wp-content\/uploads\/2024\/10\/PNOZ-MI1P-773400.png\",\"width\":465,\"height\":636},{\"@type\":\"BreadcrumbList\",\"@id\":\"https:\/\/omanivietnam.com\/index.php\/san-pham\/pilz-pnoz-mi1p-773400\/#breadcrumb\",\"itemListElement\":[{\"@type\":\"ListItem\",\"position\":1,\"name\":\"Home\",\"item\":\"https:\/\/omanivietnam.com\/\"},{\"@type\":\"ListItem\",\"position\":2,\"name\":\"S\u1ea2N PH\u1ea8M\",\"item\":\"https:\/\/omanivietnam.com\/index.php\/cua-hang\/\"},{\"@type\":\"ListItem\",\"position\":3,\"name\":\"PILZ PNOZ MI1P 773400\"}]},{\"@type\":\"WebSite\",\"@id\":\"https:\/\/omanivietnam.com\/#website\",\"url\":\"https:\/\/omanivietnam.com\/\",\"name\":\"OMANI VI\u1ec6T NAM\",\"description\":\"Nh\u00e0 ph\u00e2n ph\u1ed1i thi\u1ebft b\u1ecb kh\u00ed n\u00e9n v\u00e0 thi\u1ebft b\u1ecb t\u1ef1 \u0111\u1ed9ng h\u00f3a trong c\u00f4ng nghi\u1ec7p\",\"publisher\":{\"@id\":\"https:\/\/omanivietnam.com\/#\/schema\/person\/0ad398a980dc3fd696111c2c5c8fa897\"},\"potentialAction\":[{\"@type\":\"SearchAction\",\"target\":{\"@type\":\"EntryPoint\",\"urlTemplate\":\"https:\/\/omanivietnam.com\/?s={search_term_string}\"},\"query-input\":\"required name=search_term_string\"}],\"inLanguage\":\"vi\"},{\"@type\":[\"Person\",\"Organization\"],\"@id\":\"https:\/\/omanivietnam.com\/#\/schema\/person\/0ad398a980dc3fd696111c2c5c8fa897\",\"name\":\"Nguy\u1ec5n V\u0103n Kh\u00e1nh\",\"image\":{\"@type\":\"ImageObject\",\"inLanguage\":\"vi\",\"@id\":\"https:\/\/omanivietnam.com\/#\/schema\/person\/image\/\",\"url\":\"https:\/\/omanivietnam.com\/wp-content\/uploads\/2024\/06\/logo-1024x1024.png\",\"contentUrl\":\"https:\/\/omanivietnam.com\/wp-content\/uploads\/2024\/06\/logo-1024x1024.png\",\"width\":1024,\"height\":1024,\"caption\":\"Nguy\u1ec5n V\u0103n Kh\u00e1nh\"},\"logo\":{\"@id\":\"https:\/\/omanivietnam.com\/#\/schema\/person\/image\/\"},\"sameAs\":[\"https:\/\/omanivietnam.com\"]}]}<\/script>\n<!-- \/ Yoast SEO plugin. -->","yoast_head_json":{"title":"PILZ PNOZ MI1P 773400 - OMANI VI\u1ec6T NAM","description":"PILZ PNOZ MI1P 773400 Relay Safety","robots":{"index":"index","follow":"follow","max-snippet":"max-snippet:-1","max-image-preview":"max-image-preview:large","max-video-preview":"max-video-preview:-1"},"canonical":"https:\/\/omanivietnam.com\/index.php\/san-pham\/pilz-pnoz-mi1p-773400\/","og_locale":"vi_VN","og_type":"article","og_title":"PILZ PNOZ MI1P 773400 - OMANI VI\u1ec6T NAM","og_description":"PILZ PNOZ MI1P 773400 Relay Safety","og_url":"https:\/\/omanivietnam.com\/index.php\/san-pham\/pilz-pnoz-mi1p-773400\/","og_site_name":"OMANI VI\u1ec6T NAM","article_modified_time":"2025-04-22T14:20:42+00:00","og_image":[{"width":465,"height":636,"url":"https:\/\/omanivietnam.com\/wp-content\/uploads\/2024\/10\/PNOZ-MI1P-773400.png","type":"image\/png"}],"twitter_card":"summary_large_image","twitter_misc":{"\u01af\u1edbc t\u00ednh th\u1eddi gian \u0111\u1ecdc":"4 ph\u00fat"},"schema":{"@context":"https:\/\/schema.org","@graph":[{"@type":"WebPage","@id":"https:\/\/omanivietnam.com\/index.php\/san-pham\/pilz-pnoz-mi1p-773400\/","url":"https:\/\/omanivietnam.com\/index.php\/san-pham\/pilz-pnoz-mi1p-773400\/","name":"PILZ PNOZ MI1P 773400 - OMANI VI\u1ec6T NAM","isPartOf":{"@id":"https:\/\/omanivietnam.com\/#website"},"primaryImageOfPage":{"@id":"https:\/\/omanivietnam.com\/index.php\/san-pham\/pilz-pnoz-mi1p-773400\/#primaryimage"},"image":{"@id":"https:\/\/omanivietnam.com\/index.php\/san-pham\/pilz-pnoz-mi1p-773400\/#primaryimage"},"thumbnailUrl":"https:\/\/omanivietnam.com\/wp-content\/uploads\/2024\/10\/PNOZ-MI1P-773400.png","datePublished":"2024-10-13T02:18:14+00:00","dateModified":"2025-04-22T14:20:42+00:00","description":"PILZ PNOZ MI1P 773400 Relay Safety","breadcrumb":{"@id":"https:\/\/omanivietnam.com\/index.php\/san-pham\/pilz-pnoz-mi1p-773400\/#breadcrumb"},"inLanguage":"vi","potentialAction":[{"@type":"ReadAction","target":["https:\/\/omanivietnam.com\/index.php\/san-pham\/pilz-pnoz-mi1p-773400\/"]}]},{"@type":"ImageObject","inLanguage":"vi","@id":"https:\/\/omanivietnam.com\/index.php\/san-pham\/pilz-pnoz-mi1p-773400\/#primaryimage","url":"https:\/\/omanivietnam.com\/wp-content\/uploads\/2024\/10\/PNOZ-MI1P-773400.png","contentUrl":"https:\/\/omanivietnam.com\/wp-content\/uploads\/2024\/10\/PNOZ-MI1P-773400.png","width":465,"height":636},{"@type":"BreadcrumbList","@id":"https:\/\/omanivietnam.com\/index.php\/san-pham\/pilz-pnoz-mi1p-773400\/#breadcrumb","itemListElement":[{"@type":"ListItem","position":1,"name":"Home","item":"https:\/\/omanivietnam.com\/"},{"@type":"ListItem","position":2,"name":"S\u1ea2N PH\u1ea8M","item":"https:\/\/omanivietnam.com\/index.php\/cua-hang\/"},{"@type":"ListItem","position":3,"name":"PILZ PNOZ MI1P 773400"}]},{"@type":"WebSite","@id":"https:\/\/omanivietnam.com\/#website","url":"https:\/\/omanivietnam.com\/","name":"OMANI VI\u1ec6T NAM","description":"Nh\u00e0 ph\u00e2n ph\u1ed1i thi\u1ebft b\u1ecb kh\u00ed n\u00e9n v\u00e0 thi\u1ebft b\u1ecb t\u1ef1 \u0111\u1ed9ng h\u00f3a trong c\u00f4ng nghi\u1ec7p","publisher":{"@id":"https:\/\/omanivietnam.com\/#\/schema\/person\/0ad398a980dc3fd696111c2c5c8fa897"},"potentialAction":[{"@type":"SearchAction","target":{"@type":"EntryPoint","urlTemplate":"https:\/\/omanivietnam.com\/?s={search_term_string}"},"query-input":"required name=search_term_string"}],"inLanguage":"vi"},{"@type":["Person","Organization"],"@id":"https:\/\/omanivietnam.com\/#\/schema\/person\/0ad398a980dc3fd696111c2c5c8fa897","name":"Nguy\u1ec5n V\u0103n Kh\u00e1nh","image":{"@type":"ImageObject","inLanguage":"vi","@id":"https:\/\/omanivietnam.com\/#\/schema\/person\/image\/","url":"https:\/\/omanivietnam.com\/wp-content\/uploads\/2024\/06\/logo-1024x1024.png","contentUrl":"https:\/\/omanivietnam.com\/wp-content\/uploads\/2024\/06\/logo-1024x1024.png","width":1024,"height":1024,"caption":"Nguy\u1ec5n V\u0103n Kh\u00e1nh"},"logo":{"@id":"https:\/\/omanivietnam.com\/#\/schema\/person\/image\/"},"sameAs":["https:\/\/omanivietnam.com"]}]}},"_links":{"self":[{"href":"https:\/\/omanivietnam.com\/index.php\/wp-json\/wp\/v2\/product\/2121","targetHints":{"allow":["GET"]}}],"collection":[{"href":"https:\/\/omanivietnam.com\/index.php\/wp-json\/wp\/v2\/product"}],"about":[{"href":"https:\/\/omanivietnam.com\/index.php\/wp-json\/wp\/v2\/types\/product"}],"replies":[{"embeddable":true,"href":"https:\/\/omanivietnam.com\/index.php\/wp-json\/wp\/v2\/comments?post=2121"}],"wp:featuredmedia":[{"embeddable":true,"href":"https:\/\/omanivietnam.com\/index.php\/wp-json\/wp\/v2\/media\/2123"}],"wp:attachment":[{"href":"https:\/\/omanivietnam.com\/index.php\/wp-json\/wp\/v2\/media?parent=2121"}],"wp:term":[{"taxonomy":"product_cat","embeddable":true,"href":"https:\/\/omanivietnam.com\/index.php\/wp-json\/wp\/v2\/product_cat?post=2121"},{"taxonomy":"product_tag","embeddable":true,"href":"https:\/\/omanivietnam.com\/index.php\/wp-json\/wp\/v2\/product_tag?post=2121"}],"curies":[{"name":"wp","href":"https:\/\/api.w.org\/{rel}","templated":true}]}}