{"id":2717,"date":"2024-11-14T05:51:59","date_gmt":"2024-11-13T22:51:59","guid":{"rendered":"https:\/\/omanivietnam.com\/?post_type=product&#038;p=2717"},"modified":"2024-11-14T05:51:59","modified_gmt":"2024-11-13T22:51:59","slug":"apex-ads110-004-s1-p0","status":"publish","type":"product","link":"https:\/\/omanivietnam.com\/index.php\/san-pham\/apex-ads110-004-s1-p0\/","title":{"rendered":"APEX ADS110-004-S1-P0"},"content":{"rendered":"<p>APEX ADS110-004-S1-P0<\/p>\n<ul>\n<li>Special design for continuous (S1) or cyclic (S5) duty operation<\/li>\n<li>Stainles steel housing, aluminum black anodized motor adapter flange<\/li>\n<li>Stainless steel input and output shaft, flange ISO 9409<\/li>\n<li>Helical gear technology<\/li>\n<li>Nominal Torques:\n<ul>\n<li>T<sub>2N<\/sub>\u00a0: 14 Nm &#8211; 2000 Nm<\/li>\n<\/ul>\n<\/li>\n<li>Ratios\n<ul>\n<li>1-stage :\u00a04 \/ 5 \/\u00a07 \/\u00a010<\/li>\n<li>2-stage:\u00a016 \/ 21 \/ 31 \/ 61 \/ 91<\/li>\n<\/ul>\n<\/li>\n<li>Low Backlash\n<ul>\n<li>1-stage : \u2264 1 arcmin \/ \u2264\u00a03 arcmin \/ \u2264\u00a05 arcmin<\/li>\n<li>2-stage : \u2264 3 arcmin \/ \u2264\u00a05 arcmin \/ \u2264\u00a07 arcmin<\/li>\n<\/ul>\n<\/li>\n<li>High Efficiency\n<ul>\n<li>1-stage : \u2265\u00a097%<\/li>\n<li>2-stage : \u2265\u00a094%<\/li>\n<\/ul>\n<\/li>\n<li>Easy mount<\/li>\n<li>Low noise<\/li>\n<li>Compact structure<\/li>\n<li>Size available: ADS047 \/ ADS064 \/ ADS090 \/ ADS110 \/ ADS140 \/ ADS200 \/ ADS255<\/li>\n<\/ul>\n<p><strong>Gearbox_Apex_ADS series<\/strong><\/p>\n<p><strong>ADS110 Gearbox size:<\/strong><\/p>\n<p><strong>Ratio 4:1<\/strong><\/p>\n<p>ADS110-004-S1-P0<\/p>\n<p>ADS110-004-S1-P1<\/p>\n<p>ADS110-004-S1-P2<\/p>\n<p>ADS110-004-S2-P0<\/p>\n<p>ADS110-004-S2-P1<\/p>\n<p>ADS110-004-S2-P2<\/p>\n<p><strong>Ratio 5:1<\/strong><\/p>\n<p>ADS110-005-S1-P0<\/p>\n<p>ADS110-005-S1-P1<\/p>\n<p>ADS110-005-S1-P2<\/p>\n<p>ADS110-005-S2-P0<\/p>\n<p>ADS110-005-S2-P1<\/p>\n<p>ADS110-005-S2-P2<\/p>\n<p><strong>Ratio 7:1<\/strong><\/p>\n<p>ADS110-007-S1-P0<\/p>\n<p>ADS110-007-S1-P1<\/p>\n<p>ADS110-007-S1-P2<\/p>\n<p>ADS110-007-S2-P0<\/p>\n<p>ADS110-007-S2-P1<\/p>\n<p>ADS110-007-S2-P2<\/p>\n<p><strong>Ratio 10:1<\/strong><\/p>\n<p>ADS110-010-S1-P0<\/p>\n<p>ADS110-010-S1-P1<\/p>\n<p>ADS110-010-S1-P2<\/p>\n<p>ADS110-010-S2-P0<\/p>\n<p>ADS110-010-S2-P1<\/p>\n<p>ADS110-010-S2-P2<\/p>\n<p><strong>Ratio 16:1<\/strong><\/p>\n<p>ADS110-016-S1-P0<\/p>\n<p>ADS110-016-S1-P1<\/p>\n<p>ADS110-016-S1-P2<\/p>\n<p>ADS110-016-S2-P0<\/p>\n<p>ADS110-016-S2-P1<\/p>\n<p>ADS110-016-S2-P2<\/p>\n<p><strong>Ratio 21:1<\/strong><\/p>\n<p>ADS110-021-S1-P0<\/p>\n<p>ADS110-021-S1-P1<\/p>\n<p>ADS110-021-S1-P2<\/p>\n<p>ADS110-021-S2-P0<\/p>\n<p>ADS110-021-S2-P1<\/p>\n<p>ADS110-021-S2-P2<\/p>\n<p><strong>Ratio 31:1<\/strong><\/p>\n<p>ADS110-031-S1-P0<\/p>\n<p>ADS110-031-S1-P1<\/p>\n<p>ADS110-031-S1-P2<\/p>\n<p>ADS110-031-S2-P0<\/p>\n<p>ADS110-031-S2-P1<\/p>\n<p>ADS110-031-S2-P2<\/p>\n<p><strong>Ratio 61:1<\/strong><\/p>\n<p>ADS110-061-S1-P0<\/p>\n<p>ADS110-061-S1-P1<\/p>\n<p>ADS110-061-S1-P2<\/p>\n<p>ADS110-061-S2-P0<\/p>\n<p>ADS110-061-S2-P1<\/p>\n<p>ADS110-061-S2-P2<\/p>\n<p><strong>Ratio 91:1<\/strong><\/p>\n<p>ADS110-091-S1-P0<\/p>\n<p>ADS110-091-S1-P1<\/p>\n<p>ADS110-091-S1-P2<\/p>\n<p>ADS110-091-S2-P0<\/p>\n<p>ADS110-091-S2-P1<\/p>\n<p>ADS110-091-S2-P2<\/p>\n","protected":false},"excerpt":{"rendered":"<p>APEX ADS110-004-S1-P0 Special design for continuous (S1) or cyclic (S5) duty operation Stainles steel housing, aluminum black anodized motor adapter flange Stainless steel input and output shaft, flange ISO 9409 Helical gear technology Nominal Torques: T2N\u00a0: 14 Nm &#8211; 2000 Nm Ratios 1-stage :\u00a04 \/ 5 \/\u00a07 \/\u00a010 2-stage:\u00a016 \/&hellip; <\/p>\n","protected":false},"featured_media":2714,"comment_status":"open","ping_status":"closed","template":"","meta":[],"product_cat":[344],"product_tag":[127,128,539],"class_list":{"0":"post-2717","1":"product","2":"type-product","3":"status-publish","4":"has-post-thumbnail","6":"product_cat-apex","7":"product_tag-apex-viet-nam","8":"product_tag-dai-ly-apex-viet-nam","9":"product_tag-gearbox","11":"first","12":"instock","13":"shipping-taxable","14":"product-type-simple"},"yoast_head":"<!-- This site is optimized with the Yoast SEO plugin v22.8 - https:\/\/yoast.com\/wordpress\/plugins\/seo\/ -->\n<title>APEX ADS110-004-S1-P0 - OMANI VI\u1ec6T NAM<\/title>\n<meta name=\"robots\" content=\"index, follow, max-snippet:-1, max-image-preview:large, max-video-preview:-1\" \/>\n<link rel=\"canonical\" href=\"https:\/\/omanivietnam.com\/index.php\/san-pham\/apex-ads110-004-s1-p0\/\" \/>\n<meta property=\"og:locale\" content=\"vi_VN\" \/>\n<meta property=\"og:type\" content=\"article\" \/>\n<meta property=\"og:title\" content=\"APEX ADS110-004-S1-P0 - OMANI VI\u1ec6T NAM\" \/>\n<meta property=\"og:description\" content=\"APEX ADS110-004-S1-P0 Special design for continuous (S1) or cyclic (S5) duty operation Stainles steel housing, aluminum black anodized motor adapter flange Stainless steel input and output shaft, flange ISO 9409 Helical gear technology Nominal Torques: T2N\u00a0: 14 Nm &#8211; 2000 Nm Ratios 1-stage :\u00a04 \/ 5 \/\u00a07 \/\u00a010 2-stage:\u00a016 \/&hellip;\" \/>\n<meta property=\"og:url\" content=\"https:\/\/omanivietnam.com\/index.php\/san-pham\/apex-ads110-004-s1-p0\/\" \/>\n<meta property=\"og:site_name\" content=\"OMANI VI\u1ec6T NAM\" \/>\n<meta property=\"og:image\" content=\"https:\/\/omanivietnam.com\/wp-content\/uploads\/2024\/11\/ADS.png\" \/>\n\t<meta property=\"og:image:width\" content=\"454\" \/>\n\t<meta property=\"og:image:height\" content=\"446\" \/>\n\t<meta property=\"og:image:type\" content=\"image\/png\" \/>\n<meta name=\"twitter:card\" content=\"summary_large_image\" \/>\n<meta name=\"twitter:label1\" content=\"\u01af\u1edbc t\u00ednh th\u1eddi gian \u0111\u1ecdc\" \/>\n\t<meta name=\"twitter:data1\" content=\"2 ph\u00fat\" \/>\n<script type=\"application\/ld+json\" class=\"yoast-schema-graph\">{\"@context\":\"https:\/\/schema.org\",\"@graph\":[{\"@type\":\"WebPage\",\"@id\":\"https:\/\/omanivietnam.com\/index.php\/san-pham\/apex-ads110-004-s1-p0\/\",\"url\":\"https:\/\/omanivietnam.com\/index.php\/san-pham\/apex-ads110-004-s1-p0\/\",\"name\":\"APEX ADS110-004-S1-P0 - OMANI VI\u1ec6T NAM\",\"isPartOf\":{\"@id\":\"https:\/\/omanivietnam.com\/#website\"},\"primaryImageOfPage\":{\"@id\":\"https:\/\/omanivietnam.com\/index.php\/san-pham\/apex-ads110-004-s1-p0\/#primaryimage\"},\"image\":{\"@id\":\"https:\/\/omanivietnam.com\/index.php\/san-pham\/apex-ads110-004-s1-p0\/#primaryimage\"},\"thumbnailUrl\":\"https:\/\/omanivietnam.com\/wp-content\/uploads\/2024\/11\/ADS.png\",\"datePublished\":\"2024-11-13T22:51:59+00:00\",\"dateModified\":\"2024-11-13T22:51:59+00:00\",\"breadcrumb\":{\"@id\":\"https:\/\/omanivietnam.com\/index.php\/san-pham\/apex-ads110-004-s1-p0\/#breadcrumb\"},\"inLanguage\":\"vi\",\"potentialAction\":[{\"@type\":\"ReadAction\",\"target\":[\"https:\/\/omanivietnam.com\/index.php\/san-pham\/apex-ads110-004-s1-p0\/\"]}]},{\"@type\":\"ImageObject\",\"inLanguage\":\"vi\",\"@id\":\"https:\/\/omanivietnam.com\/index.php\/san-pham\/apex-ads110-004-s1-p0\/#primaryimage\",\"url\":\"https:\/\/omanivietnam.com\/wp-content\/uploads\/2024\/11\/ADS.png\",\"contentUrl\":\"https:\/\/omanivietnam.com\/wp-content\/uploads\/2024\/11\/ADS.png\",\"width\":454,\"height\":446},{\"@type\":\"BreadcrumbList\",\"@id\":\"https:\/\/omanivietnam.com\/index.php\/san-pham\/apex-ads110-004-s1-p0\/#breadcrumb\",\"itemListElement\":[{\"@type\":\"ListItem\",\"position\":1,\"name\":\"Home\",\"item\":\"https:\/\/omanivietnam.com\/\"},{\"@type\":\"ListItem\",\"position\":2,\"name\":\"S\u1ea2N PH\u1ea8M\",\"item\":\"https:\/\/omanivietnam.com\/index.php\/cua-hang\/\"},{\"@type\":\"ListItem\",\"position\":3,\"name\":\"APEX ADS110-004-S1-P0\"}]},{\"@type\":\"WebSite\",\"@id\":\"https:\/\/omanivietnam.com\/#website\",\"url\":\"https:\/\/omanivietnam.com\/\",\"name\":\"OMANI VI\u1ec6T NAM\",\"description\":\"Nh\u00e0 ph\u00e2n ph\u1ed1i thi\u1ebft b\u1ecb kh\u00ed n\u00e9n v\u00e0 thi\u1ebft b\u1ecb t\u1ef1 \u0111\u1ed9ng h\u00f3a trong c\u00f4ng nghi\u1ec7p\",\"publisher\":{\"@id\":\"https:\/\/omanivietnam.com\/#\/schema\/person\/0ad398a980dc3fd696111c2c5c8fa897\"},\"potentialAction\":[{\"@type\":\"SearchAction\",\"target\":{\"@type\":\"EntryPoint\",\"urlTemplate\":\"https:\/\/omanivietnam.com\/?s={search_term_string}\"},\"query-input\":\"required name=search_term_string\"}],\"inLanguage\":\"vi\"},{\"@type\":[\"Person\",\"Organization\"],\"@id\":\"https:\/\/omanivietnam.com\/#\/schema\/person\/0ad398a980dc3fd696111c2c5c8fa897\",\"name\":\"Nguy\u1ec5n V\u0103n Kh\u00e1nh\",\"image\":{\"@type\":\"ImageObject\",\"inLanguage\":\"vi\",\"@id\":\"https:\/\/omanivietnam.com\/#\/schema\/person\/image\/\",\"url\":\"https:\/\/omanivietnam.com\/wp-content\/uploads\/2024\/06\/logo-1024x1024.png\",\"contentUrl\":\"https:\/\/omanivietnam.com\/wp-content\/uploads\/2024\/06\/logo-1024x1024.png\",\"width\":1024,\"height\":1024,\"caption\":\"Nguy\u1ec5n V\u0103n Kh\u00e1nh\"},\"logo\":{\"@id\":\"https:\/\/omanivietnam.com\/#\/schema\/person\/image\/\"},\"sameAs\":[\"https:\/\/omanivietnam.com\"]}]}<\/script>\n<!-- \/ Yoast SEO plugin. -->","yoast_head_json":{"title":"APEX ADS110-004-S1-P0 - OMANI VI\u1ec6T NAM","robots":{"index":"index","follow":"follow","max-snippet":"max-snippet:-1","max-image-preview":"max-image-preview:large","max-video-preview":"max-video-preview:-1"},"canonical":"https:\/\/omanivietnam.com\/index.php\/san-pham\/apex-ads110-004-s1-p0\/","og_locale":"vi_VN","og_type":"article","og_title":"APEX ADS110-004-S1-P0 - OMANI VI\u1ec6T NAM","og_description":"APEX ADS110-004-S1-P0 Special design for continuous (S1) or cyclic (S5) duty operation Stainles steel housing, aluminum black anodized motor adapter flange Stainless steel input and output shaft, flange ISO 9409 Helical gear technology Nominal Torques: T2N\u00a0: 14 Nm &#8211; 2000 Nm Ratios 1-stage :\u00a04 \/ 5 \/\u00a07 \/\u00a010 2-stage:\u00a016 \/&hellip;","og_url":"https:\/\/omanivietnam.com\/index.php\/san-pham\/apex-ads110-004-s1-p0\/","og_site_name":"OMANI VI\u1ec6T NAM","og_image":[{"width":454,"height":446,"url":"https:\/\/omanivietnam.com\/wp-content\/uploads\/2024\/11\/ADS.png","type":"image\/png"}],"twitter_card":"summary_large_image","twitter_misc":{"\u01af\u1edbc t\u00ednh th\u1eddi gian \u0111\u1ecdc":"2 ph\u00fat"},"schema":{"@context":"https:\/\/schema.org","@graph":[{"@type":"WebPage","@id":"https:\/\/omanivietnam.com\/index.php\/san-pham\/apex-ads110-004-s1-p0\/","url":"https:\/\/omanivietnam.com\/index.php\/san-pham\/apex-ads110-004-s1-p0\/","name":"APEX ADS110-004-S1-P0 - OMANI VI\u1ec6T NAM","isPartOf":{"@id":"https:\/\/omanivietnam.com\/#website"},"primaryImageOfPage":{"@id":"https:\/\/omanivietnam.com\/index.php\/san-pham\/apex-ads110-004-s1-p0\/#primaryimage"},"image":{"@id":"https:\/\/omanivietnam.com\/index.php\/san-pham\/apex-ads110-004-s1-p0\/#primaryimage"},"thumbnailUrl":"https:\/\/omanivietnam.com\/wp-content\/uploads\/2024\/11\/ADS.png","datePublished":"2024-11-13T22:51:59+00:00","dateModified":"2024-11-13T22:51:59+00:00","breadcrumb":{"@id":"https:\/\/omanivietnam.com\/index.php\/san-pham\/apex-ads110-004-s1-p0\/#breadcrumb"},"inLanguage":"vi","potentialAction":[{"@type":"ReadAction","target":["https:\/\/omanivietnam.com\/index.php\/san-pham\/apex-ads110-004-s1-p0\/"]}]},{"@type":"ImageObject","inLanguage":"vi","@id":"https:\/\/omanivietnam.com\/index.php\/san-pham\/apex-ads110-004-s1-p0\/#primaryimage","url":"https:\/\/omanivietnam.com\/wp-content\/uploads\/2024\/11\/ADS.png","contentUrl":"https:\/\/omanivietnam.com\/wp-content\/uploads\/2024\/11\/ADS.png","width":454,"height":446},{"@type":"BreadcrumbList","@id":"https:\/\/omanivietnam.com\/index.php\/san-pham\/apex-ads110-004-s1-p0\/#breadcrumb","itemListElement":[{"@type":"ListItem","position":1,"name":"Home","item":"https:\/\/omanivietnam.com\/"},{"@type":"ListItem","position":2,"name":"S\u1ea2N PH\u1ea8M","item":"https:\/\/omanivietnam.com\/index.php\/cua-hang\/"},{"@type":"ListItem","position":3,"name":"APEX ADS110-004-S1-P0"}]},{"@type":"WebSite","@id":"https:\/\/omanivietnam.com\/#website","url":"https:\/\/omanivietnam.com\/","name":"OMANI VI\u1ec6T NAM","description":"Nh\u00e0 ph\u00e2n ph\u1ed1i thi\u1ebft b\u1ecb kh\u00ed n\u00e9n v\u00e0 thi\u1ebft b\u1ecb t\u1ef1 \u0111\u1ed9ng h\u00f3a trong c\u00f4ng nghi\u1ec7p","publisher":{"@id":"https:\/\/omanivietnam.com\/#\/schema\/person\/0ad398a980dc3fd696111c2c5c8fa897"},"potentialAction":[{"@type":"SearchAction","target":{"@type":"EntryPoint","urlTemplate":"https:\/\/omanivietnam.com\/?s={search_term_string}"},"query-input":"required name=search_term_string"}],"inLanguage":"vi"},{"@type":["Person","Organization"],"@id":"https:\/\/omanivietnam.com\/#\/schema\/person\/0ad398a980dc3fd696111c2c5c8fa897","name":"Nguy\u1ec5n V\u0103n Kh\u00e1nh","image":{"@type":"ImageObject","inLanguage":"vi","@id":"https:\/\/omanivietnam.com\/#\/schema\/person\/image\/","url":"https:\/\/omanivietnam.com\/wp-content\/uploads\/2024\/06\/logo-1024x1024.png","contentUrl":"https:\/\/omanivietnam.com\/wp-content\/uploads\/2024\/06\/logo-1024x1024.png","width":1024,"height":1024,"caption":"Nguy\u1ec5n V\u0103n Kh\u00e1nh"},"logo":{"@id":"https:\/\/omanivietnam.com\/#\/schema\/person\/image\/"},"sameAs":["https:\/\/omanivietnam.com"]}]}},"_links":{"self":[{"href":"https:\/\/omanivietnam.com\/index.php\/wp-json\/wp\/v2\/product\/2717","targetHints":{"allow":["GET"]}}],"collection":[{"href":"https:\/\/omanivietnam.com\/index.php\/wp-json\/wp\/v2\/product"}],"about":[{"href":"https:\/\/omanivietnam.com\/index.php\/wp-json\/wp\/v2\/types\/product"}],"replies":[{"embeddable":true,"href":"https:\/\/omanivietnam.com\/index.php\/wp-json\/wp\/v2\/comments?post=2717"}],"wp:featuredmedia":[{"embeddable":true,"href":"https:\/\/omanivietnam.com\/index.php\/wp-json\/wp\/v2\/media\/2714"}],"wp:attachment":[{"href":"https:\/\/omanivietnam.com\/index.php\/wp-json\/wp\/v2\/media?parent=2717"}],"wp:term":[{"taxonomy":"product_cat","embeddable":true,"href":"https:\/\/omanivietnam.com\/index.php\/wp-json\/wp\/v2\/product_cat?post=2717"},{"taxonomy":"product_tag","embeddable":true,"href":"https:\/\/omanivietnam.com\/index.php\/wp-json\/wp\/v2\/product_tag?post=2717"}],"curies":[{"name":"wp","href":"https:\/\/api.w.org\/{rel}","templated":true}]}}