{"id":3080,"date":"2024-12-31T14:27:52","date_gmt":"2024-12-31T07:27:52","guid":{"rendered":"https:\/\/omanivietnam.com\/?post_type=product&#038;p=3080"},"modified":"2025-05-10T14:42:09","modified_gmt":"2025-05-10T07:42:09","slug":"smc-vba20a-03gn","status":"publish","type":"product","link":"https:\/\/omanivietnam.com\/index.php\/san-pham\/smc-vba20a-03gn\/","title":{"rendered":"SMC VBA20A-03GN"},"content":{"rendered":"<p>SMC VBA20A-03GN<\/p>\n<p>Van t\u0103ng \u00e1p SMC | booster regulator SMC VBA10A-02, VBA20A-03, VBA40A-04, VBA22A-03, VBA42A-04, VBA43A-04, VBA11A-02,\u00a0 VBA10A-02GN,\u00a0 VBA20A-03GN,\u00a0 VBA40A-04, VBA22A-03,\u00a0 SMC VBA42A-04,\u00a0 SMC VBA43A-04,\u00a0 SMC VBA11A-02 T\u0103ng \u00e1p l\u1ef1c d\u00f2ng kh\u00ed m\u00e0 kh\u00f4ng \u0111\u00f2i h\u1ecfi c\u00f4ng su\u1ea5t th\u00eam 2-4 l\u1ea7n t\u0103ng \u00e1p<\/p>\n<h3 data-sourcepos=\"3:1-3:14\">Gi\u1edbi thi\u1ec7u<\/h3>\n<p data-sourcepos=\"5:1-5:270\"><strong>B\u1ed9 t\u0103ng \u00e1p kh\u00ed n\u00e9n SMC VBA20A-03GN<\/strong>\u00a0l\u00e0 m\u1ed9t thi\u1ebft b\u1ecb c\u01a1 kh\u00ed \u0111\u01b0\u1ee3c s\u1eed d\u1ee5ng r\u1ed9ng r\u00e3i trong c\u00e1c h\u1ec7 th\u1ed1ng kh\u00ed n\u00e9n. Ch\u1ee9c n\u0103ng ch\u00ednh c\u1ee7a n\u00f3 l\u00e0 t\u0103ng \u00e1p su\u1ea5t c\u1ee7a d\u00f2ng kh\u00ed n\u00e9n t\u1eeb m\u1ed9t m\u1ee9c th\u1ea5p h\u01a1n l\u00ean m\u1ed9t m\u1ee9c cao h\u01a1n, \u0111\u00e1p \u1ee9ng y\u00eau c\u1ea7u c\u1ee7a c\u00e1c thi\u1ebft b\u1ecb kh\u00ed n\u00e9n kh\u00e1c trong h\u1ec7 th\u1ed1ng.<\/p>\n<h3 data-sourcepos=\"9:1-9:34\">C\u1ea5u t\u1ea1o v\u00e0 Nguy\u00ean L\u00fd Ho\u1ea1t \u0110\u1ed9ng<\/h3>\n<ul data-sourcepos=\"11:1-21:0\">\n<li data-sourcepos=\"11:1-18:0\">\n<p data-sourcepos=\"11:3-11:14\"><strong>C\u1ea5u t\u1ea1o:<\/strong><\/p>\n<ul data-sourcepos=\"12:5-18:0\">\n<li data-sourcepos=\"12:5-12:97\"><strong>V\u1ecf:<\/strong>\u00a0Th\u01b0\u1eddng l\u00e0m b\u1eb1ng h\u1ee3p kim nh\u00f4m ho\u1eb7c gang, \u0111\u1ea3m b\u1ea3o \u0111\u1ed9 b\u1ec1n v\u00e0 kh\u1ea3 n\u0103ng ch\u1ecbu \u00e1p l\u1ef1c cao.<\/li>\n<li data-sourcepos=\"13:5-13:94\"><strong>M\u00e0ng ng\u0103n:<\/strong>\u00a0Chia b\u1ed9 t\u0103ng \u00e1p th\u00e0nh hai khoang, ng\u0103n kh\u00f4ng cho d\u1ea7u v\u00e0 kh\u00ed l\u1eabn v\u00e0o nhau.<\/li>\n<li data-sourcepos=\"14:5-14:65\"><strong>Piston:<\/strong>\u00a0Di chuy\u1ec3n l\u00ean xu\u1ed1ng \u0111\u1ec3 n\u00e9n kh\u00ed v\u00e0 t\u0103ng \u00e1p su\u1ea5t.<\/li>\n<li data-sourcepos=\"15:5-15:84\"><strong>Van \u0111i\u1ec1u ch\u1ec9nh \u00e1p su\u1ea5t:<\/strong>\u00a0Gi\u00fap \u0111i\u1ec1u ch\u1ec9nh \u00e1p su\u1ea5t \u0111\u1ea7u ra m\u1ed9t c\u00e1ch ch\u00ednh x\u00e1c.<\/li>\n<li data-sourcepos=\"16:5-16:47\"><strong>C\u1ed5ng v\u00e0o:<\/strong>\u00a0N\u01a1i kh\u00ed n\u00e9n \u0111\u1ea7u v\u00e0o \u0111i v\u00e0o.<\/li>\n<li data-sourcepos=\"17:5-18:0\"><strong>C\u1ed5ng ra:<\/strong>\u00a0N\u01a1i kh\u00ed n\u00e9n \u0111\u00e3 \u0111\u01b0\u1ee3c t\u0103ng \u00e1p su\u1ea5t \u0111i ra.<\/li>\n<\/ul>\n<\/li>\n<li data-sourcepos=\"19:1-21:0\">\n<p data-sourcepos=\"19:3-20:320\"><strong>Nguy\u00ean l\u00fd ho\u1ea1t \u0111\u1ed9ng:<\/strong>\u00a0Khi kh\u00ed n\u00e9n c\u00f3 \u00e1p su\u1ea5t th\u1ea5p \u0111i v\u00e0o c\u1ed5ng v\u00e0o, n\u00f3 s\u1ebd t\u00e1c \u0111\u1ed9ng l\u00ean piston, \u0111\u1ea9y piston di chuy\u1ec3n. Khi piston di chuy\u1ec3n, th\u1ec3 t\u00edch khoang ch\u1ee9a kh\u00ed gi\u1ea3m d\u1ea7n, l\u00e0m t\u0103ng \u00e1p su\u1ea5t c\u1ee7a kh\u00ed. \u00c1p su\u1ea5t n\u00e0y s\u1ebd \u0111\u01b0\u1ee3c \u0111i\u1ec1u ch\u1ec9nh b\u1edfi van \u0111i\u1ec1u ch\u1ec9nh \u00e1p su\u1ea5t \u0111\u1ec3 \u0111\u1ea1t \u0111\u01b0\u1ee3c gi\u00e1 tr\u1ecb mong mu\u1ed1n. Kh\u00ed n\u00e9n c\u00f3 \u00e1p su\u1ea5t cao s\u1ebd \u0111\u01b0\u1ee3c \u0111\u1ea9y ra qua c\u1ed5ng ra.<\/p>\n<\/li>\n<\/ul>\n<h3 data-sourcepos=\"24:1-24:12\">\u1ee8ng D\u1ee5ng<\/h3>\n<p data-sourcepos=\"26:1-26:84\">B\u1ed9 t\u0103ng \u00e1p kh\u00ed n\u00e9n SMC VBA20A-03GN \u0111\u01b0\u1ee3c \u1ee9ng d\u1ee5ng r\u1ed9ng r\u00e3i trong nhi\u1ec1u l\u0129nh v\u1ef1c, nh\u01b0:<\/p>\n<ul data-sourcepos=\"28:1-32:0\">\n<li data-sourcepos=\"28:1-28:115\"><strong>C\u00f4ng nghi\u1ec7p t\u1ef1 \u0111\u1ed9ng h\u00f3a:<\/strong>\u00a0Cung c\u1ea5p kh\u00ed n\u00e9n cho c\u00e1c xi lanh kh\u00ed n\u00e9n, van \u0111i\u1ec7n t\u1eeb, v\u00e0 c\u00e1c thi\u1ebft b\u1ecb t\u1ef1 \u0111\u1ed9ng kh\u00e1c.<\/li>\n<li data-sourcepos=\"29:1-29:108\"><strong>C\u00f4ng nghi\u1ec7p th\u1ef1c ph\u1ea9m v\u00e0 d\u01b0\u1ee3c ph\u1ea9m:<\/strong>\u00a0S\u1eed d\u1ee5ng trong c\u00e1c h\u1ec7 th\u1ed1ng \u0111\u00f3ng g\u00f3i, v\u1eadn chuy\u1ec3n v\u00e0 x\u1eed l\u00fd s\u1ea3n ph\u1ea9m.<\/li>\n<li data-sourcepos=\"30:1-30:76\"><strong>C\u00f4ng nghi\u1ec7p \u00f4 t\u00f4:<\/strong>\u00a0\u00c1p d\u1ee5ng trong c\u00e1c h\u1ec7 th\u1ed1ng s\u01a1n, l\u1eafp r\u00e1p v\u00e0 ki\u1ec3m tra.<\/li>\n<li data-sourcepos=\"31:1-32:0\"><strong>C\u00f4ng nghi\u1ec7p h\u00f3a ch\u1ea5t:<\/strong>\u00a0S\u1eed d\u1ee5ng trong c\u00e1c qu\u00e1 tr\u00ecnh pha tr\u1ed9n, v\u1eadn chuy\u1ec3n v\u00e0 x\u1eed l\u00fd h\u00f3a ch\u1ea5t.<\/li>\n<\/ul>\n<h3 data-sourcepos=\"33:1-33:79\">Th\u00f4ng s\u1ed1 k\u1ef9 thu\u1eadt (Th\u00f4ng s\u1ed1 chi ti\u1ebft c\u00f3 th\u1ec3 thay \u0111\u1ed5i t\u00f9y theo nh\u00e0 s\u1ea3n xu\u1ea5t)<\/h3>\n<ul data-sourcepos=\"35:1-41:0\">\n<li data-sourcepos=\"35:1-35:30\"><strong>L\u01b0u l\u01b0\u1ee3ng:<\/strong>\u00a01000 l\u00edt\/ph\u00fat<\/li>\n<li data-sourcepos=\"36:1-36:34\"><strong>\u00c1p su\u1ea5t \u0111\u1ea7u v\u00e0o:<\/strong>\u00a00.1 \u2013 1 MPa<\/li>\n<li data-sourcepos=\"37:1-37:33\"><strong>\u00c1p su\u1ea5t \u0111\u1ea7u ra:<\/strong>\u00a00.2 \u2013 1 MPa<\/li>\n<li data-sourcepos=\"38:1-38:22\"><strong>T\u1ef7 s\u1ed1 n\u00e9n:<\/strong>\u00a02 l\u1ea7n<\/li>\n<li data-sourcepos=\"39:1-39:25\"><strong>Tr\u1ecdng l\u01b0\u1ee3ng:<\/strong>\u00a03.9 kg<\/li>\n<li data-sourcepos=\"40:1-41:0\"><strong>K\u00edch th\u01b0\u1edbc k\u1ebft n\u1ed1i:<\/strong>\u00a0Ren 3\/8\u2033<\/li>\n<\/ul>\n<p><strong>Specification<\/strong><\/p>\n<ul>\n<li>Lo\u1ea1i : van t\u0103ng \u00e1p kh\u00ed n\u00e9n<\/li>\n<li>Size: \u00e1p su\u1ea5t kh\u00ed n\u00e9n \u0111\u01b0\u1ee3c t\u0103ng g\u1ea5p \u0111\u00f4i khi s\u1eed d\u1ee5ng b\u1ed9 t\u0103ng \u00e1p VBA20A-03GN<\/li>\n<li>Port ize: Rc3\/8<\/li>\n<li>Ki\u1ec3u v\u1eadn h\u00e0nh b\u1eb1ng tay<\/li>\n<li>Option bao g\u1ed3m: \u0111\u1ed3ng h\u1ed3 \u00e1p su\u1ea5t (G36-10-01), gi\u1ea3m thanh kh\u00ed n\u00e9n (AN300-03)<\/li>\n<\/ul>\n<p>&nbsp;<\/p>\n<p class=\"m-h1\">Booster Regulator VBA Series (VBA20A-03GN)<\/p>\n<h2 class=\"m-h2\">Product Description<\/h2>\n<p>The Booster Regulator VBA Series features air-only operation, so no electricity is needed. Furthermore, it is also easy-to-install and also generates only low amounts of heat.<br \/>\n[Features]<br \/>\n\u00b7 Floating piston structure.<br \/>\n\u00b7 Metal noise reduced by the implementation of a damper on the impact part of the switching valve.<br \/>\n\u00b7 The high noise-reduction silencer reduces exhaust noise.<br \/>\n\u00b7 Features a built-in mesh filter at the IN port, preventing operation failure due to contamination by foreign matter.<br \/>\n\u00b7 The air-feeding tube is integrated with the main tube, mitigating condensation caused by cooling during exhaust expansion.<br \/>\n\u00b7 Standard fittings can be used, enabling remote pressure monitoring, etc.<\/p>\n<h3 class=\"m-h3\"><span data-lang=\"ENG\">Configured Specifications<\/span><\/h3>\n<table class=\"m-listTable\" summary=\"Price, Spec., etc.\">\n<colgroup>\n<col width=\"20%\" \/>\n<col width=\"30%\" \/>\n<col width=\"20%\" \/>\n<col width=\"30%\" \/><\/colgroup>\n<tbody>\n<tr>\n<th>Type<\/th>\n<td>Pressure Boosting Valve<\/td>\n<th>Type<\/th>\n<td>Handle-operated type<\/td>\n<\/tr>\n<tr>\n<th>Size<\/th>\n<td>Pressure increase ratio 2 times<\/td>\n<th>Thread type<\/th>\n<td>Rc<\/td>\n<\/tr>\n<tr>\n<th>Connection port size<\/th>\n<td>3\/8<\/td>\n<th>Option<\/th>\n<td>Pressure gauge, silencer<\/td>\n<\/tr>\n<tr>\n<th>Specifications<\/th>\n<td>Standard product<\/td>\n<th>Body size<\/th>\n<td>&#8211;<\/td>\n<\/tr>\n<tr>\n<th>Type<\/th>\n<td>Standard<\/td>\n<th>Operation type<\/th>\n<td>Handle-operated type<\/td>\n<\/tr>\n<tr>\n<th>Compatible Screw Type<\/th>\n<td>&#8211;<\/td>\n<th>RoHS<\/th>\n<td>&#8211;<\/td>\n<\/tr>\n<\/tbody>\n<\/table>\n<p>&nbsp;<\/p>\n<p><img decoding=\"async\" src=\"https:\/\/ntntech.vn\/wp-content\/uploads\/2022\/09\/VBA-specs-1000x456.jpg\" \/><\/p>\n<p>&nbsp;<\/p>\n<p><img decoding=\"async\" src=\"https:\/\/ntntech.vn\/wp-content\/uploads\/2022\/09\/VBA-order-code-1000x651.jpg\" \/><\/p>\n<p>&nbsp;<\/p>\n<p><strong>Model List<\/strong><\/p>\n<div class=\"chong-copy\">\n<ul>\n<li>VBA10A-02<\/li>\n<li>VBA20A-03<\/li>\n<li>VBA40A-04<\/li>\n<li>VBA22A-03<\/li>\n<li>VBA42A-04<\/li>\n<li>VBA43A-04<\/li>\n<li>VBA11A-02<\/li>\n<\/ul>\n<\/div>\n","protected":false},"excerpt":{"rendered":"<p>SMC VBA20A-03GN Van t\u0103ng \u00e1p SMC | booster regulator SMC VBA10A-02, VBA20A-03, VBA40A-04, VBA22A-03, VBA42A-04, VBA43A-04, VBA11A-02,\u00a0 VBA10A-02GN,\u00a0 VBA20A-03GN,\u00a0 VBA40A-04, VBA22A-03,\u00a0 SMC VBA42A-04,\u00a0 SMC VBA43A-04,\u00a0 SMC VBA11A-02 T\u0103ng \u00e1p l\u1ef1c d\u00f2ng kh\u00ed m\u00e0 kh\u00f4ng \u0111\u00f2i h\u1ecfi c\u00f4ng su\u1ea5t th\u00eam 2-4 l\u1ea7n t\u0103ng \u00e1p Gi\u1edbi thi\u1ec7u B\u1ed9 t\u0103ng \u00e1p kh\u00ed n\u00e9n&hellip; <\/p>\n","protected":false},"featured_media":3081,"comment_status":"open","ping_status":"closed","template":"","meta":[],"product_cat":[283],"product_tag":[93,92,426],"class_list":{"0":"post-3080","1":"product","2":"type-product","3":"status-publish","4":"has-post-thumbnail","6":"product_cat-smc","7":"product_tag-dai-ly-smc-viet-nam","8":"product_tag-smc-viet-nam","9":"product_tag-van-tang-ap","11":"first","12":"instock","13":"shipping-taxable","14":"product-type-simple"},"yoast_head":"<!-- This site is optimized with the Yoast SEO plugin v22.8 - https:\/\/yoast.com\/wordpress\/plugins\/seo\/ -->\n<title>SMC VBA20A-03GN - OMANI VI\u1ec6T NAM<\/title>\n<meta name=\"description\" content=\"SMC VBA20A-03GN Booster Regulator\" \/>\n<meta name=\"robots\" content=\"index, follow, max-snippet:-1, max-image-preview:large, max-video-preview:-1\" \/>\n<link rel=\"canonical\" href=\"https:\/\/omanivietnam.com\/index.php\/san-pham\/smc-vba20a-03gn\/\" \/>\n<meta property=\"og:locale\" content=\"vi_VN\" \/>\n<meta property=\"og:type\" content=\"article\" \/>\n<meta property=\"og:title\" content=\"SMC VBA20A-03GN - OMANI VI\u1ec6T NAM\" \/>\n<meta property=\"og:description\" content=\"SMC VBA20A-03GN Booster Regulator\" \/>\n<meta property=\"og:url\" content=\"https:\/\/omanivietnam.com\/index.php\/san-pham\/smc-vba20a-03gn\/\" \/>\n<meta property=\"og:site_name\" content=\"OMANI VI\u1ec6T NAM\" \/>\n<meta property=\"article:modified_time\" content=\"2025-05-10T07:42:09+00:00\" \/>\n<meta property=\"og:image\" content=\"https:\/\/omanivietnam.com\/wp-content\/uploads\/2024\/12\/screenshot_1735628029.png\" \/>\n\t<meta property=\"og:image:width\" content=\"467\" \/>\n\t<meta property=\"og:image:height\" content=\"437\" \/>\n\t<meta property=\"og:image:type\" content=\"image\/png\" \/>\n<meta name=\"twitter:card\" content=\"summary_large_image\" \/>\n<meta name=\"twitter:label1\" content=\"\u01af\u1edbc t\u00ednh th\u1eddi gian \u0111\u1ecdc\" \/>\n\t<meta name=\"twitter:data1\" content=\"5 ph\u00fat\" \/>\n<script type=\"application\/ld+json\" class=\"yoast-schema-graph\">{\"@context\":\"https:\/\/schema.org\",\"@graph\":[{\"@type\":\"WebPage\",\"@id\":\"https:\/\/omanivietnam.com\/index.php\/san-pham\/smc-vba20a-03gn\/\",\"url\":\"https:\/\/omanivietnam.com\/index.php\/san-pham\/smc-vba20a-03gn\/\",\"name\":\"SMC VBA20A-03GN - OMANI VI\u1ec6T NAM\",\"isPartOf\":{\"@id\":\"https:\/\/omanivietnam.com\/#website\"},\"primaryImageOfPage\":{\"@id\":\"https:\/\/omanivietnam.com\/index.php\/san-pham\/smc-vba20a-03gn\/#primaryimage\"},\"image\":{\"@id\":\"https:\/\/omanivietnam.com\/index.php\/san-pham\/smc-vba20a-03gn\/#primaryimage\"},\"thumbnailUrl\":\"https:\/\/omanivietnam.com\/wp-content\/uploads\/2024\/12\/screenshot_1735628029.png\",\"datePublished\":\"2024-12-31T07:27:52+00:00\",\"dateModified\":\"2025-05-10T07:42:09+00:00\",\"description\":\"SMC VBA20A-03GN Booster Regulator\",\"breadcrumb\":{\"@id\":\"https:\/\/omanivietnam.com\/index.php\/san-pham\/smc-vba20a-03gn\/#breadcrumb\"},\"inLanguage\":\"vi\",\"potentialAction\":[{\"@type\":\"ReadAction\",\"target\":[\"https:\/\/omanivietnam.com\/index.php\/san-pham\/smc-vba20a-03gn\/\"]}]},{\"@type\":\"ImageObject\",\"inLanguage\":\"vi\",\"@id\":\"https:\/\/omanivietnam.com\/index.php\/san-pham\/smc-vba20a-03gn\/#primaryimage\",\"url\":\"https:\/\/omanivietnam.com\/wp-content\/uploads\/2024\/12\/screenshot_1735628029.png\",\"contentUrl\":\"https:\/\/omanivietnam.com\/wp-content\/uploads\/2024\/12\/screenshot_1735628029.png\",\"width\":467,\"height\":437},{\"@type\":\"BreadcrumbList\",\"@id\":\"https:\/\/omanivietnam.com\/index.php\/san-pham\/smc-vba20a-03gn\/#breadcrumb\",\"itemListElement\":[{\"@type\":\"ListItem\",\"position\":1,\"name\":\"Home\",\"item\":\"https:\/\/omanivietnam.com\/\"},{\"@type\":\"ListItem\",\"position\":2,\"name\":\"S\u1ea2N PH\u1ea8M\",\"item\":\"https:\/\/omanivietnam.com\/index.php\/cua-hang\/\"},{\"@type\":\"ListItem\",\"position\":3,\"name\":\"SMC VBA20A-03GN\"}]},{\"@type\":\"WebSite\",\"@id\":\"https:\/\/omanivietnam.com\/#website\",\"url\":\"https:\/\/omanivietnam.com\/\",\"name\":\"OMANI VI\u1ec6T NAM\",\"description\":\"Nh\u00e0 ph\u00e2n ph\u1ed1i thi\u1ebft b\u1ecb kh\u00ed n\u00e9n v\u00e0 thi\u1ebft b\u1ecb t\u1ef1 \u0111\u1ed9ng h\u00f3a trong c\u00f4ng nghi\u1ec7p\",\"publisher\":{\"@id\":\"https:\/\/omanivietnam.com\/#\/schema\/person\/0ad398a980dc3fd696111c2c5c8fa897\"},\"potentialAction\":[{\"@type\":\"SearchAction\",\"target\":{\"@type\":\"EntryPoint\",\"urlTemplate\":\"https:\/\/omanivietnam.com\/?s={search_term_string}\"},\"query-input\":\"required name=search_term_string\"}],\"inLanguage\":\"vi\"},{\"@type\":[\"Person\",\"Organization\"],\"@id\":\"https:\/\/omanivietnam.com\/#\/schema\/person\/0ad398a980dc3fd696111c2c5c8fa897\",\"name\":\"Nguy\u1ec5n V\u0103n Kh\u00e1nh\",\"image\":{\"@type\":\"ImageObject\",\"inLanguage\":\"vi\",\"@id\":\"https:\/\/omanivietnam.com\/#\/schema\/person\/image\/\",\"url\":\"https:\/\/omanivietnam.com\/wp-content\/uploads\/2024\/06\/logo-1024x1024.png\",\"contentUrl\":\"https:\/\/omanivietnam.com\/wp-content\/uploads\/2024\/06\/logo-1024x1024.png\",\"width\":1024,\"height\":1024,\"caption\":\"Nguy\u1ec5n V\u0103n Kh\u00e1nh\"},\"logo\":{\"@id\":\"https:\/\/omanivietnam.com\/#\/schema\/person\/image\/\"},\"sameAs\":[\"https:\/\/omanivietnam.com\"]}]}<\/script>\n<!-- \/ Yoast SEO plugin. -->","yoast_head_json":{"title":"SMC VBA20A-03GN - OMANI VI\u1ec6T NAM","description":"SMC VBA20A-03GN Booster Regulator","robots":{"index":"index","follow":"follow","max-snippet":"max-snippet:-1","max-image-preview":"max-image-preview:large","max-video-preview":"max-video-preview:-1"},"canonical":"https:\/\/omanivietnam.com\/index.php\/san-pham\/smc-vba20a-03gn\/","og_locale":"vi_VN","og_type":"article","og_title":"SMC VBA20A-03GN - OMANI VI\u1ec6T NAM","og_description":"SMC VBA20A-03GN Booster Regulator","og_url":"https:\/\/omanivietnam.com\/index.php\/san-pham\/smc-vba20a-03gn\/","og_site_name":"OMANI VI\u1ec6T NAM","article_modified_time":"2025-05-10T07:42:09+00:00","og_image":[{"width":467,"height":437,"url":"https:\/\/omanivietnam.com\/wp-content\/uploads\/2024\/12\/screenshot_1735628029.png","type":"image\/png"}],"twitter_card":"summary_large_image","twitter_misc":{"\u01af\u1edbc t\u00ednh th\u1eddi gian \u0111\u1ecdc":"5 ph\u00fat"},"schema":{"@context":"https:\/\/schema.org","@graph":[{"@type":"WebPage","@id":"https:\/\/omanivietnam.com\/index.php\/san-pham\/smc-vba20a-03gn\/","url":"https:\/\/omanivietnam.com\/index.php\/san-pham\/smc-vba20a-03gn\/","name":"SMC VBA20A-03GN - OMANI VI\u1ec6T NAM","isPartOf":{"@id":"https:\/\/omanivietnam.com\/#website"},"primaryImageOfPage":{"@id":"https:\/\/omanivietnam.com\/index.php\/san-pham\/smc-vba20a-03gn\/#primaryimage"},"image":{"@id":"https:\/\/omanivietnam.com\/index.php\/san-pham\/smc-vba20a-03gn\/#primaryimage"},"thumbnailUrl":"https:\/\/omanivietnam.com\/wp-content\/uploads\/2024\/12\/screenshot_1735628029.png","datePublished":"2024-12-31T07:27:52+00:00","dateModified":"2025-05-10T07:42:09+00:00","description":"SMC VBA20A-03GN Booster Regulator","breadcrumb":{"@id":"https:\/\/omanivietnam.com\/index.php\/san-pham\/smc-vba20a-03gn\/#breadcrumb"},"inLanguage":"vi","potentialAction":[{"@type":"ReadAction","target":["https:\/\/omanivietnam.com\/index.php\/san-pham\/smc-vba20a-03gn\/"]}]},{"@type":"ImageObject","inLanguage":"vi","@id":"https:\/\/omanivietnam.com\/index.php\/san-pham\/smc-vba20a-03gn\/#primaryimage","url":"https:\/\/omanivietnam.com\/wp-content\/uploads\/2024\/12\/screenshot_1735628029.png","contentUrl":"https:\/\/omanivietnam.com\/wp-content\/uploads\/2024\/12\/screenshot_1735628029.png","width":467,"height":437},{"@type":"BreadcrumbList","@id":"https:\/\/omanivietnam.com\/index.php\/san-pham\/smc-vba20a-03gn\/#breadcrumb","itemListElement":[{"@type":"ListItem","position":1,"name":"Home","item":"https:\/\/omanivietnam.com\/"},{"@type":"ListItem","position":2,"name":"S\u1ea2N PH\u1ea8M","item":"https:\/\/omanivietnam.com\/index.php\/cua-hang\/"},{"@type":"ListItem","position":3,"name":"SMC VBA20A-03GN"}]},{"@type":"WebSite","@id":"https:\/\/omanivietnam.com\/#website","url":"https:\/\/omanivietnam.com\/","name":"OMANI VI\u1ec6T NAM","description":"Nh\u00e0 ph\u00e2n ph\u1ed1i thi\u1ebft b\u1ecb kh\u00ed n\u00e9n v\u00e0 thi\u1ebft b\u1ecb t\u1ef1 \u0111\u1ed9ng h\u00f3a trong c\u00f4ng nghi\u1ec7p","publisher":{"@id":"https:\/\/omanivietnam.com\/#\/schema\/person\/0ad398a980dc3fd696111c2c5c8fa897"},"potentialAction":[{"@type":"SearchAction","target":{"@type":"EntryPoint","urlTemplate":"https:\/\/omanivietnam.com\/?s={search_term_string}"},"query-input":"required name=search_term_string"}],"inLanguage":"vi"},{"@type":["Person","Organization"],"@id":"https:\/\/omanivietnam.com\/#\/schema\/person\/0ad398a980dc3fd696111c2c5c8fa897","name":"Nguy\u1ec5n V\u0103n Kh\u00e1nh","image":{"@type":"ImageObject","inLanguage":"vi","@id":"https:\/\/omanivietnam.com\/#\/schema\/person\/image\/","url":"https:\/\/omanivietnam.com\/wp-content\/uploads\/2024\/06\/logo-1024x1024.png","contentUrl":"https:\/\/omanivietnam.com\/wp-content\/uploads\/2024\/06\/logo-1024x1024.png","width":1024,"height":1024,"caption":"Nguy\u1ec5n V\u0103n Kh\u00e1nh"},"logo":{"@id":"https:\/\/omanivietnam.com\/#\/schema\/person\/image\/"},"sameAs":["https:\/\/omanivietnam.com"]}]}},"_links":{"self":[{"href":"https:\/\/omanivietnam.com\/index.php\/wp-json\/wp\/v2\/product\/3080","targetHints":{"allow":["GET"]}}],"collection":[{"href":"https:\/\/omanivietnam.com\/index.php\/wp-json\/wp\/v2\/product"}],"about":[{"href":"https:\/\/omanivietnam.com\/index.php\/wp-json\/wp\/v2\/types\/product"}],"replies":[{"embeddable":true,"href":"https:\/\/omanivietnam.com\/index.php\/wp-json\/wp\/v2\/comments?post=3080"}],"wp:featuredmedia":[{"embeddable":true,"href":"https:\/\/omanivietnam.com\/index.php\/wp-json\/wp\/v2\/media\/3081"}],"wp:attachment":[{"href":"https:\/\/omanivietnam.com\/index.php\/wp-json\/wp\/v2\/media?parent=3080"}],"wp:term":[{"taxonomy":"product_cat","embeddable":true,"href":"https:\/\/omanivietnam.com\/index.php\/wp-json\/wp\/v2\/product_cat?post=3080"},{"taxonomy":"product_tag","embeddable":true,"href":"https:\/\/omanivietnam.com\/index.php\/wp-json\/wp\/v2\/product_tag?post=3080"}],"curies":[{"name":"wp","href":"https:\/\/api.w.org\/{rel}","templated":true}]}}