{"id":3141,"date":"2025-01-19T22:05:15","date_gmt":"2025-01-19T15:05:15","guid":{"rendered":"https:\/\/omanivietnam.com\/?post_type=product&#038;p=3141"},"modified":"2025-08-06T22:00:15","modified_gmt":"2025-08-06T15:00:15","slug":"vector-sdc-h1t1-16-a3-1","status":"publish","type":"product","link":"https:\/\/omanivietnam.com\/index.php\/san-pham\/vector-sdc-h1t1-16-a3-1\/","title":{"rendered":"VECTOR SDC-H1T1-16-A3-1"},"content":{"rendered":"<p>VECTOR SDC-H1T1-16-A3-1<\/p>\n<ul>\n<li><strong>T\u00ean s\u1ea3n ph\u1ea9m:<\/strong>\u00a0C\u1ea3m bi\u1ebfn \u0111\u1ed9 \u1ea9m, 24VAC\/DC, 0-100%RH Vector Controls \u2013 SDC-H1T1-16-A3-1<\/li>\n<li><strong>M\u00e3 s\u1ea3n ph\u1ea9m:<\/strong>\u00a0SDC-H1T1-16-A3-1<\/li>\n<li><strong>M\u00f4 t\u1ea3 s\u1ea3n ph\u1ea9m:<\/strong>\u00a0C\u1ea3m bi\u1ebfn \u0111\u1ed9 \u1ea9m, 24VAC\/DC, 0-100%RH, 0(2)-10VDC, 0(4)-20mA, 16cm, code: 40-300151<\/li>\n<li><strong>Nh\u00e0 s\u1ea3n xu\u1ea5t:<\/strong>\u00a0Vector Controls<\/li>\n<li><strong>Th\u1eddi gian b\u1ea3o h\u00e0nh:<\/strong>\u00a0Theo quy \u0111\u1ecbnh c\u1ee7a nh\u00e0 s\u1ea3n xu\u1ea5t<\/li>\n<\/ul>\n<h3>1.C\u1ea3m bi\u1ebfn nhi\u1ec7t \u0111\u1ed9 \u0111\u1ed9 \u1ea9m\u00a0SDC-H1T1-16-A3-1:<\/h3>\n<div>\n<p>C\u1ea3m bi\u1ebfn nhi\u1ec7t \u0111\u1ed9 \u1ea9m g\u1eafn \u1ed1ng gi\u00f3<br \/>\nNg\u00f5 ra : 0-10V\/2-10V\/4-20mA<br \/>\nSai s\u1ed1: +\/- 0.5DegC , +\/-3% Humidity<br \/>\nNgu\u1ed3n c\u1ea5p : 24VAC \/ 24 VDC<br \/>\nH\u00e3ng s\u1ea3n xu\u1ea5t: Vector<\/p>\n<\/div>\n<h3>C\u00e1c m\u00e3 h\u00e0ng t\u01b0\u01a1ng \u0111\u01b0\u01a1ng C\u1ea3m Bi\u1ebfn Nhi\u1ec7t \u0110\u1ed9, \u0110\u1ed9 \u1ea8m\u00a0Sdc-H1T1-16-A3-1:<\/h3>\n<p>SDC-H1T1-08-A3-1<\/p>\n<p>SDC-H1T1-16-A3-1<\/p>\n<p>SDC-H1T1-24-A3-1<\/p>\n<p>SDC-H1T1-08-A3-W1<\/p>\n<p>SDC-H1T1-08-A3-W2<\/p>\n<p>SDC-H1T1-08-A3-W3<\/p>\n<p>SDC-H1T1-08-A3-W4<\/p>\n<p>SDC-H1T1-16-A3-W1<\/p>\n<p>SDC-H1T1-16-A3-W2<\/p>\n<p>SDC-H1T1-16-A3-W3<\/p>\n<p>SDC-H1T1-16-A3-W4<\/p>\n<p>SDC-H1T1-24-A3-W1<\/p>\n<p>SDC-H1T1-24-A3-W2<\/p>\n<p>SDC-H1T1-24-A3-W3<\/p>\n<p>SDC-H1T1-24-A3-W4<\/p>\n<div>SRC-H1TN10<br \/>\nSRC-H1TN100<br \/>\nSRC-H1TN20<br \/>\nSRC-H1TN30<\/div>\n<div><\/div>\n<div>\n<p>SDC-H1T1-16-A3-1 W0<\/p>\n<p>SDC-H1T1-16-A3-1-W1<\/p>\n<p>SDC-H1T1-16-A3-1-W2<\/p>\n<p>SDC-H1T1-16-A3-1-W3<\/p>\n<\/div>\n","protected":false},"excerpt":{"rendered":"<p>VECTOR SDC-H1T1-16-A3-1 T\u00ean s\u1ea3n ph\u1ea9m:\u00a0C\u1ea3m bi\u1ebfn \u0111\u1ed9 \u1ea9m, 24VAC\/DC, 0-100%RH Vector Controls \u2013 SDC-H1T1-16-A3-1 M\u00e3 s\u1ea3n ph\u1ea9m:\u00a0SDC-H1T1-16-A3-1 M\u00f4 t\u1ea3 s\u1ea3n ph\u1ea9m:\u00a0C\u1ea3m bi\u1ebfn \u0111\u1ed9 \u1ea9m, 24VAC\/DC, 0-100%RH, 0(2)-10VDC, 0(4)-20mA, 16cm, code: 40-300151 Nh\u00e0 s\u1ea3n xu\u1ea5t:\u00a0Vector Controls Th\u1eddi gian b\u1ea3o h\u00e0nh:\u00a0Theo quy \u0111\u1ecbnh c\u1ee7a nh\u00e0 s\u1ea3n xu\u1ea5t 1.C\u1ea3m bi\u1ebfn nhi\u1ec7t \u0111\u1ed9 \u0111\u1ed9&hellip; <\/p>\n","protected":false},"featured_media":3142,"comment_status":"open","ping_status":"closed","template":"","meta":[],"product_cat":[592],"product_tag":[88,594,593],"class_list":{"0":"post-3141","1":"product","2":"type-product","3":"status-publish","4":"has-post-thumbnail","6":"product_cat-vector","7":"product_tag-cam-bien","8":"product_tag-dai-ly-vector-viet-nam","9":"product_tag-vector-viet-nam","11":"first","12":"instock","13":"shipping-taxable","14":"product-type-simple"},"yoast_head":"<!-- This site is optimized with the Yoast SEO plugin v22.8 - https:\/\/yoast.com\/wordpress\/plugins\/seo\/ -->\n<title>VECTOR SDC-H1T1-16-A3-1 - OMANI VI\u1ec6T NAM<\/title>\n<meta name=\"description\" content=\"SDC-H1T1 Duct Humidity and Temperature Transmitter. Humidity and temperature transmitter. A unique capacitive sensor element is used for measuring relative humidity while temperature is measured by a band-gap.\" \/>\n<meta name=\"robots\" content=\"index, follow, max-snippet:-1, max-image-preview:large, max-video-preview:-1\" \/>\n<link rel=\"canonical\" href=\"https:\/\/omanivietnam.com\/index.php\/san-pham\/vector-sdc-h1t1-16-a3-1\/\" \/>\n<meta property=\"og:locale\" content=\"vi_VN\" \/>\n<meta property=\"og:type\" content=\"article\" \/>\n<meta property=\"og:title\" content=\"VECTOR SDC-H1T1-16-A3-1 - OMANI VI\u1ec6T NAM\" \/>\n<meta property=\"og:description\" content=\"SDC-H1T1 Duct Humidity and Temperature Transmitter. Humidity and temperature transmitter. A unique capacitive sensor element is used for measuring relative humidity while temperature is measured by a band-gap.\" \/>\n<meta property=\"og:url\" content=\"https:\/\/omanivietnam.com\/index.php\/san-pham\/vector-sdc-h1t1-16-a3-1\/\" \/>\n<meta property=\"og:site_name\" content=\"OMANI VI\u1ec6T NAM\" \/>\n<meta property=\"article:modified_time\" content=\"2025-08-06T15:00:15+00:00\" \/>\n<meta property=\"og:image\" content=\"https:\/\/omanivietnam.com\/wp-content\/uploads\/2025\/01\/SDC-H1T1-16-A3-1.png\" \/>\n\t<meta property=\"og:image:width\" content=\"428\" \/>\n\t<meta property=\"og:image:height\" content=\"276\" \/>\n\t<meta property=\"og:image:type\" content=\"image\/png\" \/>\n<meta name=\"twitter:card\" content=\"summary_large_image\" \/>\n<meta name=\"twitter:label1\" content=\"\u01af\u1edbc t\u00ednh th\u1eddi gian \u0111\u1ecdc\" \/>\n\t<meta name=\"twitter:data1\" content=\"1 ph\u00fat\" \/>\n<script type=\"application\/ld+json\" class=\"yoast-schema-graph\">{\"@context\":\"https:\/\/schema.org\",\"@graph\":[{\"@type\":\"WebPage\",\"@id\":\"https:\/\/omanivietnam.com\/index.php\/san-pham\/vector-sdc-h1t1-16-a3-1\/\",\"url\":\"https:\/\/omanivietnam.com\/index.php\/san-pham\/vector-sdc-h1t1-16-a3-1\/\",\"name\":\"VECTOR SDC-H1T1-16-A3-1 - OMANI VI\u1ec6T NAM\",\"isPartOf\":{\"@id\":\"https:\/\/omanivietnam.com\/#website\"},\"primaryImageOfPage\":{\"@id\":\"https:\/\/omanivietnam.com\/index.php\/san-pham\/vector-sdc-h1t1-16-a3-1\/#primaryimage\"},\"image\":{\"@id\":\"https:\/\/omanivietnam.com\/index.php\/san-pham\/vector-sdc-h1t1-16-a3-1\/#primaryimage\"},\"thumbnailUrl\":\"https:\/\/omanivietnam.com\/wp-content\/uploads\/2025\/01\/SDC-H1T1-16-A3-1.png\",\"datePublished\":\"2025-01-19T15:05:15+00:00\",\"dateModified\":\"2025-08-06T15:00:15+00:00\",\"description\":\"SDC-H1T1 Duct Humidity and Temperature Transmitter. Humidity and temperature transmitter. A unique capacitive sensor element is used for measuring relative humidity while temperature is measured by a band-gap.\",\"breadcrumb\":{\"@id\":\"https:\/\/omanivietnam.com\/index.php\/san-pham\/vector-sdc-h1t1-16-a3-1\/#breadcrumb\"},\"inLanguage\":\"vi\",\"potentialAction\":[{\"@type\":\"ReadAction\",\"target\":[\"https:\/\/omanivietnam.com\/index.php\/san-pham\/vector-sdc-h1t1-16-a3-1\/\"]}]},{\"@type\":\"ImageObject\",\"inLanguage\":\"vi\",\"@id\":\"https:\/\/omanivietnam.com\/index.php\/san-pham\/vector-sdc-h1t1-16-a3-1\/#primaryimage\",\"url\":\"https:\/\/omanivietnam.com\/wp-content\/uploads\/2025\/01\/SDC-H1T1-16-A3-1.png\",\"contentUrl\":\"https:\/\/omanivietnam.com\/wp-content\/uploads\/2025\/01\/SDC-H1T1-16-A3-1.png\",\"width\":428,\"height\":276},{\"@type\":\"BreadcrumbList\",\"@id\":\"https:\/\/omanivietnam.com\/index.php\/san-pham\/vector-sdc-h1t1-16-a3-1\/#breadcrumb\",\"itemListElement\":[{\"@type\":\"ListItem\",\"position\":1,\"name\":\"Home\",\"item\":\"https:\/\/omanivietnam.com\/\"},{\"@type\":\"ListItem\",\"position\":2,\"name\":\"S\u1ea2N PH\u1ea8M\",\"item\":\"https:\/\/omanivietnam.com\/index.php\/cua-hang\/\"},{\"@type\":\"ListItem\",\"position\":3,\"name\":\"VECTOR SDC-H1T1-16-A3-1\"}]},{\"@type\":\"WebSite\",\"@id\":\"https:\/\/omanivietnam.com\/#website\",\"url\":\"https:\/\/omanivietnam.com\/\",\"name\":\"OMANI VI\u1ec6T NAM\",\"description\":\"Nh\u00e0 ph\u00e2n ph\u1ed1i thi\u1ebft b\u1ecb kh\u00ed n\u00e9n v\u00e0 thi\u1ebft b\u1ecb t\u1ef1 \u0111\u1ed9ng h\u00f3a trong c\u00f4ng nghi\u1ec7p\",\"publisher\":{\"@id\":\"https:\/\/omanivietnam.com\/#\/schema\/person\/0ad398a980dc3fd696111c2c5c8fa897\"},\"potentialAction\":[{\"@type\":\"SearchAction\",\"target\":{\"@type\":\"EntryPoint\",\"urlTemplate\":\"https:\/\/omanivietnam.com\/?s={search_term_string}\"},\"query-input\":\"required name=search_term_string\"}],\"inLanguage\":\"vi\"},{\"@type\":[\"Person\",\"Organization\"],\"@id\":\"https:\/\/omanivietnam.com\/#\/schema\/person\/0ad398a980dc3fd696111c2c5c8fa897\",\"name\":\"Nguy\u1ec5n V\u0103n Kh\u00e1nh\",\"image\":{\"@type\":\"ImageObject\",\"inLanguage\":\"vi\",\"@id\":\"https:\/\/omanivietnam.com\/#\/schema\/person\/image\/\",\"url\":\"https:\/\/omanivietnam.com\/wp-content\/uploads\/2024\/06\/logo-1024x1024.png\",\"contentUrl\":\"https:\/\/omanivietnam.com\/wp-content\/uploads\/2024\/06\/logo-1024x1024.png\",\"width\":1024,\"height\":1024,\"caption\":\"Nguy\u1ec5n V\u0103n Kh\u00e1nh\"},\"logo\":{\"@id\":\"https:\/\/omanivietnam.com\/#\/schema\/person\/image\/\"},\"sameAs\":[\"https:\/\/omanivietnam.com\"]}]}<\/script>\n<!-- \/ Yoast SEO plugin. -->","yoast_head_json":{"title":"VECTOR SDC-H1T1-16-A3-1 - OMANI VI\u1ec6T NAM","description":"SDC-H1T1 Duct Humidity and Temperature Transmitter. Humidity and temperature transmitter. A unique capacitive sensor element is used for measuring relative humidity while temperature is measured by a band-gap.","robots":{"index":"index","follow":"follow","max-snippet":"max-snippet:-1","max-image-preview":"max-image-preview:large","max-video-preview":"max-video-preview:-1"},"canonical":"https:\/\/omanivietnam.com\/index.php\/san-pham\/vector-sdc-h1t1-16-a3-1\/","og_locale":"vi_VN","og_type":"article","og_title":"VECTOR SDC-H1T1-16-A3-1 - OMANI VI\u1ec6T NAM","og_description":"SDC-H1T1 Duct Humidity and Temperature Transmitter. Humidity and temperature transmitter. A unique capacitive sensor element is used for measuring relative humidity while temperature is measured by a band-gap.","og_url":"https:\/\/omanivietnam.com\/index.php\/san-pham\/vector-sdc-h1t1-16-a3-1\/","og_site_name":"OMANI VI\u1ec6T NAM","article_modified_time":"2025-08-06T15:00:15+00:00","og_image":[{"width":428,"height":276,"url":"https:\/\/omanivietnam.com\/wp-content\/uploads\/2025\/01\/SDC-H1T1-16-A3-1.png","type":"image\/png"}],"twitter_card":"summary_large_image","twitter_misc":{"\u01af\u1edbc t\u00ednh th\u1eddi gian \u0111\u1ecdc":"1 ph\u00fat"},"schema":{"@context":"https:\/\/schema.org","@graph":[{"@type":"WebPage","@id":"https:\/\/omanivietnam.com\/index.php\/san-pham\/vector-sdc-h1t1-16-a3-1\/","url":"https:\/\/omanivietnam.com\/index.php\/san-pham\/vector-sdc-h1t1-16-a3-1\/","name":"VECTOR SDC-H1T1-16-A3-1 - OMANI VI\u1ec6T NAM","isPartOf":{"@id":"https:\/\/omanivietnam.com\/#website"},"primaryImageOfPage":{"@id":"https:\/\/omanivietnam.com\/index.php\/san-pham\/vector-sdc-h1t1-16-a3-1\/#primaryimage"},"image":{"@id":"https:\/\/omanivietnam.com\/index.php\/san-pham\/vector-sdc-h1t1-16-a3-1\/#primaryimage"},"thumbnailUrl":"https:\/\/omanivietnam.com\/wp-content\/uploads\/2025\/01\/SDC-H1T1-16-A3-1.png","datePublished":"2025-01-19T15:05:15+00:00","dateModified":"2025-08-06T15:00:15+00:00","description":"SDC-H1T1 Duct Humidity and Temperature Transmitter. Humidity and temperature transmitter. A unique capacitive sensor element is used for measuring relative humidity while temperature is measured by a band-gap.","breadcrumb":{"@id":"https:\/\/omanivietnam.com\/index.php\/san-pham\/vector-sdc-h1t1-16-a3-1\/#breadcrumb"},"inLanguage":"vi","potentialAction":[{"@type":"ReadAction","target":["https:\/\/omanivietnam.com\/index.php\/san-pham\/vector-sdc-h1t1-16-a3-1\/"]}]},{"@type":"ImageObject","inLanguage":"vi","@id":"https:\/\/omanivietnam.com\/index.php\/san-pham\/vector-sdc-h1t1-16-a3-1\/#primaryimage","url":"https:\/\/omanivietnam.com\/wp-content\/uploads\/2025\/01\/SDC-H1T1-16-A3-1.png","contentUrl":"https:\/\/omanivietnam.com\/wp-content\/uploads\/2025\/01\/SDC-H1T1-16-A3-1.png","width":428,"height":276},{"@type":"BreadcrumbList","@id":"https:\/\/omanivietnam.com\/index.php\/san-pham\/vector-sdc-h1t1-16-a3-1\/#breadcrumb","itemListElement":[{"@type":"ListItem","position":1,"name":"Home","item":"https:\/\/omanivietnam.com\/"},{"@type":"ListItem","position":2,"name":"S\u1ea2N PH\u1ea8M","item":"https:\/\/omanivietnam.com\/index.php\/cua-hang\/"},{"@type":"ListItem","position":3,"name":"VECTOR SDC-H1T1-16-A3-1"}]},{"@type":"WebSite","@id":"https:\/\/omanivietnam.com\/#website","url":"https:\/\/omanivietnam.com\/","name":"OMANI VI\u1ec6T NAM","description":"Nh\u00e0 ph\u00e2n ph\u1ed1i thi\u1ebft b\u1ecb kh\u00ed n\u00e9n v\u00e0 thi\u1ebft b\u1ecb t\u1ef1 \u0111\u1ed9ng h\u00f3a trong c\u00f4ng nghi\u1ec7p","publisher":{"@id":"https:\/\/omanivietnam.com\/#\/schema\/person\/0ad398a980dc3fd696111c2c5c8fa897"},"potentialAction":[{"@type":"SearchAction","target":{"@type":"EntryPoint","urlTemplate":"https:\/\/omanivietnam.com\/?s={search_term_string}"},"query-input":"required name=search_term_string"}],"inLanguage":"vi"},{"@type":["Person","Organization"],"@id":"https:\/\/omanivietnam.com\/#\/schema\/person\/0ad398a980dc3fd696111c2c5c8fa897","name":"Nguy\u1ec5n V\u0103n Kh\u00e1nh","image":{"@type":"ImageObject","inLanguage":"vi","@id":"https:\/\/omanivietnam.com\/#\/schema\/person\/image\/","url":"https:\/\/omanivietnam.com\/wp-content\/uploads\/2024\/06\/logo-1024x1024.png","contentUrl":"https:\/\/omanivietnam.com\/wp-content\/uploads\/2024\/06\/logo-1024x1024.png","width":1024,"height":1024,"caption":"Nguy\u1ec5n V\u0103n Kh\u00e1nh"},"logo":{"@id":"https:\/\/omanivietnam.com\/#\/schema\/person\/image\/"},"sameAs":["https:\/\/omanivietnam.com"]}]}},"_links":{"self":[{"href":"https:\/\/omanivietnam.com\/index.php\/wp-json\/wp\/v2\/product\/3141","targetHints":{"allow":["GET"]}}],"collection":[{"href":"https:\/\/omanivietnam.com\/index.php\/wp-json\/wp\/v2\/product"}],"about":[{"href":"https:\/\/omanivietnam.com\/index.php\/wp-json\/wp\/v2\/types\/product"}],"replies":[{"embeddable":true,"href":"https:\/\/omanivietnam.com\/index.php\/wp-json\/wp\/v2\/comments?post=3141"}],"wp:featuredmedia":[{"embeddable":true,"href":"https:\/\/omanivietnam.com\/index.php\/wp-json\/wp\/v2\/media\/3142"}],"wp:attachment":[{"href":"https:\/\/omanivietnam.com\/index.php\/wp-json\/wp\/v2\/media?parent=3141"}],"wp:term":[{"taxonomy":"product_cat","embeddable":true,"href":"https:\/\/omanivietnam.com\/index.php\/wp-json\/wp\/v2\/product_cat?post=3141"},{"taxonomy":"product_tag","embeddable":true,"href":"https:\/\/omanivietnam.com\/index.php\/wp-json\/wp\/v2\/product_tag?post=3141"}],"curies":[{"name":"wp","href":"https:\/\/api.w.org\/{rel}","templated":true}]}}