{"id":3169,"date":"2025-01-29T22:38:20","date_gmt":"2025-01-29T15:38:20","guid":{"rendered":"https:\/\/omanivietnam.com\/?post_type=product&#038;p=3169"},"modified":"2025-01-29T22:38:20","modified_gmt":"2025-01-29T15:38:20","slug":"hinaka-dj2y-40m40f1","status":"publish","type":"product","link":"https:\/\/omanivietnam.com\/index.php\/san-pham\/hinaka-dj2y-40m40f1\/","title":{"rendered":"HINAKA DJ2Y-40M40F1"},"content":{"rendered":"<p>HINAKA DJ2Y-40M40F<\/p>\n<p>HINAKA DAL-50M300<\/p>\n<p>HINAKA DAL-50M110<\/p>\n<p>HINAKA\u00a0 \u0111\u01b0\u1ee3c th\u00e0nh l\u1eadp t\u1ea1i \u0110\u00e0i Loan v\u00e0o n\u0103m 1988, th\u00e0nh l\u1eadp th\u01b0\u01a1ng hi\u1ec7u ri\u00eang v\u00e0<\/p>\n<p>c\u00e1c thi\u1ebft k\u1ebf t\u1ef1 n\u1ed5i l\u00ean cho s\u1ef1 ph\u00e1t tri\u1ec3n c\u1ee7a c\u00e1c th\u00e0nh ph\u1ea7n kh\u00ed n\u00e9n v\u00e0 th\u1ee7y l\u1ef1c m\u1edbi ch\u1ea5t l\u01b0\u1ee3ng cao .<\/p>\n<p>HINAKA c\u00f3 h\u01a1n 30 n\u0103m kinh nghi\u1ec7m trong l\u0129nh v\u1ef1c truy\u1ec1n \u0111\u1ed9ng kh\u00ed n\u00e9n v\u00e0 th\u1ee7y l\u1ef1c .<\/p>\n<p>H\u01a1n 100 lo\u1ea1i s\u1ea3n ph\u1ea9m \u0111\u00e3 \u0111\u01b0\u1ee3c tung ra th\u1ecb tr\u01b0\u1eddng v\u1edbi c\u00e1c b\u1eb1ng s\u00e1ng ch\u1ebf trong n\u01b0\u1edbc v\u00e0 qu\u1ed1c t\u1ebf.<\/p>\n<p>c\u00e1c s\u1ea3n ph\u1ea9m c\u1ee7a HINAKA:<\/p>\n<p>\u2013 Xy lanh HINAKA<\/p>\n<p>\u2013 kh\u00ed n\u00e9n HINAKA<\/p>\n<p>\u2013 Van \u0111i\u1ec7n t\u1eeb HINAKA<\/p>\n<p>\u2013 Xy lanh th\u1ee7y l\u1ef1c HINAKA<\/p>\n<p>\u2013 Xy lanh k\u1eb9p HINAKA<\/p>\n<p>HINAKA Fluid Power CO., LTD, \u0111\u01b0\u1ee3c th\u00e0nh l\u1eadp v\u00e0o n\u0103m 1988, \u0111\u00e3 th\u00e0nh l\u1eadp th\u01b0\u01a1ng hi\u1ec7u ri\u00eang \u201cHINAKA\u201d v\u00e0 t\u1ef1 thi\u1ebft k\u1ebf \u0111\u1ec3 ph\u00e1t tri\u1ec3n c\u00e1c b\u1ed9 ph\u1eadn th\u1ee7y l\u1ef1c v\u00e0 kh\u00ed n\u00e9n ch\u1ea5t l\u01b0\u1ee3ng cao m\u1edbi.<\/p>\n<p>V\u1edbi h\u01a1n 30 n\u0103m kinh nghi\u1ec7m v\u1ec1 truy\u1ec1n \u0111\u1ed9ng kh\u00ed n\u00e9n v\u00e0 th\u1ee7y l\u1ef1c l\u00e0 nh\u00e0 cung c\u1ea5p xi lanh kh\u00ed n\u00e9n, HINAKA c\u00f3 th\u1ec3 cung c\u1ea5p nhi\u1ec1u lo\u1ea1i xi lanh ti\u00eau chu\u1ea9n ISO v\u1edbi nhi\u1ec1u lo\u1ea1i v\u1eadt li\u1ec7u kh\u00e1c nhau t\u00f9y thu\u1ed9c v\u00e0o \u1ee9ng d\u1ee5ng. Ch\u1eb3ng h\u1ea1n nh\u01b0 xi lanh kh\u00ed n\u00e9n h\u1ee3p kim nh\u00f4m xi lanh ti\u00eau chu\u1ea9n ISO6463, xi lanh tr\u00f2n, xi lanh tr\u00f2n t\u01b0\u01a1ng th\u00edch SMC, xi lanh kh\u00ed n\u00e9n nh\u1ecf g\u1ecdn, v.v.<\/p>\n<p>chuy\u00ean cung c\u1ea5p c\u00e1c d\u00f2ng s\u1ea3n ph\u1ea9m HINAKA t\u1ea1i Vi\u1ec7t Nam. \u0110\u1ec3 bi\u1ebft th\u1ec7m th\u00f4ng tin Thi\u1ebft b\u1ecb HINAKA ,h\u00e3y li\u00ean h\u1ec7 v\u1edbi c\u00f4ng ty ch\u00fang t\u00f4i \u0111\u1ec3 \u0111\u01b0\u1ee3c h\u1ed5 tr\u1ee3.<\/p>\n<p>M\u1ed9t s\u1ed1 model xy lanh c\u1ee7a HINAKA:<\/p>\n<p>DAID-32M000E<\/p>\n<p>DAIDE-32M000E<\/p>\n<p>DAIM-32M000E<\/p>\n<p>DAIF-32M000E<\/p>\n<p>DAIT-R-32M000E<\/p>\n<p>DAIC-32M000EPPV<\/p>\n<p>DAI-40M000E<\/p>\n<p>DAID-40M000E<\/p>\n<p>DAIDE-40M000E<\/p>\n<p>DAIM-40M000E<\/p>\n<p>DAIT-R-40M000E<\/p>\n<p>DAIC-40M000EPPV<\/p>\n<p>DAIC-40M000EFPPV<\/p>\n<p>DAIC-40M000ERPPV<\/p>\n<p>DAI-50M000E<\/p>\n<p>DAID-50M000E<\/p>\n<p>DAIDE-50M000E<\/p>\n<p>DAIM-50M000E<\/p>\n<p>DAIF-50M000E<\/p>\n<p>DAIT-H-50M000E<\/p>\n<p>DAIT-R-50M000E<\/p>\n<p>DAIC-50M000EPPV<\/p>\n<p>DAI-63M000E<\/p>\n<p>DAID-63M000E<\/p>\n<p>DAIDE-63M000E<\/p>\n<p>DAIM-63M000E<\/p>\n<p>DAIF-63M000E<\/p>\n<p>DAIT-H-63M000E<\/p>\n<p>DAIT-R-63M000E<\/p>\n<p>DAIC-63M000EPPV<\/p>\n<p>DAI-80M000E<\/p>\n<p>DAID-80M000E<\/p>\n<p>DAIDE-80M000E<\/p>\n<p>DAIM-80M000E<\/p>\n<p>DAIF-80M000E<\/p>\n<p>DAIT-H-80M000E<\/p>\n<p>DAIT-R-80M000E<\/p>\n<p>DAIC-80M000EPPV<\/p>\n<p>DAI-100M000E<\/p>\n<p>DAID-100M000E<\/p>\n<p>DAIDE-100M000E<\/p>\n<p>DAIM-100M000E<\/p>\n<p>DAIF-100M000E<\/p>\n<p>DAIT-H-100M000E<\/p>\n<p>DAIT-R-100M000E<\/p>\n<p>DAIC-100M000EPPV<\/p>\n<p>DAI-125M000E<\/p>\n<p>DAID-125M000E<\/p>\n<p>DAIDE-125M000E<\/p>\n<p>DAIM-125M000E<\/p>\n<p>DAIF-125M000E<\/p>\n<p>DAIT-H-125M000E<\/p>\n<p>DAIT-R-125M000E<\/p>\n<p>DAL-40M000E<\/p>\n<p>DALD-40M000E<\/p>\n<p>DALE-40M000E<\/p>\n<p>DALM-40M000E<\/p>\n<p>DALT-40M000E<\/p>\n<p>DAL-50M000E<\/p>\n<p>DALD-50M000E<\/p>\n<p>DALE-50M000E<\/p>\n<p>DALM-50M000E<\/p>\n<p>DALT-50M000E<\/p>\n<p>DAL-63M000E<\/p>\n<p>DALD-63M000E<\/p>\n<p>DALE-63M000E<\/p>\n<p>DALM-63M000E<\/p>\n<p>DALT-63M000E<\/p>\n<p>DAL-80M000E<\/p>\n<p>DALD-80M000E<\/p>\n<p>DALE-80M000E<\/p>\n<p>DALM-80M000E<\/p>\n<p>DALT-80M000E<\/p>\n<p>DAL-100M000E<\/p>\n<p>DALD-100M000E<\/p>\n<p>DALE-100M000E<\/p>\n<p>DALM-100M000E<\/p>\n<p>DALT-100M000E<\/p>\n<p>DAL-125M000E<\/p>\n<p>DALD-125M000E<\/p>\n<p>DALE-125M000E<\/p>\n<p>DALM-125M000E<\/p>\n<p>DALT-125M000E<\/p>\n<p>DAL-150M000E<\/p>\n<p>DALD-150M000E<\/p>\n<p>DALE-150M000E<\/p>\n<p>DALM-150M000E<\/p>\n<p>DALT-150M000E<\/p>\n<p>DSA-20M000E<\/p>\n<p>DSC-20M000E<\/p>\n<p>DSS-20M000E<\/p>\n<p>DSA-20M000EPPV<\/p>\n<p>DSC-20M000EPPV<\/p>\n<p>DSS-20M000EPPV<\/p>\n<p>DSD-20M000E<\/p>\n<p>DSDE-20M000E<\/p>\n<p>DSA-25M000E<\/p>\n<p>DSC-25M000E<\/p>\n<p>DSS-25M000E<\/p>\n<p>DSA-25M000EPPV<\/p>\n<p>DSC-25M000EPPV<\/p>\n<p>DSS-25M000EPPV<\/p>\n<p>DSD-25M000E<\/p>\n<p>DSDE-25M000E<\/p>\n<p>DSA-32M000E<\/p>\n<p>DSC-32M000E<\/p>\n<p>DSS-32M000E<\/p>\n<p>DSA-32M000EPPV<\/p>\n<p>DSC-32M000EPPV<\/p>\n<p>DSS-32M000EPPV<\/p>\n<p>DSD-32M000E<\/p>\n<p>DSDE-32M000E<\/p>\n<p>DSA-40M000E<\/p>\n<p>DSC-40M000E<\/p>\n<p>DSS-40M000E<\/p>\n<p>DSA-40M000EPPV<\/p>\n<p>DSC-40M000EPPV<\/p>\n<p>DSS-40M000EPPV<\/p>\n<p>DSD-40M000E<\/p>\n<p>DSDE-40M000E<\/p>\n<p>DIA-16M000E<\/p>\n<p>DIC-16M000E<\/p>\n<p>DIS-16M000E<\/p>\n<p>DID-16M000E<\/p>\n<p>DIDE-16M000E<\/p>\n<p>DIA-20M000E<\/p>\n<p>DIC-20M000E<\/p>\n<p>DIS-20M000E<\/p>\n<p>DIA-20M000EPPV<\/p>\n<p>DIC-20M000EPPV<\/p>\n<p>DIS-20M000EPPV<\/p>\n<p>DID-20M000E<\/p>\n<p>DID-20M000EPPV<\/p>\n<p>DIA-C-20M000EFPPV<\/p>\n<p>DIA-C-20M000ERPPV<\/p>\n<p>DIA-C-20M000EPPV<\/p>\n<p>DIC-C-20M000EFPPV<\/p>\n<p>DIC-C-20M000ERPPV<\/p>\n<p>DIC-C-20M000EPPV<\/p>\n<p>DIS-C-20M000EFPPV<\/p>\n<p>DIS-C-20M000ERPPV<\/p>\n<p>DIS-C-20M000EPPV<\/p>\n<p>DITA-20M000E<\/p>\n<p>DITC-20M000E<\/p>\n<p>DIDM-20M000E<\/p>\n<p>DIA-25M000E<\/p>\n<p>DIC-25M000E<\/p>\n<p>DIS-25M000E<\/p>\n<p>DIA-25M000EPPV<\/p>\n<p>DIC-25M000EPPV<\/p>\n<p>DIS-25M000EPPV<\/p>\n<p>DID-25M000E<\/p>\n<p>DID-25M000EPPV<\/p>\n<p>DIDO-25M000F<\/p>\n<p>DIDO-25M000FPPV<\/p>\n<p>DIDM-25M000E<\/p>\n<p>DIDM-25M000EPPV<\/p>\n<p>DITA-25M000E<\/p>\n<p>DITC-25M000E<\/p>\n<p>DITA-25M000EPPV<\/p>\n<p>DITC-25M000EPPV<\/p>\n<p>DIA-C-25M000EFPPV<\/p>\n<p>DIC-C-25M000EFPPV<\/p>\n<p>DIA-C-25M000ERPPV<\/p>\n<p>DIC-C-25M000ERPPV<\/p>\n<p>DIA-C-25M000EPPV<\/p>\n<p>DIC-C-25M000EPPV<\/p>\n<p>DIA-32M000E<\/p>\n<p>DIC-32M000E<\/p>\n<p>DIS-32M000E<\/p>\n<p>DIA-32M000EPPV<\/p>\n<p>DIC-32M000EPPV<\/p>\n<p>DIS-32M000EPPV<\/p>\n<p>DID-32M000EPPV<\/p>\n<p>DITA-32M000E<\/p>\n<p>DID-32M000E<\/p>\n<p>DITC-32M000E<\/p>\n<p>DITA-32M000EPPV<\/p>\n<p>DITC-32M000EPPV<\/p>\n<p>DIA-C-32M000EFPPV<\/p>\n<p>DIA-C-32M000ERPPV<\/p>\n<p>DIA-C-32M000EPPV<\/p>\n<p>DIDO-32M000F<\/p>\n<p>DIDO-32M000FPPV<\/p>\n<p>DIDM-32M000E<\/p>\n<p>DIDM-32M000EPPV<\/p>\n<p>DIA-40M000E<\/p>\n<p>DIC-40M000E<\/p>\n<p>DIS-40M000E<\/p>\n<p>DIA-40M000EPPV<\/p>\n<p>DIC-40M000EPPV<\/p>\n<p>DIS-40M000EPPV<\/p>\n<p>DID-40M000E<\/p>\n<p>DID-40M000EPPV<\/p>\n<p>DITA-40M000E<\/p>\n<p>DITC-40M000E<\/p>\n<p>DITA-40M000EPPV<\/p>\n<p>DITC-40M000EPPV<\/p>\n<p>DIA-C-40M000EFPPV<\/p>\n<p>DIA-C-40M000EFPPV<\/p>\n<p>DIA-C-40M000EPPV<\/p>\n<p>DIDO-40M000F<\/p>\n<p>DIDM-40M000E<\/p>\n<p>DIDM-40M000EPPV<\/p>\n<p>DJ2-12N000F<\/p>\n<p>DJ2-12N000E<\/p>\n<p>DJ2-12M000F<\/p>\n<p>DJ2-12M000E<\/p>\n<p>DJ2D-12N000F<\/p>\n<p>DJ2D-12N000E<\/p>\n<p>DJ2D-12M000F<\/p>\n<p>DJ2D-12M000E<\/p>\n<p>DJ2Y-12N000F<\/p>\n<p>DJ2Y-12M000F<\/p>\n<p>DJ2DY-12N000F<\/p>\n<p>DJ2DY-12M000F<\/p>\n<p>DJ2E-12N000<\/p>\n<p>DJ2E-12M000<\/p>\n<p>DJ2EY-12N000<\/p>\n<p>DJ2EY-12M000<\/p>\n<p>DJ2T-12N000F<\/p>\n<p>DJ2T-12N000E<\/p>\n<p>DJ2T-12M000F<\/p>\n<p>DJ2T-12M000E<\/p>\n<p>DJ2-16N000F<\/p>\n<p>DJ2-16N000E<\/p>\n<p>DJ2-16M000F<\/p>\n<p>DJ2-16M000E<\/p>\n<p>DJ2D-16N000F<\/p>\n<p>DJ2D-16N000E<\/p>\n<p>DJ2D-16M000F<\/p>\n<p>DJ2D-16M000E<\/p>\n<p>DJ2Y-16N000F<\/p>\n<p>DJ2Y-16M000F<\/p>\n<p>DJ2DY-16N000F<\/p>\n<p>DJ2DY-16M000F<\/p>\n<p>DJ2E-16N000<\/p>\n<p>DJ2E-16M000<\/p>\n<p>DJ2EY-16N000<\/p>\n<p>DJ2EY-16M000<\/p>\n<p>DJ2T-16N000F<\/p>\n<p>DJ2T-16N000<\/p>\n<p>DJ2T-16M000F<\/p>\n<p>DJ2T-16M000E<\/p>\n<p>DJ2-20N000F<\/p>\n<p>DJ2-20N000E<\/p>\n<p>DJ2-20M000F<\/p>\n<p>DJ2-20M000E<\/p>\n<p>DJ2D-20N000F<\/p>\n<p>DJ2D-20N000E<\/p>\n<p>DJ2D-20M000F<\/p>\n<p>DJ2D-20M000E<\/p>\n<p>DJ2Y-20N000F<\/p>\n<p>DJ2Y-20M000F<\/p>\n<p>DJ2DY-20N000F<\/p>\n<p>DJ2DY-20M000F<\/p>\n<p>DJ2E-20N000<\/p>\n<p>DJ2E-20M000<\/p>\n<p>DJ2EY-20N000<\/p>\n<p>DJ2EY-20M000<\/p>\n<p>DJ2T-20N000F<\/p>\n<p>DJ2T-20N000E<\/p>\n<p>DJ2T-20M000F<\/p>\n<p>DJ2T-20M000E<\/p>\n<p>DJ2-25N000F<\/p>\n<p>DJ2-25N000E<\/p>\n<p>DJ2-25M000F<\/p>\n<p>DJ2-25M000E<\/p>\n<p>DJ2D-25N000F<\/p>\n<p>DJ2D-25N000E<\/p>\n<p>DJ2D-25M000F<\/p>\n<p>DJ2D-25M000E<\/p>\n<p>DJ2Y-25N000F<\/p>\n<p>DJ2Y-25M000F<\/p>\n<p>DJ2DY-25N000F<\/p>\n<p>DJ2DY-25M000F<\/p>\n<p>DJ2E-25N000<\/p>\n<p>DJ2E-25M000<\/p>\n<p>DJ2EY-25N000<\/p>\n<p>DJ2EY-25M000<\/p>\n<p>DJ2T-25N000F<\/p>\n<p>DJ2T-25N000E<\/p>\n<p>DJ2T-25M000F<\/p>\n<p>DJ2T-25M000E<\/p>\n<p>DJ2-32N000F<\/p>\n<p>DJ2-32N000E<\/p>\n<p>DJ2-32M000F<\/p>\n<p>DJ2-32M000E<\/p>\n<p>DJ2D-32N000F<\/p>\n<p>DJ2D-32N000E<\/p>\n<p>DJ2D-32M000F<\/p>\n<p>DJ2D-32M000E<\/p>\n<p>DJ2Y-32N000F<\/p>\n<p>DJ2Y-32M000F<\/p>\n<p>DJ2DY-32N000F<\/p>\n<p>DJ2DY-32M000F<\/p>\n<p>DJ2E-32N000<\/p>\n<p>DJ2E-32M000<\/p>\n<p>DJ2EY-32N000<\/p>\n<p>DJ2EY-32M000<\/p>\n<p>DJ2T-32N000F<\/p>\n<p>DJ2T-32N000E<\/p>\n<p>DJ2T-32M000F<\/p>\n<p>DJ2T-32M000E<\/p>\n<p>DJ2-40N000F<\/p>\n<p>DJ2-40N000E<\/p>\n<p>DJ2-40M000F<\/p>\n<p>DJ2-40M000E<\/p>\n<p>DJ2D-40N000F<\/p>\n<p>DJ2D-40N000E<\/p>\n<p>DJ2D-40M000F<\/p>\n<p>DJ2T-80M15F2<\/p>\n<p>DJ2T-80M15F3<\/p>\n<p>DJ2T-80M15F4<\/p>\n<p>DJ2T-80M15F5<\/p>\n<p>DJ2T-100M15F2<\/p>\n<p>DJ2T-100M15F3<\/p>\n<p>DJ2T-100M15F4<\/p>\n<p>DJ2T-100M15F5<\/p>\n<p>DJ2T-125M15F2<\/p>\n<p>DJ2T-125M15F3<\/p>\n<p>DJ2T-125M15F4<\/p>\n<p>DJ2T-125M15F5<\/p>\n<p>DJ2T-160M15F2<\/p>\n<p>DJ2T-160M15F3<\/p>\n<p>DJ2T-160M15F4<\/p>\n<p>DJ2T-160M15F5<\/p>\n<p>\u0110\u1ea1i l\u00fd Hinaka vietnam, Hinaka viet nam, Hinaka vietnam distributor, Ph\u00e2n ph\u1ed1i Hinaka t\u1ea1i vi\u1ec7t nam<\/p>\n<p>\u0110\u1ea1i l\u00fd Hinaka vietnam, Hinaka viet nam, Hinaka vietnam distributor, Ph\u00e2n ph\u1ed1i Hinaka t\u1ea1i vi\u1ec7t nam<\/p>\n<p>\u0110\u1ea1i l\u00fd Hinaka vietnam, Hinaka viet nam, Hinaka vietnam distributor, Ph\u00e2n ph\u1ed1i Hinaka t\u1ea1i vi\u1ec7t nam<\/p>\n<p>\u0110\u1ea1i l\u00fd Hinaka vietnam, Hinaka viet nam, Hinaka vietnam distributor, Ph\u00e2n ph\u1ed1i Hinaka t\u1ea1i vi\u1ec7t nam<\/p>\n<p>\u0110\u1ea1i l\u00fd Hinaka vietnam, Hinaka viet nam, Hinaka vietnam distributor, Ph\u00e2n ph\u1ed1i Hinaka t\u1ea1i vi\u1ec7t nam<\/p>\n","protected":false},"excerpt":{"rendered":"<p>HINAKA DJ2Y-40M40F HINAKA DAL-50M300 HINAKA DAL-50M110 HINAKA\u00a0 \u0111\u01b0\u1ee3c th\u00e0nh l\u1eadp t\u1ea1i \u0110\u00e0i Loan v\u00e0o n\u0103m 1988, th\u00e0nh l\u1eadp th\u01b0\u01a1ng hi\u1ec7u ri\u00eang v\u00e0 c\u00e1c thi\u1ebft k\u1ebf t\u1ef1 n\u1ed5i l\u00ean cho s\u1ef1 ph\u00e1t tri\u1ec3n c\u1ee7a c\u00e1c th\u00e0nh ph\u1ea7n kh\u00ed n\u00e9n v\u00e0 th\u1ee7y l\u1ef1c m\u1edbi ch\u1ea5t l\u01b0\u1ee3ng cao . HINAKA c\u00f3 h\u01a1n 30&hellip; <\/p>\n","protected":false},"featured_media":3170,"comment_status":"open","ping_status":"closed","template":"","meta":[],"product_cat":[598],"product_tag":[600,599,98],"class_list":{"0":"post-3169","1":"product","2":"type-product","3":"status-publish","4":"has-post-thumbnail","6":"product_cat-hinaka","7":"product_tag-dai-ly-hinaka-viet-nam","8":"product_tag-hinaka-viet-nam","9":"product_tag-xy-lanh-khi","11":"first","12":"instock","13":"shipping-taxable","14":"product-type-simple"},"yoast_head":"<!-- This site is optimized with the Yoast SEO plugin v22.8 - https:\/\/yoast.com\/wordpress\/plugins\/seo\/ -->\n<title>HINAKA DJ2Y-40M40F1 - OMANI VI\u1ec6T NAM<\/title>\n<meta name=\"description\" content=\"DJ2Y-40M40F1 Compact Pneumatic Cylinder - DJ2 Series\" \/>\n<meta name=\"robots\" content=\"index, follow, max-snippet:-1, max-image-preview:large, max-video-preview:-1\" \/>\n<link rel=\"canonical\" href=\"https:\/\/omanivietnam.com\/index.php\/san-pham\/hinaka-dj2y-40m40f1\/\" \/>\n<meta property=\"og:locale\" content=\"vi_VN\" \/>\n<meta property=\"og:type\" content=\"article\" \/>\n<meta property=\"og:title\" content=\"HINAKA DJ2Y-40M40F1 - OMANI VI\u1ec6T NAM\" \/>\n<meta property=\"og:description\" content=\"DJ2Y-40M40F1 Compact Pneumatic Cylinder - DJ2 Series\" \/>\n<meta property=\"og:url\" content=\"https:\/\/omanivietnam.com\/index.php\/san-pham\/hinaka-dj2y-40m40f1\/\" \/>\n<meta property=\"og:site_name\" content=\"OMANI VI\u1ec6T NAM\" \/>\n<meta property=\"og:image\" content=\"https:\/\/omanivietnam.com\/wp-content\/uploads\/2025\/01\/DJ2Y-40M40F.png\" \/>\n\t<meta property=\"og:image:width\" content=\"385\" \/>\n\t<meta property=\"og:image:height\" content=\"298\" \/>\n\t<meta property=\"og:image:type\" content=\"image\/png\" \/>\n<meta name=\"twitter:card\" content=\"summary_large_image\" \/>\n<meta name=\"twitter:label1\" content=\"\u01af\u1edbc t\u00ednh th\u1eddi gian \u0111\u1ecdc\" \/>\n\t<meta name=\"twitter:data1\" content=\"4 ph\u00fat\" \/>\n<script type=\"application\/ld+json\" class=\"yoast-schema-graph\">{\"@context\":\"https:\/\/schema.org\",\"@graph\":[{\"@type\":\"WebPage\",\"@id\":\"https:\/\/omanivietnam.com\/index.php\/san-pham\/hinaka-dj2y-40m40f1\/\",\"url\":\"https:\/\/omanivietnam.com\/index.php\/san-pham\/hinaka-dj2y-40m40f1\/\",\"name\":\"HINAKA DJ2Y-40M40F1 - OMANI VI\u1ec6T NAM\",\"isPartOf\":{\"@id\":\"https:\/\/omanivietnam.com\/#website\"},\"primaryImageOfPage\":{\"@id\":\"https:\/\/omanivietnam.com\/index.php\/san-pham\/hinaka-dj2y-40m40f1\/#primaryimage\"},\"image\":{\"@id\":\"https:\/\/omanivietnam.com\/index.php\/san-pham\/hinaka-dj2y-40m40f1\/#primaryimage\"},\"thumbnailUrl\":\"https:\/\/omanivietnam.com\/wp-content\/uploads\/2025\/01\/DJ2Y-40M40F.png\",\"datePublished\":\"2025-01-29T15:38:20+00:00\",\"dateModified\":\"2025-01-29T15:38:20+00:00\",\"description\":\"DJ2Y-40M40F1 Compact Pneumatic Cylinder - DJ2 Series\",\"breadcrumb\":{\"@id\":\"https:\/\/omanivietnam.com\/index.php\/san-pham\/hinaka-dj2y-40m40f1\/#breadcrumb\"},\"inLanguage\":\"vi\",\"potentialAction\":[{\"@type\":\"ReadAction\",\"target\":[\"https:\/\/omanivietnam.com\/index.php\/san-pham\/hinaka-dj2y-40m40f1\/\"]}]},{\"@type\":\"ImageObject\",\"inLanguage\":\"vi\",\"@id\":\"https:\/\/omanivietnam.com\/index.php\/san-pham\/hinaka-dj2y-40m40f1\/#primaryimage\",\"url\":\"https:\/\/omanivietnam.com\/wp-content\/uploads\/2025\/01\/DJ2Y-40M40F.png\",\"contentUrl\":\"https:\/\/omanivietnam.com\/wp-content\/uploads\/2025\/01\/DJ2Y-40M40F.png\",\"width\":385,\"height\":298},{\"@type\":\"BreadcrumbList\",\"@id\":\"https:\/\/omanivietnam.com\/index.php\/san-pham\/hinaka-dj2y-40m40f1\/#breadcrumb\",\"itemListElement\":[{\"@type\":\"ListItem\",\"position\":1,\"name\":\"Home\",\"item\":\"https:\/\/omanivietnam.com\/\"},{\"@type\":\"ListItem\",\"position\":2,\"name\":\"S\u1ea2N PH\u1ea8M\",\"item\":\"https:\/\/omanivietnam.com\/index.php\/cua-hang\/\"},{\"@type\":\"ListItem\",\"position\":3,\"name\":\"HINAKA DJ2Y-40M40F1\"}]},{\"@type\":\"WebSite\",\"@id\":\"https:\/\/omanivietnam.com\/#website\",\"url\":\"https:\/\/omanivietnam.com\/\",\"name\":\"OMANI VI\u1ec6T NAM\",\"description\":\"Nh\u00e0 ph\u00e2n ph\u1ed1i thi\u1ebft b\u1ecb kh\u00ed n\u00e9n v\u00e0 thi\u1ebft b\u1ecb t\u1ef1 \u0111\u1ed9ng h\u00f3a trong c\u00f4ng nghi\u1ec7p\",\"publisher\":{\"@id\":\"https:\/\/omanivietnam.com\/#\/schema\/person\/0ad398a980dc3fd696111c2c5c8fa897\"},\"potentialAction\":[{\"@type\":\"SearchAction\",\"target\":{\"@type\":\"EntryPoint\",\"urlTemplate\":\"https:\/\/omanivietnam.com\/?s={search_term_string}\"},\"query-input\":\"required name=search_term_string\"}],\"inLanguage\":\"vi\"},{\"@type\":[\"Person\",\"Organization\"],\"@id\":\"https:\/\/omanivietnam.com\/#\/schema\/person\/0ad398a980dc3fd696111c2c5c8fa897\",\"name\":\"Nguy\u1ec5n V\u0103n Kh\u00e1nh\",\"image\":{\"@type\":\"ImageObject\",\"inLanguage\":\"vi\",\"@id\":\"https:\/\/omanivietnam.com\/#\/schema\/person\/image\/\",\"url\":\"https:\/\/omanivietnam.com\/wp-content\/uploads\/2024\/06\/logo-1024x1024.png\",\"contentUrl\":\"https:\/\/omanivietnam.com\/wp-content\/uploads\/2024\/06\/logo-1024x1024.png\",\"width\":1024,\"height\":1024,\"caption\":\"Nguy\u1ec5n V\u0103n Kh\u00e1nh\"},\"logo\":{\"@id\":\"https:\/\/omanivietnam.com\/#\/schema\/person\/image\/\"},\"sameAs\":[\"https:\/\/omanivietnam.com\"]}]}<\/script>\n<!-- \/ Yoast SEO plugin. -->","yoast_head_json":{"title":"HINAKA DJ2Y-40M40F1 - OMANI VI\u1ec6T NAM","description":"DJ2Y-40M40F1 Compact Pneumatic Cylinder - DJ2 Series","robots":{"index":"index","follow":"follow","max-snippet":"max-snippet:-1","max-image-preview":"max-image-preview:large","max-video-preview":"max-video-preview:-1"},"canonical":"https:\/\/omanivietnam.com\/index.php\/san-pham\/hinaka-dj2y-40m40f1\/","og_locale":"vi_VN","og_type":"article","og_title":"HINAKA DJ2Y-40M40F1 - OMANI VI\u1ec6T NAM","og_description":"DJ2Y-40M40F1 Compact Pneumatic Cylinder - DJ2 Series","og_url":"https:\/\/omanivietnam.com\/index.php\/san-pham\/hinaka-dj2y-40m40f1\/","og_site_name":"OMANI VI\u1ec6T NAM","og_image":[{"width":385,"height":298,"url":"https:\/\/omanivietnam.com\/wp-content\/uploads\/2025\/01\/DJ2Y-40M40F.png","type":"image\/png"}],"twitter_card":"summary_large_image","twitter_misc":{"\u01af\u1edbc t\u00ednh th\u1eddi gian \u0111\u1ecdc":"4 ph\u00fat"},"schema":{"@context":"https:\/\/schema.org","@graph":[{"@type":"WebPage","@id":"https:\/\/omanivietnam.com\/index.php\/san-pham\/hinaka-dj2y-40m40f1\/","url":"https:\/\/omanivietnam.com\/index.php\/san-pham\/hinaka-dj2y-40m40f1\/","name":"HINAKA DJ2Y-40M40F1 - OMANI VI\u1ec6T NAM","isPartOf":{"@id":"https:\/\/omanivietnam.com\/#website"},"primaryImageOfPage":{"@id":"https:\/\/omanivietnam.com\/index.php\/san-pham\/hinaka-dj2y-40m40f1\/#primaryimage"},"image":{"@id":"https:\/\/omanivietnam.com\/index.php\/san-pham\/hinaka-dj2y-40m40f1\/#primaryimage"},"thumbnailUrl":"https:\/\/omanivietnam.com\/wp-content\/uploads\/2025\/01\/DJ2Y-40M40F.png","datePublished":"2025-01-29T15:38:20+00:00","dateModified":"2025-01-29T15:38:20+00:00","description":"DJ2Y-40M40F1 Compact Pneumatic Cylinder - DJ2 Series","breadcrumb":{"@id":"https:\/\/omanivietnam.com\/index.php\/san-pham\/hinaka-dj2y-40m40f1\/#breadcrumb"},"inLanguage":"vi","potentialAction":[{"@type":"ReadAction","target":["https:\/\/omanivietnam.com\/index.php\/san-pham\/hinaka-dj2y-40m40f1\/"]}]},{"@type":"ImageObject","inLanguage":"vi","@id":"https:\/\/omanivietnam.com\/index.php\/san-pham\/hinaka-dj2y-40m40f1\/#primaryimage","url":"https:\/\/omanivietnam.com\/wp-content\/uploads\/2025\/01\/DJ2Y-40M40F.png","contentUrl":"https:\/\/omanivietnam.com\/wp-content\/uploads\/2025\/01\/DJ2Y-40M40F.png","width":385,"height":298},{"@type":"BreadcrumbList","@id":"https:\/\/omanivietnam.com\/index.php\/san-pham\/hinaka-dj2y-40m40f1\/#breadcrumb","itemListElement":[{"@type":"ListItem","position":1,"name":"Home","item":"https:\/\/omanivietnam.com\/"},{"@type":"ListItem","position":2,"name":"S\u1ea2N PH\u1ea8M","item":"https:\/\/omanivietnam.com\/index.php\/cua-hang\/"},{"@type":"ListItem","position":3,"name":"HINAKA DJ2Y-40M40F1"}]},{"@type":"WebSite","@id":"https:\/\/omanivietnam.com\/#website","url":"https:\/\/omanivietnam.com\/","name":"OMANI VI\u1ec6T NAM","description":"Nh\u00e0 ph\u00e2n ph\u1ed1i thi\u1ebft b\u1ecb kh\u00ed n\u00e9n v\u00e0 thi\u1ebft b\u1ecb t\u1ef1 \u0111\u1ed9ng h\u00f3a trong c\u00f4ng nghi\u1ec7p","publisher":{"@id":"https:\/\/omanivietnam.com\/#\/schema\/person\/0ad398a980dc3fd696111c2c5c8fa897"},"potentialAction":[{"@type":"SearchAction","target":{"@type":"EntryPoint","urlTemplate":"https:\/\/omanivietnam.com\/?s={search_term_string}"},"query-input":"required name=search_term_string"}],"inLanguage":"vi"},{"@type":["Person","Organization"],"@id":"https:\/\/omanivietnam.com\/#\/schema\/person\/0ad398a980dc3fd696111c2c5c8fa897","name":"Nguy\u1ec5n V\u0103n Kh\u00e1nh","image":{"@type":"ImageObject","inLanguage":"vi","@id":"https:\/\/omanivietnam.com\/#\/schema\/person\/image\/","url":"https:\/\/omanivietnam.com\/wp-content\/uploads\/2024\/06\/logo-1024x1024.png","contentUrl":"https:\/\/omanivietnam.com\/wp-content\/uploads\/2024\/06\/logo-1024x1024.png","width":1024,"height":1024,"caption":"Nguy\u1ec5n V\u0103n Kh\u00e1nh"},"logo":{"@id":"https:\/\/omanivietnam.com\/#\/schema\/person\/image\/"},"sameAs":["https:\/\/omanivietnam.com"]}]}},"_links":{"self":[{"href":"https:\/\/omanivietnam.com\/index.php\/wp-json\/wp\/v2\/product\/3169","targetHints":{"allow":["GET"]}}],"collection":[{"href":"https:\/\/omanivietnam.com\/index.php\/wp-json\/wp\/v2\/product"}],"about":[{"href":"https:\/\/omanivietnam.com\/index.php\/wp-json\/wp\/v2\/types\/product"}],"replies":[{"embeddable":true,"href":"https:\/\/omanivietnam.com\/index.php\/wp-json\/wp\/v2\/comments?post=3169"}],"wp:featuredmedia":[{"embeddable":true,"href":"https:\/\/omanivietnam.com\/index.php\/wp-json\/wp\/v2\/media\/3170"}],"wp:attachment":[{"href":"https:\/\/omanivietnam.com\/index.php\/wp-json\/wp\/v2\/media?parent=3169"}],"wp:term":[{"taxonomy":"product_cat","embeddable":true,"href":"https:\/\/omanivietnam.com\/index.php\/wp-json\/wp\/v2\/product_cat?post=3169"},{"taxonomy":"product_tag","embeddable":true,"href":"https:\/\/omanivietnam.com\/index.php\/wp-json\/wp\/v2\/product_tag?post=3169"}],"curies":[{"name":"wp","href":"https:\/\/api.w.org\/{rel}","templated":true}]}}