{"id":3186,"date":"2025-02-09T17:33:04","date_gmt":"2025-02-09T10:33:04","guid":{"rendered":"https:\/\/omanivietnam.com\/?post_type=product&#038;p=3186"},"modified":"2025-03-28T21:31:47","modified_gmt":"2025-03-28T14:31:47","slug":"murr-56005","status":"publish","type":"product","link":"https:\/\/omanivietnam.com\/index.php\/san-pham\/murr-56005\/","title":{"rendered":"MURR 56005"},"content":{"rendered":"<p>MURR 56005<\/p>\n<p class=\"n0oB5\">Fieldbus interface; 24VDC; for DIN rail mounting; IP20; 0\u00f755\u00b0C<\/p>\n<p class=\"rr1wB n0oB5\" data-css-type=\"producer\">Manufacturer part number: 56005<\/p>\n<div>\n<div>\n<p class=\"product-section-title\">Specifications<\/p>\n<div class=\"additional-attributes-wrapper table-wrapper\">\n<table id=\"product-attribute-specs-table\" class=\"data table additional-attributes\">\n<caption class=\"table-caption\">Specifications<\/caption>\n<tbody>\n<tr>\n<th class=\"col label\" scope=\"row\">In Stock<\/th>\n<td class=\"col data\" data-th=\"In Stock\">No<\/td>\n<\/tr>\n<tr>\n<th class=\"col label\" scope=\"row\">Ships Factory Direct<\/th>\n<td class=\"col data\" data-th=\"Ships Factory Direct\">No<\/td>\n<\/tr>\n<tr>\n<th class=\"col label\" scope=\"row\">Manufacturer Part Number<\/th>\n<td class=\"col data\" data-th=\"Manufacturer Part Number\">56005<\/td>\n<\/tr>\n<tr>\n<th class=\"col label\" scope=\"row\">Manufacturer<\/th>\n<td class=\"col data\" data-th=\"Manufacturer\">Murrelektronik<\/td>\n<\/tr>\n<tr>\n<th class=\"col label\" scope=\"row\">Product Series<\/th>\n<td class=\"col data\" data-th=\"Product Series\">Cube20<\/td>\n<\/tr>\n<tr>\n<th class=\"col label\" scope=\"row\">Family Series<\/th>\n<td class=\"col data\" data-th=\"Family Series\">Murrelektronik I\/O Modules, Cube20 Series<\/td>\n<\/tr>\n<tr>\n<th class=\"col label\" scope=\"row\">Description<\/th>\n<td class=\"col data\" data-th=\"Description\">Cube20 Bus Node Ethernet-Ip, 8 Digital Inputs<\/td>\n<\/tr>\n<tr>\n<th class=\"col label\" scope=\"row\">Fieldbus Protocol<\/th>\n<td class=\"col data\" data-th=\"Fieldbus Protocol\">EtherNet\/IP<\/td>\n<\/tr>\n<tr>\n<th class=\"col label\" scope=\"row\">Signal Type<\/th>\n<td class=\"col data\" data-th=\"Signal Type\">Digital Input<\/td>\n<\/tr>\n<tr>\n<th class=\"col label\" scope=\"row\">Connection Type<\/th>\n<td class=\"col data\" data-th=\"Connection Type\">Spring Clamp<\/td>\n<\/tr>\n<tr>\n<th class=\"col label\" scope=\"row\">Device Type<\/th>\n<td class=\"col data\" data-th=\"Device Type\">I\/O Module<\/td>\n<\/tr>\n<tr>\n<th class=\"col label\" scope=\"row\">Protection Rating<\/th>\n<td class=\"col data\" data-th=\"Protection Rating\">IP20<\/td>\n<\/tr>\n<tr>\n<th class=\"col label\" scope=\"row\">Approvals<\/th>\n<td class=\"col data\" data-th=\"Approvals\">cULus<\/td>\n<\/tr>\n<tr>\n<th class=\"col label\" scope=\"row\">Net Weight<\/th>\n<td class=\"col data\" data-th=\"Net Weight\">0.39 lbs<\/td>\n<\/tr>\n<tr>\n<th class=\"col label\" scope=\"row\">Gross Weight<\/th>\n<td class=\"col data\" data-th=\"Gross Weight\">0.455 lbs<\/td>\n<\/tr>\n<\/tbody>\n<\/table>\n<p>&nbsp;<\/p>\n<\/div>\n<\/div>\n<\/div>\n","protected":false},"excerpt":{"rendered":"<p>MURR 56005 Fieldbus interface; 24VDC; for DIN rail mounting; IP20; 0\u00f755\u00b0C Manufacturer part number: 56005 Specifications Specifications In Stock No Ships Factory Direct No Manufacturer Part Number 56005 Manufacturer Murrelektronik Product Series Cube20 Family Series Murrelektronik I\/O Modules, Cube20 Series Description Cube20 Bus Node Ethernet-Ip, 8 Digital Inputs Fieldbus Protocol&hellip; <\/p>\n","protected":false},"featured_media":3187,"comment_status":"open","ping_status":"closed","template":"","meta":[],"product_cat":[447],"product_tag":[449,159,448],"class_list":{"0":"post-3186","1":"product","2":"type-product","3":"status-publish","4":"has-post-thumbnail","6":"product_cat-murr","7":"product_tag-dai-ly-murr-viet-nam","8":"product_tag-mo-dun","9":"product_tag-murr-viet-nam","11":"first","12":"instock","13":"shipping-taxable","14":"product-type-simple"},"yoast_head":"<!-- This site is optimized with the Yoast SEO plugin v22.8 - https:\/\/yoast.com\/wordpress\/plugins\/seo\/ -->\n<title>MURR 56005 - OMANI VI\u1ec6T NAM<\/title>\n<meta name=\"description\" content=\"56005 MURR ELEKTRONIK - Fieldbus interface\" \/>\n<meta name=\"robots\" content=\"index, follow, max-snippet:-1, max-image-preview:large, max-video-preview:-1\" \/>\n<link rel=\"canonical\" href=\"https:\/\/omanivietnam.com\/index.php\/san-pham\/murr-56005\/\" \/>\n<meta property=\"og:locale\" content=\"vi_VN\" \/>\n<meta property=\"og:type\" content=\"article\" \/>\n<meta property=\"og:title\" content=\"MURR 56005 - OMANI VI\u1ec6T NAM\" \/>\n<meta property=\"og:description\" content=\"56005 MURR ELEKTRONIK - Fieldbus interface\" \/>\n<meta property=\"og:url\" content=\"https:\/\/omanivietnam.com\/index.php\/san-pham\/murr-56005\/\" \/>\n<meta property=\"og:site_name\" content=\"OMANI VI\u1ec6T NAM\" \/>\n<meta property=\"article:modified_time\" content=\"2025-03-28T14:31:47+00:00\" \/>\n<meta property=\"og:image\" content=\"https:\/\/omanivietnam.com\/wp-content\/uploads\/2025\/02\/56005.png\" \/>\n\t<meta property=\"og:image:width\" content=\"460\" \/>\n\t<meta property=\"og:image:height\" content=\"530\" \/>\n\t<meta property=\"og:image:type\" content=\"image\/png\" \/>\n<meta name=\"twitter:card\" content=\"summary_large_image\" \/>\n<meta name=\"twitter:label1\" content=\"\u01af\u1edbc t\u00ednh th\u1eddi gian \u0111\u1ecdc\" \/>\n\t<meta name=\"twitter:data1\" content=\"1 ph\u00fat\" \/>\n<script type=\"application\/ld+json\" class=\"yoast-schema-graph\">{\"@context\":\"https:\/\/schema.org\",\"@graph\":[{\"@type\":\"WebPage\",\"@id\":\"https:\/\/omanivietnam.com\/index.php\/san-pham\/murr-56005\/\",\"url\":\"https:\/\/omanivietnam.com\/index.php\/san-pham\/murr-56005\/\",\"name\":\"MURR 56005 - OMANI VI\u1ec6T NAM\",\"isPartOf\":{\"@id\":\"https:\/\/omanivietnam.com\/#website\"},\"primaryImageOfPage\":{\"@id\":\"https:\/\/omanivietnam.com\/index.php\/san-pham\/murr-56005\/#primaryimage\"},\"image\":{\"@id\":\"https:\/\/omanivietnam.com\/index.php\/san-pham\/murr-56005\/#primaryimage\"},\"thumbnailUrl\":\"https:\/\/omanivietnam.com\/wp-content\/uploads\/2025\/02\/56005.png\",\"datePublished\":\"2025-02-09T10:33:04+00:00\",\"dateModified\":\"2025-03-28T14:31:47+00:00\",\"description\":\"56005 MURR ELEKTRONIK - Fieldbus interface\",\"breadcrumb\":{\"@id\":\"https:\/\/omanivietnam.com\/index.php\/san-pham\/murr-56005\/#breadcrumb\"},\"inLanguage\":\"vi\",\"potentialAction\":[{\"@type\":\"ReadAction\",\"target\":[\"https:\/\/omanivietnam.com\/index.php\/san-pham\/murr-56005\/\"]}]},{\"@type\":\"ImageObject\",\"inLanguage\":\"vi\",\"@id\":\"https:\/\/omanivietnam.com\/index.php\/san-pham\/murr-56005\/#primaryimage\",\"url\":\"https:\/\/omanivietnam.com\/wp-content\/uploads\/2025\/02\/56005.png\",\"contentUrl\":\"https:\/\/omanivietnam.com\/wp-content\/uploads\/2025\/02\/56005.png\",\"width\":460,\"height\":530},{\"@type\":\"BreadcrumbList\",\"@id\":\"https:\/\/omanivietnam.com\/index.php\/san-pham\/murr-56005\/#breadcrumb\",\"itemListElement\":[{\"@type\":\"ListItem\",\"position\":1,\"name\":\"Home\",\"item\":\"https:\/\/omanivietnam.com\/\"},{\"@type\":\"ListItem\",\"position\":2,\"name\":\"S\u1ea2N PH\u1ea8M\",\"item\":\"https:\/\/omanivietnam.com\/index.php\/cua-hang\/\"},{\"@type\":\"ListItem\",\"position\":3,\"name\":\"MURR 56005\"}]},{\"@type\":\"WebSite\",\"@id\":\"https:\/\/omanivietnam.com\/#website\",\"url\":\"https:\/\/omanivietnam.com\/\",\"name\":\"OMANI VI\u1ec6T NAM\",\"description\":\"Nh\u00e0 ph\u00e2n ph\u1ed1i thi\u1ebft b\u1ecb kh\u00ed n\u00e9n v\u00e0 thi\u1ebft b\u1ecb t\u1ef1 \u0111\u1ed9ng h\u00f3a trong c\u00f4ng nghi\u1ec7p\",\"publisher\":{\"@id\":\"https:\/\/omanivietnam.com\/#\/schema\/person\/0ad398a980dc3fd696111c2c5c8fa897\"},\"potentialAction\":[{\"@type\":\"SearchAction\",\"target\":{\"@type\":\"EntryPoint\",\"urlTemplate\":\"https:\/\/omanivietnam.com\/?s={search_term_string}\"},\"query-input\":\"required name=search_term_string\"}],\"inLanguage\":\"vi\"},{\"@type\":[\"Person\",\"Organization\"],\"@id\":\"https:\/\/omanivietnam.com\/#\/schema\/person\/0ad398a980dc3fd696111c2c5c8fa897\",\"name\":\"Nguy\u1ec5n V\u0103n Kh\u00e1nh\",\"image\":{\"@type\":\"ImageObject\",\"inLanguage\":\"vi\",\"@id\":\"https:\/\/omanivietnam.com\/#\/schema\/person\/image\/\",\"url\":\"https:\/\/omanivietnam.com\/wp-content\/uploads\/2024\/06\/logo-1024x1024.png\",\"contentUrl\":\"https:\/\/omanivietnam.com\/wp-content\/uploads\/2024\/06\/logo-1024x1024.png\",\"width\":1024,\"height\":1024,\"caption\":\"Nguy\u1ec5n V\u0103n Kh\u00e1nh\"},\"logo\":{\"@id\":\"https:\/\/omanivietnam.com\/#\/schema\/person\/image\/\"},\"sameAs\":[\"https:\/\/omanivietnam.com\"]}]}<\/script>\n<!-- \/ Yoast SEO plugin. -->","yoast_head_json":{"title":"MURR 56005 - OMANI VI\u1ec6T NAM","description":"56005 MURR ELEKTRONIK - Fieldbus interface","robots":{"index":"index","follow":"follow","max-snippet":"max-snippet:-1","max-image-preview":"max-image-preview:large","max-video-preview":"max-video-preview:-1"},"canonical":"https:\/\/omanivietnam.com\/index.php\/san-pham\/murr-56005\/","og_locale":"vi_VN","og_type":"article","og_title":"MURR 56005 - OMANI VI\u1ec6T NAM","og_description":"56005 MURR ELEKTRONIK - Fieldbus interface","og_url":"https:\/\/omanivietnam.com\/index.php\/san-pham\/murr-56005\/","og_site_name":"OMANI VI\u1ec6T NAM","article_modified_time":"2025-03-28T14:31:47+00:00","og_image":[{"width":460,"height":530,"url":"https:\/\/omanivietnam.com\/wp-content\/uploads\/2025\/02\/56005.png","type":"image\/png"}],"twitter_card":"summary_large_image","twitter_misc":{"\u01af\u1edbc t\u00ednh th\u1eddi gian \u0111\u1ecdc":"1 ph\u00fat"},"schema":{"@context":"https:\/\/schema.org","@graph":[{"@type":"WebPage","@id":"https:\/\/omanivietnam.com\/index.php\/san-pham\/murr-56005\/","url":"https:\/\/omanivietnam.com\/index.php\/san-pham\/murr-56005\/","name":"MURR 56005 - OMANI VI\u1ec6T NAM","isPartOf":{"@id":"https:\/\/omanivietnam.com\/#website"},"primaryImageOfPage":{"@id":"https:\/\/omanivietnam.com\/index.php\/san-pham\/murr-56005\/#primaryimage"},"image":{"@id":"https:\/\/omanivietnam.com\/index.php\/san-pham\/murr-56005\/#primaryimage"},"thumbnailUrl":"https:\/\/omanivietnam.com\/wp-content\/uploads\/2025\/02\/56005.png","datePublished":"2025-02-09T10:33:04+00:00","dateModified":"2025-03-28T14:31:47+00:00","description":"56005 MURR ELEKTRONIK - Fieldbus interface","breadcrumb":{"@id":"https:\/\/omanivietnam.com\/index.php\/san-pham\/murr-56005\/#breadcrumb"},"inLanguage":"vi","potentialAction":[{"@type":"ReadAction","target":["https:\/\/omanivietnam.com\/index.php\/san-pham\/murr-56005\/"]}]},{"@type":"ImageObject","inLanguage":"vi","@id":"https:\/\/omanivietnam.com\/index.php\/san-pham\/murr-56005\/#primaryimage","url":"https:\/\/omanivietnam.com\/wp-content\/uploads\/2025\/02\/56005.png","contentUrl":"https:\/\/omanivietnam.com\/wp-content\/uploads\/2025\/02\/56005.png","width":460,"height":530},{"@type":"BreadcrumbList","@id":"https:\/\/omanivietnam.com\/index.php\/san-pham\/murr-56005\/#breadcrumb","itemListElement":[{"@type":"ListItem","position":1,"name":"Home","item":"https:\/\/omanivietnam.com\/"},{"@type":"ListItem","position":2,"name":"S\u1ea2N PH\u1ea8M","item":"https:\/\/omanivietnam.com\/index.php\/cua-hang\/"},{"@type":"ListItem","position":3,"name":"MURR 56005"}]},{"@type":"WebSite","@id":"https:\/\/omanivietnam.com\/#website","url":"https:\/\/omanivietnam.com\/","name":"OMANI VI\u1ec6T NAM","description":"Nh\u00e0 ph\u00e2n ph\u1ed1i thi\u1ebft b\u1ecb kh\u00ed n\u00e9n v\u00e0 thi\u1ebft b\u1ecb t\u1ef1 \u0111\u1ed9ng h\u00f3a trong c\u00f4ng nghi\u1ec7p","publisher":{"@id":"https:\/\/omanivietnam.com\/#\/schema\/person\/0ad398a980dc3fd696111c2c5c8fa897"},"potentialAction":[{"@type":"SearchAction","target":{"@type":"EntryPoint","urlTemplate":"https:\/\/omanivietnam.com\/?s={search_term_string}"},"query-input":"required name=search_term_string"}],"inLanguage":"vi"},{"@type":["Person","Organization"],"@id":"https:\/\/omanivietnam.com\/#\/schema\/person\/0ad398a980dc3fd696111c2c5c8fa897","name":"Nguy\u1ec5n V\u0103n Kh\u00e1nh","image":{"@type":"ImageObject","inLanguage":"vi","@id":"https:\/\/omanivietnam.com\/#\/schema\/person\/image\/","url":"https:\/\/omanivietnam.com\/wp-content\/uploads\/2024\/06\/logo-1024x1024.png","contentUrl":"https:\/\/omanivietnam.com\/wp-content\/uploads\/2024\/06\/logo-1024x1024.png","width":1024,"height":1024,"caption":"Nguy\u1ec5n V\u0103n Kh\u00e1nh"},"logo":{"@id":"https:\/\/omanivietnam.com\/#\/schema\/person\/image\/"},"sameAs":["https:\/\/omanivietnam.com"]}]}},"_links":{"self":[{"href":"https:\/\/omanivietnam.com\/index.php\/wp-json\/wp\/v2\/product\/3186","targetHints":{"allow":["GET"]}}],"collection":[{"href":"https:\/\/omanivietnam.com\/index.php\/wp-json\/wp\/v2\/product"}],"about":[{"href":"https:\/\/omanivietnam.com\/index.php\/wp-json\/wp\/v2\/types\/product"}],"replies":[{"embeddable":true,"href":"https:\/\/omanivietnam.com\/index.php\/wp-json\/wp\/v2\/comments?post=3186"}],"wp:featuredmedia":[{"embeddable":true,"href":"https:\/\/omanivietnam.com\/index.php\/wp-json\/wp\/v2\/media\/3187"}],"wp:attachment":[{"href":"https:\/\/omanivietnam.com\/index.php\/wp-json\/wp\/v2\/media?parent=3186"}],"wp:term":[{"taxonomy":"product_cat","embeddable":true,"href":"https:\/\/omanivietnam.com\/index.php\/wp-json\/wp\/v2\/product_cat?post=3186"},{"taxonomy":"product_tag","embeddable":true,"href":"https:\/\/omanivietnam.com\/index.php\/wp-json\/wp\/v2\/product_tag?post=3186"}],"curies":[{"name":"wp","href":"https:\/\/api.w.org\/{rel}","templated":true}]}}