{"id":3237,"date":"2025-02-20T21:19:42","date_gmt":"2025-02-20T14:19:42","guid":{"rendered":"https:\/\/omanivietnam.com\/?post_type=product&#038;p=3237"},"modified":"2025-02-20T21:20:59","modified_gmt":"2025-02-20T14:20:59","slug":"oriental-azm98ac-ps10","status":"publish","type":"product","link":"https:\/\/omanivietnam.com\/index.php\/san-pham\/oriental-azm98ac-ps10\/","title":{"rendered":"ORIENTAL AZM98AC-PS10"},"content":{"rendered":"<p>ORIENTAL AZM98AC-PS10<\/p>\n<p>3IK15GC-9<\/p>\n<p>3IK15GC-9 the next 3IK15GV-EC+3GV9B<\/p>\n<p>3IK15GV-EC<\/p>\n<p>3GV9B<\/p>\n<p>AZD-CEP<\/p>\n<p>CC050VZR<\/p>\n<p class=\"m-h1\">Stepping Motors, AZ Series (AZM98AC-PS10)<\/p>\n<p class=\"m-h2\">Product Description<\/p>\n<p>[Features]<br \/>\n\u30fb Equipped with a newly developed ABZO sensor<br \/>\n\u30fb No external sensor required<br \/>\n\u30fb Reduction of origin return time<br \/>\n\u30fb No battery required<br \/>\n\u30fb Energy saving and low heat generation<br \/>\n\u30fb Three drivers to choose from to match your system configuration<br \/>\n\u30fb Easy operation that can be realized with the data setting software MEXE02<\/p>\n<p>&nbsp;<\/p>\n<p class=\"m-h3\"><span data-lang=\"ENG\">Configured Specifications<\/span><\/p>\n<table class=\"m-listTable\" summary=\"Price, Spec., etc.\">\n<colgroup>\n<col width=\"20%\" \/>\n<col width=\"30%\" \/>\n<col width=\"20%\" \/>\n<col width=\"30%\" \/><\/colgroup>\n<tbody>\n<tr>\n<th>Type Details<\/th>\n<td>Motor Unit<\/td>\n<th>Square Flange Size A(mm)<\/th>\n<td>90<\/td>\n<\/tr>\n<tr>\n<th>Power Supply<\/th>\n<td>Single-phase \/ Three-phase<\/td>\n<th>Voltage Specifications<\/th>\n<td>AC200 Type<\/td>\n<\/tr>\n<tr>\n<th>Control Method<\/th>\n<td>Closed Loop<\/td>\n<th>Step Angle(\u00b0)<\/th>\n<td>0.36<\/td>\n<\/tr>\n<tr>\n<th>Excitation maximum static torque (details)(N\u00b7m)<\/th>\n<td>20<\/td>\n<th>Reducer<\/th>\n<td>Presence<\/td>\n<\/tr>\n<tr>\n<th>Drive Method<\/th>\n<td>Bipolar<\/td>\n<th>Backlash(\u00b0)<\/th>\n<td>0.12<\/td>\n<\/tr>\n<tr>\n<th>Excitation maximum static torque (classification)(N\u00b7m)<\/th>\n<td>~20<\/td>\n<th>Electromagnetic Brake<\/th>\n<td>N\/A<\/td>\n<\/tr>\n<tr class=\"VN_table-row\">\n<th>Reduction Ratio<\/th>\n<td>10<\/td>\n<th>Shaft Shape<\/th>\n<td>Single shaft<\/td>\n<\/tr>\n<tr class=\"VN_table-row\">\n<th>Gearhead type<\/th>\n<td>PS<\/td>\n<th>Motor Case Length<\/th>\n<td>8<\/td>\n<\/tr>\n<tr class=\"VN_table-row\">\n<th>identification<\/th>\n<td>&#8211;<\/td>\n<th>Additional Functions<\/th>\n<td>&#8211;<\/td>\n<\/tr>\n<tr class=\"VN_table-row\">\n<th>Output Shaft Type<\/th>\n<td>&#8211;<\/td>\n<th>Cable Exit Direction<\/th>\n<td>&#8211;<\/td>\n<\/tr>\n<\/tbody>\n<\/table>\n","protected":false},"excerpt":{"rendered":"<p>ORIENTAL AZM98AC-PS10 3IK15GC-9 3IK15GC-9 the next 3IK15GV-EC+3GV9B 3IK15GV-EC 3GV9B AZD-CEP CC050VZR Stepping Motors, AZ Series (AZM98AC-PS10) Product Description [Features] \u30fb Equipped with a newly developed ABZO sensor \u30fb No external sensor required \u30fb Reduction of origin return time \u30fb No battery required \u30fb Energy saving and low heat generation \u30fb&hellip; <\/p>\n","protected":false},"featured_media":3238,"comment_status":"open","ping_status":"closed","template":"","meta":[],"product_cat":[376],"product_tag":[119,120,118],"class_list":{"0":"post-3237","1":"product","2":"type-product","3":"status-publish","4":"has-post-thumbnail","6":"product_cat-oriental","7":"product_tag-dai-ly-oriental-viet-nam","8":"product_tag-dong-co","9":"product_tag-oriental-viet-nam","11":"first","12":"instock","13":"shipping-taxable","14":"product-type-simple"},"yoast_head":"<!-- This site is optimized with the Yoast SEO plugin v22.8 - https:\/\/yoast.com\/wordpress\/plugins\/seo\/ -->\n<title>ORIENTAL AZM98AC-PS10 - OMANI VI\u1ec6T NAM<\/title>\n<meta name=\"description\" content=\"ORIENTAL AZM98AC-PS10 Stepping Motors, AZ Series, Oriental Motor\" \/>\n<meta name=\"robots\" content=\"index, follow, max-snippet:-1, max-image-preview:large, max-video-preview:-1\" \/>\n<link rel=\"canonical\" href=\"https:\/\/omanivietnam.com\/index.php\/san-pham\/oriental-azm98ac-ps10\/\" \/>\n<meta property=\"og:locale\" content=\"vi_VN\" \/>\n<meta property=\"og:type\" content=\"article\" \/>\n<meta property=\"og:title\" content=\"ORIENTAL AZM98AC-PS10 - OMANI VI\u1ec6T NAM\" \/>\n<meta property=\"og:description\" content=\"ORIENTAL AZM98AC-PS10 Stepping Motors, AZ Series, Oriental Motor\" \/>\n<meta property=\"og:url\" content=\"https:\/\/omanivietnam.com\/index.php\/san-pham\/oriental-azm98ac-ps10\/\" \/>\n<meta property=\"og:site_name\" content=\"OMANI VI\u1ec6T NAM\" \/>\n<meta property=\"article:modified_time\" content=\"2025-02-20T14:20:59+00:00\" \/>\n<meta property=\"og:image\" content=\"https:\/\/omanivietnam.com\/wp-content\/uploads\/2025\/02\/AZM98AC-PS10.png\" \/>\n\t<meta property=\"og:image:width\" content=\"550\" \/>\n\t<meta property=\"og:image:height\" content=\"586\" \/>\n\t<meta property=\"og:image:type\" content=\"image\/png\" \/>\n<meta name=\"twitter:card\" content=\"summary_large_image\" \/>\n<meta name=\"twitter:label1\" content=\"\u01af\u1edbc t\u00ednh th\u1eddi gian \u0111\u1ecdc\" \/>\n\t<meta name=\"twitter:data1\" content=\"1 ph\u00fat\" \/>\n<script type=\"application\/ld+json\" class=\"yoast-schema-graph\">{\"@context\":\"https:\/\/schema.org\",\"@graph\":[{\"@type\":\"WebPage\",\"@id\":\"https:\/\/omanivietnam.com\/index.php\/san-pham\/oriental-azm98ac-ps10\/\",\"url\":\"https:\/\/omanivietnam.com\/index.php\/san-pham\/oriental-azm98ac-ps10\/\",\"name\":\"ORIENTAL AZM98AC-PS10 - OMANI VI\u1ec6T NAM\",\"isPartOf\":{\"@id\":\"https:\/\/omanivietnam.com\/#website\"},\"primaryImageOfPage\":{\"@id\":\"https:\/\/omanivietnam.com\/index.php\/san-pham\/oriental-azm98ac-ps10\/#primaryimage\"},\"image\":{\"@id\":\"https:\/\/omanivietnam.com\/index.php\/san-pham\/oriental-azm98ac-ps10\/#primaryimage\"},\"thumbnailUrl\":\"https:\/\/omanivietnam.com\/wp-content\/uploads\/2025\/02\/AZM98AC-PS10.png\",\"datePublished\":\"2025-02-20T14:19:42+00:00\",\"dateModified\":\"2025-02-20T14:20:59+00:00\",\"description\":\"ORIENTAL AZM98AC-PS10 Stepping Motors, AZ Series, Oriental Motor\",\"breadcrumb\":{\"@id\":\"https:\/\/omanivietnam.com\/index.php\/san-pham\/oriental-azm98ac-ps10\/#breadcrumb\"},\"inLanguage\":\"vi\",\"potentialAction\":[{\"@type\":\"ReadAction\",\"target\":[\"https:\/\/omanivietnam.com\/index.php\/san-pham\/oriental-azm98ac-ps10\/\"]}]},{\"@type\":\"ImageObject\",\"inLanguage\":\"vi\",\"@id\":\"https:\/\/omanivietnam.com\/index.php\/san-pham\/oriental-azm98ac-ps10\/#primaryimage\",\"url\":\"https:\/\/omanivietnam.com\/wp-content\/uploads\/2025\/02\/AZM98AC-PS10.png\",\"contentUrl\":\"https:\/\/omanivietnam.com\/wp-content\/uploads\/2025\/02\/AZM98AC-PS10.png\",\"width\":550,\"height\":586},{\"@type\":\"BreadcrumbList\",\"@id\":\"https:\/\/omanivietnam.com\/index.php\/san-pham\/oriental-azm98ac-ps10\/#breadcrumb\",\"itemListElement\":[{\"@type\":\"ListItem\",\"position\":1,\"name\":\"Home\",\"item\":\"https:\/\/omanivietnam.com\/\"},{\"@type\":\"ListItem\",\"position\":2,\"name\":\"S\u1ea2N PH\u1ea8M\",\"item\":\"https:\/\/omanivietnam.com\/index.php\/cua-hang\/\"},{\"@type\":\"ListItem\",\"position\":3,\"name\":\"ORIENTAL AZM98AC-PS10\"}]},{\"@type\":\"WebSite\",\"@id\":\"https:\/\/omanivietnam.com\/#website\",\"url\":\"https:\/\/omanivietnam.com\/\",\"name\":\"OMANI VI\u1ec6T NAM\",\"description\":\"Nh\u00e0 ph\u00e2n ph\u1ed1i thi\u1ebft b\u1ecb kh\u00ed n\u00e9n v\u00e0 thi\u1ebft b\u1ecb t\u1ef1 \u0111\u1ed9ng h\u00f3a trong c\u00f4ng nghi\u1ec7p\",\"publisher\":{\"@id\":\"https:\/\/omanivietnam.com\/#\/schema\/person\/0ad398a980dc3fd696111c2c5c8fa897\"},\"potentialAction\":[{\"@type\":\"SearchAction\",\"target\":{\"@type\":\"EntryPoint\",\"urlTemplate\":\"https:\/\/omanivietnam.com\/?s={search_term_string}\"},\"query-input\":\"required name=search_term_string\"}],\"inLanguage\":\"vi\"},{\"@type\":[\"Person\",\"Organization\"],\"@id\":\"https:\/\/omanivietnam.com\/#\/schema\/person\/0ad398a980dc3fd696111c2c5c8fa897\",\"name\":\"Nguy\u1ec5n V\u0103n Kh\u00e1nh\",\"image\":{\"@type\":\"ImageObject\",\"inLanguage\":\"vi\",\"@id\":\"https:\/\/omanivietnam.com\/#\/schema\/person\/image\/\",\"url\":\"https:\/\/omanivietnam.com\/wp-content\/uploads\/2024\/06\/logo-1024x1024.png\",\"contentUrl\":\"https:\/\/omanivietnam.com\/wp-content\/uploads\/2024\/06\/logo-1024x1024.png\",\"width\":1024,\"height\":1024,\"caption\":\"Nguy\u1ec5n V\u0103n Kh\u00e1nh\"},\"logo\":{\"@id\":\"https:\/\/omanivietnam.com\/#\/schema\/person\/image\/\"},\"sameAs\":[\"https:\/\/omanivietnam.com\"]}]}<\/script>\n<!-- \/ Yoast SEO plugin. -->","yoast_head_json":{"title":"ORIENTAL AZM98AC-PS10 - OMANI VI\u1ec6T NAM","description":"ORIENTAL AZM98AC-PS10 Stepping Motors, AZ Series, Oriental Motor","robots":{"index":"index","follow":"follow","max-snippet":"max-snippet:-1","max-image-preview":"max-image-preview:large","max-video-preview":"max-video-preview:-1"},"canonical":"https:\/\/omanivietnam.com\/index.php\/san-pham\/oriental-azm98ac-ps10\/","og_locale":"vi_VN","og_type":"article","og_title":"ORIENTAL AZM98AC-PS10 - OMANI VI\u1ec6T NAM","og_description":"ORIENTAL AZM98AC-PS10 Stepping Motors, AZ Series, Oriental Motor","og_url":"https:\/\/omanivietnam.com\/index.php\/san-pham\/oriental-azm98ac-ps10\/","og_site_name":"OMANI VI\u1ec6T NAM","article_modified_time":"2025-02-20T14:20:59+00:00","og_image":[{"width":550,"height":586,"url":"https:\/\/omanivietnam.com\/wp-content\/uploads\/2025\/02\/AZM98AC-PS10.png","type":"image\/png"}],"twitter_card":"summary_large_image","twitter_misc":{"\u01af\u1edbc t\u00ednh th\u1eddi gian \u0111\u1ecdc":"1 ph\u00fat"},"schema":{"@context":"https:\/\/schema.org","@graph":[{"@type":"WebPage","@id":"https:\/\/omanivietnam.com\/index.php\/san-pham\/oriental-azm98ac-ps10\/","url":"https:\/\/omanivietnam.com\/index.php\/san-pham\/oriental-azm98ac-ps10\/","name":"ORIENTAL AZM98AC-PS10 - OMANI VI\u1ec6T NAM","isPartOf":{"@id":"https:\/\/omanivietnam.com\/#website"},"primaryImageOfPage":{"@id":"https:\/\/omanivietnam.com\/index.php\/san-pham\/oriental-azm98ac-ps10\/#primaryimage"},"image":{"@id":"https:\/\/omanivietnam.com\/index.php\/san-pham\/oriental-azm98ac-ps10\/#primaryimage"},"thumbnailUrl":"https:\/\/omanivietnam.com\/wp-content\/uploads\/2025\/02\/AZM98AC-PS10.png","datePublished":"2025-02-20T14:19:42+00:00","dateModified":"2025-02-20T14:20:59+00:00","description":"ORIENTAL AZM98AC-PS10 Stepping Motors, AZ Series, Oriental Motor","breadcrumb":{"@id":"https:\/\/omanivietnam.com\/index.php\/san-pham\/oriental-azm98ac-ps10\/#breadcrumb"},"inLanguage":"vi","potentialAction":[{"@type":"ReadAction","target":["https:\/\/omanivietnam.com\/index.php\/san-pham\/oriental-azm98ac-ps10\/"]}]},{"@type":"ImageObject","inLanguage":"vi","@id":"https:\/\/omanivietnam.com\/index.php\/san-pham\/oriental-azm98ac-ps10\/#primaryimage","url":"https:\/\/omanivietnam.com\/wp-content\/uploads\/2025\/02\/AZM98AC-PS10.png","contentUrl":"https:\/\/omanivietnam.com\/wp-content\/uploads\/2025\/02\/AZM98AC-PS10.png","width":550,"height":586},{"@type":"BreadcrumbList","@id":"https:\/\/omanivietnam.com\/index.php\/san-pham\/oriental-azm98ac-ps10\/#breadcrumb","itemListElement":[{"@type":"ListItem","position":1,"name":"Home","item":"https:\/\/omanivietnam.com\/"},{"@type":"ListItem","position":2,"name":"S\u1ea2N PH\u1ea8M","item":"https:\/\/omanivietnam.com\/index.php\/cua-hang\/"},{"@type":"ListItem","position":3,"name":"ORIENTAL AZM98AC-PS10"}]},{"@type":"WebSite","@id":"https:\/\/omanivietnam.com\/#website","url":"https:\/\/omanivietnam.com\/","name":"OMANI VI\u1ec6T NAM","description":"Nh\u00e0 ph\u00e2n ph\u1ed1i thi\u1ebft b\u1ecb kh\u00ed n\u00e9n v\u00e0 thi\u1ebft b\u1ecb t\u1ef1 \u0111\u1ed9ng h\u00f3a trong c\u00f4ng nghi\u1ec7p","publisher":{"@id":"https:\/\/omanivietnam.com\/#\/schema\/person\/0ad398a980dc3fd696111c2c5c8fa897"},"potentialAction":[{"@type":"SearchAction","target":{"@type":"EntryPoint","urlTemplate":"https:\/\/omanivietnam.com\/?s={search_term_string}"},"query-input":"required name=search_term_string"}],"inLanguage":"vi"},{"@type":["Person","Organization"],"@id":"https:\/\/omanivietnam.com\/#\/schema\/person\/0ad398a980dc3fd696111c2c5c8fa897","name":"Nguy\u1ec5n V\u0103n Kh\u00e1nh","image":{"@type":"ImageObject","inLanguage":"vi","@id":"https:\/\/omanivietnam.com\/#\/schema\/person\/image\/","url":"https:\/\/omanivietnam.com\/wp-content\/uploads\/2024\/06\/logo-1024x1024.png","contentUrl":"https:\/\/omanivietnam.com\/wp-content\/uploads\/2024\/06\/logo-1024x1024.png","width":1024,"height":1024,"caption":"Nguy\u1ec5n V\u0103n Kh\u00e1nh"},"logo":{"@id":"https:\/\/omanivietnam.com\/#\/schema\/person\/image\/"},"sameAs":["https:\/\/omanivietnam.com"]}]}},"_links":{"self":[{"href":"https:\/\/omanivietnam.com\/index.php\/wp-json\/wp\/v2\/product\/3237","targetHints":{"allow":["GET"]}}],"collection":[{"href":"https:\/\/omanivietnam.com\/index.php\/wp-json\/wp\/v2\/product"}],"about":[{"href":"https:\/\/omanivietnam.com\/index.php\/wp-json\/wp\/v2\/types\/product"}],"replies":[{"embeddable":true,"href":"https:\/\/omanivietnam.com\/index.php\/wp-json\/wp\/v2\/comments?post=3237"}],"wp:featuredmedia":[{"embeddable":true,"href":"https:\/\/omanivietnam.com\/index.php\/wp-json\/wp\/v2\/media\/3238"}],"wp:attachment":[{"href":"https:\/\/omanivietnam.com\/index.php\/wp-json\/wp\/v2\/media?parent=3237"}],"wp:term":[{"taxonomy":"product_cat","embeddable":true,"href":"https:\/\/omanivietnam.com\/index.php\/wp-json\/wp\/v2\/product_cat?post=3237"},{"taxonomy":"product_tag","embeddable":true,"href":"https:\/\/omanivietnam.com\/index.php\/wp-json\/wp\/v2\/product_tag?post=3237"}],"curies":[{"name":"wp","href":"https:\/\/api.w.org\/{rel}","templated":true}]}}