{"id":3310,"date":"2025-03-08T21:12:57","date_gmt":"2025-03-08T14:12:57","guid":{"rendered":"https:\/\/omanivietnam.com\/?post_type=product&#038;p=3310"},"modified":"2025-03-08T22:03:40","modified_gmt":"2025-03-08T15:03:40","slug":"ebmpapst-r3g220-rc09-08","status":"publish","type":"product","link":"https:\/\/omanivietnam.com\/index.php\/san-pham\/ebmpapst-r3g220-rc09-08\/","title":{"rendered":"EBMPAPST R3G220-RC09-08"},"content":{"rendered":"<p>EBMPAPST R3G220-RC09-08<\/p>\n<ul class=\"a-unordered-list a-vertical a-spacing-mini\">\n<li class=\"a-spacing-mini\"><span class=\"a-list-item\">Voltage: 200\/240V<\/span><\/li>\n<li class=\"a-spacing-mini\"><span class=\"a-list-item\">Current: 0.47A<\/span><\/li>\n<li class=\"a-spacing-mini\"><span class=\"a-list-item\">Power: 51W<\/span><\/li>\n<li class=\"a-spacing-mini\"><span class=\"a-list-item\">Rotating speed: 2070RPM<\/span><\/li>\n<li class=\"a-spacing-mini\"><span class=\"a-list-item\">Model: R3G220-RC09-08<\/span><\/li>\n<li class=\"a-spacing-mini\"><span class=\"a-list-item\">R3G220-RC09-08 200\/240V 0.47A 51W 2070RPM 3-Wire Cooling Fan<\/span><\/li>\n<\/ul>\n<h2 class=\"title-product item_name\">Qu\u1ea1t Ebmpapst R3G220-RC09-08<\/h2>\n<h3>1. Qu\u1ea1t\u00a0R3G220-RC09-08:<\/h3>\n<div>C\u00e2n n\u1eb7ng 1kg<br \/>\nK\u00edch th\u01b0\u1edbc \u0111\u1ed9ng c\u01a1 55<br \/>\nK\u00edch c\u1ee1 190mm<br \/>\nB\u1ec1 m\u1eb7t rotor th\u1ee5 \u0111\u1ed9ng h\u00f3a m\u00e0ng d\u00e0y<br \/>\nV\u1eadt li\u1ec7u v\u1ecf \u0111i\u1ec7n t\u1eed Nh\u00f4m \u0111\u00fac khu\u00f4n<br \/>\nV\u1eadt li\u1ec7u c\u00e1nh qu\u1ea1t Nh\u1ef1a PA<br \/>\nS\u1ed1 l\u01b0\u1ee3ng l\u01b0\u1ee1i dao 7<br \/>\nH\u01b0\u1edbng quay Theo chi\u1ec1u kim \u0111\u1ed3ng h\u1ed3, nh\u00ecn v\u1ec1 ph\u00eda rotor<br \/>\nM\u1ee9c \u0111\u1ed9 b\u1ea3o v\u1ec7 IP54<br \/>\nL\u1edbp c\u00e1ch \u0111i\u1ec7n \u201cB\u201d<br \/>\nL\u1edbp b\u1ea3o v\u1ec7 \u0111\u1ed9 \u1ea9m (F) \/ M\u00f4i tr\u01b0\u1eddng (H) H1<br \/>\nNhi\u1ec7t \u0111\u1ed9 m\u00f4i tr\u01b0\u1eddng t\u1ed1i \u0111a cho ph\u00e9p \u0111\u1ed1i v\u1edbi \u0111\u1ed9ng c\u01a1 (v\u1eadn chuy\u1ec3n\/l\u01b0u tr\u1eef) + 80 \u00b0C<br \/>\nNhi\u1ec7t \u0111\u1ed9 m\u00f4i tr\u01b0\u1eddng t\u1ed1i thi\u1ec3u cho ph\u00e9p \u0111\u1ed1i v\u1edbi \u0111\u1ed9ng c\u01a1 (v\u1eadn chuy\u1ec3n\/l\u01b0u tr\u1eef) \u2013 40 \u00b0C<br \/>\nV\u1ecb tr\u00ed l\u1eafp \u0111\u1eb7t B\u1ea5t k\u00ec<br \/>\nL\u1ed7 tho\u00e1t n\u01b0\u1edbc ng\u01b0ng t\u1ee5 Kh\u00f4ng c\u00f3, rotor m\u1edf<br \/>\nC\u00e1ch th\u1ee9c S1<br \/>\nV\u00f2ng bi \u0111\u1ed9ng c\u01a1 V\u00f2ng bi<br \/>\nT\u00ednh n\u0103ng k\u1ef9 thu\u1eadt \u2013 \u0110\u1ea7u v\u00e0o c\u00e0i \u0111\u1eb7t t\u1ed1c \u0111\u1ed9 (230 V) \u2013 Gi\u1edbi h\u1ea1n d\u00f2ng \u0111i\u1ec7n \u0111\u1ed9ng c\u01a1 \u2013 Kh\u1edfi \u0111\u1ed9ng m\u1ec1m \u2013 B\u1ea3o v\u1ec7 qu\u00e1 t\u1ea3i nhi\u1ec7t cho thi\u1ebft b\u1ecb \u0111i\u1ec7n t\u1eed\/\u0111\u1ed9ng c\u01a1<br \/>\nM\u1ee9c t\u1ed1c \u0111\u1ed9 2<\/div>\n","protected":false},"excerpt":{"rendered":"<p>EBMPAPST R3G220-RC09-08 Voltage: 200\/240V Current: 0.47A Power: 51W Rotating speed: 2070RPM Model: R3G220-RC09-08 R3G220-RC09-08 200\/240V 0.47A 51W 2070RPM 3-Wire Cooling Fan Qu\u1ea1t Ebmpapst R3G220-RC09-08 1. Qu\u1ea1t\u00a0R3G220-RC09-08: C\u00e2n n\u1eb7ng 1kg K\u00edch th\u01b0\u1edbc \u0111\u1ed9ng c\u01a1 55 K\u00edch c\u1ee1 190mm B\u1ec1 m\u1eb7t rotor th\u1ee5 \u0111\u1ed9ng h\u00f3a m\u00e0ng d\u00e0y V\u1eadt li\u1ec7u v\u1ecf \u0111i\u1ec7n t\u1eed&hellip; <\/p>\n","protected":false},"featured_media":3311,"comment_status":"open","ping_status":"closed","template":"","meta":[],"product_cat":[302],"product_tag":[278,277,246],"class_list":{"0":"post-3310","1":"product","2":"type-product","3":"status-publish","4":"has-post-thumbnail","6":"product_cat-ebmpapst","7":"product_tag-dai-ly-ebmpapst-viet-nam","8":"product_tag-ebmpapst-viet-nam","9":"product_tag-quat","11":"first","12":"instock","13":"shipping-taxable","14":"product-type-simple"},"yoast_head":"<!-- This site is optimized with the Yoast SEO plugin v22.8 - https:\/\/yoast.com\/wordpress\/plugins\/seo\/ -->\n<title>EBMPAPST R3G220-RC09-08 - OMANI VI\u1ec6T NAM<\/title>\n<meta name=\"description\" content=\"EBMPapst R3G220-RC09-08 Centrifugal Fan 230VAC 200V\" \/>\n<meta name=\"robots\" content=\"index, follow, max-snippet:-1, max-image-preview:large, max-video-preview:-1\" \/>\n<link rel=\"canonical\" href=\"https:\/\/omanivietnam.com\/index.php\/san-pham\/ebmpapst-r3g220-rc09-08\/\" \/>\n<meta property=\"og:locale\" content=\"vi_VN\" \/>\n<meta property=\"og:type\" content=\"article\" \/>\n<meta property=\"og:title\" content=\"EBMPAPST R3G220-RC09-08 - OMANI VI\u1ec6T NAM\" \/>\n<meta property=\"og:description\" content=\"EBMPapst R3G220-RC09-08 Centrifugal Fan 230VAC 200V\" \/>\n<meta property=\"og:url\" content=\"https:\/\/omanivietnam.com\/index.php\/san-pham\/ebmpapst-r3g220-rc09-08\/\" \/>\n<meta property=\"og:site_name\" content=\"OMANI VI\u1ec6T NAM\" \/>\n<meta property=\"article:modified_time\" content=\"2025-03-08T15:03:40+00:00\" \/>\n<meta property=\"og:image\" content=\"https:\/\/omanivietnam.com\/wp-content\/uploads\/2025\/03\/R3G220-RC09-08.png\" \/>\n\t<meta property=\"og:image:width\" content=\"471\" \/>\n\t<meta property=\"og:image:height\" content=\"539\" \/>\n\t<meta property=\"og:image:type\" content=\"image\/png\" \/>\n<meta name=\"twitter:card\" content=\"summary_large_image\" \/>\n<meta name=\"twitter:label1\" content=\"\u01af\u1edbc t\u00ednh th\u1eddi gian \u0111\u1ecdc\" \/>\n\t<meta name=\"twitter:data1\" content=\"2 ph\u00fat\" \/>\n<script type=\"application\/ld+json\" class=\"yoast-schema-graph\">{\"@context\":\"https:\/\/schema.org\",\"@graph\":[{\"@type\":\"WebPage\",\"@id\":\"https:\/\/omanivietnam.com\/index.php\/san-pham\/ebmpapst-r3g220-rc09-08\/\",\"url\":\"https:\/\/omanivietnam.com\/index.php\/san-pham\/ebmpapst-r3g220-rc09-08\/\",\"name\":\"EBMPAPST R3G220-RC09-08 - OMANI VI\u1ec6T NAM\",\"isPartOf\":{\"@id\":\"https:\/\/omanivietnam.com\/#website\"},\"primaryImageOfPage\":{\"@id\":\"https:\/\/omanivietnam.com\/index.php\/san-pham\/ebmpapst-r3g220-rc09-08\/#primaryimage\"},\"image\":{\"@id\":\"https:\/\/omanivietnam.com\/index.php\/san-pham\/ebmpapst-r3g220-rc09-08\/#primaryimage\"},\"thumbnailUrl\":\"https:\/\/omanivietnam.com\/wp-content\/uploads\/2025\/03\/R3G220-RC09-08.png\",\"datePublished\":\"2025-03-08T14:12:57+00:00\",\"dateModified\":\"2025-03-08T15:03:40+00:00\",\"description\":\"EBMPapst R3G220-RC09-08 Centrifugal Fan 230VAC 200V\",\"breadcrumb\":{\"@id\":\"https:\/\/omanivietnam.com\/index.php\/san-pham\/ebmpapst-r3g220-rc09-08\/#breadcrumb\"},\"inLanguage\":\"vi\",\"potentialAction\":[{\"@type\":\"ReadAction\",\"target\":[\"https:\/\/omanivietnam.com\/index.php\/san-pham\/ebmpapst-r3g220-rc09-08\/\"]}]},{\"@type\":\"ImageObject\",\"inLanguage\":\"vi\",\"@id\":\"https:\/\/omanivietnam.com\/index.php\/san-pham\/ebmpapst-r3g220-rc09-08\/#primaryimage\",\"url\":\"https:\/\/omanivietnam.com\/wp-content\/uploads\/2025\/03\/R3G220-RC09-08.png\",\"contentUrl\":\"https:\/\/omanivietnam.com\/wp-content\/uploads\/2025\/03\/R3G220-RC09-08.png\",\"width\":471,\"height\":539},{\"@type\":\"BreadcrumbList\",\"@id\":\"https:\/\/omanivietnam.com\/index.php\/san-pham\/ebmpapst-r3g220-rc09-08\/#breadcrumb\",\"itemListElement\":[{\"@type\":\"ListItem\",\"position\":1,\"name\":\"Home\",\"item\":\"https:\/\/omanivietnam.com\/\"},{\"@type\":\"ListItem\",\"position\":2,\"name\":\"S\u1ea2N PH\u1ea8M\",\"item\":\"https:\/\/omanivietnam.com\/index.php\/cua-hang\/\"},{\"@type\":\"ListItem\",\"position\":3,\"name\":\"EBMPAPST R3G220-RC09-08\"}]},{\"@type\":\"WebSite\",\"@id\":\"https:\/\/omanivietnam.com\/#website\",\"url\":\"https:\/\/omanivietnam.com\/\",\"name\":\"OMANI VI\u1ec6T NAM\",\"description\":\"Nh\u00e0 ph\u00e2n ph\u1ed1i thi\u1ebft b\u1ecb kh\u00ed n\u00e9n v\u00e0 thi\u1ebft b\u1ecb t\u1ef1 \u0111\u1ed9ng h\u00f3a trong c\u00f4ng nghi\u1ec7p\",\"publisher\":{\"@id\":\"https:\/\/omanivietnam.com\/#\/schema\/person\/0ad398a980dc3fd696111c2c5c8fa897\"},\"potentialAction\":[{\"@type\":\"SearchAction\",\"target\":{\"@type\":\"EntryPoint\",\"urlTemplate\":\"https:\/\/omanivietnam.com\/?s={search_term_string}\"},\"query-input\":\"required name=search_term_string\"}],\"inLanguage\":\"vi\"},{\"@type\":[\"Person\",\"Organization\"],\"@id\":\"https:\/\/omanivietnam.com\/#\/schema\/person\/0ad398a980dc3fd696111c2c5c8fa897\",\"name\":\"Nguy\u1ec5n V\u0103n Kh\u00e1nh\",\"image\":{\"@type\":\"ImageObject\",\"inLanguage\":\"vi\",\"@id\":\"https:\/\/omanivietnam.com\/#\/schema\/person\/image\/\",\"url\":\"https:\/\/omanivietnam.com\/wp-content\/uploads\/2024\/06\/logo-1024x1024.png\",\"contentUrl\":\"https:\/\/omanivietnam.com\/wp-content\/uploads\/2024\/06\/logo-1024x1024.png\",\"width\":1024,\"height\":1024,\"caption\":\"Nguy\u1ec5n V\u0103n Kh\u00e1nh\"},\"logo\":{\"@id\":\"https:\/\/omanivietnam.com\/#\/schema\/person\/image\/\"},\"sameAs\":[\"https:\/\/omanivietnam.com\"]}]}<\/script>\n<!-- \/ Yoast SEO plugin. -->","yoast_head_json":{"title":"EBMPAPST R3G220-RC09-08 - OMANI VI\u1ec6T NAM","description":"EBMPapst R3G220-RC09-08 Centrifugal Fan 230VAC 200V","robots":{"index":"index","follow":"follow","max-snippet":"max-snippet:-1","max-image-preview":"max-image-preview:large","max-video-preview":"max-video-preview:-1"},"canonical":"https:\/\/omanivietnam.com\/index.php\/san-pham\/ebmpapst-r3g220-rc09-08\/","og_locale":"vi_VN","og_type":"article","og_title":"EBMPAPST R3G220-RC09-08 - OMANI VI\u1ec6T NAM","og_description":"EBMPapst R3G220-RC09-08 Centrifugal Fan 230VAC 200V","og_url":"https:\/\/omanivietnam.com\/index.php\/san-pham\/ebmpapst-r3g220-rc09-08\/","og_site_name":"OMANI VI\u1ec6T NAM","article_modified_time":"2025-03-08T15:03:40+00:00","og_image":[{"width":471,"height":539,"url":"https:\/\/omanivietnam.com\/wp-content\/uploads\/2025\/03\/R3G220-RC09-08.png","type":"image\/png"}],"twitter_card":"summary_large_image","twitter_misc":{"\u01af\u1edbc t\u00ednh th\u1eddi gian \u0111\u1ecdc":"2 ph\u00fat"},"schema":{"@context":"https:\/\/schema.org","@graph":[{"@type":"WebPage","@id":"https:\/\/omanivietnam.com\/index.php\/san-pham\/ebmpapst-r3g220-rc09-08\/","url":"https:\/\/omanivietnam.com\/index.php\/san-pham\/ebmpapst-r3g220-rc09-08\/","name":"EBMPAPST R3G220-RC09-08 - OMANI VI\u1ec6T NAM","isPartOf":{"@id":"https:\/\/omanivietnam.com\/#website"},"primaryImageOfPage":{"@id":"https:\/\/omanivietnam.com\/index.php\/san-pham\/ebmpapst-r3g220-rc09-08\/#primaryimage"},"image":{"@id":"https:\/\/omanivietnam.com\/index.php\/san-pham\/ebmpapst-r3g220-rc09-08\/#primaryimage"},"thumbnailUrl":"https:\/\/omanivietnam.com\/wp-content\/uploads\/2025\/03\/R3G220-RC09-08.png","datePublished":"2025-03-08T14:12:57+00:00","dateModified":"2025-03-08T15:03:40+00:00","description":"EBMPapst R3G220-RC09-08 Centrifugal Fan 230VAC 200V","breadcrumb":{"@id":"https:\/\/omanivietnam.com\/index.php\/san-pham\/ebmpapst-r3g220-rc09-08\/#breadcrumb"},"inLanguage":"vi","potentialAction":[{"@type":"ReadAction","target":["https:\/\/omanivietnam.com\/index.php\/san-pham\/ebmpapst-r3g220-rc09-08\/"]}]},{"@type":"ImageObject","inLanguage":"vi","@id":"https:\/\/omanivietnam.com\/index.php\/san-pham\/ebmpapst-r3g220-rc09-08\/#primaryimage","url":"https:\/\/omanivietnam.com\/wp-content\/uploads\/2025\/03\/R3G220-RC09-08.png","contentUrl":"https:\/\/omanivietnam.com\/wp-content\/uploads\/2025\/03\/R3G220-RC09-08.png","width":471,"height":539},{"@type":"BreadcrumbList","@id":"https:\/\/omanivietnam.com\/index.php\/san-pham\/ebmpapst-r3g220-rc09-08\/#breadcrumb","itemListElement":[{"@type":"ListItem","position":1,"name":"Home","item":"https:\/\/omanivietnam.com\/"},{"@type":"ListItem","position":2,"name":"S\u1ea2N PH\u1ea8M","item":"https:\/\/omanivietnam.com\/index.php\/cua-hang\/"},{"@type":"ListItem","position":3,"name":"EBMPAPST R3G220-RC09-08"}]},{"@type":"WebSite","@id":"https:\/\/omanivietnam.com\/#website","url":"https:\/\/omanivietnam.com\/","name":"OMANI VI\u1ec6T NAM","description":"Nh\u00e0 ph\u00e2n ph\u1ed1i thi\u1ebft b\u1ecb kh\u00ed n\u00e9n v\u00e0 thi\u1ebft b\u1ecb t\u1ef1 \u0111\u1ed9ng h\u00f3a trong c\u00f4ng nghi\u1ec7p","publisher":{"@id":"https:\/\/omanivietnam.com\/#\/schema\/person\/0ad398a980dc3fd696111c2c5c8fa897"},"potentialAction":[{"@type":"SearchAction","target":{"@type":"EntryPoint","urlTemplate":"https:\/\/omanivietnam.com\/?s={search_term_string}"},"query-input":"required name=search_term_string"}],"inLanguage":"vi"},{"@type":["Person","Organization"],"@id":"https:\/\/omanivietnam.com\/#\/schema\/person\/0ad398a980dc3fd696111c2c5c8fa897","name":"Nguy\u1ec5n V\u0103n Kh\u00e1nh","image":{"@type":"ImageObject","inLanguage":"vi","@id":"https:\/\/omanivietnam.com\/#\/schema\/person\/image\/","url":"https:\/\/omanivietnam.com\/wp-content\/uploads\/2024\/06\/logo-1024x1024.png","contentUrl":"https:\/\/omanivietnam.com\/wp-content\/uploads\/2024\/06\/logo-1024x1024.png","width":1024,"height":1024,"caption":"Nguy\u1ec5n V\u0103n Kh\u00e1nh"},"logo":{"@id":"https:\/\/omanivietnam.com\/#\/schema\/person\/image\/"},"sameAs":["https:\/\/omanivietnam.com"]}]}},"_links":{"self":[{"href":"https:\/\/omanivietnam.com\/index.php\/wp-json\/wp\/v2\/product\/3310","targetHints":{"allow":["GET"]}}],"collection":[{"href":"https:\/\/omanivietnam.com\/index.php\/wp-json\/wp\/v2\/product"}],"about":[{"href":"https:\/\/omanivietnam.com\/index.php\/wp-json\/wp\/v2\/types\/product"}],"replies":[{"embeddable":true,"href":"https:\/\/omanivietnam.com\/index.php\/wp-json\/wp\/v2\/comments?post=3310"}],"wp:featuredmedia":[{"embeddable":true,"href":"https:\/\/omanivietnam.com\/index.php\/wp-json\/wp\/v2\/media\/3311"}],"wp:attachment":[{"href":"https:\/\/omanivietnam.com\/index.php\/wp-json\/wp\/v2\/media?parent=3310"}],"wp:term":[{"taxonomy":"product_cat","embeddable":true,"href":"https:\/\/omanivietnam.com\/index.php\/wp-json\/wp\/v2\/product_cat?post=3310"},{"taxonomy":"product_tag","embeddable":true,"href":"https:\/\/omanivietnam.com\/index.php\/wp-json\/wp\/v2\/product_tag?post=3310"}],"curies":[{"name":"wp","href":"https:\/\/api.w.org\/{rel}","templated":true}]}}