{"id":3364,"date":"2025-03-19T11:55:09","date_gmt":"2025-03-19T04:55:09","guid":{"rendered":"https:\/\/omanivietnam.com\/?post_type=product&#038;p=3364"},"modified":"2025-03-19T11:55:09","modified_gmt":"2025-03-19T04:55:09","slug":"smc-mhzl2-16d","status":"publish","type":"product","link":"https:\/\/omanivietnam.com\/index.php\/san-pham\/smc-mhzl2-16d\/","title":{"rendered":"SMC MHZL2-16D"},"content":{"rendered":"<p>SMC MHZL2-16D<\/p>\n<p>Xy lanh k\u1eb9p SMC MHZL2-MHL2-MHY2-MHC2-10D-16D-20D-25D-32D-40D l\u00e0 4 series MHZL2-MHL2-MHY2-MHC2 v\u1edbi c\u00e1c k\u00edch th\u01b0\u1edbc Bore size kh\u00e1c nhau 10, 20, 25, 32, 40.<\/p>\n<p class=\"m-h1\">Parallel Type Air Gripper, Long Stroke MHZL2 Series (MHZL2-16D)<\/p>\n<p class=\"m-h3\"><span data-lang=\"ENG\">Configured Specifications<\/span><\/p>\n<table class=\"m-listTable\" summary=\"Price, Spec., etc.\">\n<colgroup>\n<col width=\"20%\" \/>\n<col width=\"30%\" \/>\n<col width=\"20%\" \/>\n<col width=\"30%\" \/><\/colgroup>\n<tbody>\n<tr>\n<th>Type<\/th>\n<td>[Main Body] Main body<\/td>\n<th>Gripping Methods<\/th>\n<td>Pinch, Parallel Type \/ Open, Parallel Type<\/td>\n<\/tr>\n<tr>\n<th>Number of Fingers<\/th>\n<td>2 pcs.<\/td>\n<th>Main Body Shape<\/th>\n<td>Square Shape<\/td>\n<\/tr>\n<tr>\n<th>Operation Method<\/th>\n<td>Double Acting Type<\/td>\n<th>Dimensions when open(mm)<\/th>\n<td>26.9<\/td>\n<\/tr>\n<tr>\n<th>Dimensions when closed(mm)<\/th>\n<td>14.9<\/td>\n<th>Gripping Force (when 0.5Mpa at opening)(N)<\/th>\n<td>45<\/td>\n<\/tr>\n<tr>\n<th>Gripping Force (when 0.5Mpa at closing)(N)<\/th>\n<td>34<\/td>\n<th>Environment, Applications<\/th>\n<td>Standard<\/td>\n<\/tr>\n<tr>\n<th>Additional Functions<\/th>\n<td>With Linear Guide \/ High Accuracy<\/td>\n<th>Stroke Adjustment Mechanism<\/th>\n<td>Not Provided<\/td>\n<\/tr>\n<tr class=\"VN_table-row\">\n<th>Operating Pressure Range(MPa)<\/th>\n<td>0.1\uff5e0.7<\/td>\n<th>Cylinder internal diameter(mm)<\/th>\n<td>16<\/td>\n<\/tr>\n<tr class=\"VN_table-row\">\n<th>Finger position \/ Options<\/th>\n<td>Basic type<\/td>\n<th>Body options<\/th>\n<td>Basic type<\/td>\n<\/tr>\n<tr class=\"VN_table-row\">\n<th>Auto switch<\/th>\n<td>Without auto switch<\/td>\n<th>Number of switches<\/th>\n<td>None<\/td>\n<\/tr>\n<tr class=\"VN_table-row\">\n<th>Lead wire length<\/th>\n<td>None<\/td>\n<th>Made to order specifications<\/th>\n<td>None<\/td>\n<\/tr>\n<tr class=\"VN_table-row\">\n<th>Connector type for gripper opening\/closing<\/th>\n<td>None<\/td>\n<th>Dust cover materials<\/th>\n<td>&#8211;<\/td>\n<\/tr>\n<\/tbody>\n<\/table>\n<p><strong>Qu\u00fd kh\u00e1ch h\u00e0ng c\u00f3 th\u1ec3 \u0111\u1eb7t h\u00e0ng theo nh\u1eefng m\u00e3 chi ti\u1ebft sau:<\/strong><\/p>\n<p>MHZL2-10D<br \/>\nMHZL2-16D<br \/>\nMHZL2-20D<br \/>\nMHZL2-25D<br \/>\nMHC2-10D<br \/>\nMHC2-16D<br \/>\nMHC2-20D<br \/>\nMHC2-25D<br \/>\nMHY2-10D<br \/>\nMHY2-16D<br \/>\nMHY2-20D<br \/>\nMHY2-25D<br \/>\nMHL2-10D<br \/>\nMHL2-16D<br \/>\nMHL2-20D<br \/>\nMHL2-25D<br \/>\nMHZL2-10S<br \/>\nMHZL2-16S<br \/>\nMHZL2-20S<br \/>\nMHZL2-25S<br \/>\nMHZL2-10D1\/D2\/D3<br \/>\nMHZL2-16D1\/D2\/D3<br \/>\nMHZL2-20D1\/D2\/D3<br \/>\nMHZL2-25D1\/D2\/D3<\/p>\n","protected":false},"excerpt":{"rendered":"<p>SMC MHZL2-16D Xy lanh k\u1eb9p SMC MHZL2-MHL2-MHY2-MHC2-10D-16D-20D-25D-32D-40D l\u00e0 4 series MHZL2-MHL2-MHY2-MHC2 v\u1edbi c\u00e1c k\u00edch th\u01b0\u1edbc Bore size kh\u00e1c nhau 10, 20, 25, 32, 40. Parallel Type Air Gripper, Long Stroke MHZL2 Series (MHZL2-16D) Configured Specifications Type [Main Body] Main body Gripping Methods Pinch, Parallel Type \/ Open, Parallel Type Number&hellip; <\/p>\n","protected":false},"featured_media":3365,"comment_status":"open","ping_status":"closed","template":"","meta":[],"product_cat":[283],"product_tag":[93,92,98],"class_list":{"0":"post-3364","1":"product","2":"type-product","3":"status-publish","4":"has-post-thumbnail","6":"product_cat-smc","7":"product_tag-dai-ly-smc-viet-nam","8":"product_tag-smc-viet-nam","9":"product_tag-xy-lanh-khi","11":"first","12":"instock","13":"shipping-taxable","14":"product-type-simple"},"yoast_head":"<!-- This site is optimized with the Yoast SEO plugin v22.8 - https:\/\/yoast.com\/wordpress\/plugins\/seo\/ -->\n<title>SMC MHZL2-16D - OMANI VI\u1ec6T NAM<\/title>\n<meta name=\"description\" content=\"SMC MHZL2-16D Cylinder Air Gripper\" \/>\n<meta name=\"robots\" content=\"index, follow, max-snippet:-1, max-image-preview:large, max-video-preview:-1\" \/>\n<link rel=\"canonical\" href=\"https:\/\/omanivietnam.com\/index.php\/san-pham\/smc-mhzl2-16d\/\" \/>\n<meta property=\"og:locale\" content=\"vi_VN\" \/>\n<meta property=\"og:type\" content=\"article\" \/>\n<meta property=\"og:title\" content=\"SMC MHZL2-16D - OMANI VI\u1ec6T NAM\" \/>\n<meta property=\"og:description\" content=\"SMC MHZL2-16D Cylinder Air Gripper\" \/>\n<meta property=\"og:url\" content=\"https:\/\/omanivietnam.com\/index.php\/san-pham\/smc-mhzl2-16d\/\" \/>\n<meta property=\"og:site_name\" content=\"OMANI VI\u1ec6T NAM\" \/>\n<meta property=\"og:image\" content=\"https:\/\/omanivietnam.com\/wp-content\/uploads\/2025\/03\/MHZL2-16D.png\" \/>\n\t<meta property=\"og:image:width\" content=\"572\" \/>\n\t<meta property=\"og:image:height\" content=\"550\" \/>\n\t<meta property=\"og:image:type\" content=\"image\/png\" \/>\n<meta name=\"twitter:card\" content=\"summary_large_image\" \/>\n<meta name=\"twitter:label1\" content=\"\u01af\u1edbc t\u00ednh th\u1eddi gian \u0111\u1ecdc\" \/>\n\t<meta name=\"twitter:data1\" content=\"2 ph\u00fat\" \/>\n<script type=\"application\/ld+json\" class=\"yoast-schema-graph\">{\"@context\":\"https:\/\/schema.org\",\"@graph\":[{\"@type\":\"WebPage\",\"@id\":\"https:\/\/omanivietnam.com\/index.php\/san-pham\/smc-mhzl2-16d\/\",\"url\":\"https:\/\/omanivietnam.com\/index.php\/san-pham\/smc-mhzl2-16d\/\",\"name\":\"SMC MHZL2-16D - OMANI VI\u1ec6T NAM\",\"isPartOf\":{\"@id\":\"https:\/\/omanivietnam.com\/#website\"},\"primaryImageOfPage\":{\"@id\":\"https:\/\/omanivietnam.com\/index.php\/san-pham\/smc-mhzl2-16d\/#primaryimage\"},\"image\":{\"@id\":\"https:\/\/omanivietnam.com\/index.php\/san-pham\/smc-mhzl2-16d\/#primaryimage\"},\"thumbnailUrl\":\"https:\/\/omanivietnam.com\/wp-content\/uploads\/2025\/03\/MHZL2-16D.png\",\"datePublished\":\"2025-03-19T04:55:09+00:00\",\"dateModified\":\"2025-03-19T04:55:09+00:00\",\"description\":\"SMC MHZL2-16D Cylinder Air Gripper\",\"breadcrumb\":{\"@id\":\"https:\/\/omanivietnam.com\/index.php\/san-pham\/smc-mhzl2-16d\/#breadcrumb\"},\"inLanguage\":\"vi\",\"potentialAction\":[{\"@type\":\"ReadAction\",\"target\":[\"https:\/\/omanivietnam.com\/index.php\/san-pham\/smc-mhzl2-16d\/\"]}]},{\"@type\":\"ImageObject\",\"inLanguage\":\"vi\",\"@id\":\"https:\/\/omanivietnam.com\/index.php\/san-pham\/smc-mhzl2-16d\/#primaryimage\",\"url\":\"https:\/\/omanivietnam.com\/wp-content\/uploads\/2025\/03\/MHZL2-16D.png\",\"contentUrl\":\"https:\/\/omanivietnam.com\/wp-content\/uploads\/2025\/03\/MHZL2-16D.png\",\"width\":572,\"height\":550},{\"@type\":\"BreadcrumbList\",\"@id\":\"https:\/\/omanivietnam.com\/index.php\/san-pham\/smc-mhzl2-16d\/#breadcrumb\",\"itemListElement\":[{\"@type\":\"ListItem\",\"position\":1,\"name\":\"Home\",\"item\":\"https:\/\/omanivietnam.com\/\"},{\"@type\":\"ListItem\",\"position\":2,\"name\":\"S\u1ea2N PH\u1ea8M\",\"item\":\"https:\/\/omanivietnam.com\/index.php\/cua-hang\/\"},{\"@type\":\"ListItem\",\"position\":3,\"name\":\"SMC MHZL2-16D\"}]},{\"@type\":\"WebSite\",\"@id\":\"https:\/\/omanivietnam.com\/#website\",\"url\":\"https:\/\/omanivietnam.com\/\",\"name\":\"OMANI VI\u1ec6T NAM\",\"description\":\"Nh\u00e0 ph\u00e2n ph\u1ed1i thi\u1ebft b\u1ecb kh\u00ed n\u00e9n v\u00e0 thi\u1ebft b\u1ecb t\u1ef1 \u0111\u1ed9ng h\u00f3a trong c\u00f4ng nghi\u1ec7p\",\"publisher\":{\"@id\":\"https:\/\/omanivietnam.com\/#\/schema\/person\/0ad398a980dc3fd696111c2c5c8fa897\"},\"potentialAction\":[{\"@type\":\"SearchAction\",\"target\":{\"@type\":\"EntryPoint\",\"urlTemplate\":\"https:\/\/omanivietnam.com\/?s={search_term_string}\"},\"query-input\":\"required name=search_term_string\"}],\"inLanguage\":\"vi\"},{\"@type\":[\"Person\",\"Organization\"],\"@id\":\"https:\/\/omanivietnam.com\/#\/schema\/person\/0ad398a980dc3fd696111c2c5c8fa897\",\"name\":\"Nguy\u1ec5n V\u0103n Kh\u00e1nh\",\"image\":{\"@type\":\"ImageObject\",\"inLanguage\":\"vi\",\"@id\":\"https:\/\/omanivietnam.com\/#\/schema\/person\/image\/\",\"url\":\"https:\/\/omanivietnam.com\/wp-content\/uploads\/2024\/06\/logo-1024x1024.png\",\"contentUrl\":\"https:\/\/omanivietnam.com\/wp-content\/uploads\/2024\/06\/logo-1024x1024.png\",\"width\":1024,\"height\":1024,\"caption\":\"Nguy\u1ec5n V\u0103n Kh\u00e1nh\"},\"logo\":{\"@id\":\"https:\/\/omanivietnam.com\/#\/schema\/person\/image\/\"},\"sameAs\":[\"https:\/\/omanivietnam.com\"]}]}<\/script>\n<!-- \/ Yoast SEO plugin. -->","yoast_head_json":{"title":"SMC MHZL2-16D - OMANI VI\u1ec6T NAM","description":"SMC MHZL2-16D Cylinder Air Gripper","robots":{"index":"index","follow":"follow","max-snippet":"max-snippet:-1","max-image-preview":"max-image-preview:large","max-video-preview":"max-video-preview:-1"},"canonical":"https:\/\/omanivietnam.com\/index.php\/san-pham\/smc-mhzl2-16d\/","og_locale":"vi_VN","og_type":"article","og_title":"SMC MHZL2-16D - OMANI VI\u1ec6T NAM","og_description":"SMC MHZL2-16D Cylinder Air Gripper","og_url":"https:\/\/omanivietnam.com\/index.php\/san-pham\/smc-mhzl2-16d\/","og_site_name":"OMANI VI\u1ec6T NAM","og_image":[{"width":572,"height":550,"url":"https:\/\/omanivietnam.com\/wp-content\/uploads\/2025\/03\/MHZL2-16D.png","type":"image\/png"}],"twitter_card":"summary_large_image","twitter_misc":{"\u01af\u1edbc t\u00ednh th\u1eddi gian \u0111\u1ecdc":"2 ph\u00fat"},"schema":{"@context":"https:\/\/schema.org","@graph":[{"@type":"WebPage","@id":"https:\/\/omanivietnam.com\/index.php\/san-pham\/smc-mhzl2-16d\/","url":"https:\/\/omanivietnam.com\/index.php\/san-pham\/smc-mhzl2-16d\/","name":"SMC MHZL2-16D - OMANI VI\u1ec6T NAM","isPartOf":{"@id":"https:\/\/omanivietnam.com\/#website"},"primaryImageOfPage":{"@id":"https:\/\/omanivietnam.com\/index.php\/san-pham\/smc-mhzl2-16d\/#primaryimage"},"image":{"@id":"https:\/\/omanivietnam.com\/index.php\/san-pham\/smc-mhzl2-16d\/#primaryimage"},"thumbnailUrl":"https:\/\/omanivietnam.com\/wp-content\/uploads\/2025\/03\/MHZL2-16D.png","datePublished":"2025-03-19T04:55:09+00:00","dateModified":"2025-03-19T04:55:09+00:00","description":"SMC MHZL2-16D Cylinder Air Gripper","breadcrumb":{"@id":"https:\/\/omanivietnam.com\/index.php\/san-pham\/smc-mhzl2-16d\/#breadcrumb"},"inLanguage":"vi","potentialAction":[{"@type":"ReadAction","target":["https:\/\/omanivietnam.com\/index.php\/san-pham\/smc-mhzl2-16d\/"]}]},{"@type":"ImageObject","inLanguage":"vi","@id":"https:\/\/omanivietnam.com\/index.php\/san-pham\/smc-mhzl2-16d\/#primaryimage","url":"https:\/\/omanivietnam.com\/wp-content\/uploads\/2025\/03\/MHZL2-16D.png","contentUrl":"https:\/\/omanivietnam.com\/wp-content\/uploads\/2025\/03\/MHZL2-16D.png","width":572,"height":550},{"@type":"BreadcrumbList","@id":"https:\/\/omanivietnam.com\/index.php\/san-pham\/smc-mhzl2-16d\/#breadcrumb","itemListElement":[{"@type":"ListItem","position":1,"name":"Home","item":"https:\/\/omanivietnam.com\/"},{"@type":"ListItem","position":2,"name":"S\u1ea2N PH\u1ea8M","item":"https:\/\/omanivietnam.com\/index.php\/cua-hang\/"},{"@type":"ListItem","position":3,"name":"SMC MHZL2-16D"}]},{"@type":"WebSite","@id":"https:\/\/omanivietnam.com\/#website","url":"https:\/\/omanivietnam.com\/","name":"OMANI VI\u1ec6T NAM","description":"Nh\u00e0 ph\u00e2n ph\u1ed1i thi\u1ebft b\u1ecb kh\u00ed n\u00e9n v\u00e0 thi\u1ebft b\u1ecb t\u1ef1 \u0111\u1ed9ng h\u00f3a trong c\u00f4ng nghi\u1ec7p","publisher":{"@id":"https:\/\/omanivietnam.com\/#\/schema\/person\/0ad398a980dc3fd696111c2c5c8fa897"},"potentialAction":[{"@type":"SearchAction","target":{"@type":"EntryPoint","urlTemplate":"https:\/\/omanivietnam.com\/?s={search_term_string}"},"query-input":"required name=search_term_string"}],"inLanguage":"vi"},{"@type":["Person","Organization"],"@id":"https:\/\/omanivietnam.com\/#\/schema\/person\/0ad398a980dc3fd696111c2c5c8fa897","name":"Nguy\u1ec5n V\u0103n Kh\u00e1nh","image":{"@type":"ImageObject","inLanguage":"vi","@id":"https:\/\/omanivietnam.com\/#\/schema\/person\/image\/","url":"https:\/\/omanivietnam.com\/wp-content\/uploads\/2024\/06\/logo-1024x1024.png","contentUrl":"https:\/\/omanivietnam.com\/wp-content\/uploads\/2024\/06\/logo-1024x1024.png","width":1024,"height":1024,"caption":"Nguy\u1ec5n V\u0103n Kh\u00e1nh"},"logo":{"@id":"https:\/\/omanivietnam.com\/#\/schema\/person\/image\/"},"sameAs":["https:\/\/omanivietnam.com"]}]}},"_links":{"self":[{"href":"https:\/\/omanivietnam.com\/index.php\/wp-json\/wp\/v2\/product\/3364","targetHints":{"allow":["GET"]}}],"collection":[{"href":"https:\/\/omanivietnam.com\/index.php\/wp-json\/wp\/v2\/product"}],"about":[{"href":"https:\/\/omanivietnam.com\/index.php\/wp-json\/wp\/v2\/types\/product"}],"replies":[{"embeddable":true,"href":"https:\/\/omanivietnam.com\/index.php\/wp-json\/wp\/v2\/comments?post=3364"}],"wp:featuredmedia":[{"embeddable":true,"href":"https:\/\/omanivietnam.com\/index.php\/wp-json\/wp\/v2\/media\/3365"}],"wp:attachment":[{"href":"https:\/\/omanivietnam.com\/index.php\/wp-json\/wp\/v2\/media?parent=3364"}],"wp:term":[{"taxonomy":"product_cat","embeddable":true,"href":"https:\/\/omanivietnam.com\/index.php\/wp-json\/wp\/v2\/product_cat?post=3364"},{"taxonomy":"product_tag","embeddable":true,"href":"https:\/\/omanivietnam.com\/index.php\/wp-json\/wp\/v2\/product_tag?post=3364"}],"curies":[{"name":"wp","href":"https:\/\/api.w.org\/{rel}","templated":true}]}}