{"id":3366,"date":"2025-03-19T12:02:48","date_gmt":"2025-03-19T05:02:48","guid":{"rendered":"https:\/\/omanivietnam.com\/?post_type=product&#038;p=3366"},"modified":"2025-03-19T12:02:48","modified_gmt":"2025-03-19T05:02:48","slug":"smc-mhz2-16sn","status":"publish","type":"product","link":"https:\/\/omanivietnam.com\/index.php\/san-pham\/smc-mhz2-16sn\/","title":{"rendered":"SMC MHZ2-16SN"},"content":{"rendered":"<p>SMC MHZ2-16SN<\/p>\n<p class=\"product_title entry-title\">MHZ2-6SN \/ 10SN \/ 16SN \/ SN1 \/ SN2<\/p>\n<p class=\"m-h1\">Air Gripper, Parallel Type \/ Standard Type MHZ2 Series (MHZ2-16SN)<\/p>\n<p>The MHZ2 Series gripper has an integrated linear guide for high rigidity, positioned with two dowel pins to prevent guide slippage. It has mounting versatility on three sides, in five configurations. Available in single acting (N.O., N.C.) and double acting.<\/p>\n<p>\u2013 Bore sizes: 6, 10, 16, 20, 25, 32, 40 mm<br \/>\n\u2013 High repeatability: 0.01 mm<br \/>\n\u2013 Standard, narrow and flat finger options<br \/>\n\u2013 Auto switch capable<br \/>\n\u2013 Option for NSF-H1, food grade lubricant<\/p>\n<div class=\"m-adaptive__productDetailHeader\">\n<p class=\"m-adaptive__configured_specs\">Configured Specifications<\/p>\n<\/div>\n<table class=\"m-listTable m-listTable--adaptive\" summary=\"Price, Spec., etc.\">\n<colgroup>\n<col width=\"20%\" \/>\n<col width=\"30%\" \/>\n<col width=\"20%\" \/>\n<col width=\"30%\" \/><\/colgroup>\n<tbody>\n<tr>\n<th>How Grip<\/th>\n<td>Pinch, Parallel Type \/ Open, Parallel Type<\/td>\n<th>Number of Fingers<\/th>\n<td>2 Pcs.<\/td>\n<\/tr>\n<tr>\n<th>Dimensions when open(mm)<\/th>\n<td>20.9<\/td>\n<th>Dimensions when closed(mm)<\/th>\n<td>14.9<\/td>\n<\/tr>\n<tr>\n<th>Type<\/th>\n<td>[Main Body] Body<\/td>\n<th>Operation Method<\/th>\n<td>Single Acting Type (Normally Open)<\/td>\n<\/tr>\n<tr>\n<th>Main Body Shape<\/th>\n<td>Square Shape<\/td>\n<th>Gripping Force (Closed Side at 0.5 Mpa)(N)<\/th>\n<td>27<\/td>\n<\/tr>\n<tr>\n<th>Gripping Force (Open Side at 0.5 Mpa)(N)<\/th>\n<td>&#8211;<\/td>\n<th>Environment, Applications<\/th>\n<td>Standard<\/td>\n<\/tr>\n<tr>\n<th>Additional Function<\/th>\n<td>With Linear Guide<\/td>\n<th>Stroke Adjustment Mechanism<\/th>\n<td>Not Provided<\/td>\n<\/tr>\n<tr class=\"VN_table-row\">\n<th>Cylinder internal diameter(mm)<\/th>\n<td>16<\/td>\n<th>Finger position \/ Options<\/th>\n<td>Narrow type basic type<\/td>\n<\/tr>\n<tr class=\"VN_table-row\">\n<th>Body options<\/th>\n<td>Basic type<\/td>\n<th>Auto switch<\/th>\n<td>None<\/td>\n<\/tr>\n<tr class=\"VN_table-row\">\n<th>Number Of Switches<\/th>\n<td>None<\/td>\n<th>Lead wire length<\/th>\n<td>None<\/td>\n<\/tr>\n<tr class=\"VN_table-row\">\n<th>Made to order specifications<\/th>\n<td>None<\/td>\n<th>&#8211;<\/th>\n<td>&#8211;<\/td>\n<\/tr>\n<\/tbody>\n<\/table>\n<p>\u0110\u1ea1i l\u00fd SMC vietnam, SMC viet nam, SMC vietnam distributor, Ph\u00e2n ph\u1ed1i SMC t\u1ea1i vi\u1ec7t nam<\/p>\n<p>\u0110\u1ea1i l\u00fd SMC vietnam, SMC viet nam, SMC vietnam distributor, Ph\u00e2n ph\u1ed1i SMC t\u1ea1i vi\u1ec7t nam<\/p>\n<p>\u0110\u1ea1i l\u00fd SMC vietnam, SMC viet nam, SMC vietnam distributor, Ph\u00e2n ph\u1ed1i SMC t\u1ea1i vi\u1ec7t nam<\/p>\n<p>\u0110\u1ea1i l\u00fd SMC vietnam, SMC viet nam, SMC vietnam distributor, Ph\u00e2n ph\u1ed1i SMC t\u1ea1i vi\u1ec7t nam<\/p>\n<p>\u0110\u1ea1i l\u00fd SMC vietnam, SMC viet nam, SMC vietnam distributor, Ph\u00e2n ph\u1ed1i SMC t\u1ea1i vi\u1ec7t nam<\/p>\n","protected":false},"excerpt":{"rendered":"<p>SMC MHZ2-16SN MHZ2-6SN \/ 10SN \/ 16SN \/ SN1 \/ SN2 Air Gripper, Parallel Type \/ Standard Type MHZ2 Series (MHZ2-16SN) The MHZ2 Series gripper has an integrated linear guide for high rigidity, positioned with two dowel pins to prevent guide slippage. It has mounting versatility on three sides, in&hellip; <\/p>\n","protected":false},"featured_media":3368,"comment_status":"open","ping_status":"closed","template":"","meta":[],"product_cat":[283],"product_tag":[93,92,98],"class_list":{"0":"post-3366","1":"product","2":"type-product","3":"status-publish","4":"has-post-thumbnail","6":"product_cat-smc","7":"product_tag-dai-ly-smc-viet-nam","8":"product_tag-smc-viet-nam","9":"product_tag-xy-lanh-khi","11":"first","12":"instock","13":"shipping-taxable","14":"product-type-simple"},"yoast_head":"<!-- This site is optimized with the Yoast SEO plugin v22.8 - https:\/\/yoast.com\/wordpress\/plugins\/seo\/ -->\n<title>SMC MHZ2-16SN - OMANI VI\u1ec6T NAM<\/title>\n<meta name=\"description\" content=\"SMC MHZ2-16SN Cylinder Air Gripper\" \/>\n<meta name=\"robots\" content=\"index, follow, max-snippet:-1, max-image-preview:large, max-video-preview:-1\" \/>\n<link rel=\"canonical\" href=\"https:\/\/omanivietnam.com\/index.php\/san-pham\/smc-mhz2-16sn\/\" \/>\n<meta property=\"og:locale\" content=\"vi_VN\" \/>\n<meta property=\"og:type\" content=\"article\" \/>\n<meta property=\"og:title\" content=\"SMC MHZ2-16SN - OMANI VI\u1ec6T NAM\" \/>\n<meta property=\"og:description\" content=\"SMC MHZ2-16SN Cylinder Air Gripper\" \/>\n<meta property=\"og:url\" content=\"https:\/\/omanivietnam.com\/index.php\/san-pham\/smc-mhz2-16sn\/\" \/>\n<meta property=\"og:site_name\" content=\"OMANI VI\u1ec6T NAM\" \/>\n<meta property=\"og:image\" content=\"https:\/\/omanivietnam.com\/wp-content\/uploads\/2025\/03\/MHZ2-16SN.png\" \/>\n\t<meta property=\"og:image:width\" content=\"664\" \/>\n\t<meta property=\"og:image:height\" content=\"495\" \/>\n\t<meta property=\"og:image:type\" content=\"image\/png\" \/>\n<meta name=\"twitter:card\" content=\"summary_large_image\" \/>\n<meta name=\"twitter:label1\" content=\"\u01af\u1edbc t\u00ednh th\u1eddi gian \u0111\u1ecdc\" \/>\n\t<meta name=\"twitter:data1\" content=\"2 ph\u00fat\" \/>\n<script type=\"application\/ld+json\" class=\"yoast-schema-graph\">{\"@context\":\"https:\/\/schema.org\",\"@graph\":[{\"@type\":\"WebPage\",\"@id\":\"https:\/\/omanivietnam.com\/index.php\/san-pham\/smc-mhz2-16sn\/\",\"url\":\"https:\/\/omanivietnam.com\/index.php\/san-pham\/smc-mhz2-16sn\/\",\"name\":\"SMC MHZ2-16SN - OMANI VI\u1ec6T NAM\",\"isPartOf\":{\"@id\":\"https:\/\/omanivietnam.com\/#website\"},\"primaryImageOfPage\":{\"@id\":\"https:\/\/omanivietnam.com\/index.php\/san-pham\/smc-mhz2-16sn\/#primaryimage\"},\"image\":{\"@id\":\"https:\/\/omanivietnam.com\/index.php\/san-pham\/smc-mhz2-16sn\/#primaryimage\"},\"thumbnailUrl\":\"https:\/\/omanivietnam.com\/wp-content\/uploads\/2025\/03\/MHZ2-16SN.png\",\"datePublished\":\"2025-03-19T05:02:48+00:00\",\"dateModified\":\"2025-03-19T05:02:48+00:00\",\"description\":\"SMC MHZ2-16SN Cylinder Air Gripper\",\"breadcrumb\":{\"@id\":\"https:\/\/omanivietnam.com\/index.php\/san-pham\/smc-mhz2-16sn\/#breadcrumb\"},\"inLanguage\":\"vi\",\"potentialAction\":[{\"@type\":\"ReadAction\",\"target\":[\"https:\/\/omanivietnam.com\/index.php\/san-pham\/smc-mhz2-16sn\/\"]}]},{\"@type\":\"ImageObject\",\"inLanguage\":\"vi\",\"@id\":\"https:\/\/omanivietnam.com\/index.php\/san-pham\/smc-mhz2-16sn\/#primaryimage\",\"url\":\"https:\/\/omanivietnam.com\/wp-content\/uploads\/2025\/03\/MHZ2-16SN.png\",\"contentUrl\":\"https:\/\/omanivietnam.com\/wp-content\/uploads\/2025\/03\/MHZ2-16SN.png\",\"width\":664,\"height\":495},{\"@type\":\"BreadcrumbList\",\"@id\":\"https:\/\/omanivietnam.com\/index.php\/san-pham\/smc-mhz2-16sn\/#breadcrumb\",\"itemListElement\":[{\"@type\":\"ListItem\",\"position\":1,\"name\":\"Home\",\"item\":\"https:\/\/omanivietnam.com\/\"},{\"@type\":\"ListItem\",\"position\":2,\"name\":\"S\u1ea2N PH\u1ea8M\",\"item\":\"https:\/\/omanivietnam.com\/index.php\/cua-hang\/\"},{\"@type\":\"ListItem\",\"position\":3,\"name\":\"SMC MHZ2-16SN\"}]},{\"@type\":\"WebSite\",\"@id\":\"https:\/\/omanivietnam.com\/#website\",\"url\":\"https:\/\/omanivietnam.com\/\",\"name\":\"OMANI VI\u1ec6T NAM\",\"description\":\"Nh\u00e0 ph\u00e2n ph\u1ed1i thi\u1ebft b\u1ecb kh\u00ed n\u00e9n v\u00e0 thi\u1ebft b\u1ecb t\u1ef1 \u0111\u1ed9ng h\u00f3a trong c\u00f4ng nghi\u1ec7p\",\"publisher\":{\"@id\":\"https:\/\/omanivietnam.com\/#\/schema\/person\/0ad398a980dc3fd696111c2c5c8fa897\"},\"potentialAction\":[{\"@type\":\"SearchAction\",\"target\":{\"@type\":\"EntryPoint\",\"urlTemplate\":\"https:\/\/omanivietnam.com\/?s={search_term_string}\"},\"query-input\":\"required name=search_term_string\"}],\"inLanguage\":\"vi\"},{\"@type\":[\"Person\",\"Organization\"],\"@id\":\"https:\/\/omanivietnam.com\/#\/schema\/person\/0ad398a980dc3fd696111c2c5c8fa897\",\"name\":\"Nguy\u1ec5n V\u0103n Kh\u00e1nh\",\"image\":{\"@type\":\"ImageObject\",\"inLanguage\":\"vi\",\"@id\":\"https:\/\/omanivietnam.com\/#\/schema\/person\/image\/\",\"url\":\"https:\/\/omanivietnam.com\/wp-content\/uploads\/2024\/06\/logo-1024x1024.png\",\"contentUrl\":\"https:\/\/omanivietnam.com\/wp-content\/uploads\/2024\/06\/logo-1024x1024.png\",\"width\":1024,\"height\":1024,\"caption\":\"Nguy\u1ec5n V\u0103n Kh\u00e1nh\"},\"logo\":{\"@id\":\"https:\/\/omanivietnam.com\/#\/schema\/person\/image\/\"},\"sameAs\":[\"https:\/\/omanivietnam.com\"]}]}<\/script>\n<!-- \/ Yoast SEO plugin. -->","yoast_head_json":{"title":"SMC MHZ2-16SN - OMANI VI\u1ec6T NAM","description":"SMC MHZ2-16SN Cylinder Air Gripper","robots":{"index":"index","follow":"follow","max-snippet":"max-snippet:-1","max-image-preview":"max-image-preview:large","max-video-preview":"max-video-preview:-1"},"canonical":"https:\/\/omanivietnam.com\/index.php\/san-pham\/smc-mhz2-16sn\/","og_locale":"vi_VN","og_type":"article","og_title":"SMC MHZ2-16SN - OMANI VI\u1ec6T NAM","og_description":"SMC MHZ2-16SN Cylinder Air Gripper","og_url":"https:\/\/omanivietnam.com\/index.php\/san-pham\/smc-mhz2-16sn\/","og_site_name":"OMANI VI\u1ec6T NAM","og_image":[{"width":664,"height":495,"url":"https:\/\/omanivietnam.com\/wp-content\/uploads\/2025\/03\/MHZ2-16SN.png","type":"image\/png"}],"twitter_card":"summary_large_image","twitter_misc":{"\u01af\u1edbc t\u00ednh th\u1eddi gian \u0111\u1ecdc":"2 ph\u00fat"},"schema":{"@context":"https:\/\/schema.org","@graph":[{"@type":"WebPage","@id":"https:\/\/omanivietnam.com\/index.php\/san-pham\/smc-mhz2-16sn\/","url":"https:\/\/omanivietnam.com\/index.php\/san-pham\/smc-mhz2-16sn\/","name":"SMC MHZ2-16SN - OMANI VI\u1ec6T NAM","isPartOf":{"@id":"https:\/\/omanivietnam.com\/#website"},"primaryImageOfPage":{"@id":"https:\/\/omanivietnam.com\/index.php\/san-pham\/smc-mhz2-16sn\/#primaryimage"},"image":{"@id":"https:\/\/omanivietnam.com\/index.php\/san-pham\/smc-mhz2-16sn\/#primaryimage"},"thumbnailUrl":"https:\/\/omanivietnam.com\/wp-content\/uploads\/2025\/03\/MHZ2-16SN.png","datePublished":"2025-03-19T05:02:48+00:00","dateModified":"2025-03-19T05:02:48+00:00","description":"SMC MHZ2-16SN Cylinder Air Gripper","breadcrumb":{"@id":"https:\/\/omanivietnam.com\/index.php\/san-pham\/smc-mhz2-16sn\/#breadcrumb"},"inLanguage":"vi","potentialAction":[{"@type":"ReadAction","target":["https:\/\/omanivietnam.com\/index.php\/san-pham\/smc-mhz2-16sn\/"]}]},{"@type":"ImageObject","inLanguage":"vi","@id":"https:\/\/omanivietnam.com\/index.php\/san-pham\/smc-mhz2-16sn\/#primaryimage","url":"https:\/\/omanivietnam.com\/wp-content\/uploads\/2025\/03\/MHZ2-16SN.png","contentUrl":"https:\/\/omanivietnam.com\/wp-content\/uploads\/2025\/03\/MHZ2-16SN.png","width":664,"height":495},{"@type":"BreadcrumbList","@id":"https:\/\/omanivietnam.com\/index.php\/san-pham\/smc-mhz2-16sn\/#breadcrumb","itemListElement":[{"@type":"ListItem","position":1,"name":"Home","item":"https:\/\/omanivietnam.com\/"},{"@type":"ListItem","position":2,"name":"S\u1ea2N PH\u1ea8M","item":"https:\/\/omanivietnam.com\/index.php\/cua-hang\/"},{"@type":"ListItem","position":3,"name":"SMC MHZ2-16SN"}]},{"@type":"WebSite","@id":"https:\/\/omanivietnam.com\/#website","url":"https:\/\/omanivietnam.com\/","name":"OMANI VI\u1ec6T NAM","description":"Nh\u00e0 ph\u00e2n ph\u1ed1i thi\u1ebft b\u1ecb kh\u00ed n\u00e9n v\u00e0 thi\u1ebft b\u1ecb t\u1ef1 \u0111\u1ed9ng h\u00f3a trong c\u00f4ng nghi\u1ec7p","publisher":{"@id":"https:\/\/omanivietnam.com\/#\/schema\/person\/0ad398a980dc3fd696111c2c5c8fa897"},"potentialAction":[{"@type":"SearchAction","target":{"@type":"EntryPoint","urlTemplate":"https:\/\/omanivietnam.com\/?s={search_term_string}"},"query-input":"required name=search_term_string"}],"inLanguage":"vi"},{"@type":["Person","Organization"],"@id":"https:\/\/omanivietnam.com\/#\/schema\/person\/0ad398a980dc3fd696111c2c5c8fa897","name":"Nguy\u1ec5n V\u0103n Kh\u00e1nh","image":{"@type":"ImageObject","inLanguage":"vi","@id":"https:\/\/omanivietnam.com\/#\/schema\/person\/image\/","url":"https:\/\/omanivietnam.com\/wp-content\/uploads\/2024\/06\/logo-1024x1024.png","contentUrl":"https:\/\/omanivietnam.com\/wp-content\/uploads\/2024\/06\/logo-1024x1024.png","width":1024,"height":1024,"caption":"Nguy\u1ec5n V\u0103n Kh\u00e1nh"},"logo":{"@id":"https:\/\/omanivietnam.com\/#\/schema\/person\/image\/"},"sameAs":["https:\/\/omanivietnam.com"]}]}},"_links":{"self":[{"href":"https:\/\/omanivietnam.com\/index.php\/wp-json\/wp\/v2\/product\/3366","targetHints":{"allow":["GET"]}}],"collection":[{"href":"https:\/\/omanivietnam.com\/index.php\/wp-json\/wp\/v2\/product"}],"about":[{"href":"https:\/\/omanivietnam.com\/index.php\/wp-json\/wp\/v2\/types\/product"}],"replies":[{"embeddable":true,"href":"https:\/\/omanivietnam.com\/index.php\/wp-json\/wp\/v2\/comments?post=3366"}],"wp:featuredmedia":[{"embeddable":true,"href":"https:\/\/omanivietnam.com\/index.php\/wp-json\/wp\/v2\/media\/3368"}],"wp:attachment":[{"href":"https:\/\/omanivietnam.com\/index.php\/wp-json\/wp\/v2\/media?parent=3366"}],"wp:term":[{"taxonomy":"product_cat","embeddable":true,"href":"https:\/\/omanivietnam.com\/index.php\/wp-json\/wp\/v2\/product_cat?post=3366"},{"taxonomy":"product_tag","embeddable":true,"href":"https:\/\/omanivietnam.com\/index.php\/wp-json\/wp\/v2\/product_tag?post=3366"}],"curies":[{"name":"wp","href":"https:\/\/api.w.org\/{rel}","templated":true}]}}