{"id":3409,"date":"2025-03-25T20:58:28","date_gmt":"2025-03-25T13:58:28","guid":{"rendered":"https:\/\/omanivietnam.com\/?post_type=product&#038;p=3409"},"modified":"2025-03-25T20:58:28","modified_gmt":"2025-03-25T13:58:28","slug":"hontkohls-m-20-1-xa016","status":"publish","type":"product","link":"https:\/\/omanivietnam.com\/index.php\/san-pham\/hontkohls-m-20-1-xa016\/","title":{"rendered":"HONTKO\tHLS-M-20-1-XA016"},"content":{"rendered":"<p>HONTKO HLS-M-20-1-XA016 DC8-26V P\/N 10611B<\/p>\n<p>HLS-M<\/p>\n<div class=\"product-details-summary\">\u2022 Stroke 1000 ~ 5000 mm<br \/>\n\u2022 Resolution 1, 0.5, 0.2, 0.1, 0.05, 0.04 mm<\/div>\n<div><\/div>\n<ul>\n<li>Measuring Range: 2000 \/ 3000 \/ 5000 mm<\/li>\n<li>Resolution: 1 \/ 0.5 \/ 0.2 \/ 0.1 \/ 0.05 \/ 0.04 mm \/pulse<\/li>\n<\/ul>\n<p>HLS-DA<\/p>\n<div class=\"product-details-summary\">\u2022 Stroke 500 mm<br \/>\n\u2022 Resolution 5, 1, 0.5, 0.2, 0.1, 0.05 mm<\/div>\n<div><\/div>\n<div>\n<p>HLS-S<\/p>\n<div class=\"product-details-summary\">\u2022 Stroke 1000 mm<br \/>\n\u2022 Resolution 1, 0.5, 0.2, 0.1, 0.04 mm<\/div>\n<\/div>\n<div><\/div>\n<div><\/div>\n<p>HLS-L<\/p>\n<div class=\"product-details-summary\">\u2022 Stroke 6000 ~ 120000 mm<br \/>\n\u2022 Resolution 1, 0.5, 0.2, 0.1 mm<\/div>\n","protected":false},"excerpt":{"rendered":"<p>HONTKO HLS-M-20-1-XA016 DC8-26V P\/N 10611B HLS-M \u2022 Stroke 1000 ~ 5000 mm \u2022 Resolution 1, 0.5, 0.2, 0.1, 0.05, 0.04 mm Measuring Range: 2000 \/ 3000 \/ 5000 mm Resolution: 1 \/ 0.5 \/ 0.2 \/ 0.1 \/ 0.05 \/ 0.04 mm \/pulse HLS-DA \u2022 Stroke 500 mm \u2022 Resolution&hellip; <\/p>\n","protected":false},"featured_media":3410,"comment_status":"open","ping_status":"closed","template":"","meta":[],"product_cat":[642],"product_tag":[174,644,643],"class_list":{"0":"post-3409","1":"product","2":"type-product","3":"status-publish","4":"has-post-thumbnail","6":"product_cat-hontko","7":"product_tag-bo-ma-hoa","8":"product_tag-dai-ly-hontko-viet-nam","9":"product_tag-hontko-viet-nam","11":"first","12":"instock","13":"shipping-taxable","14":"product-type-simple"},"yoast_head":"<!-- This site is optimized with the Yoast SEO plugin v22.8 - https:\/\/yoast.com\/wordpress\/plugins\/seo\/ -->\n<title>HONTKO HLS-M-20-1-XA016 - OMANI VI\u1ec6T NAM<\/title>\n<meta name=\"description\" content=\"HONTKO HLS-M-20-1-XA016 Incremental Encoder\" \/>\n<meta name=\"robots\" content=\"index, follow, max-snippet:-1, max-image-preview:large, max-video-preview:-1\" \/>\n<link rel=\"canonical\" href=\"https:\/\/omanivietnam.com\/index.php\/san-pham\/hontkohls-m-20-1-xa016\/\" \/>\n<meta property=\"og:locale\" content=\"vi_VN\" \/>\n<meta property=\"og:type\" content=\"article\" \/>\n<meta property=\"og:title\" content=\"HONTKO HLS-M-20-1-XA016 - OMANI VI\u1ec6T NAM\" \/>\n<meta property=\"og:description\" content=\"HONTKO HLS-M-20-1-XA016 Incremental Encoder\" \/>\n<meta property=\"og:url\" content=\"https:\/\/omanivietnam.com\/index.php\/san-pham\/hontkohls-m-20-1-xa016\/\" \/>\n<meta property=\"og:site_name\" content=\"OMANI VI\u1ec6T NAM\" \/>\n<meta property=\"og:image\" content=\"https:\/\/omanivietnam.com\/wp-content\/uploads\/2025\/03\/HLS-M-20-1-XA016.png\" \/>\n\t<meta property=\"og:image:width\" content=\"627\" \/>\n\t<meta property=\"og:image:height\" content=\"432\" \/>\n\t<meta property=\"og:image:type\" content=\"image\/png\" \/>\n<meta name=\"twitter:card\" content=\"summary_large_image\" \/>\n<meta name=\"twitter:label1\" content=\"\u01af\u1edbc t\u00ednh th\u1eddi gian \u0111\u1ecdc\" \/>\n\t<meta name=\"twitter:data1\" content=\"1 ph\u00fat\" \/>\n<script type=\"application\/ld+json\" class=\"yoast-schema-graph\">{\"@context\":\"https:\/\/schema.org\",\"@graph\":[{\"@type\":\"WebPage\",\"@id\":\"https:\/\/omanivietnam.com\/index.php\/san-pham\/hontkohls-m-20-1-xa016\/\",\"url\":\"https:\/\/omanivietnam.com\/index.php\/san-pham\/hontkohls-m-20-1-xa016\/\",\"name\":\"HONTKO HLS-M-20-1-XA016 - OMANI VI\u1ec6T NAM\",\"isPartOf\":{\"@id\":\"https:\/\/omanivietnam.com\/#website\"},\"primaryImageOfPage\":{\"@id\":\"https:\/\/omanivietnam.com\/index.php\/san-pham\/hontkohls-m-20-1-xa016\/#primaryimage\"},\"image\":{\"@id\":\"https:\/\/omanivietnam.com\/index.php\/san-pham\/hontkohls-m-20-1-xa016\/#primaryimage\"},\"thumbnailUrl\":\"https:\/\/omanivietnam.com\/wp-content\/uploads\/2025\/03\/HLS-M-20-1-XA016.png\",\"datePublished\":\"2025-03-25T13:58:28+00:00\",\"dateModified\":\"2025-03-25T13:58:28+00:00\",\"description\":\"HONTKO HLS-M-20-1-XA016 Incremental Encoder\",\"breadcrumb\":{\"@id\":\"https:\/\/omanivietnam.com\/index.php\/san-pham\/hontkohls-m-20-1-xa016\/#breadcrumb\"},\"inLanguage\":\"vi\",\"potentialAction\":[{\"@type\":\"ReadAction\",\"target\":[\"https:\/\/omanivietnam.com\/index.php\/san-pham\/hontkohls-m-20-1-xa016\/\"]}]},{\"@type\":\"ImageObject\",\"inLanguage\":\"vi\",\"@id\":\"https:\/\/omanivietnam.com\/index.php\/san-pham\/hontkohls-m-20-1-xa016\/#primaryimage\",\"url\":\"https:\/\/omanivietnam.com\/wp-content\/uploads\/2025\/03\/HLS-M-20-1-XA016.png\",\"contentUrl\":\"https:\/\/omanivietnam.com\/wp-content\/uploads\/2025\/03\/HLS-M-20-1-XA016.png\",\"width\":627,\"height\":432},{\"@type\":\"BreadcrumbList\",\"@id\":\"https:\/\/omanivietnam.com\/index.php\/san-pham\/hontkohls-m-20-1-xa016\/#breadcrumb\",\"itemListElement\":[{\"@type\":\"ListItem\",\"position\":1,\"name\":\"Home\",\"item\":\"https:\/\/omanivietnam.com\/\"},{\"@type\":\"ListItem\",\"position\":2,\"name\":\"S\u1ea2N PH\u1ea8M\",\"item\":\"https:\/\/omanivietnam.com\/index.php\/cua-hang\/\"},{\"@type\":\"ListItem\",\"position\":3,\"name\":\"HONTKO HLS-M-20-1-XA016\"}]},{\"@type\":\"WebSite\",\"@id\":\"https:\/\/omanivietnam.com\/#website\",\"url\":\"https:\/\/omanivietnam.com\/\",\"name\":\"OMANI VI\u1ec6T NAM\",\"description\":\"Nh\u00e0 ph\u00e2n ph\u1ed1i thi\u1ebft b\u1ecb kh\u00ed n\u00e9n v\u00e0 thi\u1ebft b\u1ecb t\u1ef1 \u0111\u1ed9ng h\u00f3a trong c\u00f4ng nghi\u1ec7p\",\"publisher\":{\"@id\":\"https:\/\/omanivietnam.com\/#\/schema\/person\/0ad398a980dc3fd696111c2c5c8fa897\"},\"potentialAction\":[{\"@type\":\"SearchAction\",\"target\":{\"@type\":\"EntryPoint\",\"urlTemplate\":\"https:\/\/omanivietnam.com\/?s={search_term_string}\"},\"query-input\":\"required name=search_term_string\"}],\"inLanguage\":\"vi\"},{\"@type\":[\"Person\",\"Organization\"],\"@id\":\"https:\/\/omanivietnam.com\/#\/schema\/person\/0ad398a980dc3fd696111c2c5c8fa897\",\"name\":\"Nguy\u1ec5n V\u0103n Kh\u00e1nh\",\"image\":{\"@type\":\"ImageObject\",\"inLanguage\":\"vi\",\"@id\":\"https:\/\/omanivietnam.com\/#\/schema\/person\/image\/\",\"url\":\"https:\/\/omanivietnam.com\/wp-content\/uploads\/2024\/06\/logo-1024x1024.png\",\"contentUrl\":\"https:\/\/omanivietnam.com\/wp-content\/uploads\/2024\/06\/logo-1024x1024.png\",\"width\":1024,\"height\":1024,\"caption\":\"Nguy\u1ec5n V\u0103n Kh\u00e1nh\"},\"logo\":{\"@id\":\"https:\/\/omanivietnam.com\/#\/schema\/person\/image\/\"},\"sameAs\":[\"https:\/\/omanivietnam.com\"]}]}<\/script>\n<!-- \/ Yoast SEO plugin. -->","yoast_head_json":{"title":"HONTKO HLS-M-20-1-XA016 - OMANI VI\u1ec6T NAM","description":"HONTKO HLS-M-20-1-XA016 Incremental Encoder","robots":{"index":"index","follow":"follow","max-snippet":"max-snippet:-1","max-image-preview":"max-image-preview:large","max-video-preview":"max-video-preview:-1"},"canonical":"https:\/\/omanivietnam.com\/index.php\/san-pham\/hontkohls-m-20-1-xa016\/","og_locale":"vi_VN","og_type":"article","og_title":"HONTKO HLS-M-20-1-XA016 - OMANI VI\u1ec6T NAM","og_description":"HONTKO HLS-M-20-1-XA016 Incremental Encoder","og_url":"https:\/\/omanivietnam.com\/index.php\/san-pham\/hontkohls-m-20-1-xa016\/","og_site_name":"OMANI VI\u1ec6T NAM","og_image":[{"width":627,"height":432,"url":"https:\/\/omanivietnam.com\/wp-content\/uploads\/2025\/03\/HLS-M-20-1-XA016.png","type":"image\/png"}],"twitter_card":"summary_large_image","twitter_misc":{"\u01af\u1edbc t\u00ednh th\u1eddi gian \u0111\u1ecdc":"1 ph\u00fat"},"schema":{"@context":"https:\/\/schema.org","@graph":[{"@type":"WebPage","@id":"https:\/\/omanivietnam.com\/index.php\/san-pham\/hontkohls-m-20-1-xa016\/","url":"https:\/\/omanivietnam.com\/index.php\/san-pham\/hontkohls-m-20-1-xa016\/","name":"HONTKO HLS-M-20-1-XA016 - OMANI VI\u1ec6T NAM","isPartOf":{"@id":"https:\/\/omanivietnam.com\/#website"},"primaryImageOfPage":{"@id":"https:\/\/omanivietnam.com\/index.php\/san-pham\/hontkohls-m-20-1-xa016\/#primaryimage"},"image":{"@id":"https:\/\/omanivietnam.com\/index.php\/san-pham\/hontkohls-m-20-1-xa016\/#primaryimage"},"thumbnailUrl":"https:\/\/omanivietnam.com\/wp-content\/uploads\/2025\/03\/HLS-M-20-1-XA016.png","datePublished":"2025-03-25T13:58:28+00:00","dateModified":"2025-03-25T13:58:28+00:00","description":"HONTKO HLS-M-20-1-XA016 Incremental Encoder","breadcrumb":{"@id":"https:\/\/omanivietnam.com\/index.php\/san-pham\/hontkohls-m-20-1-xa016\/#breadcrumb"},"inLanguage":"vi","potentialAction":[{"@type":"ReadAction","target":["https:\/\/omanivietnam.com\/index.php\/san-pham\/hontkohls-m-20-1-xa016\/"]}]},{"@type":"ImageObject","inLanguage":"vi","@id":"https:\/\/omanivietnam.com\/index.php\/san-pham\/hontkohls-m-20-1-xa016\/#primaryimage","url":"https:\/\/omanivietnam.com\/wp-content\/uploads\/2025\/03\/HLS-M-20-1-XA016.png","contentUrl":"https:\/\/omanivietnam.com\/wp-content\/uploads\/2025\/03\/HLS-M-20-1-XA016.png","width":627,"height":432},{"@type":"BreadcrumbList","@id":"https:\/\/omanivietnam.com\/index.php\/san-pham\/hontkohls-m-20-1-xa016\/#breadcrumb","itemListElement":[{"@type":"ListItem","position":1,"name":"Home","item":"https:\/\/omanivietnam.com\/"},{"@type":"ListItem","position":2,"name":"S\u1ea2N PH\u1ea8M","item":"https:\/\/omanivietnam.com\/index.php\/cua-hang\/"},{"@type":"ListItem","position":3,"name":"HONTKO HLS-M-20-1-XA016"}]},{"@type":"WebSite","@id":"https:\/\/omanivietnam.com\/#website","url":"https:\/\/omanivietnam.com\/","name":"OMANI VI\u1ec6T NAM","description":"Nh\u00e0 ph\u00e2n ph\u1ed1i thi\u1ebft b\u1ecb kh\u00ed n\u00e9n v\u00e0 thi\u1ebft b\u1ecb t\u1ef1 \u0111\u1ed9ng h\u00f3a trong c\u00f4ng nghi\u1ec7p","publisher":{"@id":"https:\/\/omanivietnam.com\/#\/schema\/person\/0ad398a980dc3fd696111c2c5c8fa897"},"potentialAction":[{"@type":"SearchAction","target":{"@type":"EntryPoint","urlTemplate":"https:\/\/omanivietnam.com\/?s={search_term_string}"},"query-input":"required name=search_term_string"}],"inLanguage":"vi"},{"@type":["Person","Organization"],"@id":"https:\/\/omanivietnam.com\/#\/schema\/person\/0ad398a980dc3fd696111c2c5c8fa897","name":"Nguy\u1ec5n V\u0103n Kh\u00e1nh","image":{"@type":"ImageObject","inLanguage":"vi","@id":"https:\/\/omanivietnam.com\/#\/schema\/person\/image\/","url":"https:\/\/omanivietnam.com\/wp-content\/uploads\/2024\/06\/logo-1024x1024.png","contentUrl":"https:\/\/omanivietnam.com\/wp-content\/uploads\/2024\/06\/logo-1024x1024.png","width":1024,"height":1024,"caption":"Nguy\u1ec5n V\u0103n Kh\u00e1nh"},"logo":{"@id":"https:\/\/omanivietnam.com\/#\/schema\/person\/image\/"},"sameAs":["https:\/\/omanivietnam.com"]}]}},"_links":{"self":[{"href":"https:\/\/omanivietnam.com\/index.php\/wp-json\/wp\/v2\/product\/3409","targetHints":{"allow":["GET"]}}],"collection":[{"href":"https:\/\/omanivietnam.com\/index.php\/wp-json\/wp\/v2\/product"}],"about":[{"href":"https:\/\/omanivietnam.com\/index.php\/wp-json\/wp\/v2\/types\/product"}],"replies":[{"embeddable":true,"href":"https:\/\/omanivietnam.com\/index.php\/wp-json\/wp\/v2\/comments?post=3409"}],"wp:featuredmedia":[{"embeddable":true,"href":"https:\/\/omanivietnam.com\/index.php\/wp-json\/wp\/v2\/media\/3410"}],"wp:attachment":[{"href":"https:\/\/omanivietnam.com\/index.php\/wp-json\/wp\/v2\/media?parent=3409"}],"wp:term":[{"taxonomy":"product_cat","embeddable":true,"href":"https:\/\/omanivietnam.com\/index.php\/wp-json\/wp\/v2\/product_cat?post=3409"},{"taxonomy":"product_tag","embeddable":true,"href":"https:\/\/omanivietnam.com\/index.php\/wp-json\/wp\/v2\/product_tag?post=3409"}],"curies":[{"name":"wp","href":"https:\/\/api.w.org\/{rel}","templated":true}]}}