{"id":3463,"date":"2025-03-30T23:00:01","date_gmt":"2025-03-30T16:00:01","guid":{"rendered":"https:\/\/omanivietnam.com\/?post_type=product&#038;p=3463"},"modified":"2025-03-30T23:00:01","modified_gmt":"2025-03-30T16:00:01","slug":"keyence-fr-lm20","status":"publish","type":"product","link":"https:\/\/omanivietnam.com\/index.php\/san-pham\/keyence-fr-lm20\/","title":{"rendered":"KEYENCE FR-LM20"},"content":{"rendered":"<p>KEYENCE FR-LM20<\/p>\n<p>KEYENCE FR-LM20L<\/p>\n<h2 class=\"prd-utility-heading-3 prd-utility-marginBottom-7\">Th\u00f4ng s\u1ed1 k\u1ef9 thu\u1eadt<\/h2>\n<div class=\"prd-specsTable prd-utility-focusRing\" style=\"padding: 0px;margin: 0px;color: #484b4c;font-family: myriad-pro, helvetica, Arial, meiryo, sans-serif;font-size: 17px;font-style: normal;font-weight: 400;letter-spacing: normal;text-align: left;text-indent: 0px;text-transform: none;background-color: #fafafa\" data-controller=\"horizontal-scroll-state scroll-to-coord\" data-action=\"resize@window-&gt;horizontal-scroll-state#setOverflowing scroll-&gt;horizontal-scroll-state#setScrolled\" data-horizontal-scroll-state-target=\"container\" data-horizontal-scroll-state-overflowing-class=\"is-overflowing\" data-horizontal-scroll-state-has-scrolled-class=\"is-hasScrolled\" data-scroll-to-coord-target=\"container\">\n<div class=\"prd-utility-body-small\">\n<div class=\"specTable-block\">\n<table class=\"specTable-stibo-3282397\">\n<tbody>\n<tr class=\"specTable-row\">\n<td class=\"specTable-clm-0\" colspan=\"4\">M\u1eabu<\/td>\n<td class=\"specTable-clm-4\">FR-LM20<\/td>\n<\/tr>\n<tr class=\"specTable-row\">\n<td class=\"specTable-clm-0\" colspan=\"4\">Lo\u1ea1i<\/td>\n<td class=\"specTable-clm-4\">Ph\u1ea1m vi d\u00e0i Model ti\u00eau chu\u1ea9n<\/td>\n<\/tr>\n<tr class=\"specTable-row\">\n<td class=\"specTable-clm-0\" colspan=\"4\">Ph\u1ea1m vi \u0111o<\/td>\n<td class=\"specTable-clm-4\">L\u00ean \u0111\u1ebfn 20 m\u00a0<sup>*1<\/sup><\/td>\n<\/tr>\n<tr class=\"specTable-row\">\n<td class=\"specTable-clm-0\" colspan=\"4\">Ph\u1ea1m vi hi\u1ec3n th\u1ecb<\/td>\n<td class=\"specTable-clm-4\">L\u00ean \u0111\u1ebfn 25 m\u00a0<sup>*1<\/sup><\/td>\n<\/tr>\n<tr class=\"specTable-row\">\n<td class=\"specTable-clm-0\" colspan=\"4\">H\u1eb1ng s\u1ed1 \u0111i\u1ec7n m\u00f4i c\u00f3 th\u1ec3 \u0111o \u0111\u01b0\u1ee3c c\u1ee7a m\u00f4i tr\u01b0\u1eddng<\/td>\n<td class=\"specTable-clm-4\">2 ho\u1eb7c cao h\u01a1n\u00a0<sup>*2<\/sup><\/td>\n<\/tr>\n<tr class=\"specTable-row\">\n<td class=\"specTable-clm-0\" colspan=\"4\">\u0110\u1ed9 ph\u00e2n gi\u1ea3i<\/td>\n<td class=\"specTable-clm-4\">1 mm<\/td>\n<\/tr>\n<tr class=\"specTable-row\">\n<td class=\"specTable-clm-0\" colspan=\"4\">\u0110\u1ed9 ch\u00ednh x\u00e1c<\/td>\n<td class=\"specTable-clm-4\">L\u00ean \u0111\u1ebfn 0,1 m: \u00b110 mm; 0,1 \u0111\u1ebfn 10 m: \u00b11 mm; 10 \u0111\u1ebfn 20 m: \u00b12 mm\u00a0<sup>*3<\/sup><\/td>\n<\/tr>\n<tr class=\"specTable-row\">\n<td class=\"specTable-clm-0\" colspan=\"4\">Th\u1eddi gian \u0111\u00e1p \u1ee9ng<\/td>\n<td class=\"specTable-clm-4\">0,4 gi\u00e2y, 1,5 gi\u00e2y, 4 gi\u00e2y (gi\u00e1 tr\u1ecb m\u1eb7c \u0111\u1ecbnh), 10 gi\u00e2y<\/td>\n<\/tr>\n<tr class=\"specTable-row\">\n<td class=\"specTable-clm-0\" colspan=\"4\">\u00c1p su\u1ea5t b\u1ec3<\/td>\n<td class=\"specTable-clm-4\">-0,1 \u0111\u1ebfn +1 MPa<\/td>\n<\/tr>\n<tr class=\"specTable-row\">\n<td class=\"specTable-clm-0\" rowspan=\"2\">V\u1eadt li\u1ec7u<\/td>\n<td class=\"specTable-clm-1\" colspan=\"3\">B\u00ean trong b\u1ec3<\/td>\n<td class=\"specTable-clm-4\">Th\u1ea5u k\u00ednh: PTFE<br \/>\n\u0110\u00f3ng g\u00f3i b\u00ean trong: FKM<br \/>\nKh\u1edbp n\u1ed1i: SUS304<\/td>\n<\/tr>\n<tr class=\"specTable-row\">\n<td class=\"specTable-clm-1\" colspan=\"3\">V\u1ecf<\/td>\n<td class=\"specTable-clm-4\">PPS PET PAR<\/td>\n<\/tr>\n<tr class=\"specTable-row\">\n<td class=\"specTable-clm-0\" colspan=\"4\">\u0110\u01b0\u1eddng k\u00ednh k\u1ebft n\u1ed1i<\/td>\n<td class=\"specTable-clm-4\">G1-1\/2 (40 A)<\/td>\n<\/tr>\n<tr class=\"specTable-row\">\n<td class=\"specTable-clm-0\" rowspan=\"3\">Ng\u00f5 ra<\/td>\n<td class=\"specTable-clm-1\" colspan=\"3\">S\u1ed1 l\u01b0\u1ee3ng ng\u00f5 ra \u0111i\u1ec1u khi\u1ec3n<\/td>\n<td class=\"specTable-clm-4\">T\u1ed1i \u0111a 5<\/td>\n<\/tr>\n<tr class=\"specTable-row\">\n<td class=\"specTable-clm-1\" colspan=\"3\">Ng\u00f5 ra \u0111i\u1ec1u khi\u1ec3n\/ng\u00f5 ra ph\u1ee5<\/td>\n<td class=\"specTable-clm-4\">C\u1ef1c thu h\u1edf NPN\/PNP (lo\u1ea1i chuy\u1ec3n m\u1ea1ch)<br \/>\n30 VDC tr\u1edf xu\u1ed1ng, t\u1ed1i \u0111a 50 mA cho m\u1ed7i lo\u1ea1i<br \/>\n\u0110i\u1ec7n \u00e1p d\u01b0 t\u1eeb 1,4 V tr\u1edf xu\u1ed1ng (t\u1eeb 50 mA tr\u1edf xu\u1ed1ng)<br \/>\nN.O.\/N.C. Lo\u1ea1i chuy\u1ec3n m\u1ea1ch<br \/>\nIO2 \u0111\u01b0\u1ee3c s\u1eed d\u1ee5ng k\u1ebft h\u1ee3p v\u1edbi IO-Link<\/td>\n<\/tr>\n<tr class=\"specTable-row\">\n<td class=\"specTable-clm-1\" colspan=\"3\">Ng\u00f5 ra analog<\/td>\n<td class=\"specTable-clm-4\">0\u201320 mA\/4\u201320 mA \u0111i\u1ec7n tr\u1edf t\u1ea3i t\u1ed1i \u0111a 260 \u03a9<br \/>\n(Th\u1eddi gian \u0111\u00e1p \u1ee9ng: 0,2 gi\u00e2y sau khi x\u00e1c nh\u1eadn ng\u00f5 ra ph\u00e1n \u0111o\u00e1n [\u0111\u00e1p \u1ee9ng 90%])<\/td>\n<\/tr>\n<tr class=\"specTable-row\">\n<td class=\"specTable-clm-0\" colspan=\"4\">Ng\u00f5 v\u00e0o b\u00ean ngo\u00e0i<\/td>\n<td class=\"specTable-clm-4\">\u2014<\/td>\n<\/tr>\n<tr class=\"specTable-row\">\n<td class=\"specTable-clm-0\" colspan=\"4\">Kh\u1ea3 n\u0103ng t\u01b0\u01a1ng th\u00edch m\u1ea1ng<\/td>\n<td class=\"specTable-clm-4\">IO-Link v1.1\/COM2<\/td>\n<\/tr>\n<tr class=\"specTable-row\">\n<td class=\"specTable-clm-0\" rowspan=\"3\">\u0110\u1ed9 ch\u00ednh x\u00e1c c\u1ee7a ng\u00f5 ra analog<\/td>\n<td class=\"specTable-clm-1\" colspan=\"3\">\u0110\u1ed9 ph\u00e2n gi\u1ea3i<\/td>\n<td class=\"specTable-clm-4\">1 mm\u00a0<sup>*4<\/sup><\/td>\n<\/tr>\n<tr class=\"specTable-row\">\n<td class=\"specTable-clm-1\" colspan=\"3\">\u0110\u1ed9 ch\u00ednh x\u00e1c b\u1eb1ng kh\u00f4ng<\/td>\n<td class=\"specTable-clm-4\">\u00b10,1 mA (\u0111i\u1ec3m kh\u00f4ng = 4 mA)\u00a0<sup>*4<\/sup><\/td>\n<\/tr>\n<tr class=\"specTable-row\">\n<td class=\"specTable-clm-1\" colspan=\"3\">\u0110\u1ed9 ch\u00ednh x\u00e1c F.S.<\/td>\n<td class=\"specTable-clm-4\">\u00b10,2 mA (to\u00e0n thang \u0111o = 20 mA)\u00a0<sup>*4<\/sup><\/td>\n<\/tr>\n<tr class=\"specTable-row\">\n<td class=\"specTable-clm-0\" rowspan=\"2\">Ngu\u1ed3n \u0111i\u1ec7n cung c\u1ea5p<\/td>\n<td class=\"specTable-clm-1\" colspan=\"3\">\u0110i\u1ec7n \u00e1p ngu\u1ed3n<\/td>\n<td class=\"specTable-clm-4\">24 VDC + 25%\/\u201320%<br \/>\nBao g\u1ed3m \u0111\u1ed9 g\u1ee3n Lo\u1ea1i 2 ho\u1eb7c LPS<\/td>\n<\/tr>\n<tr class=\"specTable-row\">\n<td class=\"specTable-clm-1\" colspan=\"3\">C\u00f4ng su\u1ea5t ti\u00eau th\u1ee5<\/td>\n<td class=\"specTable-clm-4\">106 mA tr\u1edf xu\u1ed1ng (Kh\u00f4ng bao g\u1ed3m d\u00f2ng \u0111i\u1ec7n t\u1ea3i)<\/td>\n<\/tr>\n<tr class=\"specTable-row\">\n<td class=\"specTable-clm-0\" rowspan=\"5\">Kh\u1ea3 n\u0103ng ch\u1ed1ng ch\u1ecbu v\u1edbi m\u00f4i tr\u01b0\u1eddng<\/td>\n<td class=\"specTable-clm-1\" colspan=\"3\">Nhi\u1ec7t \u0111\u1ed9 m\u00f4i tr\u01b0\u1eddng xung quanh<\/td>\n<td class=\"specTable-clm-4\">Ph\u1ea7n hi\u1ec3n th\u1ecb khi k\u1ebft h\u1ee3p v\u00e0 t\u00e1ch r\u1eddi: \u201320 \u0111\u1ebfn +50\u00b0C (kh\u00f4ng \u0111\u00f3ng b\u0103ng)\u00a0<sup>*5<\/sup>\u00a0<sup>*6<\/sup><br \/>\n\u0110\u1ea7u khi t\u00e1ch r\u1eddi: \u201320 \u0111\u1ebfn +60\u00b0C (kh\u00f4ng \u0111\u00f3ng b\u0103ng)\u00a0<sup>*5<\/sup>\u00a0<sup>*6<\/sup><\/td>\n<\/tr>\n<tr class=\"specTable-row\">\n<td class=\"specTable-clm-1\" colspan=\"3\">\u0110\u1ed9 \u1ea9m m\u00f4i tr\u01b0\u1eddng xung quanh<\/td>\n<td class=\"specTable-clm-4\">L\u00ean \u0111\u1ebfn 85% RH (kh\u00f4ng ng\u01b0ng t\u1ee5)<\/td>\n<\/tr>\n<tr class=\"specTable-row\">\n<td class=\"specTable-clm-1\" colspan=\"3\">Nhi\u1ec7t \u0111\u1ed9 c\u1ee7a kh\u1edbp n\u1ed1i \u0111\u01b0\u1ee3c s\u1eed d\u1ee5ng<\/td>\n<td class=\"specTable-clm-4\">\u201320 \u0111\u1ebfn +85\u00b0C (kh\u00f4ng \u0111\u00f3ng b\u0103ng)\u00a0<sup>*5<\/sup>\u00a0<sup>*6<\/sup><\/td>\n<\/tr>\n<tr class=\"specTable-row\">\n<td class=\"specTable-clm-1\" colspan=\"3\">Ch\u1ed1ng ch\u1ecbu rung<\/td>\n<td class=\"specTable-clm-4\">10\u2013500 Hz M\u1eadt \u0111\u1ed9 ph\u1ed5 c\u00f4ng su\u1ea5t: 0,816 G<sup>2<\/sup>; H\u01b0\u1edbng X, Y v\u00e0 Z<\/td>\n<\/tr>\n<tr class=\"specTable-row\">\n<td class=\"specTable-clm-1\" colspan=\"3\">Ch\u1ed1ng ch\u1ecbu va \u0111\u1eadp<\/td>\n<td class=\"specTable-clm-4\">100 m\/s<sup>2<\/sup>\u00a0(10 G), xung 16 ms, 1000 l\u1ea7n cho m\u1ed7i h\u01b0\u1edbng X, Y v\u00e0 Z<\/td>\n<\/tr>\n<tr class=\"specTable-row\">\n<td class=\"specTable-clm-0\" colspan=\"4\">Ch\u1ec9 s\u1ed1 ch\u1ed1ng ch\u1ecbu th\u1eddi ti\u1ebft cho v\u1ecf b\u1ecdc<\/td>\n<td class=\"specTable-clm-4\">IP67 (IEC60529), Lo\u1ea1i v\u1ecf 4X (NEMA250)<\/td>\n<\/tr>\n<tr class=\"specTable-row\">\n<td class=\"specTable-clm-0\" colspan=\"4\">M\u1ea1ch b\u1ea3o v\u1ec7<\/td>\n<td class=\"specTable-clm-4\">B\u1ea3o v\u1ec7 ch\u1ed1ng k\u1ebft n\u1ed1i ngu\u1ed3n ng\u01b0\u1ee3c, qu\u00e1 \u00e1p ngu\u1ed3n, b\u1ea3o v\u1ec7 qu\u00e1 d\u00f2ng ng\u00f5 ra v\u00e0 qu\u00e1 \u00e1p ng\u00f5 ra<\/td>\n<\/tr>\n<tr class=\"specTable-row\">\n<td class=\"specTable-clm-0\" colspan=\"4\">Kh\u1ed1i l\u01b0\u1ee3ng<\/td>\n<td class=\"specTable-clm-4\">X\u1ea5p x\u1ec9 600 g<\/td>\n<\/tr>\n<tr class=\"specTable-foot\">\n<td class=\"specTable-clm-0\" colspan=\"5\"><sup>*1<\/sup>\u00a0Gi\u00e1 tr\u1ecb \u0111\u1ea3m b\u1ea3o trong n\u01b0\u1edbc v\u1edbi l\u1eafp \u0111\u1eb7t \u0111\u01b0\u1ee3c khuy\u1ebfn ngh\u1ecb. C\u00f3 th\u1ec3 \u0111o n\u01b0\u1edbc t\u0129nh \u0111\u1ebfn t\u1eadn m\u00e9p th\u1ea5u k\u00ednh. M\u1ed9t khu v\u1ef1c kh\u00f4ng th\u1ec3 ph\u00e1t hi\u1ec7n \u1edf ph\u00eda ph\u1ea1m vi ng\u1eafn \u0111\u01b0\u1ee3c t\u1ea1o ra do m\u00f4i tr\u01b0\u1eddng v\u00e0 ph\u01b0\u01a1ng ti\u1ec7n \u0111o. Kho\u1ea3ng c\u00e1ch \u0111o t\u1ed1i \u0111a c\u0169ng \u0111\u01b0\u1ee3c r\u00fat ng\u1eafn.<br \/>\n<sup>*2<\/sup>\u00a0C\u00f3 th\u1ec3 kh\u00f4ng th\u1ef1c hi\u1ec7n \u0111\u01b0\u1ee3c ph\u00e9p \u0111o t\u00f9y thu\u1ed9c v\u00e0o h\u00ecnh d\u1ea1ng v\u00e0 m\u00f4i tr\u01b0\u1eddng c\u1ee7a m\u1ee5c ti\u00eau.<br \/>\n<sup>*3<\/sup>\u00a0\u0110\u00e2y l\u00e0 gi\u00e1 tr\u1ecb \u0111\u1ea3m b\u1ea3o t\u1eeb qu\u00e1 tr\u00ecnh x\u00e1c minh \u0111\u01b0\u1ee3c th\u1ef1c hi\u1ec7n t\u1ea1i c\u00e1c c\u01a1 s\u1edf ki\u1ec3m tra c\u1ee7a KEYENCE. C\u00f3 th\u1ec3 x\u1ea3y ra l\u1ed7i \u0111o t\u00f9y thu\u1ed9c v\u00e0o m\u00f4i tr\u01b0\u1eddng c\u1ee7a kh\u00e1ch h\u00e0ng.<br \/>\n<sup>*4<\/sup>\u00a0\u0110\u00e2y l\u00e0 gi\u00e1 tr\u1ecb \u0111\u1ea3m b\u1ea3o t\u1eeb qu\u00e1 tr\u00ecnh x\u00e1c minh \u0111\u01b0\u1ee3c th\u1ef1c hi\u1ec7n t\u1ea1i c\u00e1c c\u01a1 s\u1edf ki\u1ec3m tra c\u1ee7a KEYENCE v\u1edbi \u0111i\u1ec7n tr\u1edf t\u1ea3i l\u00e0 250 \u03a9. C\u00f3 th\u1ec3 x\u1ea3y ra l\u1ed7i \u0111o t\u00f9y thu\u1ed9c v\u00e0o m\u00f4i tr\u01b0\u1eddng c\u1ee7a kh\u00e1ch h\u00e0ng.<br \/>\n<sup>*5<\/sup>\u00a0FR-S01 v\u00e0 FR-LM20\/LP20 c\u00f3 th\u1ec3 \u0111\u01b0\u1ee3c s\u1eed d\u1ee5ng \u1edf nhi\u1ec7t \u0111\u1ed9 m\u00f4i tr\u01b0\u1eddng l\u00ean \u0111\u1ebfn 10\u00b0C b\u1eb1ng c\u00e1ch ch\u1ecdn \u201cT\u1eaft khi kh\u00f4ng ho\u1ea1t \u0111\u1ed9ng\u201d trong m\u1ee5c \u201c\u0110\u1ed9 s\u00e1ng m\u00e0n h\u00ecnh\u201d.<br \/>\n<sup>*6<\/sup>\u00a0Khi th\u1ef1c hi\u1ec7n SIP v\u1edbi FR-S01\/FR-LM20\/LP20\/LS20, h\u00e3y \u0111\u1ea3m b\u1ea3o t\u1eaft ngu\u1ed3n v\u00e0 th\u1ef1c hi\u1ec7n \u1edf nhi\u1ec7t \u0111\u1ed9 m\u00f4i tr\u01b0\u1eddng 40\u00b0C tr\u1edf xu\u1ed1ng v\u00e0 nhi\u1ec7t \u0111\u1ed9 b\u00ean trong 130\u00b0C tr\u1edf xu\u1ed1ng trong t\u1ed1i \u0111a m\u1ed9t gi\u1edd. Ngo\u00e0i ra, h\u00e3y lu\u00f4n l\u1eafp gi\u00e1 l\u1eafp \u0111\u1eb7t v\u00f2ng \u0111\u1ec7m t\u00f9y ch\u1ecdn KEYENCE v\u00e0 gio\u0103ng b\u00ean trong.<\/td>\n<\/tr>\n<\/tbody>\n<\/table>\n<\/div>\n<p>C\u00e1c m\u00e3 h\u00e0ng t\u01b0\u01a1ng t\u1ef1:<\/p>\n<\/div>\n<table class=\"specTable-stibo-3282385\">\n<tbody>\n<tr class=\"specTable-row\">\n<td class=\"specTable-clm-4\" data-web-product-id=\"PM_281S01\">FR-S01<\/td>\n<td class=\"specTable-clm-5\" data-web-product-id=\"PM_281SH01\">FR-SH01<\/td>\n<td class=\"specTable-clm-6\" data-web-product-id=\"PM_281LM20\">FR-LM20<\/td>\n<td class=\"specTable-clm-7\" data-web-product-id=\"PM_281LP20\">FR-LP20<\/td>\n<td class=\"specTable-clm-8\" data-web-product-id=\"PM_281LS20\">FR-LS20<\/td>\n<\/tr>\n<\/tbody>\n<\/table>\n<\/div>\n","protected":false},"excerpt":{"rendered":"<p>KEYENCE FR-LM20 KEYENCE FR-LM20L Th\u00f4ng s\u1ed1 k\u1ef9 thu\u1eadt M\u1eabu FR-LM20 Lo\u1ea1i Ph\u1ea1m vi d\u00e0i Model ti\u00eau chu\u1ea9n Ph\u1ea1m vi \u0111o L\u00ean \u0111\u1ebfn 20 m\u00a0*1 Ph\u1ea1m vi hi\u1ec3n th\u1ecb L\u00ean \u0111\u1ebfn 25 m\u00a0*1 H\u1eb1ng s\u1ed1 \u0111i\u1ec7n m\u00f4i c\u00f3 th\u1ec3 \u0111o \u0111\u01b0\u1ee3c c\u1ee7a m\u00f4i tr\u01b0\u1eddng 2 ho\u1eb7c cao h\u01a1n\u00a0*2 \u0110\u1ed9 ph\u00e2n gi\u1ea3i&hellip; <\/p>\n","protected":false},"featured_media":3464,"comment_status":"open","ping_status":"closed","template":"","meta":[],"product_cat":[292],"product_tag":[88,114,113],"class_list":{"0":"post-3463","1":"product","2":"type-product","3":"status-publish","4":"has-post-thumbnail","6":"product_cat-keyence","7":"product_tag-cam-bien","8":"product_tag-dai-ly-keyence-viet-nam","9":"product_tag-keyence-viet-nam","11":"first","12":"instock","13":"shipping-taxable","14":"product-type-simple"},"yoast_head":"<!-- This site is optimized with the Yoast SEO plugin v22.8 - https:\/\/yoast.com\/wordpress\/plugins\/seo\/ -->\n<title>KEYENCE FR-LM20 - OMANI VI\u1ec6T NAM<\/title>\n<meta name=\"description\" content=\"KEYENCE FR-LM20 Long range Sensor\" \/>\n<meta name=\"robots\" content=\"index, follow, max-snippet:-1, max-image-preview:large, max-video-preview:-1\" \/>\n<link rel=\"canonical\" href=\"https:\/\/omanivietnam.com\/index.php\/san-pham\/keyence-fr-lm20\/\" \/>\n<meta property=\"og:locale\" content=\"vi_VN\" \/>\n<meta property=\"og:type\" content=\"article\" \/>\n<meta property=\"og:title\" content=\"KEYENCE FR-LM20 - OMANI VI\u1ec6T NAM\" \/>\n<meta property=\"og:description\" content=\"KEYENCE FR-LM20 Long range Sensor\" \/>\n<meta property=\"og:url\" content=\"https:\/\/omanivietnam.com\/index.php\/san-pham\/keyence-fr-lm20\/\" \/>\n<meta property=\"og:site_name\" content=\"OMANI VI\u1ec6T NAM\" \/>\n<meta property=\"og:image\" content=\"https:\/\/omanivietnam.com\/wp-content\/uploads\/2025\/03\/FR-LM20.png\" \/>\n\t<meta property=\"og:image:width\" content=\"651\" \/>\n\t<meta property=\"og:image:height\" content=\"489\" \/>\n\t<meta property=\"og:image:type\" content=\"image\/png\" \/>\n<meta name=\"twitter:card\" content=\"summary_large_image\" \/>\n<meta name=\"twitter:label1\" content=\"\u01af\u1edbc t\u00ednh th\u1eddi gian \u0111\u1ecdc\" \/>\n\t<meta name=\"twitter:data1\" content=\"5 ph\u00fat\" \/>\n<script type=\"application\/ld+json\" class=\"yoast-schema-graph\">{\"@context\":\"https:\/\/schema.org\",\"@graph\":[{\"@type\":\"WebPage\",\"@id\":\"https:\/\/omanivietnam.com\/index.php\/san-pham\/keyence-fr-lm20\/\",\"url\":\"https:\/\/omanivietnam.com\/index.php\/san-pham\/keyence-fr-lm20\/\",\"name\":\"KEYENCE FR-LM20 - OMANI VI\u1ec6T NAM\",\"isPartOf\":{\"@id\":\"https:\/\/omanivietnam.com\/#website\"},\"primaryImageOfPage\":{\"@id\":\"https:\/\/omanivietnam.com\/index.php\/san-pham\/keyence-fr-lm20\/#primaryimage\"},\"image\":{\"@id\":\"https:\/\/omanivietnam.com\/index.php\/san-pham\/keyence-fr-lm20\/#primaryimage\"},\"thumbnailUrl\":\"https:\/\/omanivietnam.com\/wp-content\/uploads\/2025\/03\/FR-LM20.png\",\"datePublished\":\"2025-03-30T16:00:01+00:00\",\"dateModified\":\"2025-03-30T16:00:01+00:00\",\"description\":\"KEYENCE FR-LM20 Long range Sensor\",\"breadcrumb\":{\"@id\":\"https:\/\/omanivietnam.com\/index.php\/san-pham\/keyence-fr-lm20\/#breadcrumb\"},\"inLanguage\":\"vi\",\"potentialAction\":[{\"@type\":\"ReadAction\",\"target\":[\"https:\/\/omanivietnam.com\/index.php\/san-pham\/keyence-fr-lm20\/\"]}]},{\"@type\":\"ImageObject\",\"inLanguage\":\"vi\",\"@id\":\"https:\/\/omanivietnam.com\/index.php\/san-pham\/keyence-fr-lm20\/#primaryimage\",\"url\":\"https:\/\/omanivietnam.com\/wp-content\/uploads\/2025\/03\/FR-LM20.png\",\"contentUrl\":\"https:\/\/omanivietnam.com\/wp-content\/uploads\/2025\/03\/FR-LM20.png\",\"width\":651,\"height\":489},{\"@type\":\"BreadcrumbList\",\"@id\":\"https:\/\/omanivietnam.com\/index.php\/san-pham\/keyence-fr-lm20\/#breadcrumb\",\"itemListElement\":[{\"@type\":\"ListItem\",\"position\":1,\"name\":\"Home\",\"item\":\"https:\/\/omanivietnam.com\/\"},{\"@type\":\"ListItem\",\"position\":2,\"name\":\"S\u1ea2N PH\u1ea8M\",\"item\":\"https:\/\/omanivietnam.com\/index.php\/cua-hang\/\"},{\"@type\":\"ListItem\",\"position\":3,\"name\":\"KEYENCE FR-LM20\"}]},{\"@type\":\"WebSite\",\"@id\":\"https:\/\/omanivietnam.com\/#website\",\"url\":\"https:\/\/omanivietnam.com\/\",\"name\":\"OMANI VI\u1ec6T NAM\",\"description\":\"Nh\u00e0 ph\u00e2n ph\u1ed1i thi\u1ebft b\u1ecb kh\u00ed n\u00e9n v\u00e0 thi\u1ebft b\u1ecb t\u1ef1 \u0111\u1ed9ng h\u00f3a trong c\u00f4ng nghi\u1ec7p\",\"publisher\":{\"@id\":\"https:\/\/omanivietnam.com\/#\/schema\/person\/0ad398a980dc3fd696111c2c5c8fa897\"},\"potentialAction\":[{\"@type\":\"SearchAction\",\"target\":{\"@type\":\"EntryPoint\",\"urlTemplate\":\"https:\/\/omanivietnam.com\/?s={search_term_string}\"},\"query-input\":\"required name=search_term_string\"}],\"inLanguage\":\"vi\"},{\"@type\":[\"Person\",\"Organization\"],\"@id\":\"https:\/\/omanivietnam.com\/#\/schema\/person\/0ad398a980dc3fd696111c2c5c8fa897\",\"name\":\"Nguy\u1ec5n V\u0103n Kh\u00e1nh\",\"image\":{\"@type\":\"ImageObject\",\"inLanguage\":\"vi\",\"@id\":\"https:\/\/omanivietnam.com\/#\/schema\/person\/image\/\",\"url\":\"https:\/\/omanivietnam.com\/wp-content\/uploads\/2024\/06\/logo-1024x1024.png\",\"contentUrl\":\"https:\/\/omanivietnam.com\/wp-content\/uploads\/2024\/06\/logo-1024x1024.png\",\"width\":1024,\"height\":1024,\"caption\":\"Nguy\u1ec5n V\u0103n Kh\u00e1nh\"},\"logo\":{\"@id\":\"https:\/\/omanivietnam.com\/#\/schema\/person\/image\/\"},\"sameAs\":[\"https:\/\/omanivietnam.com\"]}]}<\/script>\n<!-- \/ Yoast SEO plugin. -->","yoast_head_json":{"title":"KEYENCE FR-LM20 - OMANI VI\u1ec6T NAM","description":"KEYENCE FR-LM20 Long range Sensor","robots":{"index":"index","follow":"follow","max-snippet":"max-snippet:-1","max-image-preview":"max-image-preview:large","max-video-preview":"max-video-preview:-1"},"canonical":"https:\/\/omanivietnam.com\/index.php\/san-pham\/keyence-fr-lm20\/","og_locale":"vi_VN","og_type":"article","og_title":"KEYENCE FR-LM20 - OMANI VI\u1ec6T NAM","og_description":"KEYENCE FR-LM20 Long range Sensor","og_url":"https:\/\/omanivietnam.com\/index.php\/san-pham\/keyence-fr-lm20\/","og_site_name":"OMANI VI\u1ec6T NAM","og_image":[{"width":651,"height":489,"url":"https:\/\/omanivietnam.com\/wp-content\/uploads\/2025\/03\/FR-LM20.png","type":"image\/png"}],"twitter_card":"summary_large_image","twitter_misc":{"\u01af\u1edbc t\u00ednh th\u1eddi gian \u0111\u1ecdc":"5 ph\u00fat"},"schema":{"@context":"https:\/\/schema.org","@graph":[{"@type":"WebPage","@id":"https:\/\/omanivietnam.com\/index.php\/san-pham\/keyence-fr-lm20\/","url":"https:\/\/omanivietnam.com\/index.php\/san-pham\/keyence-fr-lm20\/","name":"KEYENCE FR-LM20 - OMANI VI\u1ec6T NAM","isPartOf":{"@id":"https:\/\/omanivietnam.com\/#website"},"primaryImageOfPage":{"@id":"https:\/\/omanivietnam.com\/index.php\/san-pham\/keyence-fr-lm20\/#primaryimage"},"image":{"@id":"https:\/\/omanivietnam.com\/index.php\/san-pham\/keyence-fr-lm20\/#primaryimage"},"thumbnailUrl":"https:\/\/omanivietnam.com\/wp-content\/uploads\/2025\/03\/FR-LM20.png","datePublished":"2025-03-30T16:00:01+00:00","dateModified":"2025-03-30T16:00:01+00:00","description":"KEYENCE FR-LM20 Long range Sensor","breadcrumb":{"@id":"https:\/\/omanivietnam.com\/index.php\/san-pham\/keyence-fr-lm20\/#breadcrumb"},"inLanguage":"vi","potentialAction":[{"@type":"ReadAction","target":["https:\/\/omanivietnam.com\/index.php\/san-pham\/keyence-fr-lm20\/"]}]},{"@type":"ImageObject","inLanguage":"vi","@id":"https:\/\/omanivietnam.com\/index.php\/san-pham\/keyence-fr-lm20\/#primaryimage","url":"https:\/\/omanivietnam.com\/wp-content\/uploads\/2025\/03\/FR-LM20.png","contentUrl":"https:\/\/omanivietnam.com\/wp-content\/uploads\/2025\/03\/FR-LM20.png","width":651,"height":489},{"@type":"BreadcrumbList","@id":"https:\/\/omanivietnam.com\/index.php\/san-pham\/keyence-fr-lm20\/#breadcrumb","itemListElement":[{"@type":"ListItem","position":1,"name":"Home","item":"https:\/\/omanivietnam.com\/"},{"@type":"ListItem","position":2,"name":"S\u1ea2N PH\u1ea8M","item":"https:\/\/omanivietnam.com\/index.php\/cua-hang\/"},{"@type":"ListItem","position":3,"name":"KEYENCE FR-LM20"}]},{"@type":"WebSite","@id":"https:\/\/omanivietnam.com\/#website","url":"https:\/\/omanivietnam.com\/","name":"OMANI VI\u1ec6T NAM","description":"Nh\u00e0 ph\u00e2n ph\u1ed1i thi\u1ebft b\u1ecb kh\u00ed n\u00e9n v\u00e0 thi\u1ebft b\u1ecb t\u1ef1 \u0111\u1ed9ng h\u00f3a trong c\u00f4ng nghi\u1ec7p","publisher":{"@id":"https:\/\/omanivietnam.com\/#\/schema\/person\/0ad398a980dc3fd696111c2c5c8fa897"},"potentialAction":[{"@type":"SearchAction","target":{"@type":"EntryPoint","urlTemplate":"https:\/\/omanivietnam.com\/?s={search_term_string}"},"query-input":"required name=search_term_string"}],"inLanguage":"vi"},{"@type":["Person","Organization"],"@id":"https:\/\/omanivietnam.com\/#\/schema\/person\/0ad398a980dc3fd696111c2c5c8fa897","name":"Nguy\u1ec5n V\u0103n Kh\u00e1nh","image":{"@type":"ImageObject","inLanguage":"vi","@id":"https:\/\/omanivietnam.com\/#\/schema\/person\/image\/","url":"https:\/\/omanivietnam.com\/wp-content\/uploads\/2024\/06\/logo-1024x1024.png","contentUrl":"https:\/\/omanivietnam.com\/wp-content\/uploads\/2024\/06\/logo-1024x1024.png","width":1024,"height":1024,"caption":"Nguy\u1ec5n V\u0103n Kh\u00e1nh"},"logo":{"@id":"https:\/\/omanivietnam.com\/#\/schema\/person\/image\/"},"sameAs":["https:\/\/omanivietnam.com"]}]}},"_links":{"self":[{"href":"https:\/\/omanivietnam.com\/index.php\/wp-json\/wp\/v2\/product\/3463","targetHints":{"allow":["GET"]}}],"collection":[{"href":"https:\/\/omanivietnam.com\/index.php\/wp-json\/wp\/v2\/product"}],"about":[{"href":"https:\/\/omanivietnam.com\/index.php\/wp-json\/wp\/v2\/types\/product"}],"replies":[{"embeddable":true,"href":"https:\/\/omanivietnam.com\/index.php\/wp-json\/wp\/v2\/comments?post=3463"}],"wp:featuredmedia":[{"embeddable":true,"href":"https:\/\/omanivietnam.com\/index.php\/wp-json\/wp\/v2\/media\/3464"}],"wp:attachment":[{"href":"https:\/\/omanivietnam.com\/index.php\/wp-json\/wp\/v2\/media?parent=3463"}],"wp:term":[{"taxonomy":"product_cat","embeddable":true,"href":"https:\/\/omanivietnam.com\/index.php\/wp-json\/wp\/v2\/product_cat?post=3463"},{"taxonomy":"product_tag","embeddable":true,"href":"https:\/\/omanivietnam.com\/index.php\/wp-json\/wp\/v2\/product_tag?post=3463"}],"curies":[{"name":"wp","href":"https:\/\/api.w.org\/{rel}","templated":true}]}}