{"id":3508,"date":"2025-04-08T14:16:39","date_gmt":"2025-04-08T07:16:39","guid":{"rendered":"https:\/\/omanivietnam.com\/?post_type=product&#038;p=3508"},"modified":"2025-04-08T14:28:13","modified_gmt":"2025-04-08T07:28:13","slug":"takex-dl-s100tc-2","status":"publish","type":"product","link":"https:\/\/omanivietnam.com\/index.php\/san-pham\/takex-dl-s100tc-2\/","title":{"rendered":"TAKEX DL-S100TC"},"content":{"rendered":"<p>TAKEX DL-S100TC<\/p>\n<p>DL-S100TC DL-S200TC DL-S200TC DL-S100P DL-S200P<\/p>\n<p>C\u1ea3m bi\u1ebfn \u1ea3nh Takex DL-S100TC<br \/>\nPh\u01b0\u01a1ng ph\u00e1p ph\u00e1t hi\u1ec7n Ph\u1ea3n x\u1ea1 gi\u1edbi h\u1ea1n<br \/>\nNgu\u1ed3n c\u1ea5p 12-24 VDC \u00b110% Ripple 10% max.<br \/>\nD\u00f2ng ti\u00eau th\u1ee5 30 mA max.<br \/>\nKho\u1ea3ng c\u00e1ch ph\u00e1t hi\u1ec7n 0.2-1 m<br \/>\nNgu\u1ed3n s\u00e1ng Led h\u1ed3ng ngo\u1ea1i (880 nm)<br \/>\n\u0110\u1ed9 tr\u1ec5 10% max.<br \/>\nTh\u1eddi gian \u0111\u00e1p \u1ee9ng 10ms max.<br \/>\nNg\u00f5 ra NPN\/PNP collector h\u1edf, 100mA max. (30 VDC)<br \/>\nCh\u1ec9 th\u1ecb ho\u1ea1t \u0111\u1ed9ng Ho\u1ea1t \u0111\u1ed9ng (Led \u0111\u1ecf), \u1ed5n \u0111\u1ecbnh (Led xanh l\u00e1)<br \/>\nCh\u1ebf \u0111\u1ed9 ho\u1ea1t \u0111\u1ed9ng Light ON\/Dark ON<br \/>\nC\u1ea5p b\u1ea3o v\u1ec7 IP65<br \/>\nNhi\u1ec7t \u0111\u1ed9 ho\u1ea1t \u0111\u1ed9ng -25-55\u00b0C (kh\u00f4ng \u0111\u00f3ng b\u0103ng)<br \/>\nTr\u1ecdng l\u01b0\u1ee3ng Kho\u1ea3ng 170g<br \/>\nH\u00e3ng s\u1ea3n xu\u1ea5t Takex<\/p>\n<p class=\"title-product item_name\">C\u1ea3m bi\u1ebfn quang Takex DL-S100TC<\/p>\n<p>1.C\u1ea3m bi\u1ebfn quang DL-S100TC:<\/p>\n<div>\n<p>T\u00ean s\u1ea3n ph\u1ea9m C\u1ea3m bi\u1ebfn \u1ea3nh DL-S100TC Takex<br \/>\nPh\u01b0\u01a1ng ph\u00e1p ph\u00e1t hi\u1ec7n Ph\u1ea3n x\u1ea1 gi\u1edbi h\u1ea1n<br \/>\nNgu\u1ed3n c\u1ea5p 12-24 VDC \u00b110% Ripple 10% max.<br \/>\nD\u00f2ng ti\u00eau th\u1ee5 30 mA max.<br \/>\nKho\u1ea3ng c\u00e1ch ph\u00e1t hi\u1ec7n 0.2-1 m<br \/>\nNgu\u1ed3n s\u00e1ng Led h\u1ed3ng ngo\u1ea1i (880 nm)<br \/>\n\u0110\u1ed9 tr\u1ec5 10% max.<br \/>\nTh\u1eddi gian \u0111\u00e1p \u1ee9ng 10ms max.<br \/>\nNg\u00f5 ra NPN\/PNP collector h\u1edf, 100mA max. (30 VDC)<br \/>\nCh\u1ec9 th\u1ecb ho\u1ea1t \u0111\u1ed9ng Ho\u1ea1t \u0111\u1ed9ng (Led \u0111\u1ecf), \u1ed5n \u0111\u1ecbnh (Led xanh l\u00e1)<br \/>\nCh\u1ebf \u0111\u1ed9 ho\u1ea1t \u0111\u1ed9ng Light ON\/Dark ON<br \/>\nC\u1ea5p b\u1ea3o v\u1ec7 IP65<br \/>\nNhi\u1ec7t \u0111\u1ed9 ho\u1ea1t \u0111\u1ed9ng -25-55\u00b0C (kh\u00f4ng \u0111\u00f3ng b\u0103ng)<br \/>\nTr\u1ecdng l\u01b0\u1ee3ng Kho\u1ea3ng 170g<br \/>\nH\u00e3ng s\u1ea3n xu\u1ea5t Takex<\/p>\n<\/div>\n<p>2.\u00a0C\u00e1c model t\u01b0\u01a1ng \u0111\u01b0\u01a1ng:<\/p>\n<p>DL-S10<br \/>\nDL-S100P<br \/>\nDL-S100R<br \/>\nDL-S100R-J<br \/>\nDL-S100TC<br \/>\nDL-S10R<br \/>\nDL-S15<\/p>\n<p>&nbsp;<\/p>\n<p>\u0110\u1ea1i l\u00fd Takex vietnam, Takex viet nam, Takex vietnam distributor, Ph\u00e2n ph\u1ed1i Takex t\u1ea1i vi\u1ec7t nam<\/p>\n<p>\u0110\u1ea1i l\u00fd Takex vietnam, Takex viet nam, Takex vietnam distributor, Ph\u00e2n ph\u1ed1i Takex t\u1ea1i vi\u1ec7t nam<\/p>\n<p>\u0110\u1ea1i l\u00fd Takex vietnam, Takex viet nam, Takex vietnam distributor, Ph\u00e2n ph\u1ed1i Takex t\u1ea1i vi\u1ec7t nam<\/p>\n<p>\u0110\u1ea1i l\u00fd Takex vietnam, Takex viet nam, Takex vietnam distributor, Ph\u00e2n ph\u1ed1i Takex t\u1ea1i vi\u1ec7t nam<\/p>\n<p>\u0110\u1ea1i l\u00fd Takex vietnam, Takex viet nam, Takex vietnam distributor, Ph\u00e2n ph\u1ed1i Takex t\u1ea1i vi\u1ec7t nam<\/p>\n","protected":false},"excerpt":{"rendered":"<p>TAKEX DL-S100TC DL-S100TC DL-S200TC DL-S200TC DL-S100P DL-S200P C\u1ea3m bi\u1ebfn \u1ea3nh Takex DL-S100TC Ph\u01b0\u01a1ng ph\u00e1p ph\u00e1t hi\u1ec7n Ph\u1ea3n x\u1ea1 gi\u1edbi h\u1ea1n Ngu\u1ed3n c\u1ea5p 12-24 VDC \u00b110% Ripple 10% max. D\u00f2ng ti\u00eau th\u1ee5 30 mA max. Kho\u1ea3ng c\u00e1ch ph\u00e1t hi\u1ec7n 0.2-1 m Ngu\u1ed3n s\u00e1ng Led h\u1ed3ng ngo\u1ea1i (880 nm) \u0110\u1ed9 tr\u1ec5 10%&hellip; <\/p>\n","protected":false},"featured_media":3509,"comment_status":"open","ping_status":"closed","template":"","meta":[],"product_cat":[285],"product_tag":[88,192,191],"class_list":{"0":"post-3508","1":"product","2":"type-product","3":"status-publish","4":"has-post-thumbnail","6":"product_cat-takex","7":"product_tag-cam-bien","8":"product_tag-dai-ly-takex-viet-nam","9":"product_tag-takex-viet-nam","11":"first","12":"instock","13":"shipping-taxable","14":"product-type-simple"},"yoast_head":"<!-- This site is optimized with the Yoast SEO plugin v22.8 - https:\/\/yoast.com\/wordpress\/plugins\/seo\/ -->\n<title>TAKEX DL-S100TC - OMANI VI\u1ec6T NAM<\/title>\n<meta name=\"description\" content=\"TAKEX DL-S100TC Photoelectric Sensor\" \/>\n<meta name=\"robots\" content=\"index, follow, max-snippet:-1, max-image-preview:large, max-video-preview:-1\" \/>\n<link rel=\"canonical\" href=\"https:\/\/omanivietnam.com\/index.php\/san-pham\/takex-dl-s100tc-2\/\" \/>\n<meta property=\"og:locale\" content=\"vi_VN\" \/>\n<meta property=\"og:type\" content=\"article\" \/>\n<meta property=\"og:title\" content=\"TAKEX DL-S100TC - OMANI VI\u1ec6T NAM\" \/>\n<meta property=\"og:description\" content=\"TAKEX DL-S100TC Photoelectric Sensor\" \/>\n<meta property=\"og:url\" content=\"https:\/\/omanivietnam.com\/index.php\/san-pham\/takex-dl-s100tc-2\/\" \/>\n<meta property=\"og:site_name\" content=\"OMANI VI\u1ec6T NAM\" \/>\n<meta property=\"article:modified_time\" content=\"2025-04-08T07:28:13+00:00\" \/>\n<meta property=\"og:image\" content=\"https:\/\/omanivietnam.com\/wp-content\/uploads\/2025\/04\/DL-S100TC.png\" \/>\n\t<meta property=\"og:image:width\" content=\"876\" \/>\n\t<meta property=\"og:image:height\" content=\"820\" \/>\n\t<meta property=\"og:image:type\" content=\"image\/png\" \/>\n<meta name=\"twitter:card\" content=\"summary_large_image\" \/>\n<meta name=\"twitter:label1\" content=\"\u01af\u1edbc t\u00ednh th\u1eddi gian \u0111\u1ecdc\" \/>\n\t<meta name=\"twitter:data1\" content=\"2 ph\u00fat\" \/>\n<script type=\"application\/ld+json\" class=\"yoast-schema-graph\">{\"@context\":\"https:\/\/schema.org\",\"@graph\":[{\"@type\":\"WebPage\",\"@id\":\"https:\/\/omanivietnam.com\/index.php\/san-pham\/takex-dl-s100tc-2\/\",\"url\":\"https:\/\/omanivietnam.com\/index.php\/san-pham\/takex-dl-s100tc-2\/\",\"name\":\"TAKEX DL-S100TC - OMANI VI\u1ec6T NAM\",\"isPartOf\":{\"@id\":\"https:\/\/omanivietnam.com\/#website\"},\"primaryImageOfPage\":{\"@id\":\"https:\/\/omanivietnam.com\/index.php\/san-pham\/takex-dl-s100tc-2\/#primaryimage\"},\"image\":{\"@id\":\"https:\/\/omanivietnam.com\/index.php\/san-pham\/takex-dl-s100tc-2\/#primaryimage\"},\"thumbnailUrl\":\"https:\/\/omanivietnam.com\/wp-content\/uploads\/2025\/04\/DL-S100TC.png\",\"datePublished\":\"2025-04-08T07:16:39+00:00\",\"dateModified\":\"2025-04-08T07:28:13+00:00\",\"description\":\"TAKEX DL-S100TC Photoelectric Sensor\",\"breadcrumb\":{\"@id\":\"https:\/\/omanivietnam.com\/index.php\/san-pham\/takex-dl-s100tc-2\/#breadcrumb\"},\"inLanguage\":\"vi\",\"potentialAction\":[{\"@type\":\"ReadAction\",\"target\":[\"https:\/\/omanivietnam.com\/index.php\/san-pham\/takex-dl-s100tc-2\/\"]}]},{\"@type\":\"ImageObject\",\"inLanguage\":\"vi\",\"@id\":\"https:\/\/omanivietnam.com\/index.php\/san-pham\/takex-dl-s100tc-2\/#primaryimage\",\"url\":\"https:\/\/omanivietnam.com\/wp-content\/uploads\/2025\/04\/DL-S100TC.png\",\"contentUrl\":\"https:\/\/omanivietnam.com\/wp-content\/uploads\/2025\/04\/DL-S100TC.png\",\"width\":876,\"height\":820},{\"@type\":\"BreadcrumbList\",\"@id\":\"https:\/\/omanivietnam.com\/index.php\/san-pham\/takex-dl-s100tc-2\/#breadcrumb\",\"itemListElement\":[{\"@type\":\"ListItem\",\"position\":1,\"name\":\"Home\",\"item\":\"https:\/\/omanivietnam.com\/\"},{\"@type\":\"ListItem\",\"position\":2,\"name\":\"S\u1ea2N PH\u1ea8M\",\"item\":\"https:\/\/omanivietnam.com\/index.php\/cua-hang\/\"},{\"@type\":\"ListItem\",\"position\":3,\"name\":\"TAKEX DL-S100TC\"}]},{\"@type\":\"WebSite\",\"@id\":\"https:\/\/omanivietnam.com\/#website\",\"url\":\"https:\/\/omanivietnam.com\/\",\"name\":\"OMANI VI\u1ec6T NAM\",\"description\":\"Nh\u00e0 ph\u00e2n ph\u1ed1i thi\u1ebft b\u1ecb kh\u00ed n\u00e9n v\u00e0 thi\u1ebft b\u1ecb t\u1ef1 \u0111\u1ed9ng h\u00f3a trong c\u00f4ng nghi\u1ec7p\",\"publisher\":{\"@id\":\"https:\/\/omanivietnam.com\/#\/schema\/person\/0ad398a980dc3fd696111c2c5c8fa897\"},\"potentialAction\":[{\"@type\":\"SearchAction\",\"target\":{\"@type\":\"EntryPoint\",\"urlTemplate\":\"https:\/\/omanivietnam.com\/?s={search_term_string}\"},\"query-input\":\"required name=search_term_string\"}],\"inLanguage\":\"vi\"},{\"@type\":[\"Person\",\"Organization\"],\"@id\":\"https:\/\/omanivietnam.com\/#\/schema\/person\/0ad398a980dc3fd696111c2c5c8fa897\",\"name\":\"Nguy\u1ec5n V\u0103n Kh\u00e1nh\",\"image\":{\"@type\":\"ImageObject\",\"inLanguage\":\"vi\",\"@id\":\"https:\/\/omanivietnam.com\/#\/schema\/person\/image\/\",\"url\":\"https:\/\/omanivietnam.com\/wp-content\/uploads\/2024\/06\/logo-1024x1024.png\",\"contentUrl\":\"https:\/\/omanivietnam.com\/wp-content\/uploads\/2024\/06\/logo-1024x1024.png\",\"width\":1024,\"height\":1024,\"caption\":\"Nguy\u1ec5n V\u0103n Kh\u00e1nh\"},\"logo\":{\"@id\":\"https:\/\/omanivietnam.com\/#\/schema\/person\/image\/\"},\"sameAs\":[\"https:\/\/omanivietnam.com\"]}]}<\/script>\n<!-- \/ Yoast SEO plugin. -->","yoast_head_json":{"title":"TAKEX DL-S100TC - OMANI VI\u1ec6T NAM","description":"TAKEX DL-S100TC Photoelectric Sensor","robots":{"index":"index","follow":"follow","max-snippet":"max-snippet:-1","max-image-preview":"max-image-preview:large","max-video-preview":"max-video-preview:-1"},"canonical":"https:\/\/omanivietnam.com\/index.php\/san-pham\/takex-dl-s100tc-2\/","og_locale":"vi_VN","og_type":"article","og_title":"TAKEX DL-S100TC - OMANI VI\u1ec6T NAM","og_description":"TAKEX DL-S100TC Photoelectric Sensor","og_url":"https:\/\/omanivietnam.com\/index.php\/san-pham\/takex-dl-s100tc-2\/","og_site_name":"OMANI VI\u1ec6T NAM","article_modified_time":"2025-04-08T07:28:13+00:00","og_image":[{"width":876,"height":820,"url":"https:\/\/omanivietnam.com\/wp-content\/uploads\/2025\/04\/DL-S100TC.png","type":"image\/png"}],"twitter_card":"summary_large_image","twitter_misc":{"\u01af\u1edbc t\u00ednh th\u1eddi gian \u0111\u1ecdc":"2 ph\u00fat"},"schema":{"@context":"https:\/\/schema.org","@graph":[{"@type":"WebPage","@id":"https:\/\/omanivietnam.com\/index.php\/san-pham\/takex-dl-s100tc-2\/","url":"https:\/\/omanivietnam.com\/index.php\/san-pham\/takex-dl-s100tc-2\/","name":"TAKEX DL-S100TC - OMANI VI\u1ec6T NAM","isPartOf":{"@id":"https:\/\/omanivietnam.com\/#website"},"primaryImageOfPage":{"@id":"https:\/\/omanivietnam.com\/index.php\/san-pham\/takex-dl-s100tc-2\/#primaryimage"},"image":{"@id":"https:\/\/omanivietnam.com\/index.php\/san-pham\/takex-dl-s100tc-2\/#primaryimage"},"thumbnailUrl":"https:\/\/omanivietnam.com\/wp-content\/uploads\/2025\/04\/DL-S100TC.png","datePublished":"2025-04-08T07:16:39+00:00","dateModified":"2025-04-08T07:28:13+00:00","description":"TAKEX DL-S100TC Photoelectric Sensor","breadcrumb":{"@id":"https:\/\/omanivietnam.com\/index.php\/san-pham\/takex-dl-s100tc-2\/#breadcrumb"},"inLanguage":"vi","potentialAction":[{"@type":"ReadAction","target":["https:\/\/omanivietnam.com\/index.php\/san-pham\/takex-dl-s100tc-2\/"]}]},{"@type":"ImageObject","inLanguage":"vi","@id":"https:\/\/omanivietnam.com\/index.php\/san-pham\/takex-dl-s100tc-2\/#primaryimage","url":"https:\/\/omanivietnam.com\/wp-content\/uploads\/2025\/04\/DL-S100TC.png","contentUrl":"https:\/\/omanivietnam.com\/wp-content\/uploads\/2025\/04\/DL-S100TC.png","width":876,"height":820},{"@type":"BreadcrumbList","@id":"https:\/\/omanivietnam.com\/index.php\/san-pham\/takex-dl-s100tc-2\/#breadcrumb","itemListElement":[{"@type":"ListItem","position":1,"name":"Home","item":"https:\/\/omanivietnam.com\/"},{"@type":"ListItem","position":2,"name":"S\u1ea2N PH\u1ea8M","item":"https:\/\/omanivietnam.com\/index.php\/cua-hang\/"},{"@type":"ListItem","position":3,"name":"TAKEX DL-S100TC"}]},{"@type":"WebSite","@id":"https:\/\/omanivietnam.com\/#website","url":"https:\/\/omanivietnam.com\/","name":"OMANI VI\u1ec6T NAM","description":"Nh\u00e0 ph\u00e2n ph\u1ed1i thi\u1ebft b\u1ecb kh\u00ed n\u00e9n v\u00e0 thi\u1ebft b\u1ecb t\u1ef1 \u0111\u1ed9ng h\u00f3a trong c\u00f4ng nghi\u1ec7p","publisher":{"@id":"https:\/\/omanivietnam.com\/#\/schema\/person\/0ad398a980dc3fd696111c2c5c8fa897"},"potentialAction":[{"@type":"SearchAction","target":{"@type":"EntryPoint","urlTemplate":"https:\/\/omanivietnam.com\/?s={search_term_string}"},"query-input":"required name=search_term_string"}],"inLanguage":"vi"},{"@type":["Person","Organization"],"@id":"https:\/\/omanivietnam.com\/#\/schema\/person\/0ad398a980dc3fd696111c2c5c8fa897","name":"Nguy\u1ec5n V\u0103n Kh\u00e1nh","image":{"@type":"ImageObject","inLanguage":"vi","@id":"https:\/\/omanivietnam.com\/#\/schema\/person\/image\/","url":"https:\/\/omanivietnam.com\/wp-content\/uploads\/2024\/06\/logo-1024x1024.png","contentUrl":"https:\/\/omanivietnam.com\/wp-content\/uploads\/2024\/06\/logo-1024x1024.png","width":1024,"height":1024,"caption":"Nguy\u1ec5n V\u0103n Kh\u00e1nh"},"logo":{"@id":"https:\/\/omanivietnam.com\/#\/schema\/person\/image\/"},"sameAs":["https:\/\/omanivietnam.com"]}]}},"_links":{"self":[{"href":"https:\/\/omanivietnam.com\/index.php\/wp-json\/wp\/v2\/product\/3508","targetHints":{"allow":["GET"]}}],"collection":[{"href":"https:\/\/omanivietnam.com\/index.php\/wp-json\/wp\/v2\/product"}],"about":[{"href":"https:\/\/omanivietnam.com\/index.php\/wp-json\/wp\/v2\/types\/product"}],"replies":[{"embeddable":true,"href":"https:\/\/omanivietnam.com\/index.php\/wp-json\/wp\/v2\/comments?post=3508"}],"wp:featuredmedia":[{"embeddable":true,"href":"https:\/\/omanivietnam.com\/index.php\/wp-json\/wp\/v2\/media\/3509"}],"wp:attachment":[{"href":"https:\/\/omanivietnam.com\/index.php\/wp-json\/wp\/v2\/media?parent=3508"}],"wp:term":[{"taxonomy":"product_cat","embeddable":true,"href":"https:\/\/omanivietnam.com\/index.php\/wp-json\/wp\/v2\/product_cat?post=3508"},{"taxonomy":"product_tag","embeddable":true,"href":"https:\/\/omanivietnam.com\/index.php\/wp-json\/wp\/v2\/product_tag?post=3508"}],"curies":[{"name":"wp","href":"https:\/\/api.w.org\/{rel}","templated":true}]}}