{"id":3682,"date":"2025-05-01T20:54:59","date_gmt":"2025-05-01T13:54:59","guid":{"rendered":"https:\/\/omanivietnam.com\/?post_type=product&#038;p=3682"},"modified":"2025-05-01T20:54:59","modified_gmt":"2025-05-01T13:54:59","slug":"keiki-dg4sm-3-2n-p7-h-54","status":"publish","type":"product","link":"https:\/\/omanivietnam.com\/index.php\/san-pham\/keiki-dg4sm-3-2n-p7-h-54\/","title":{"rendered":"KEIKI DG4SM-3-2N-P7-H-54"},"content":{"rendered":"<p>KEIKI DG4SM-3-2N-P7-H-54<\/p>\n<p>KEIKI DG4SM-3-2N-P7-H-56<\/p>\n<p class=\"product-details_title\">DG4SM-3-2N-P7-H-54 | Solenoid Operated Directional Control Valve<\/p>\n<ul>\n<li>\n<div><span data-contrast=\"auto\">Low Power Consumption: The\u202fDG4SM-3 <\/span><span data-contrast=\"auto\">Series<\/span><span data-contrast=\"auto\">\u00a0utilizes 5W power consumption solenoids, ensuring efficient operation.<\/span><\/div>\n<\/li>\n<li>\n<div>ISO 4401-03 design enables easy installation.<\/div>\n<\/li>\n<li>\n<div>Compact, Reliable, and Ideal for diverse applications.<\/div>\n<\/li>\n<li>\n<div>Elevate hydraulic control with Tokyo Keiki&#8217;s superior technology.<\/div>\n<\/li>\n<\/ul>\n<p><span data-contrast=\"auto\">Introducing the DG4SM-3 Series<\/span><span data-contrast=\"auto\">:<\/span><span data-contrast=\"auto\">\u00a0The Mini-watt Solenoid Operated Directional Control Valve!\u202f<\/span><\/p>\n<ul>\n<li data-leveltext=\"\uf0b7\" data-font=\"Symbol\" data-listid=\"1\" data-list-defn-props=\"{&quot;335552541&quot;:1,&quot;335559684&quot;:-2,&quot;335559685&quot;:720,&quot;335559991&quot;:360,&quot;469769226&quot;:&quot;Symbol&quot;,&quot;469769242&quot;:[8226],&quot;469777803&quot;:&quot;left&quot;,&quot;469777804&quot;:&quot;\uf0b7&quot;,&quot;469777815&quot;:&quot;multilevel&quot;}\" data-aria-posinset=\"1\" data-aria-level=\"1\"><span data-contrast=\"auto\">Low Power Consumption: The\u202f<\/span><span data-contrast=\"auto\">DG4SM-3 Series<\/span><span data-contrast=\"auto\">\u00a0utilizes 5W power consumption solenoids, ensuring efficient operation.\u202f<\/span><\/li>\n<li data-leveltext=\"\uf0b7\" data-font=\"Symbol\" data-listid=\"1\" data-list-defn-props=\"{&quot;335552541&quot;:1,&quot;335559684&quot;:-2,&quot;335559685&quot;:720,&quot;335559991&quot;:360,&quot;469769226&quot;:&quot;Symbol&quot;,&quot;469769242&quot;:[8226],&quot;469777803&quot;:&quot;left&quot;,&quot;469777804&quot;:&quot;\uf0b7&quot;,&quot;469777815&quot;:&quot;multilevel&quot;}\" data-aria-posinset=\"2\" data-aria-level=\"1\"><span data-contrast=\"auto\">Easy Mounting: Designed for ISO 4401-03 mounting, providing convenient installation and compatibility.\u202f<\/span><\/li>\n<li data-leveltext=\"\uf0b7\" data-font=\"Symbol\" data-listid=\"1\" data-list-defn-props=\"{&quot;335552541&quot;:1,&quot;335559684&quot;:-2,&quot;335559685&quot;:720,&quot;335559991&quot;:360,&quot;469769226&quot;:&quot;Symbol&quot;,&quot;469769242&quot;:[8226],&quot;469777803&quot;:&quot;left&quot;,&quot;469777804&quot;:&quot;\uf0b7&quot;,&quot;469777815&quot;:&quot;multilevel&quot;}\" data-aria-posinset=\"3\" data-aria-level=\"1\"><span data-contrast=\"auto\">Compact and Reliable: Tokyo Keiki&#8217;s\u202f<\/span><span data-contrast=\"auto\">DG4SM-3 Series<\/span><span data-contrast=\"auto\">\u202foffers reliable directional control in a compact size, perfect for various applications. Elevate your systems with Tokyo Keiki&#8217;s superior valve technology.\u202f<\/span><\/li>\n<\/ul>\n<p>DG4SM-3-2N-P7-H-PC1-56<\/p>\n<p>DG4SM-3-2N-P7-H-PC1-54<\/p>\n<p>DG4SM-3-2N-P7-H-PC1-52<\/p>\n<p>DG4SM-3-2N-P7-H-PC1-50<\/p>\n<p>DG4SM-3-2N-P7-H-56<\/p>\n<p>DG4SM-3-2C-P7-H-56<\/p>\n<p>DG4SM-3-2C-P7-H-54<\/p>\n<p>DG4SM-3-2AL-P7-H-54<\/p>\n<p>DG4SM-3-2A-P7-H-PC-1-54<\/p>\n<p>DG4SM-3-2A-P7-H-54<\/p>\n<p>DG4M4-37C-100AC-20-LH-JA<\/p>\n<p>DG4M4-37C-100AC-20-JA<\/p>\n<p>DG4M4-36C-100AC-20-LH-JA<\/p>\n<p>DG4M4-36C-100AC-20-JA<\/p>\n","protected":false},"excerpt":{"rendered":"<p>KEIKI DG4SM-3-2N-P7-H-54 KEIKI DG4SM-3-2N-P7-H-56 DG4SM-3-2N-P7-H-54 | Solenoid Operated Directional Control Valve Low Power Consumption: The\u202fDG4SM-3 Series\u00a0utilizes 5W power consumption solenoids, ensuring efficient operation. ISO 4401-03 design enables easy installation. Compact, Reliable, and Ideal for diverse applications. Elevate hydraulic control with Tokyo Keiki&#8217;s superior technology. Introducing the DG4SM-3 Series:\u00a0The Mini-watt Solenoid&hellip; <\/p>\n","protected":false},"featured_media":3683,"comment_status":"open","ping_status":"closed","template":"","meta":[],"product_cat":[377],"product_tag":[186,185,102],"class_list":{"0":"post-3682","1":"product","2":"type-product","3":"status-publish","4":"has-post-thumbnail","6":"product_cat-keiki","7":"product_tag-dai-ly-keiki-viet-nam","8":"product_tag-keiki-viet-nam","9":"product_tag-van-khi-nen","11":"first","12":"instock","13":"shipping-taxable","14":"product-type-simple"},"yoast_head":"<!-- This site is optimized with the Yoast SEO plugin v22.8 - https:\/\/yoast.com\/wordpress\/plugins\/seo\/ -->\n<title>KEIKI DG4SM-3-2N-P7-H-54 - OMANI VI\u1ec6T NAM<\/title>\n<meta name=\"description\" content=\"KEIKI DG4SM-3-2N-P7-H-54 Solenoid valve\" \/>\n<meta name=\"robots\" content=\"index, follow, max-snippet:-1, max-image-preview:large, max-video-preview:-1\" \/>\n<link rel=\"canonical\" href=\"https:\/\/omanivietnam.com\/index.php\/san-pham\/keiki-dg4sm-3-2n-p7-h-54\/\" \/>\n<meta property=\"og:locale\" content=\"vi_VN\" \/>\n<meta property=\"og:type\" content=\"article\" \/>\n<meta property=\"og:title\" content=\"KEIKI DG4SM-3-2N-P7-H-54 - OMANI VI\u1ec6T NAM\" \/>\n<meta property=\"og:description\" content=\"KEIKI DG4SM-3-2N-P7-H-54 Solenoid valve\" \/>\n<meta property=\"og:url\" content=\"https:\/\/omanivietnam.com\/index.php\/san-pham\/keiki-dg4sm-3-2n-p7-h-54\/\" \/>\n<meta property=\"og:site_name\" content=\"OMANI VI\u1ec6T NAM\" \/>\n<meta property=\"og:image\" content=\"https:\/\/omanivietnam.com\/wp-content\/uploads\/2025\/05\/DG4SM-3-2N-P7-H-54.png\" \/>\n\t<meta property=\"og:image:width\" content=\"777\" \/>\n\t<meta property=\"og:image:height\" content=\"956\" \/>\n\t<meta property=\"og:image:type\" content=\"image\/png\" \/>\n<meta name=\"twitter:card\" content=\"summary_large_image\" \/>\n<meta name=\"twitter:label1\" content=\"\u01af\u1edbc t\u00ednh th\u1eddi gian \u0111\u1ecdc\" \/>\n\t<meta name=\"twitter:data1\" content=\"1 ph\u00fat\" \/>\n<script type=\"application\/ld+json\" class=\"yoast-schema-graph\">{\"@context\":\"https:\/\/schema.org\",\"@graph\":[{\"@type\":\"WebPage\",\"@id\":\"https:\/\/omanivietnam.com\/index.php\/san-pham\/keiki-dg4sm-3-2n-p7-h-54\/\",\"url\":\"https:\/\/omanivietnam.com\/index.php\/san-pham\/keiki-dg4sm-3-2n-p7-h-54\/\",\"name\":\"KEIKI DG4SM-3-2N-P7-H-54 - OMANI VI\u1ec6T NAM\",\"isPartOf\":{\"@id\":\"https:\/\/omanivietnam.com\/#website\"},\"primaryImageOfPage\":{\"@id\":\"https:\/\/omanivietnam.com\/index.php\/san-pham\/keiki-dg4sm-3-2n-p7-h-54\/#primaryimage\"},\"image\":{\"@id\":\"https:\/\/omanivietnam.com\/index.php\/san-pham\/keiki-dg4sm-3-2n-p7-h-54\/#primaryimage\"},\"thumbnailUrl\":\"https:\/\/omanivietnam.com\/wp-content\/uploads\/2025\/05\/DG4SM-3-2N-P7-H-54.png\",\"datePublished\":\"2025-05-01T13:54:59+00:00\",\"dateModified\":\"2025-05-01T13:54:59+00:00\",\"description\":\"KEIKI DG4SM-3-2N-P7-H-54 Solenoid valve\",\"breadcrumb\":{\"@id\":\"https:\/\/omanivietnam.com\/index.php\/san-pham\/keiki-dg4sm-3-2n-p7-h-54\/#breadcrumb\"},\"inLanguage\":\"vi\",\"potentialAction\":[{\"@type\":\"ReadAction\",\"target\":[\"https:\/\/omanivietnam.com\/index.php\/san-pham\/keiki-dg4sm-3-2n-p7-h-54\/\"]}]},{\"@type\":\"ImageObject\",\"inLanguage\":\"vi\",\"@id\":\"https:\/\/omanivietnam.com\/index.php\/san-pham\/keiki-dg4sm-3-2n-p7-h-54\/#primaryimage\",\"url\":\"https:\/\/omanivietnam.com\/wp-content\/uploads\/2025\/05\/DG4SM-3-2N-P7-H-54.png\",\"contentUrl\":\"https:\/\/omanivietnam.com\/wp-content\/uploads\/2025\/05\/DG4SM-3-2N-P7-H-54.png\",\"width\":777,\"height\":956},{\"@type\":\"BreadcrumbList\",\"@id\":\"https:\/\/omanivietnam.com\/index.php\/san-pham\/keiki-dg4sm-3-2n-p7-h-54\/#breadcrumb\",\"itemListElement\":[{\"@type\":\"ListItem\",\"position\":1,\"name\":\"Home\",\"item\":\"https:\/\/omanivietnam.com\/\"},{\"@type\":\"ListItem\",\"position\":2,\"name\":\"S\u1ea2N PH\u1ea8M\",\"item\":\"https:\/\/omanivietnam.com\/index.php\/cua-hang\/\"},{\"@type\":\"ListItem\",\"position\":3,\"name\":\"KEIKI DG4SM-3-2N-P7-H-54\"}]},{\"@type\":\"WebSite\",\"@id\":\"https:\/\/omanivietnam.com\/#website\",\"url\":\"https:\/\/omanivietnam.com\/\",\"name\":\"OMANI VI\u1ec6T NAM\",\"description\":\"Nh\u00e0 ph\u00e2n ph\u1ed1i thi\u1ebft b\u1ecb kh\u00ed n\u00e9n v\u00e0 thi\u1ebft b\u1ecb t\u1ef1 \u0111\u1ed9ng h\u00f3a trong c\u00f4ng nghi\u1ec7p\",\"publisher\":{\"@id\":\"https:\/\/omanivietnam.com\/#\/schema\/person\/0ad398a980dc3fd696111c2c5c8fa897\"},\"potentialAction\":[{\"@type\":\"SearchAction\",\"target\":{\"@type\":\"EntryPoint\",\"urlTemplate\":\"https:\/\/omanivietnam.com\/?s={search_term_string}\"},\"query-input\":\"required name=search_term_string\"}],\"inLanguage\":\"vi\"},{\"@type\":[\"Person\",\"Organization\"],\"@id\":\"https:\/\/omanivietnam.com\/#\/schema\/person\/0ad398a980dc3fd696111c2c5c8fa897\",\"name\":\"Nguy\u1ec5n V\u0103n Kh\u00e1nh\",\"image\":{\"@type\":\"ImageObject\",\"inLanguage\":\"vi\",\"@id\":\"https:\/\/omanivietnam.com\/#\/schema\/person\/image\/\",\"url\":\"https:\/\/omanivietnam.com\/wp-content\/uploads\/2024\/06\/logo-1024x1024.png\",\"contentUrl\":\"https:\/\/omanivietnam.com\/wp-content\/uploads\/2024\/06\/logo-1024x1024.png\",\"width\":1024,\"height\":1024,\"caption\":\"Nguy\u1ec5n V\u0103n Kh\u00e1nh\"},\"logo\":{\"@id\":\"https:\/\/omanivietnam.com\/#\/schema\/person\/image\/\"},\"sameAs\":[\"https:\/\/omanivietnam.com\"]}]}<\/script>\n<!-- \/ Yoast SEO plugin. -->","yoast_head_json":{"title":"KEIKI DG4SM-3-2N-P7-H-54 - OMANI VI\u1ec6T NAM","description":"KEIKI DG4SM-3-2N-P7-H-54 Solenoid valve","robots":{"index":"index","follow":"follow","max-snippet":"max-snippet:-1","max-image-preview":"max-image-preview:large","max-video-preview":"max-video-preview:-1"},"canonical":"https:\/\/omanivietnam.com\/index.php\/san-pham\/keiki-dg4sm-3-2n-p7-h-54\/","og_locale":"vi_VN","og_type":"article","og_title":"KEIKI DG4SM-3-2N-P7-H-54 - OMANI VI\u1ec6T NAM","og_description":"KEIKI DG4SM-3-2N-P7-H-54 Solenoid valve","og_url":"https:\/\/omanivietnam.com\/index.php\/san-pham\/keiki-dg4sm-3-2n-p7-h-54\/","og_site_name":"OMANI VI\u1ec6T NAM","og_image":[{"width":777,"height":956,"url":"https:\/\/omanivietnam.com\/wp-content\/uploads\/2025\/05\/DG4SM-3-2N-P7-H-54.png","type":"image\/png"}],"twitter_card":"summary_large_image","twitter_misc":{"\u01af\u1edbc t\u00ednh th\u1eddi gian \u0111\u1ecdc":"1 ph\u00fat"},"schema":{"@context":"https:\/\/schema.org","@graph":[{"@type":"WebPage","@id":"https:\/\/omanivietnam.com\/index.php\/san-pham\/keiki-dg4sm-3-2n-p7-h-54\/","url":"https:\/\/omanivietnam.com\/index.php\/san-pham\/keiki-dg4sm-3-2n-p7-h-54\/","name":"KEIKI DG4SM-3-2N-P7-H-54 - OMANI VI\u1ec6T NAM","isPartOf":{"@id":"https:\/\/omanivietnam.com\/#website"},"primaryImageOfPage":{"@id":"https:\/\/omanivietnam.com\/index.php\/san-pham\/keiki-dg4sm-3-2n-p7-h-54\/#primaryimage"},"image":{"@id":"https:\/\/omanivietnam.com\/index.php\/san-pham\/keiki-dg4sm-3-2n-p7-h-54\/#primaryimage"},"thumbnailUrl":"https:\/\/omanivietnam.com\/wp-content\/uploads\/2025\/05\/DG4SM-3-2N-P7-H-54.png","datePublished":"2025-05-01T13:54:59+00:00","dateModified":"2025-05-01T13:54:59+00:00","description":"KEIKI DG4SM-3-2N-P7-H-54 Solenoid valve","breadcrumb":{"@id":"https:\/\/omanivietnam.com\/index.php\/san-pham\/keiki-dg4sm-3-2n-p7-h-54\/#breadcrumb"},"inLanguage":"vi","potentialAction":[{"@type":"ReadAction","target":["https:\/\/omanivietnam.com\/index.php\/san-pham\/keiki-dg4sm-3-2n-p7-h-54\/"]}]},{"@type":"ImageObject","inLanguage":"vi","@id":"https:\/\/omanivietnam.com\/index.php\/san-pham\/keiki-dg4sm-3-2n-p7-h-54\/#primaryimage","url":"https:\/\/omanivietnam.com\/wp-content\/uploads\/2025\/05\/DG4SM-3-2N-P7-H-54.png","contentUrl":"https:\/\/omanivietnam.com\/wp-content\/uploads\/2025\/05\/DG4SM-3-2N-P7-H-54.png","width":777,"height":956},{"@type":"BreadcrumbList","@id":"https:\/\/omanivietnam.com\/index.php\/san-pham\/keiki-dg4sm-3-2n-p7-h-54\/#breadcrumb","itemListElement":[{"@type":"ListItem","position":1,"name":"Home","item":"https:\/\/omanivietnam.com\/"},{"@type":"ListItem","position":2,"name":"S\u1ea2N PH\u1ea8M","item":"https:\/\/omanivietnam.com\/index.php\/cua-hang\/"},{"@type":"ListItem","position":3,"name":"KEIKI DG4SM-3-2N-P7-H-54"}]},{"@type":"WebSite","@id":"https:\/\/omanivietnam.com\/#website","url":"https:\/\/omanivietnam.com\/","name":"OMANI VI\u1ec6T NAM","description":"Nh\u00e0 ph\u00e2n ph\u1ed1i thi\u1ebft b\u1ecb kh\u00ed n\u00e9n v\u00e0 thi\u1ebft b\u1ecb t\u1ef1 \u0111\u1ed9ng h\u00f3a trong c\u00f4ng nghi\u1ec7p","publisher":{"@id":"https:\/\/omanivietnam.com\/#\/schema\/person\/0ad398a980dc3fd696111c2c5c8fa897"},"potentialAction":[{"@type":"SearchAction","target":{"@type":"EntryPoint","urlTemplate":"https:\/\/omanivietnam.com\/?s={search_term_string}"},"query-input":"required name=search_term_string"}],"inLanguage":"vi"},{"@type":["Person","Organization"],"@id":"https:\/\/omanivietnam.com\/#\/schema\/person\/0ad398a980dc3fd696111c2c5c8fa897","name":"Nguy\u1ec5n V\u0103n Kh\u00e1nh","image":{"@type":"ImageObject","inLanguage":"vi","@id":"https:\/\/omanivietnam.com\/#\/schema\/person\/image\/","url":"https:\/\/omanivietnam.com\/wp-content\/uploads\/2024\/06\/logo-1024x1024.png","contentUrl":"https:\/\/omanivietnam.com\/wp-content\/uploads\/2024\/06\/logo-1024x1024.png","width":1024,"height":1024,"caption":"Nguy\u1ec5n V\u0103n Kh\u00e1nh"},"logo":{"@id":"https:\/\/omanivietnam.com\/#\/schema\/person\/image\/"},"sameAs":["https:\/\/omanivietnam.com"]}]}},"_links":{"self":[{"href":"https:\/\/omanivietnam.com\/index.php\/wp-json\/wp\/v2\/product\/3682","targetHints":{"allow":["GET"]}}],"collection":[{"href":"https:\/\/omanivietnam.com\/index.php\/wp-json\/wp\/v2\/product"}],"about":[{"href":"https:\/\/omanivietnam.com\/index.php\/wp-json\/wp\/v2\/types\/product"}],"replies":[{"embeddable":true,"href":"https:\/\/omanivietnam.com\/index.php\/wp-json\/wp\/v2\/comments?post=3682"}],"wp:featuredmedia":[{"embeddable":true,"href":"https:\/\/omanivietnam.com\/index.php\/wp-json\/wp\/v2\/media\/3683"}],"wp:attachment":[{"href":"https:\/\/omanivietnam.com\/index.php\/wp-json\/wp\/v2\/media?parent=3682"}],"wp:term":[{"taxonomy":"product_cat","embeddable":true,"href":"https:\/\/omanivietnam.com\/index.php\/wp-json\/wp\/v2\/product_cat?post=3682"},{"taxonomy":"product_tag","embeddable":true,"href":"https:\/\/omanivietnam.com\/index.php\/wp-json\/wp\/v2\/product_tag?post=3682"}],"curies":[{"name":"wp","href":"https:\/\/api.w.org\/{rel}","templated":true}]}}