{"id":3913,"date":"2025-06-01T20:47:55","date_gmt":"2025-06-01T13:47:55","guid":{"rendered":"https:\/\/omanivietnam.com\/?post_type=product&#038;p=3913"},"modified":"2025-06-01T20:48:25","modified_gmt":"2025-06-01T13:48:25","slug":"leuze-prk18b-t2-px-m12-2","status":"publish","type":"product","link":"https:\/\/omanivietnam.com\/index.php\/san-pham\/leuze-prk18b-t2-px-m12-2\/","title":{"rendered":"LEUZE PRK18B.T2\/PX-M12"},"content":{"rendered":"<p>LEUZE PRK18B.T2\/PX-M12 50117361<\/p>\n<p>C\u1ea3m bi\u1ebfn quang \u0111i\u1ec7n ph\u1ea3n x\u1ea1 ng\u01b0\u1ee3c ph\u00e2n c\u1ef1c\u00a0<strong>LEUZE PRK18B.T2\/PX-M12\u00a0<\/strong>l\u00e0 thi\u1ebft b\u1ecb l\u00fd t\u01b0\u1edfng \u0111\u1ec3 ph\u00e1t hi\u1ec7n c\u00e1c chai, c\u00e1c m\u00e0ng hay t\u1ea5m k\u00ednh\u2026 c\u00f3 \u0111\u1ed9 trong su\u1ed1t cao<\/p>\n<ul>\n<li>\u0110\u00e8n LED hi\u1ec3n th\u1ecb r\u00f5 r\u00e0ng, d\u1ec5 th\u1ea5y v\u00e0 \u0111\u1ea3m b\u1ea3o \u0111i\u1ec1u ch\u1ec9nh nhanh ch\u00f3ng<\/li>\n<li>Hi\u1ec7u su\u1ea5t l\u00e0m vi\u1ec7c t\u1ed1i \u01b0u so v\u1edbi chi ph\u00ed b\u1ecf ra<\/li>\n<li>V\u1ecf k\u1ebdm \u0111\u00fac c\u1ef1c k\u1ef3 b\u1ec1n, c\u00f3 th\u1ec3 s\u1eed d\u1ee5ng trong m\u00f4i tr\u01b0\u1eddng kh\u1eaft khe<\/li>\n<li>V\u1edbi c\u1ea5p \u0111\u1ed9 b\u1ea3o v\u1ec7 IP 67 v\u00e0 IP 69K gi\u00fap thi\u1ebft b\u1ecb ho\u1ea1t \u0111\u1ed9ng t\u1ed1t trong \u0111i\u1ec1u ki\u1ec7n m\u00f4i tr\u01b0\u1eddng kh\u1eafc nghi\u1ec7t<\/li>\n<\/ul>\n<h2 class=\"title-product item_name\">C\u1ea3m bi\u1ebfn quang Leuze PRK18B.T2\/PX-M12 50117361<\/h2>\n<h3>1. C\u1ea3m bi\u1ebfn quang\u00a0PRK18B.T2\/PX-M12 50117361:<\/h3>\n<div>\n<div>Lo\u1ea1t 18B<\/div>\n<div>Nguy\u00ean t\u1eafc ho\u1ea1t \u0111\u1ed9ng Nguy\u00ean t\u1eafc ph\u1ea3n x\u1ea1<\/div>\n<div>\u0110\u0103ng k\u00ed Ph\u00e1t hi\u1ec7n chai<\/div>\n<div>c\u00f3 \u0111\u1ed9 trong su\u1ed1t cao Ph\u00e1t hi\u1ec7n m\u00e0ng v\u00e0 t\u1ea5m k\u00ednh c\u00f3 \u0111\u1ed9 trong su\u1ed1t cao<\/div>\n<div>Phi\u00ean b\u1ea3n \u0111\u1eb7c bi\u1ec7t Autocollimation<\/div>\n<div>Ph\u1ea1m vi ho\u1ea1t \u0111\u1ed9ng 0 \u2026 4 m<\/div>\n<div>Gi\u1edbi h\u1ea1n ph\u1ea1m vi ho\u1ea1t \u0111\u1ed9ng 0 \u2026 4,8 m<\/div>\n<div>Ngu\u1ed3n s\u00e1ng LED, \u0111\u1ecf<\/div>\n<div>M\u1ea1ch b\u1ea3o v\u1ec7 B\u1ea3o v\u1ec7 \u0111\u1ea3o c\u1ef1c B\u1ea3o v\u1ec7<\/div>\n<div>ng\u1eafn m\u1ea1ch<\/div>\n<div>Cung c\u1ea5p \u0111i\u1ec7n \u00e1p U B 10 \u2026 30 V, DC<\/div>\n<div>G\u1ee3n d\u01b0 0 \u2026 15%, t\u1eeb U B<\/div>\n<div>D\u00f2ng \u0111i\u1ec7n h\u1edf m\u1ea1ch 0 \u2026 18 mA<\/div>\n<div>S\u1ed1 l\u01b0\u1ee3ng \u0111\u1ea7u ra chuy\u1ec3n m\u1ea1ch k\u1ef9 thu\u1eadt s\u1ed1 1 mi\u1ebfng)<\/div>\n<div>Ph\u1ea7n t\u1eed chuy\u1ec3n m\u1ea1ch B\u00f3ng b\u00e1n d\u1eabn, PNP<\/div>\n<\/div>\n<h3>2. C\u00e1c m\u00e3 h\u00e0ng t\u01b0\u01a1ng \u0111\u01b0\u01a1ng C\u1ea3m bi\u1ebfn quang\u00a0PRK18B.T2\/PX-M12 50117361:<\/h3>\n<div>\n<div>PRK18B.1\/2N-M12<\/div>\n<div>PRK18B.1\/4P-6000<\/div>\n<div>PRK18B.1\/4P-M12<\/div>\n<div>PRK18B.FXT3\/2N-M12<\/div>\n<div>PRK18B.FXT3\/2T-6000<\/div>\n<div>PRK18B.FXT3\/4P-M12<\/div>\n<div>PRK18B.T2\/2N-6000<\/div>\n<div>PRK18B.T2\/4P-M12<\/div>\n<div>PRK18B.T2\/4P-M12 50117363<\/div>\n<div>PRK18B.T2\/4X-M12<\/div>\n<div>PRK18B.T2\/NX-M12<\/div>\n<div>PRK18B.T2\/PX-M12 50117361<\/div>\n<div>PRK18B.T3\/2N-M12<\/div>\n<div>PRK18B.T3\/4P-M12<\/div>\n<div>PRK18B.TT3\/2N-6000<\/div>\n<div>PRK18B.TT3\/2N-M12<\/div>\n<div>PRK18B.TT3\/4P-M12<\/div>\n<div>PRK18B.TT3\/LP-M12<\/div>\n<\/div>\n<div><\/div>\n<div>Series: 18B<br \/>\nOperating principle: Reflection principle<br \/>\nApplication: Detection of highly transparent bottles, Detection of highly transparent foils and glass panes<br \/>\nOperating range: 0 &#8211; 4 m<br \/>\nOperating range limit: 0 &#8211; 4.8 m<br \/>\nLight source: LED, Red<br \/>\nSwitching frequency: 1500 Hz<br \/>\nResponse time: 0.333 ms<br \/>\nProtective circuit: Polarity reversal protection, Short circuit protected<br \/>\nSupply voltage: 10 &#8211; 30 V, DC<br \/>\nNumber of digital switching outputs: 1<br \/>\nSwitching element: Transistor, PNP<br \/>\nSwitching principle: Dark switching<br \/>\nType of connection: Connector<br \/>\nThread size: M12<br \/>\nNumber of pins: 4-pin<br \/>\nDesign: Cubic<br \/>\nType of fastening: Through-hole mounting, Via optional mounting device, Front mounting with thread<br \/>\nOperational controls: Multiturn potentiometer<br \/>\nDegree of protection: IP 67, IP 69K<br \/>\nCertifications: c UL US<br \/>\nSpecial design: Autocollimation<\/p>\n<p>Polarized and unpolarized retro-reflective photoelectric sensors for the reliable detection of highly transparent bottles, foils and glass panes.<\/p>\n<p>Advantages:<br \/>\nReliable detection of containers for single bottles<br \/>\nPrecisely adjustable switching point via 270 degree potentiometer, teach button, 11-turn potentiometer<br \/>\nCoated with chemical nickel<br \/>\nModels with high optical accuracy available thanks to calibrated optical system<br \/>\nLarge temperature compensation<br \/>\nTracking for contamination compensation<br \/>\nFront and side mounting systems with M4 thread<\/p><\/div>\n","protected":false},"excerpt":{"rendered":"<p>LEUZE PRK18B.T2\/PX-M12 50117361 C\u1ea3m bi\u1ebfn quang \u0111i\u1ec7n ph\u1ea3n x\u1ea1 ng\u01b0\u1ee3c ph\u00e2n c\u1ef1c\u00a0LEUZE PRK18B.T2\/PX-M12\u00a0l\u00e0 thi\u1ebft b\u1ecb l\u00fd t\u01b0\u1edfng \u0111\u1ec3 ph\u00e1t hi\u1ec7n c\u00e1c chai, c\u00e1c m\u00e0ng hay t\u1ea5m k\u00ednh\u2026 c\u00f3 \u0111\u1ed9 trong su\u1ed1t cao \u0110\u00e8n LED hi\u1ec3n th\u1ecb r\u00f5 r\u00e0ng, d\u1ec5 th\u1ea5y v\u00e0 \u0111\u1ea3m b\u1ea3o \u0111i\u1ec1u ch\u1ec9nh nhanh ch\u00f3ng Hi\u1ec7u su\u1ea5t l\u00e0m&hellip; <\/p>\n","protected":false},"featured_media":3914,"comment_status":"open","ping_status":"closed","template":"","meta":[],"product_cat":[345],"product_tag":[88,269,268],"class_list":{"0":"post-3913","1":"product","2":"type-product","3":"status-publish","4":"has-post-thumbnail","6":"product_cat-leuze","7":"product_tag-cam-bien","8":"product_tag-dai-ly-leuze-viet-nam","9":"product_tag-leuze-viet-nam","11":"first","12":"instock","13":"shipping-taxable","14":"product-type-simple"},"yoast_head":"<!-- This site is optimized with the Yoast SEO plugin v22.8 - https:\/\/yoast.com\/wordpress\/plugins\/seo\/ -->\n<title>LEUZE PRK18B.T2\/PX-M12 - OMANI VI\u1ec6T NAM<\/title>\n<meta name=\"description\" content=\"LEUZE PRK18B.T2\/PX-M12 Photoelectric Sensor\" \/>\n<meta name=\"robots\" content=\"index, follow, max-snippet:-1, max-image-preview:large, max-video-preview:-1\" \/>\n<link rel=\"canonical\" href=\"https:\/\/omanivietnam.com\/index.php\/san-pham\/leuze-prk18b-t2-px-m12-2\/\" \/>\n<meta property=\"og:locale\" content=\"vi_VN\" \/>\n<meta property=\"og:type\" content=\"article\" \/>\n<meta property=\"og:title\" content=\"LEUZE PRK18B.T2\/PX-M12 - OMANI VI\u1ec6T NAM\" \/>\n<meta property=\"og:description\" content=\"LEUZE PRK18B.T2\/PX-M12 Photoelectric Sensor\" \/>\n<meta property=\"og:url\" content=\"https:\/\/omanivietnam.com\/index.php\/san-pham\/leuze-prk18b-t2-px-m12-2\/\" \/>\n<meta property=\"og:site_name\" content=\"OMANI VI\u1ec6T NAM\" \/>\n<meta property=\"article:modified_time\" content=\"2025-06-01T13:48:25+00:00\" \/>\n<meta property=\"og:image\" content=\"https:\/\/omanivietnam.com\/wp-content\/uploads\/2025\/06\/50117361.png\" \/>\n\t<meta property=\"og:image:width\" content=\"848\" \/>\n\t<meta property=\"og:image:height\" content=\"885\" \/>\n\t<meta property=\"og:image:type\" content=\"image\/png\" \/>\n<meta name=\"twitter:card\" content=\"summary_large_image\" \/>\n<meta name=\"twitter:label1\" content=\"\u01af\u1edbc t\u00ednh th\u1eddi gian \u0111\u1ecdc\" \/>\n\t<meta name=\"twitter:data1\" content=\"3 ph\u00fat\" \/>\n<script type=\"application\/ld+json\" class=\"yoast-schema-graph\">{\"@context\":\"https:\/\/schema.org\",\"@graph\":[{\"@type\":\"WebPage\",\"@id\":\"https:\/\/omanivietnam.com\/index.php\/san-pham\/leuze-prk18b-t2-px-m12-2\/\",\"url\":\"https:\/\/omanivietnam.com\/index.php\/san-pham\/leuze-prk18b-t2-px-m12-2\/\",\"name\":\"LEUZE PRK18B.T2\/PX-M12 - OMANI VI\u1ec6T NAM\",\"isPartOf\":{\"@id\":\"https:\/\/omanivietnam.com\/#website\"},\"primaryImageOfPage\":{\"@id\":\"https:\/\/omanivietnam.com\/index.php\/san-pham\/leuze-prk18b-t2-px-m12-2\/#primaryimage\"},\"image\":{\"@id\":\"https:\/\/omanivietnam.com\/index.php\/san-pham\/leuze-prk18b-t2-px-m12-2\/#primaryimage\"},\"thumbnailUrl\":\"https:\/\/omanivietnam.com\/wp-content\/uploads\/2025\/06\/50117361.png\",\"datePublished\":\"2025-06-01T13:47:55+00:00\",\"dateModified\":\"2025-06-01T13:48:25+00:00\",\"description\":\"LEUZE PRK18B.T2\/PX-M12 Photoelectric Sensor\",\"breadcrumb\":{\"@id\":\"https:\/\/omanivietnam.com\/index.php\/san-pham\/leuze-prk18b-t2-px-m12-2\/#breadcrumb\"},\"inLanguage\":\"vi\",\"potentialAction\":[{\"@type\":\"ReadAction\",\"target\":[\"https:\/\/omanivietnam.com\/index.php\/san-pham\/leuze-prk18b-t2-px-m12-2\/\"]}]},{\"@type\":\"ImageObject\",\"inLanguage\":\"vi\",\"@id\":\"https:\/\/omanivietnam.com\/index.php\/san-pham\/leuze-prk18b-t2-px-m12-2\/#primaryimage\",\"url\":\"https:\/\/omanivietnam.com\/wp-content\/uploads\/2025\/06\/50117361.png\",\"contentUrl\":\"https:\/\/omanivietnam.com\/wp-content\/uploads\/2025\/06\/50117361.png\",\"width\":848,\"height\":885},{\"@type\":\"BreadcrumbList\",\"@id\":\"https:\/\/omanivietnam.com\/index.php\/san-pham\/leuze-prk18b-t2-px-m12-2\/#breadcrumb\",\"itemListElement\":[{\"@type\":\"ListItem\",\"position\":1,\"name\":\"Home\",\"item\":\"https:\/\/omanivietnam.com\/\"},{\"@type\":\"ListItem\",\"position\":2,\"name\":\"S\u1ea2N PH\u1ea8M\",\"item\":\"https:\/\/omanivietnam.com\/index.php\/cua-hang\/\"},{\"@type\":\"ListItem\",\"position\":3,\"name\":\"LEUZE PRK18B.T2\/PX-M12\"}]},{\"@type\":\"WebSite\",\"@id\":\"https:\/\/omanivietnam.com\/#website\",\"url\":\"https:\/\/omanivietnam.com\/\",\"name\":\"OMANI VI\u1ec6T NAM\",\"description\":\"Nh\u00e0 ph\u00e2n ph\u1ed1i thi\u1ebft b\u1ecb kh\u00ed n\u00e9n v\u00e0 thi\u1ebft b\u1ecb t\u1ef1 \u0111\u1ed9ng h\u00f3a trong c\u00f4ng nghi\u1ec7p\",\"publisher\":{\"@id\":\"https:\/\/omanivietnam.com\/#\/schema\/person\/0ad398a980dc3fd696111c2c5c8fa897\"},\"potentialAction\":[{\"@type\":\"SearchAction\",\"target\":{\"@type\":\"EntryPoint\",\"urlTemplate\":\"https:\/\/omanivietnam.com\/?s={search_term_string}\"},\"query-input\":\"required name=search_term_string\"}],\"inLanguage\":\"vi\"},{\"@type\":[\"Person\",\"Organization\"],\"@id\":\"https:\/\/omanivietnam.com\/#\/schema\/person\/0ad398a980dc3fd696111c2c5c8fa897\",\"name\":\"Nguy\u1ec5n V\u0103n Kh\u00e1nh\",\"image\":{\"@type\":\"ImageObject\",\"inLanguage\":\"vi\",\"@id\":\"https:\/\/omanivietnam.com\/#\/schema\/person\/image\/\",\"url\":\"https:\/\/omanivietnam.com\/wp-content\/uploads\/2024\/06\/logo-1024x1024.png\",\"contentUrl\":\"https:\/\/omanivietnam.com\/wp-content\/uploads\/2024\/06\/logo-1024x1024.png\",\"width\":1024,\"height\":1024,\"caption\":\"Nguy\u1ec5n V\u0103n Kh\u00e1nh\"},\"logo\":{\"@id\":\"https:\/\/omanivietnam.com\/#\/schema\/person\/image\/\"},\"sameAs\":[\"https:\/\/omanivietnam.com\"]}]}<\/script>\n<!-- \/ Yoast SEO plugin. -->","yoast_head_json":{"title":"LEUZE PRK18B.T2\/PX-M12 - OMANI VI\u1ec6T NAM","description":"LEUZE PRK18B.T2\/PX-M12 Photoelectric Sensor","robots":{"index":"index","follow":"follow","max-snippet":"max-snippet:-1","max-image-preview":"max-image-preview:large","max-video-preview":"max-video-preview:-1"},"canonical":"https:\/\/omanivietnam.com\/index.php\/san-pham\/leuze-prk18b-t2-px-m12-2\/","og_locale":"vi_VN","og_type":"article","og_title":"LEUZE PRK18B.T2\/PX-M12 - OMANI VI\u1ec6T NAM","og_description":"LEUZE PRK18B.T2\/PX-M12 Photoelectric Sensor","og_url":"https:\/\/omanivietnam.com\/index.php\/san-pham\/leuze-prk18b-t2-px-m12-2\/","og_site_name":"OMANI VI\u1ec6T NAM","article_modified_time":"2025-06-01T13:48:25+00:00","og_image":[{"width":848,"height":885,"url":"https:\/\/omanivietnam.com\/wp-content\/uploads\/2025\/06\/50117361.png","type":"image\/png"}],"twitter_card":"summary_large_image","twitter_misc":{"\u01af\u1edbc t\u00ednh th\u1eddi gian \u0111\u1ecdc":"3 ph\u00fat"},"schema":{"@context":"https:\/\/schema.org","@graph":[{"@type":"WebPage","@id":"https:\/\/omanivietnam.com\/index.php\/san-pham\/leuze-prk18b-t2-px-m12-2\/","url":"https:\/\/omanivietnam.com\/index.php\/san-pham\/leuze-prk18b-t2-px-m12-2\/","name":"LEUZE PRK18B.T2\/PX-M12 - OMANI VI\u1ec6T NAM","isPartOf":{"@id":"https:\/\/omanivietnam.com\/#website"},"primaryImageOfPage":{"@id":"https:\/\/omanivietnam.com\/index.php\/san-pham\/leuze-prk18b-t2-px-m12-2\/#primaryimage"},"image":{"@id":"https:\/\/omanivietnam.com\/index.php\/san-pham\/leuze-prk18b-t2-px-m12-2\/#primaryimage"},"thumbnailUrl":"https:\/\/omanivietnam.com\/wp-content\/uploads\/2025\/06\/50117361.png","datePublished":"2025-06-01T13:47:55+00:00","dateModified":"2025-06-01T13:48:25+00:00","description":"LEUZE PRK18B.T2\/PX-M12 Photoelectric Sensor","breadcrumb":{"@id":"https:\/\/omanivietnam.com\/index.php\/san-pham\/leuze-prk18b-t2-px-m12-2\/#breadcrumb"},"inLanguage":"vi","potentialAction":[{"@type":"ReadAction","target":["https:\/\/omanivietnam.com\/index.php\/san-pham\/leuze-prk18b-t2-px-m12-2\/"]}]},{"@type":"ImageObject","inLanguage":"vi","@id":"https:\/\/omanivietnam.com\/index.php\/san-pham\/leuze-prk18b-t2-px-m12-2\/#primaryimage","url":"https:\/\/omanivietnam.com\/wp-content\/uploads\/2025\/06\/50117361.png","contentUrl":"https:\/\/omanivietnam.com\/wp-content\/uploads\/2025\/06\/50117361.png","width":848,"height":885},{"@type":"BreadcrumbList","@id":"https:\/\/omanivietnam.com\/index.php\/san-pham\/leuze-prk18b-t2-px-m12-2\/#breadcrumb","itemListElement":[{"@type":"ListItem","position":1,"name":"Home","item":"https:\/\/omanivietnam.com\/"},{"@type":"ListItem","position":2,"name":"S\u1ea2N PH\u1ea8M","item":"https:\/\/omanivietnam.com\/index.php\/cua-hang\/"},{"@type":"ListItem","position":3,"name":"LEUZE PRK18B.T2\/PX-M12"}]},{"@type":"WebSite","@id":"https:\/\/omanivietnam.com\/#website","url":"https:\/\/omanivietnam.com\/","name":"OMANI VI\u1ec6T NAM","description":"Nh\u00e0 ph\u00e2n ph\u1ed1i thi\u1ebft b\u1ecb kh\u00ed n\u00e9n v\u00e0 thi\u1ebft b\u1ecb t\u1ef1 \u0111\u1ed9ng h\u00f3a trong c\u00f4ng nghi\u1ec7p","publisher":{"@id":"https:\/\/omanivietnam.com\/#\/schema\/person\/0ad398a980dc3fd696111c2c5c8fa897"},"potentialAction":[{"@type":"SearchAction","target":{"@type":"EntryPoint","urlTemplate":"https:\/\/omanivietnam.com\/?s={search_term_string}"},"query-input":"required name=search_term_string"}],"inLanguage":"vi"},{"@type":["Person","Organization"],"@id":"https:\/\/omanivietnam.com\/#\/schema\/person\/0ad398a980dc3fd696111c2c5c8fa897","name":"Nguy\u1ec5n V\u0103n Kh\u00e1nh","image":{"@type":"ImageObject","inLanguage":"vi","@id":"https:\/\/omanivietnam.com\/#\/schema\/person\/image\/","url":"https:\/\/omanivietnam.com\/wp-content\/uploads\/2024\/06\/logo-1024x1024.png","contentUrl":"https:\/\/omanivietnam.com\/wp-content\/uploads\/2024\/06\/logo-1024x1024.png","width":1024,"height":1024,"caption":"Nguy\u1ec5n V\u0103n Kh\u00e1nh"},"logo":{"@id":"https:\/\/omanivietnam.com\/#\/schema\/person\/image\/"},"sameAs":["https:\/\/omanivietnam.com"]}]}},"_links":{"self":[{"href":"https:\/\/omanivietnam.com\/index.php\/wp-json\/wp\/v2\/product\/3913","targetHints":{"allow":["GET"]}}],"collection":[{"href":"https:\/\/omanivietnam.com\/index.php\/wp-json\/wp\/v2\/product"}],"about":[{"href":"https:\/\/omanivietnam.com\/index.php\/wp-json\/wp\/v2\/types\/product"}],"replies":[{"embeddable":true,"href":"https:\/\/omanivietnam.com\/index.php\/wp-json\/wp\/v2\/comments?post=3913"}],"wp:featuredmedia":[{"embeddable":true,"href":"https:\/\/omanivietnam.com\/index.php\/wp-json\/wp\/v2\/media\/3914"}],"wp:attachment":[{"href":"https:\/\/omanivietnam.com\/index.php\/wp-json\/wp\/v2\/media?parent=3913"}],"wp:term":[{"taxonomy":"product_cat","embeddable":true,"href":"https:\/\/omanivietnam.com\/index.php\/wp-json\/wp\/v2\/product_cat?post=3913"},{"taxonomy":"product_tag","embeddable":true,"href":"https:\/\/omanivietnam.com\/index.php\/wp-json\/wp\/v2\/product_tag?post=3913"}],"curies":[{"name":"wp","href":"https:\/\/api.w.org\/{rel}","templated":true}]}}