{"id":3944,"date":"2025-06-05T21:59:56","date_gmt":"2025-06-05T14:59:56","guid":{"rendered":"https:\/\/omanivietnam.com\/?post_type=product&#038;p=3944"},"modified":"2025-06-05T21:59:56","modified_gmt":"2025-06-05T14:59:56","slug":"sick-vl18l-4p324-6027430","status":"publish","type":"product","link":"https:\/\/omanivietnam.com\/index.php\/san-pham\/sick-vl18l-4p324-6027430\/","title":{"rendered":"SICK VL18L-4P324 6027430"},"content":{"rendered":"<p>SICK VL18L-4P324 6027430<\/p>\n<div class=\"row\">\n<div class=\"col-md-12 col-sm-12 col-xs-12 column\">\n<div class=\"ge-content ge-content-type-tinymce\" data-ge-content-type=\"tinymce\">\n<p><strong>V18 Laser Retro-reflective Photoelectric Sensor with PNP ouput<\/strong><\/p>\n<p>The SICK V18 Retro-reflective Photoelectric sensor utilises a laser light source, monitoring that beam in order to trigger a process response should the beam be interrupted by an object. The VL18L-4P324 features a dual lens, an M18 threaded nickel plated brass body, PNP output and is constructed from robust nickel plated brass. Retro-reflective sensors incorporate a separate reflector to monitor detector beam interruption.<\/p>\n<p>Common applications for photoelectric sensor include the automotive industry, controlling the transport of components and engine sub-assemblies, production processes, safety systems and material handling systems for easier transporting of goods. Easy to install, the V18&#8217;s visible light spot aids in rapid installation and being a class 1 laser product no enhanced safety measures are needed. The fast reaction time of this Photoelectric Sensor ensures reliable object detection at high processing line speeds increasing throughput and helping to reduce overheads.<\/p>\n<p><strong>V18 Laser Photoelectric Sensor Specifications<\/strong><br \/>\nSensing range 0.1 &#8230; 35m<br \/>\nLaser light source, class 1 , visible red light<br \/>\nPhotoelectric retro-reflective sensor<br \/>\nDual lens<br \/>\nSupply voltage 10-30 Vdc<br \/>\nTeach-in button<br \/>\nSwitching output PNP<br \/>\nResponse time = 0.625 ms<br \/>\nSwitching mode light\/dark switching<br \/>\nMale connector M12, 4 pin<\/p>\n<\/div>\n<\/div>\n<\/div>\n<div class=\"row\">\n<div class=\"col-md-12 col-sm-12 col-xs-12 column\">\n<div class=\"ge-content ge-content-type-tinymce\" data-ge-content-type=\"tinymce\">\n<table>\n<tbody>\n<tr>\n<td>Sensing range max.<\/td>\n<td>0.1 m\u00a0&#8230; 35 m<\/td>\n<\/tr>\n<tr>\n<td>Sensor principle<\/td>\n<td>Photoelectric retro-reflective sensor<\/td>\n<\/tr>\n<tr>\n<td>Detection principle<\/td>\n<td>Dual lens<\/td>\n<\/tr>\n<tr>\n<td>Switching output<\/td>\n<td>PNP<\/td>\n<\/tr>\n<tr>\n<td>Switching mode<\/td>\n<td>Light\/dark switching<\/td>\n<\/tr>\n<tr>\n<td>Connection type<\/td>\n<td>Male connector M12, 4-pin<\/td>\n<\/tr>\n<tr>\n<td>Light source<\/td>\n<td>Laser<\/td>\n<\/tr>\n<tr>\n<td>Adjustment<\/td>\n<td>Cable, Teach-in button<\/td>\n<\/tr>\n<\/tbody>\n<\/table>\n<\/div>\n<\/div>\n<\/div>\n","protected":false},"excerpt":{"rendered":"<p>SICK VL18L-4P324 6027430 V18 Laser Retro-reflective Photoelectric Sensor with PNP ouput The SICK V18 Retro-reflective Photoelectric sensor utilises a laser light source, monitoring that beam in order to trigger a process response should the beam be interrupted by an object. The VL18L-4P324 features a dual lens, an M18 threaded nickel&hellip; <\/p>\n","protected":false},"featured_media":3945,"comment_status":"open","ping_status":"closed","template":"","meta":[],"product_cat":[297],"product_tag":[88,89,90],"class_list":{"0":"post-3944","1":"product","2":"type-product","3":"status-publish","4":"has-post-thumbnail","6":"product_cat-sick","7":"product_tag-cam-bien","8":"product_tag-dai-ly-sick-viet-nam","9":"product_tag-sick-viet-nam","11":"first","12":"instock","13":"shipping-taxable","14":"product-type-simple"},"yoast_head":"<!-- This site is optimized with the Yoast SEO plugin v22.8 - https:\/\/yoast.com\/wordpress\/plugins\/seo\/ -->\n<title>SICK VL18L-4P324 6027430 - OMANI VI\u1ec6T NAM<\/title>\n<meta name=\"description\" content=\"SICK VL18L-4P324 6027430 PHOTOELECTRIC SENSOR\" \/>\n<meta name=\"robots\" content=\"index, follow, max-snippet:-1, max-image-preview:large, max-video-preview:-1\" \/>\n<link rel=\"canonical\" href=\"https:\/\/omanivietnam.com\/index.php\/san-pham\/sick-vl18l-4p324-6027430\/\" \/>\n<meta property=\"og:locale\" content=\"vi_VN\" \/>\n<meta property=\"og:type\" content=\"article\" \/>\n<meta property=\"og:title\" content=\"SICK VL18L-4P324 6027430 - OMANI VI\u1ec6T NAM\" \/>\n<meta property=\"og:description\" content=\"SICK VL18L-4P324 6027430 PHOTOELECTRIC SENSOR\" \/>\n<meta property=\"og:url\" content=\"https:\/\/omanivietnam.com\/index.php\/san-pham\/sick-vl18l-4p324-6027430\/\" \/>\n<meta property=\"og:site_name\" content=\"OMANI VI\u1ec6T NAM\" \/>\n<meta property=\"og:image\" content=\"https:\/\/omanivietnam.com\/wp-content\/uploads\/2025\/06\/VL18L-4P324-6027430.png\" \/>\n\t<meta property=\"og:image:width\" content=\"562\" \/>\n\t<meta property=\"og:image:height\" content=\"569\" \/>\n\t<meta property=\"og:image:type\" content=\"image\/png\" \/>\n<meta name=\"twitter:card\" content=\"summary_large_image\" \/>\n<meta name=\"twitter:label1\" content=\"\u01af\u1edbc t\u00ednh th\u1eddi gian \u0111\u1ecdc\" \/>\n\t<meta name=\"twitter:data1\" content=\"2 ph\u00fat\" \/>\n<script type=\"application\/ld+json\" class=\"yoast-schema-graph\">{\"@context\":\"https:\/\/schema.org\",\"@graph\":[{\"@type\":\"WebPage\",\"@id\":\"https:\/\/omanivietnam.com\/index.php\/san-pham\/sick-vl18l-4p324-6027430\/\",\"url\":\"https:\/\/omanivietnam.com\/index.php\/san-pham\/sick-vl18l-4p324-6027430\/\",\"name\":\"SICK VL18L-4P324 6027430 - OMANI VI\u1ec6T NAM\",\"isPartOf\":{\"@id\":\"https:\/\/omanivietnam.com\/#website\"},\"primaryImageOfPage\":{\"@id\":\"https:\/\/omanivietnam.com\/index.php\/san-pham\/sick-vl18l-4p324-6027430\/#primaryimage\"},\"image\":{\"@id\":\"https:\/\/omanivietnam.com\/index.php\/san-pham\/sick-vl18l-4p324-6027430\/#primaryimage\"},\"thumbnailUrl\":\"https:\/\/omanivietnam.com\/wp-content\/uploads\/2025\/06\/VL18L-4P324-6027430.png\",\"datePublished\":\"2025-06-05T14:59:56+00:00\",\"dateModified\":\"2025-06-05T14:59:56+00:00\",\"description\":\"SICK VL18L-4P324 6027430 PHOTOELECTRIC SENSOR\",\"breadcrumb\":{\"@id\":\"https:\/\/omanivietnam.com\/index.php\/san-pham\/sick-vl18l-4p324-6027430\/#breadcrumb\"},\"inLanguage\":\"vi\",\"potentialAction\":[{\"@type\":\"ReadAction\",\"target\":[\"https:\/\/omanivietnam.com\/index.php\/san-pham\/sick-vl18l-4p324-6027430\/\"]}]},{\"@type\":\"ImageObject\",\"inLanguage\":\"vi\",\"@id\":\"https:\/\/omanivietnam.com\/index.php\/san-pham\/sick-vl18l-4p324-6027430\/#primaryimage\",\"url\":\"https:\/\/omanivietnam.com\/wp-content\/uploads\/2025\/06\/VL18L-4P324-6027430.png\",\"contentUrl\":\"https:\/\/omanivietnam.com\/wp-content\/uploads\/2025\/06\/VL18L-4P324-6027430.png\",\"width\":562,\"height\":569},{\"@type\":\"BreadcrumbList\",\"@id\":\"https:\/\/omanivietnam.com\/index.php\/san-pham\/sick-vl18l-4p324-6027430\/#breadcrumb\",\"itemListElement\":[{\"@type\":\"ListItem\",\"position\":1,\"name\":\"Home\",\"item\":\"https:\/\/omanivietnam.com\/\"},{\"@type\":\"ListItem\",\"position\":2,\"name\":\"S\u1ea2N PH\u1ea8M\",\"item\":\"https:\/\/omanivietnam.com\/index.php\/cua-hang\/\"},{\"@type\":\"ListItem\",\"position\":3,\"name\":\"SICK VL18L-4P324 6027430\"}]},{\"@type\":\"WebSite\",\"@id\":\"https:\/\/omanivietnam.com\/#website\",\"url\":\"https:\/\/omanivietnam.com\/\",\"name\":\"OMANI VI\u1ec6T NAM\",\"description\":\"Nh\u00e0 ph\u00e2n ph\u1ed1i thi\u1ebft b\u1ecb kh\u00ed n\u00e9n v\u00e0 thi\u1ebft b\u1ecb t\u1ef1 \u0111\u1ed9ng h\u00f3a trong c\u00f4ng nghi\u1ec7p\",\"publisher\":{\"@id\":\"https:\/\/omanivietnam.com\/#\/schema\/person\/0ad398a980dc3fd696111c2c5c8fa897\"},\"potentialAction\":[{\"@type\":\"SearchAction\",\"target\":{\"@type\":\"EntryPoint\",\"urlTemplate\":\"https:\/\/omanivietnam.com\/?s={search_term_string}\"},\"query-input\":\"required name=search_term_string\"}],\"inLanguage\":\"vi\"},{\"@type\":[\"Person\",\"Organization\"],\"@id\":\"https:\/\/omanivietnam.com\/#\/schema\/person\/0ad398a980dc3fd696111c2c5c8fa897\",\"name\":\"Nguy\u1ec5n V\u0103n Kh\u00e1nh\",\"image\":{\"@type\":\"ImageObject\",\"inLanguage\":\"vi\",\"@id\":\"https:\/\/omanivietnam.com\/#\/schema\/person\/image\/\",\"url\":\"https:\/\/omanivietnam.com\/wp-content\/uploads\/2024\/06\/logo-1024x1024.png\",\"contentUrl\":\"https:\/\/omanivietnam.com\/wp-content\/uploads\/2024\/06\/logo-1024x1024.png\",\"width\":1024,\"height\":1024,\"caption\":\"Nguy\u1ec5n V\u0103n Kh\u00e1nh\"},\"logo\":{\"@id\":\"https:\/\/omanivietnam.com\/#\/schema\/person\/image\/\"},\"sameAs\":[\"https:\/\/omanivietnam.com\"]}]}<\/script>\n<!-- \/ Yoast SEO plugin. -->","yoast_head_json":{"title":"SICK VL18L-4P324 6027430 - OMANI VI\u1ec6T NAM","description":"SICK VL18L-4P324 6027430 PHOTOELECTRIC SENSOR","robots":{"index":"index","follow":"follow","max-snippet":"max-snippet:-1","max-image-preview":"max-image-preview:large","max-video-preview":"max-video-preview:-1"},"canonical":"https:\/\/omanivietnam.com\/index.php\/san-pham\/sick-vl18l-4p324-6027430\/","og_locale":"vi_VN","og_type":"article","og_title":"SICK VL18L-4P324 6027430 - OMANI VI\u1ec6T NAM","og_description":"SICK VL18L-4P324 6027430 PHOTOELECTRIC SENSOR","og_url":"https:\/\/omanivietnam.com\/index.php\/san-pham\/sick-vl18l-4p324-6027430\/","og_site_name":"OMANI VI\u1ec6T NAM","og_image":[{"width":562,"height":569,"url":"https:\/\/omanivietnam.com\/wp-content\/uploads\/2025\/06\/VL18L-4P324-6027430.png","type":"image\/png"}],"twitter_card":"summary_large_image","twitter_misc":{"\u01af\u1edbc t\u00ednh th\u1eddi gian \u0111\u1ecdc":"2 ph\u00fat"},"schema":{"@context":"https:\/\/schema.org","@graph":[{"@type":"WebPage","@id":"https:\/\/omanivietnam.com\/index.php\/san-pham\/sick-vl18l-4p324-6027430\/","url":"https:\/\/omanivietnam.com\/index.php\/san-pham\/sick-vl18l-4p324-6027430\/","name":"SICK VL18L-4P324 6027430 - OMANI VI\u1ec6T NAM","isPartOf":{"@id":"https:\/\/omanivietnam.com\/#website"},"primaryImageOfPage":{"@id":"https:\/\/omanivietnam.com\/index.php\/san-pham\/sick-vl18l-4p324-6027430\/#primaryimage"},"image":{"@id":"https:\/\/omanivietnam.com\/index.php\/san-pham\/sick-vl18l-4p324-6027430\/#primaryimage"},"thumbnailUrl":"https:\/\/omanivietnam.com\/wp-content\/uploads\/2025\/06\/VL18L-4P324-6027430.png","datePublished":"2025-06-05T14:59:56+00:00","dateModified":"2025-06-05T14:59:56+00:00","description":"SICK VL18L-4P324 6027430 PHOTOELECTRIC SENSOR","breadcrumb":{"@id":"https:\/\/omanivietnam.com\/index.php\/san-pham\/sick-vl18l-4p324-6027430\/#breadcrumb"},"inLanguage":"vi","potentialAction":[{"@type":"ReadAction","target":["https:\/\/omanivietnam.com\/index.php\/san-pham\/sick-vl18l-4p324-6027430\/"]}]},{"@type":"ImageObject","inLanguage":"vi","@id":"https:\/\/omanivietnam.com\/index.php\/san-pham\/sick-vl18l-4p324-6027430\/#primaryimage","url":"https:\/\/omanivietnam.com\/wp-content\/uploads\/2025\/06\/VL18L-4P324-6027430.png","contentUrl":"https:\/\/omanivietnam.com\/wp-content\/uploads\/2025\/06\/VL18L-4P324-6027430.png","width":562,"height":569},{"@type":"BreadcrumbList","@id":"https:\/\/omanivietnam.com\/index.php\/san-pham\/sick-vl18l-4p324-6027430\/#breadcrumb","itemListElement":[{"@type":"ListItem","position":1,"name":"Home","item":"https:\/\/omanivietnam.com\/"},{"@type":"ListItem","position":2,"name":"S\u1ea2N PH\u1ea8M","item":"https:\/\/omanivietnam.com\/index.php\/cua-hang\/"},{"@type":"ListItem","position":3,"name":"SICK VL18L-4P324 6027430"}]},{"@type":"WebSite","@id":"https:\/\/omanivietnam.com\/#website","url":"https:\/\/omanivietnam.com\/","name":"OMANI VI\u1ec6T NAM","description":"Nh\u00e0 ph\u00e2n ph\u1ed1i thi\u1ebft b\u1ecb kh\u00ed n\u00e9n v\u00e0 thi\u1ebft b\u1ecb t\u1ef1 \u0111\u1ed9ng h\u00f3a trong c\u00f4ng nghi\u1ec7p","publisher":{"@id":"https:\/\/omanivietnam.com\/#\/schema\/person\/0ad398a980dc3fd696111c2c5c8fa897"},"potentialAction":[{"@type":"SearchAction","target":{"@type":"EntryPoint","urlTemplate":"https:\/\/omanivietnam.com\/?s={search_term_string}"},"query-input":"required name=search_term_string"}],"inLanguage":"vi"},{"@type":["Person","Organization"],"@id":"https:\/\/omanivietnam.com\/#\/schema\/person\/0ad398a980dc3fd696111c2c5c8fa897","name":"Nguy\u1ec5n V\u0103n Kh\u00e1nh","image":{"@type":"ImageObject","inLanguage":"vi","@id":"https:\/\/omanivietnam.com\/#\/schema\/person\/image\/","url":"https:\/\/omanivietnam.com\/wp-content\/uploads\/2024\/06\/logo-1024x1024.png","contentUrl":"https:\/\/omanivietnam.com\/wp-content\/uploads\/2024\/06\/logo-1024x1024.png","width":1024,"height":1024,"caption":"Nguy\u1ec5n V\u0103n Kh\u00e1nh"},"logo":{"@id":"https:\/\/omanivietnam.com\/#\/schema\/person\/image\/"},"sameAs":["https:\/\/omanivietnam.com"]}]}},"_links":{"self":[{"href":"https:\/\/omanivietnam.com\/index.php\/wp-json\/wp\/v2\/product\/3944","targetHints":{"allow":["GET"]}}],"collection":[{"href":"https:\/\/omanivietnam.com\/index.php\/wp-json\/wp\/v2\/product"}],"about":[{"href":"https:\/\/omanivietnam.com\/index.php\/wp-json\/wp\/v2\/types\/product"}],"replies":[{"embeddable":true,"href":"https:\/\/omanivietnam.com\/index.php\/wp-json\/wp\/v2\/comments?post=3944"}],"wp:featuredmedia":[{"embeddable":true,"href":"https:\/\/omanivietnam.com\/index.php\/wp-json\/wp\/v2\/media\/3945"}],"wp:attachment":[{"href":"https:\/\/omanivietnam.com\/index.php\/wp-json\/wp\/v2\/media?parent=3944"}],"wp:term":[{"taxonomy":"product_cat","embeddable":true,"href":"https:\/\/omanivietnam.com\/index.php\/wp-json\/wp\/v2\/product_cat?post=3944"},{"taxonomy":"product_tag","embeddable":true,"href":"https:\/\/omanivietnam.com\/index.php\/wp-json\/wp\/v2\/product_tag?post=3944"}],"curies":[{"name":"wp","href":"https:\/\/api.w.org\/{rel}","templated":true}]}}