{"id":4248,"date":"2025-08-06T21:56:29","date_gmt":"2025-08-06T14:56:29","guid":{"rendered":"https:\/\/omanivietnam.com\/?post_type=product&#038;p=4248"},"modified":"2025-08-06T22:29:51","modified_gmt":"2025-08-06T15:29:51","slug":"vector-sdc-h1t1-16-a3-1-2","status":"publish","type":"product","link":"https:\/\/omanivietnam.com\/index.php\/san-pham\/vector-sdc-h1t1-16-a3-1-2\/","title":{"rendered":"VECTOR SDC-H1T1-16-A3-1"},"content":{"rendered":"<p>VECTOR SDC-H1T1-16-A3-1<\/p>\n<p>VECTOR SDC-H1T1-16-A3-1-W2<\/p>\n<p>Ph\u1ea7n t\u1eed c\u1ea3m bi\u1ebfn c\u00f3 th\u1ec3 thay th\u1ebf<br \/>\n\u0110o \u0111\u1ed9 \u1ea9m v\u00e0 nhi\u1ec7t \u0111\u1ed9 cho \u1ed1ng d\u1eabn kh\u00ed<br \/>\nB\u1ed9 nh\u1edb gi\u00e1 tr\u1ecb t\u1ed1i thi\u1ec3u v\u00e0 t\u1ed1i \u0111a<br \/>\nT\u00edn hi\u1ec7u \u0111o 0\u202610 V, 0\u202620 mA ho\u1eb7c 2\u202610 V. 4\u202620 mA c\u00f3 th\u1ec3 l\u1ef1a ch\u1ecdn b\u1eb1ng n\u00fat nh\u1ea3y<br \/>\nPh\u1ea1m vi t\u00edn hi\u1ec7u thay th\u1ebf t\u00f9y ch\u1ecdn c\u00f3 th\u1ec3 l\u1eadp tr\u00ecnh<br \/>\nT\u00edn hi\u1ec7u trung b\u00ecnh c\u00f3 th\u1ec3 l\u1ef1a ch\u1ecdn<br \/>\nM\u00e0n h\u00ecnh LCD t\u00f9y ch\u1ecdn (OPC-S) ho\u1eb7c m\u00e0n h\u00ecnh ngo\u00e0i (OPU-S)<br \/>\n\u0110\u00e8n LED tr\u1ea1ng th\u00e1i<\/p>\n<p>1.C\u1ea3m bi\u1ebfn nhi\u1ec7t \u0111\u1ed9 \u0111\u1ed9 \u1ea9m\u00a0SDC-H1T1-16-A3-1:<\/p>\n<div>\n<p>C\u1ea3m bi\u1ebfn nhi\u1ec7t \u0111\u1ed9 \u1ea9m g\u1eafn \u1ed1ng gi\u00f3<br \/>\nNg\u00f5 ra : 0-10V\/2-10V\/4-20mA<br \/>\nSai s\u1ed1: +\/- 0.5DegC , +\/-3% Humidity<br \/>\nNgu\u1ed3n c\u1ea5p : 24VAC \/ 24 VDC<br \/>\nH\u00e3ng s\u1ea3n xu\u1ea5t: Vector<\/p>\n<ul>\n<li>Vector SDC-H1T1-16-A3-1 c\u00f3 c\u00e1c th\u00f4ng s\u1ed1 k\u1ef9 thu\u1eadt ch\u00ednh sau:<\/li>\n<li>\n<p data-sourcepos=\"3:1-3:13\"><strong>\u0110o l\u01b0\u1eddng:<\/strong><\/p>\n<ul data-sourcepos=\"5:1-5:1\">\n<li data-sourcepos=\"5:1-5:1\">\u0110\u1ed9 \u1ea9m t\u01b0\u01a1ng \u0111\u1ed1i:\n<ul data-sourcepos=\"6:5-7:26\">\n<li data-sourcepos=\"6:5-6:28\">D\u1ea3i \u0111o: 0% \u0111\u1ebfn 100% RH<\/li>\n<li data-sourcepos=\"7:5-7:26\">\u0110\u1ed9 ch\u00ednh x\u00e1c: \u00b13% RH<\/li>\n<\/ul>\n<\/li>\n<li data-sourcepos=\"8:1-11:0\">Nhi\u1ec7t \u0111\u1ed9:\n<ul data-sourcepos=\"9:5-11:0\">\n<li data-sourcepos=\"9:5-9:46\">D\u1ea3i \u0111o: -40\u00b0C \u0111\u1ebfn 80\u00b0C (-40\u00b0F \u0111\u1ebfn 176\u00b0F)<\/li>\n<li data-sourcepos=\"10:5-11:0\">\u0110\u1ed9 ch\u00ednh x\u00e1c: \u00b10.5\u00b0C (\u00b10.9\u00b0F)<\/li>\n<\/ul>\n<\/li>\n<\/ul>\n<p data-sourcepos=\"12:1-12:11\"><strong>\u0110\u1ea7u ra:<\/strong><\/p>\n<ul data-sourcepos=\"14:1-14:6\">\n<li data-sourcepos=\"14:1-14:6\">0-10V, 2-10V ho\u1eb7c 4-20mA c\u00f3 th\u1ec3 l\u1ef1a ch\u1ecdn<\/li>\n<li data-sourcepos=\"15:1-15:28\">T\u00edn hi\u1ec7u ng\u00f5 ra tuy\u1ebfn t\u00ednh<\/li>\n<li data-sourcepos=\"16:1-17:0\">C\u1ea5u h\u00ecnh ng\u00f5 ra b\u1eb1ng tay ho\u1eb7c b\u1eb1ng ph\u1ea7n m\u1ec1m<\/li>\n<\/ul>\n<p data-sourcepos=\"18:1-18:15\"><strong>Ngu\u1ed3n \u0111i\u1ec7n:<\/strong><\/p>\n<ul data-sourcepos=\"20:1-21:0\">\n<li data-sourcepos=\"20:1-21:0\">24VAC\/VDC<\/li>\n<\/ul>\n<\/li>\n<\/ul>\n<\/div>\n<p>C\u00e1c m\u00e3 h\u00e0ng t\u01b0\u01a1ng \u0111\u01b0\u01a1ng C\u1ea3m Bi\u1ebfn Nhi\u1ec7t \u0110\u1ed9, \u0110\u1ed9 \u1ea8m\u00a0Sdc-H1T1-16-A3-1:<\/p>\n<p>SDC-H1T1-08-A3-1<\/p>\n<p>SDC-H1T1-16-A3-1<\/p>\n<p>SDC-H1T1-24-A3-1<\/p>\n<p>SDC-H1T1-08-A3-W1<\/p>\n<p>SDC-H1T1-08-A3-W2<\/p>\n<p>SDC-H1T1-08-A3-W3<\/p>\n<p>SDC-H1T1-08-A3-W4<\/p>\n<p>SDC-H1T1-16-A3-W1<\/p>\n<p>SDC-H1T1-16-A3-W2<\/p>\n<p>SDC-H1T1-16-A3-W3<\/p>\n<p>SDC-H1T1-16-A3-W4<\/p>\n<p>SDC-H1T1-24-A3-W1<\/p>\n<p>SDC-H1T1-24-A3-W2<\/p>\n<p>SDC-H1T1-24-A3-W3<\/p>\n<p>SDC-H1T1-24-A3-W4<\/p>\n<div>\n<p>SDC-H1T1-16-A3-1 W0<\/p>\n<p>SDC-H1T1-16-A3-1-W1<\/p>\n<p>SDC-H1T1-16-A3-1-W2<\/p>\n<p>SDC-H1T1-16-A3-1-W3<\/p>\n<p>SRC-H1TN10<br \/>\nSRC-H1TN100<br \/>\nSRC-H1TN20<br \/>\nSRC-H1TN30<\/p>\n<\/div>\n","protected":false},"excerpt":{"rendered":"<p>VECTOR SDC-H1T1-16-A3-1 VECTOR SDC-H1T1-16-A3-1-W2 Ph\u1ea7n t\u1eed c\u1ea3m bi\u1ebfn c\u00f3 th\u1ec3 thay th\u1ebf \u0110o \u0111\u1ed9 \u1ea9m v\u00e0 nhi\u1ec7t \u0111\u1ed9 cho \u1ed1ng d\u1eabn kh\u00ed B\u1ed9 nh\u1edb gi\u00e1 tr\u1ecb t\u1ed1i thi\u1ec3u v\u00e0 t\u1ed1i \u0111a T\u00edn hi\u1ec7u \u0111o 0\u202610 V, 0\u202620 mA ho\u1eb7c 2\u202610 V. 4\u202620 mA c\u00f3 th\u1ec3 l\u1ef1a ch\u1ecdn b\u1eb1ng n\u00fat nh\u1ea3y&hellip; <\/p>\n","protected":false},"featured_media":4249,"comment_status":"open","ping_status":"closed","template":"","meta":[],"product_cat":[592],"product_tag":[88,594,593],"class_list":{"0":"post-4248","1":"product","2":"type-product","3":"status-publish","4":"has-post-thumbnail","6":"product_cat-vector","7":"product_tag-cam-bien","8":"product_tag-dai-ly-vector-viet-nam","9":"product_tag-vector-viet-nam","11":"first","12":"instock","13":"shipping-taxable","14":"product-type-simple"},"yoast_head":"<!-- This site is optimized with the Yoast SEO plugin v22.8 - https:\/\/yoast.com\/wordpress\/plugins\/seo\/ -->\n<title>VECTOR SDC-H1T1-16-A3-1 - OMANI VI\u1ec6T NAM<\/title>\n<meta name=\"description\" content=\"VECTOR SDC-H1T1-16-A3-1 Humidity and Temperature Transmitter Sensor\" \/>\n<meta name=\"robots\" content=\"index, follow, max-snippet:-1, max-image-preview:large, max-video-preview:-1\" \/>\n<link rel=\"canonical\" href=\"https:\/\/omanivietnam.com\/index.php\/san-pham\/vector-sdc-h1t1-16-a3-1-2\/\" \/>\n<meta property=\"og:locale\" content=\"vi_VN\" \/>\n<meta property=\"og:type\" content=\"article\" \/>\n<meta property=\"og:title\" content=\"VECTOR SDC-H1T1-16-A3-1 - OMANI VI\u1ec6T NAM\" \/>\n<meta property=\"og:description\" content=\"VECTOR SDC-H1T1-16-A3-1 Humidity and Temperature Transmitter Sensor\" \/>\n<meta property=\"og:url\" content=\"https:\/\/omanivietnam.com\/index.php\/san-pham\/vector-sdc-h1t1-16-a3-1-2\/\" \/>\n<meta property=\"og:site_name\" content=\"OMANI VI\u1ec6T NAM\" \/>\n<meta property=\"article:modified_time\" content=\"2025-08-06T15:29:51+00:00\" \/>\n<meta property=\"og:image\" content=\"https:\/\/omanivietnam.com\/wp-content\/uploads\/2025\/08\/SDC-H1T1-16-A3-1.png\" \/>\n\t<meta property=\"og:image:width\" content=\"513\" \/>\n\t<meta property=\"og:image:height\" content=\"341\" \/>\n\t<meta property=\"og:image:type\" content=\"image\/png\" \/>\n<meta name=\"twitter:card\" content=\"summary_large_image\" \/>\n<meta name=\"twitter:label1\" content=\"\u01af\u1edbc t\u00ednh th\u1eddi gian \u0111\u1ecdc\" \/>\n\t<meta name=\"twitter:data1\" content=\"2 ph\u00fat\" \/>\n<script type=\"application\/ld+json\" class=\"yoast-schema-graph\">{\"@context\":\"https:\/\/schema.org\",\"@graph\":[{\"@type\":\"WebPage\",\"@id\":\"https:\/\/omanivietnam.com\/index.php\/san-pham\/vector-sdc-h1t1-16-a3-1-2\/\",\"url\":\"https:\/\/omanivietnam.com\/index.php\/san-pham\/vector-sdc-h1t1-16-a3-1-2\/\",\"name\":\"VECTOR SDC-H1T1-16-A3-1 - OMANI VI\u1ec6T NAM\",\"isPartOf\":{\"@id\":\"https:\/\/omanivietnam.com\/#website\"},\"primaryImageOfPage\":{\"@id\":\"https:\/\/omanivietnam.com\/index.php\/san-pham\/vector-sdc-h1t1-16-a3-1-2\/#primaryimage\"},\"image\":{\"@id\":\"https:\/\/omanivietnam.com\/index.php\/san-pham\/vector-sdc-h1t1-16-a3-1-2\/#primaryimage\"},\"thumbnailUrl\":\"https:\/\/omanivietnam.com\/wp-content\/uploads\/2025\/08\/SDC-H1T1-16-A3-1.png\",\"datePublished\":\"2025-08-06T14:56:29+00:00\",\"dateModified\":\"2025-08-06T15:29:51+00:00\",\"description\":\"VECTOR SDC-H1T1-16-A3-1 Humidity and Temperature Transmitter Sensor\",\"breadcrumb\":{\"@id\":\"https:\/\/omanivietnam.com\/index.php\/san-pham\/vector-sdc-h1t1-16-a3-1-2\/#breadcrumb\"},\"inLanguage\":\"vi\",\"potentialAction\":[{\"@type\":\"ReadAction\",\"target\":[\"https:\/\/omanivietnam.com\/index.php\/san-pham\/vector-sdc-h1t1-16-a3-1-2\/\"]}]},{\"@type\":\"ImageObject\",\"inLanguage\":\"vi\",\"@id\":\"https:\/\/omanivietnam.com\/index.php\/san-pham\/vector-sdc-h1t1-16-a3-1-2\/#primaryimage\",\"url\":\"https:\/\/omanivietnam.com\/wp-content\/uploads\/2025\/08\/SDC-H1T1-16-A3-1.png\",\"contentUrl\":\"https:\/\/omanivietnam.com\/wp-content\/uploads\/2025\/08\/SDC-H1T1-16-A3-1.png\",\"width\":513,\"height\":341},{\"@type\":\"BreadcrumbList\",\"@id\":\"https:\/\/omanivietnam.com\/index.php\/san-pham\/vector-sdc-h1t1-16-a3-1-2\/#breadcrumb\",\"itemListElement\":[{\"@type\":\"ListItem\",\"position\":1,\"name\":\"Home\",\"item\":\"https:\/\/omanivietnam.com\/\"},{\"@type\":\"ListItem\",\"position\":2,\"name\":\"S\u1ea2N PH\u1ea8M\",\"item\":\"https:\/\/omanivietnam.com\/index.php\/cua-hang\/\"},{\"@type\":\"ListItem\",\"position\":3,\"name\":\"VECTOR SDC-H1T1-16-A3-1\"}]},{\"@type\":\"WebSite\",\"@id\":\"https:\/\/omanivietnam.com\/#website\",\"url\":\"https:\/\/omanivietnam.com\/\",\"name\":\"OMANI VI\u1ec6T NAM\",\"description\":\"Nh\u00e0 ph\u00e2n ph\u1ed1i thi\u1ebft b\u1ecb kh\u00ed n\u00e9n v\u00e0 thi\u1ebft b\u1ecb t\u1ef1 \u0111\u1ed9ng h\u00f3a trong c\u00f4ng nghi\u1ec7p\",\"publisher\":{\"@id\":\"https:\/\/omanivietnam.com\/#\/schema\/person\/0ad398a980dc3fd696111c2c5c8fa897\"},\"potentialAction\":[{\"@type\":\"SearchAction\",\"target\":{\"@type\":\"EntryPoint\",\"urlTemplate\":\"https:\/\/omanivietnam.com\/?s={search_term_string}\"},\"query-input\":\"required name=search_term_string\"}],\"inLanguage\":\"vi\"},{\"@type\":[\"Person\",\"Organization\"],\"@id\":\"https:\/\/omanivietnam.com\/#\/schema\/person\/0ad398a980dc3fd696111c2c5c8fa897\",\"name\":\"Nguy\u1ec5n V\u0103n Kh\u00e1nh\",\"image\":{\"@type\":\"ImageObject\",\"inLanguage\":\"vi\",\"@id\":\"https:\/\/omanivietnam.com\/#\/schema\/person\/image\/\",\"url\":\"https:\/\/omanivietnam.com\/wp-content\/uploads\/2024\/06\/logo-1024x1024.png\",\"contentUrl\":\"https:\/\/omanivietnam.com\/wp-content\/uploads\/2024\/06\/logo-1024x1024.png\",\"width\":1024,\"height\":1024,\"caption\":\"Nguy\u1ec5n V\u0103n Kh\u00e1nh\"},\"logo\":{\"@id\":\"https:\/\/omanivietnam.com\/#\/schema\/person\/image\/\"},\"sameAs\":[\"https:\/\/omanivietnam.com\"]}]}<\/script>\n<!-- \/ Yoast SEO plugin. -->","yoast_head_json":{"title":"VECTOR SDC-H1T1-16-A3-1 - OMANI VI\u1ec6T NAM","description":"VECTOR SDC-H1T1-16-A3-1 Humidity and Temperature Transmitter Sensor","robots":{"index":"index","follow":"follow","max-snippet":"max-snippet:-1","max-image-preview":"max-image-preview:large","max-video-preview":"max-video-preview:-1"},"canonical":"https:\/\/omanivietnam.com\/index.php\/san-pham\/vector-sdc-h1t1-16-a3-1-2\/","og_locale":"vi_VN","og_type":"article","og_title":"VECTOR SDC-H1T1-16-A3-1 - OMANI VI\u1ec6T NAM","og_description":"VECTOR SDC-H1T1-16-A3-1 Humidity and Temperature Transmitter Sensor","og_url":"https:\/\/omanivietnam.com\/index.php\/san-pham\/vector-sdc-h1t1-16-a3-1-2\/","og_site_name":"OMANI VI\u1ec6T NAM","article_modified_time":"2025-08-06T15:29:51+00:00","og_image":[{"width":513,"height":341,"url":"https:\/\/omanivietnam.com\/wp-content\/uploads\/2025\/08\/SDC-H1T1-16-A3-1.png","type":"image\/png"}],"twitter_card":"summary_large_image","twitter_misc":{"\u01af\u1edbc t\u00ednh th\u1eddi gian \u0111\u1ecdc":"2 ph\u00fat"},"schema":{"@context":"https:\/\/schema.org","@graph":[{"@type":"WebPage","@id":"https:\/\/omanivietnam.com\/index.php\/san-pham\/vector-sdc-h1t1-16-a3-1-2\/","url":"https:\/\/omanivietnam.com\/index.php\/san-pham\/vector-sdc-h1t1-16-a3-1-2\/","name":"VECTOR SDC-H1T1-16-A3-1 - OMANI VI\u1ec6T NAM","isPartOf":{"@id":"https:\/\/omanivietnam.com\/#website"},"primaryImageOfPage":{"@id":"https:\/\/omanivietnam.com\/index.php\/san-pham\/vector-sdc-h1t1-16-a3-1-2\/#primaryimage"},"image":{"@id":"https:\/\/omanivietnam.com\/index.php\/san-pham\/vector-sdc-h1t1-16-a3-1-2\/#primaryimage"},"thumbnailUrl":"https:\/\/omanivietnam.com\/wp-content\/uploads\/2025\/08\/SDC-H1T1-16-A3-1.png","datePublished":"2025-08-06T14:56:29+00:00","dateModified":"2025-08-06T15:29:51+00:00","description":"VECTOR SDC-H1T1-16-A3-1 Humidity and Temperature Transmitter Sensor","breadcrumb":{"@id":"https:\/\/omanivietnam.com\/index.php\/san-pham\/vector-sdc-h1t1-16-a3-1-2\/#breadcrumb"},"inLanguage":"vi","potentialAction":[{"@type":"ReadAction","target":["https:\/\/omanivietnam.com\/index.php\/san-pham\/vector-sdc-h1t1-16-a3-1-2\/"]}]},{"@type":"ImageObject","inLanguage":"vi","@id":"https:\/\/omanivietnam.com\/index.php\/san-pham\/vector-sdc-h1t1-16-a3-1-2\/#primaryimage","url":"https:\/\/omanivietnam.com\/wp-content\/uploads\/2025\/08\/SDC-H1T1-16-A3-1.png","contentUrl":"https:\/\/omanivietnam.com\/wp-content\/uploads\/2025\/08\/SDC-H1T1-16-A3-1.png","width":513,"height":341},{"@type":"BreadcrumbList","@id":"https:\/\/omanivietnam.com\/index.php\/san-pham\/vector-sdc-h1t1-16-a3-1-2\/#breadcrumb","itemListElement":[{"@type":"ListItem","position":1,"name":"Home","item":"https:\/\/omanivietnam.com\/"},{"@type":"ListItem","position":2,"name":"S\u1ea2N PH\u1ea8M","item":"https:\/\/omanivietnam.com\/index.php\/cua-hang\/"},{"@type":"ListItem","position":3,"name":"VECTOR SDC-H1T1-16-A3-1"}]},{"@type":"WebSite","@id":"https:\/\/omanivietnam.com\/#website","url":"https:\/\/omanivietnam.com\/","name":"OMANI VI\u1ec6T NAM","description":"Nh\u00e0 ph\u00e2n ph\u1ed1i thi\u1ebft b\u1ecb kh\u00ed n\u00e9n v\u00e0 thi\u1ebft b\u1ecb t\u1ef1 \u0111\u1ed9ng h\u00f3a trong c\u00f4ng nghi\u1ec7p","publisher":{"@id":"https:\/\/omanivietnam.com\/#\/schema\/person\/0ad398a980dc3fd696111c2c5c8fa897"},"potentialAction":[{"@type":"SearchAction","target":{"@type":"EntryPoint","urlTemplate":"https:\/\/omanivietnam.com\/?s={search_term_string}"},"query-input":"required name=search_term_string"}],"inLanguage":"vi"},{"@type":["Person","Organization"],"@id":"https:\/\/omanivietnam.com\/#\/schema\/person\/0ad398a980dc3fd696111c2c5c8fa897","name":"Nguy\u1ec5n V\u0103n Kh\u00e1nh","image":{"@type":"ImageObject","inLanguage":"vi","@id":"https:\/\/omanivietnam.com\/#\/schema\/person\/image\/","url":"https:\/\/omanivietnam.com\/wp-content\/uploads\/2024\/06\/logo-1024x1024.png","contentUrl":"https:\/\/omanivietnam.com\/wp-content\/uploads\/2024\/06\/logo-1024x1024.png","width":1024,"height":1024,"caption":"Nguy\u1ec5n V\u0103n Kh\u00e1nh"},"logo":{"@id":"https:\/\/omanivietnam.com\/#\/schema\/person\/image\/"},"sameAs":["https:\/\/omanivietnam.com"]}]}},"_links":{"self":[{"href":"https:\/\/omanivietnam.com\/index.php\/wp-json\/wp\/v2\/product\/4248","targetHints":{"allow":["GET"]}}],"collection":[{"href":"https:\/\/omanivietnam.com\/index.php\/wp-json\/wp\/v2\/product"}],"about":[{"href":"https:\/\/omanivietnam.com\/index.php\/wp-json\/wp\/v2\/types\/product"}],"replies":[{"embeddable":true,"href":"https:\/\/omanivietnam.com\/index.php\/wp-json\/wp\/v2\/comments?post=4248"}],"wp:featuredmedia":[{"embeddable":true,"href":"https:\/\/omanivietnam.com\/index.php\/wp-json\/wp\/v2\/media\/4249"}],"wp:attachment":[{"href":"https:\/\/omanivietnam.com\/index.php\/wp-json\/wp\/v2\/media?parent=4248"}],"wp:term":[{"taxonomy":"product_cat","embeddable":true,"href":"https:\/\/omanivietnam.com\/index.php\/wp-json\/wp\/v2\/product_cat?post=4248"},{"taxonomy":"product_tag","embeddable":true,"href":"https:\/\/omanivietnam.com\/index.php\/wp-json\/wp\/v2\/product_tag?post=4248"}],"curies":[{"name":"wp","href":"https:\/\/api.w.org\/{rel}","templated":true}]}}