{"id":4310,"date":"2025-08-19T21:06:46","date_gmt":"2025-08-19T14:06:46","guid":{"rendered":"https:\/\/omanivietnam.com\/?post_type=product&#038;p=4310"},"modified":"2025-08-19T21:24:50","modified_gmt":"2025-08-19T14:24:50","slug":"airtec-mf-04-510-hnx-xxx","status":"publish","type":"product","link":"https:\/\/omanivietnam.com\/index.php\/san-pham\/airtec-mf-04-510-hnx-xxx\/","title":{"rendered":"AIRTEC MF-04-510-HNX-XXX"},"content":{"rendered":"<p>AIRTEC MF-04-510-HNX-XXX DC24V<\/p>\n<p>AIRTEC KN-05-510-HN<\/p>\n<h2>Technical details\u00a0Series MF-04<\/h2>\n<p>The RF-24\/n manifolds are suitable for the\u00a0<em>MF<\/em>&#8211;<em>04<\/em>\u00a0valve series. This is a modular system and extendable up to 12 stations. Blind plates RF-<em>04<\/em>-V are available for<\/p>\n<h2>Technical details Series M-04<\/h2>\n<p>Connection: G1\/8<br \/>\nNominal size: 4 mm<br \/>\nTemperature range: -10\u00b0C&#8230;+70\u00b0C<br \/>\nProtection: IP 65<br \/>\nATEX: optional<\/p>\n<p>Versions:<br \/>\n3\/2-way<br \/>\n5\/2-way, 5\/3-way<\/p>\n<p>Available voltages:<br \/>\nDC: 12 V, 24 V<br \/>\nAC: 24 V, 115 V, 230 V<\/p>\n<h2>Technical details Series M-05<\/h2>\n<p>Connection: G1\/8<br \/>\nNominal size: 6 mm<br \/>\nTemperature range: -10\u00b0C&#8230;+70\u00b0C<br \/>\nProtection: IP 65<br \/>\nATEX: optional<\/p>\n<p>Versions:<br \/>\n3\/2-way<br \/>\n5\/2-way, 5\/3-Way<\/p>\n<p>Available voltages:<br \/>\nDC: 12 V, 24 V<br \/>\nAC: 24 V, 115 V, 230 V<\/p>\n<h2>Technical details Sereis M-07<\/h2>\n<p>Connection: G1\/4<br \/>\nNominal size: 9 mm<br \/>\nTemperature range: -10\u00b0C&#8230;+70\u00b0C<br \/>\nProtection: IP 65<br \/>\nATEX: optional<\/p>\n<p>Versions:<br \/>\n3\/2-way<br \/>\n5\/2-way, 5\/3-Way<\/p>\n<p>Available voltages:<br \/>\nDC: 12 V, 24 V<br \/>\nAC: 24 V, 115 V, 230 V<\/p>\n<h2>Technical details Series M-22<\/h2>\n<p>Connection: G1\/2<br \/>\nNominal size: 14 mm<br \/>\nTemperature range: -10\u00b0C&#8230;+70\u00b0C<br \/>\nProtection: IP 65<br \/>\nATEX: optional<\/p>\n<p>Versions:<br \/>\n3\/2-way<br \/>\n5\/2-way, 5\/3-Way<\/p>\n<p>Available voltages:<br \/>\nDC: 12 V, 24 V<br \/>\nAC: 24 V, 115 V, 230 V<\/p>\n<h2>Technical details Series M-20<\/h2>\n<p>Connection: M5<br \/>\nNominal size: 3 mm<br \/>\nTemperature rangeh: -10\u00b0C&#8230;+70\u00b0C<br \/>\nProtection: IP 65<br \/>\nATEX: no<\/p>\n<p>Versions:<br \/>\n5\/2-way, 5\/3-Way<\/p>\n<p>Available voltages:<br \/>\nDC: 12 V, 24 V<\/p>\n<h2>Technical details Series MC-20 and MD-20<\/h2>\n<p>Connection: Sub-base mounting<br \/>\nNominal size: 3 mm<br \/>\nTemperature range: -10\u00b0C&#8230;+70\u00b0C<br \/>\nProtection: IP 65<\/p>\n<p>Versions:<br \/>\n5\/2-way, 5\/3-way<\/p>\n<p>Available voltages<br \/>\nDC: 12 V, 24 V<\/p>\n<ul>\n<li><a>M-20-510-HN<\/a><\/li>\n<li><a>MC-20-510-HN<\/a><\/li>\n<li><a>MD-20-510-HN<\/a><\/li>\n<li><a>KN-05-310-HN<\/a><\/li>\n<li><a>KN-05-510-HN<\/a><\/li>\n<li><a>KN-05-511-HN<\/a><\/li>\n<li><a>M-07-511-HN<\/a><\/li>\n<li><a>M-07-510-HN<\/a><\/li>\n<li><a>M-07-311-HN<\/a><\/li>\n<li><a>M-07-310-HN<\/a><\/li>\n<li><a>M-05-510-HN<\/a><\/li>\n<li><a>M-04-510-HN<\/a><\/li>\n<li><a>MC-07-510-HN<\/a><\/li>\n<li><a>MG-07-510-HN-C12<\/a><\/li>\n<li><a>MF-04-510-HN<\/a><\/li>\n<li><a>MF-24-520-HN<\/a><\/li>\n<li><a>MN-06-510-HN<\/a><\/li>\n<li><a>M-22-510-HN<\/a><\/li>\n<li><a>M-22-520-HN<\/a><\/li>\n<li><a>KM-10-520-HN<\/a><\/li>\n<li><a>PE-18-01-40<\/a><\/li>\n<li><a>KF-10-520-HN<\/a><\/li>\n<li><a>M-07-530-HN<\/a><\/li>\n<li><a>KN-05-520-HN<\/a><\/li>\n<li><a>M-07-520-HN<\/a><\/li>\n<li><a>M-07-533-HN<\/a><\/li>\n<li><a>M-05-311-HN<\/a><\/li>\n<li><a>MF-07-530-HN<\/a><\/li>\n<li><a>23-M-09-19-462-R<\/a><\/li>\n<li><a>23-SP-011-412<\/a><\/li>\n<li><a>23-SP-016-712<\/a><\/li>\n<li><a>M-05-310-HN<\/a><\/li>\n<li><a>KM-10-510-HN<\/a><\/li>\n<li><a>M-05-520-HN<\/a><\/li>\n<li><a>MI-03-520-HN<\/a><\/li>\n<li><a>MS-18-310-HN<\/a><\/li>\n<li><a>KM-09-510-HN<\/a><\/li>\n<li><a>SE-12<\/a><\/li>\n<li><a>23-SP-011-427<\/a><\/li>\n<li><a>VS-XL-050-01<\/a><\/li>\n<li><a>MN-06-511-HN+23-SP-011-412<\/a><\/li>\n<li><a>BM-01-310-HN<\/a><\/li>\n<li><a>KN-05-530-H<\/a>N<\/li>\n<li><a>M-20-510-HN<\/a><\/li>\n<li><a>MC-20-510-HN<\/a><\/li>\n<li><a>MD-20-510-HN<\/a><\/li>\n<li><a>NXD-020-015-210<\/a><\/li>\n<li><a>M-07-510-HN+23-SP-011-412<\/a><\/li>\n<li><a>M-07-511-HN+23-SP-011-412<\/a><\/li>\n<li><a>ME-07-511-HN<\/a><\/li>\n<li><a>M-05-510-HN<\/a><\/li>\n<li><a>M-04-510-HN<\/a><\/li>\n<li><a>M-05-310-HN<\/a><\/li>\n<li><a>M-07-310-HN<\/a><\/li>\n<li><a>M-07-311-HN<\/a><\/li>\n<li><a>M-05-511-HN<\/a><\/li>\n<li><a>M-07-510-HN+23-SP-011-1-712<\/a><\/li>\n<li><a>M-07-511-HN+23-SP-011-1-712<\/a><\/li>\n<li>MO-07-320-HN<\/li>\n<li><a>M-07-533-HN<\/a><\/li>\n<li><a>M-07-534-HN<\/a><\/li>\n<\/ul>\n<p>\u0110\u1ea1i l\u00fd AIRTEC vietnam, AIRTEC viet nam, AIRTEC vietnam distributor, Ph\u00e2n ph\u1ed1i AIRTEC t\u1ea1i vi\u1ec7t nam<\/p>\n<p>\u0110\u1ea1i l\u00fd AIRTEC vietnam, AIRTEC viet nam, AIRTEC vietnam distributor, Ph\u00e2n ph\u1ed1i AIRTEC t\u1ea1i vi\u1ec7t nam<\/p>\n<p>\u0110\u1ea1i l\u00fd AIRTEC vietnam, AIRTEC viet nam, AIRTEC vietnam distributor, Ph\u00e2n ph\u1ed1i AIRTEC t\u1ea1i vi\u1ec7t nam<\/p>\n<p>\u0110\u1ea1i l\u00fd AIRTEC vietnam, AIRTEC viet nam, AIRTEC vietnam distributor, Ph\u00e2n ph\u1ed1i AIRTEC t\u1ea1i vi\u1ec7t nam<\/p>\n<p>\u0110\u1ea1i l\u00fd AIRTEC vietnam, AIRTEC viet nam, AIRTEC vietnam distributor, Ph\u00e2n ph\u1ed1i AIRTEC t\u1ea1i vi\u1ec7t nam<\/p>\n","protected":false},"excerpt":{"rendered":"<p>AIRTEC MF-04-510-HNX-XXX DC24V AIRTEC KN-05-510-HN Technical details\u00a0Series MF-04 The RF-24\/n manifolds are suitable for the\u00a0MF&#8211;04\u00a0valve series. This is a modular system and extendable up to 12 stations. Blind plates RF-04-V are available for Technical details Series M-04 Connection: G1\/8 Nominal size: 4 mm Temperature range: -10\u00b0C&#8230;+70\u00b0C Protection: IP 65 ATEX:&hellip; <\/p>\n","protected":false},"featured_media":4311,"comment_status":"open","ping_status":"closed","template":"","meta":[],"product_cat":[421],"product_tag":[205,206,690],"class_list":{"0":"post-4310","1":"product","2":"type-product","3":"status-publish","4":"has-post-thumbnail","6":"product_cat-airtec","7":"product_tag-airtec-viet-nam","8":"product_tag-dai-ly-airtec-viet-nam","9":"product_tag-van-dien-tu","11":"first","12":"instock","13":"shipping-taxable","14":"product-type-simple"},"yoast_head":"<!-- This site is optimized with the Yoast SEO plugin v22.8 - https:\/\/yoast.com\/wordpress\/plugins\/seo\/ -->\n<title>AIRTEC MF-04-510-HNX-XXX - OMANI VI\u1ec6T NAM<\/title>\n<meta name=\"description\" content=\"AIRTEC MF-04-510-HNX-XXX Solenoid Valve\" \/>\n<meta name=\"robots\" content=\"index, follow, max-snippet:-1, max-image-preview:large, max-video-preview:-1\" \/>\n<link rel=\"canonical\" href=\"https:\/\/omanivietnam.com\/index.php\/san-pham\/airtec-mf-04-510-hnx-xxx\/\" \/>\n<meta property=\"og:locale\" content=\"vi_VN\" \/>\n<meta property=\"og:type\" content=\"article\" \/>\n<meta property=\"og:title\" content=\"AIRTEC MF-04-510-HNX-XXX - OMANI VI\u1ec6T NAM\" \/>\n<meta property=\"og:description\" content=\"AIRTEC MF-04-510-HNX-XXX Solenoid Valve\" \/>\n<meta property=\"og:url\" content=\"https:\/\/omanivietnam.com\/index.php\/san-pham\/airtec-mf-04-510-hnx-xxx\/\" \/>\n<meta property=\"og:site_name\" content=\"OMANI VI\u1ec6T NAM\" \/>\n<meta property=\"article:modified_time\" content=\"2025-08-19T14:24:50+00:00\" \/>\n<meta property=\"og:image\" content=\"https:\/\/omanivietnam.com\/wp-content\/uploads\/2025\/08\/MF-04-510-HNX-XXX-DC24V.png\" \/>\n\t<meta property=\"og:image:width\" content=\"745\" \/>\n\t<meta property=\"og:image:height\" content=\"812\" \/>\n\t<meta property=\"og:image:type\" content=\"image\/png\" \/>\n<meta name=\"twitter:card\" content=\"summary_large_image\" \/>\n<meta name=\"twitter:label1\" content=\"\u01af\u1edbc t\u00ednh th\u1eddi gian \u0111\u1ecdc\" \/>\n\t<meta name=\"twitter:data1\" content=\"3 ph\u00fat\" \/>\n<script type=\"application\/ld+json\" class=\"yoast-schema-graph\">{\"@context\":\"https:\/\/schema.org\",\"@graph\":[{\"@type\":\"WebPage\",\"@id\":\"https:\/\/omanivietnam.com\/index.php\/san-pham\/airtec-mf-04-510-hnx-xxx\/\",\"url\":\"https:\/\/omanivietnam.com\/index.php\/san-pham\/airtec-mf-04-510-hnx-xxx\/\",\"name\":\"AIRTEC MF-04-510-HNX-XXX - OMANI VI\u1ec6T NAM\",\"isPartOf\":{\"@id\":\"https:\/\/omanivietnam.com\/#website\"},\"primaryImageOfPage\":{\"@id\":\"https:\/\/omanivietnam.com\/index.php\/san-pham\/airtec-mf-04-510-hnx-xxx\/#primaryimage\"},\"image\":{\"@id\":\"https:\/\/omanivietnam.com\/index.php\/san-pham\/airtec-mf-04-510-hnx-xxx\/#primaryimage\"},\"thumbnailUrl\":\"https:\/\/omanivietnam.com\/wp-content\/uploads\/2025\/08\/MF-04-510-HNX-XXX-DC24V.png\",\"datePublished\":\"2025-08-19T14:06:46+00:00\",\"dateModified\":\"2025-08-19T14:24:50+00:00\",\"description\":\"AIRTEC MF-04-510-HNX-XXX Solenoid Valve\",\"breadcrumb\":{\"@id\":\"https:\/\/omanivietnam.com\/index.php\/san-pham\/airtec-mf-04-510-hnx-xxx\/#breadcrumb\"},\"inLanguage\":\"vi\",\"potentialAction\":[{\"@type\":\"ReadAction\",\"target\":[\"https:\/\/omanivietnam.com\/index.php\/san-pham\/airtec-mf-04-510-hnx-xxx\/\"]}]},{\"@type\":\"ImageObject\",\"inLanguage\":\"vi\",\"@id\":\"https:\/\/omanivietnam.com\/index.php\/san-pham\/airtec-mf-04-510-hnx-xxx\/#primaryimage\",\"url\":\"https:\/\/omanivietnam.com\/wp-content\/uploads\/2025\/08\/MF-04-510-HNX-XXX-DC24V.png\",\"contentUrl\":\"https:\/\/omanivietnam.com\/wp-content\/uploads\/2025\/08\/MF-04-510-HNX-XXX-DC24V.png\",\"width\":745,\"height\":812},{\"@type\":\"BreadcrumbList\",\"@id\":\"https:\/\/omanivietnam.com\/index.php\/san-pham\/airtec-mf-04-510-hnx-xxx\/#breadcrumb\",\"itemListElement\":[{\"@type\":\"ListItem\",\"position\":1,\"name\":\"Home\",\"item\":\"https:\/\/omanivietnam.com\/\"},{\"@type\":\"ListItem\",\"position\":2,\"name\":\"S\u1ea2N PH\u1ea8M\",\"item\":\"https:\/\/omanivietnam.com\/index.php\/cua-hang\/\"},{\"@type\":\"ListItem\",\"position\":3,\"name\":\"AIRTEC MF-04-510-HNX-XXX\"}]},{\"@type\":\"WebSite\",\"@id\":\"https:\/\/omanivietnam.com\/#website\",\"url\":\"https:\/\/omanivietnam.com\/\",\"name\":\"OMANI VI\u1ec6T NAM\",\"description\":\"Nh\u00e0 ph\u00e2n ph\u1ed1i thi\u1ebft b\u1ecb kh\u00ed n\u00e9n v\u00e0 thi\u1ebft b\u1ecb t\u1ef1 \u0111\u1ed9ng h\u00f3a trong c\u00f4ng nghi\u1ec7p\",\"publisher\":{\"@id\":\"https:\/\/omanivietnam.com\/#\/schema\/person\/0ad398a980dc3fd696111c2c5c8fa897\"},\"potentialAction\":[{\"@type\":\"SearchAction\",\"target\":{\"@type\":\"EntryPoint\",\"urlTemplate\":\"https:\/\/omanivietnam.com\/?s={search_term_string}\"},\"query-input\":\"required name=search_term_string\"}],\"inLanguage\":\"vi\"},{\"@type\":[\"Person\",\"Organization\"],\"@id\":\"https:\/\/omanivietnam.com\/#\/schema\/person\/0ad398a980dc3fd696111c2c5c8fa897\",\"name\":\"Nguy\u1ec5n V\u0103n Kh\u00e1nh\",\"image\":{\"@type\":\"ImageObject\",\"inLanguage\":\"vi\",\"@id\":\"https:\/\/omanivietnam.com\/#\/schema\/person\/image\/\",\"url\":\"https:\/\/omanivietnam.com\/wp-content\/uploads\/2024\/06\/logo-1024x1024.png\",\"contentUrl\":\"https:\/\/omanivietnam.com\/wp-content\/uploads\/2024\/06\/logo-1024x1024.png\",\"width\":1024,\"height\":1024,\"caption\":\"Nguy\u1ec5n V\u0103n Kh\u00e1nh\"},\"logo\":{\"@id\":\"https:\/\/omanivietnam.com\/#\/schema\/person\/image\/\"},\"sameAs\":[\"https:\/\/omanivietnam.com\"]}]}<\/script>\n<!-- \/ Yoast SEO plugin. -->","yoast_head_json":{"title":"AIRTEC MF-04-510-HNX-XXX - OMANI VI\u1ec6T NAM","description":"AIRTEC MF-04-510-HNX-XXX Solenoid Valve","robots":{"index":"index","follow":"follow","max-snippet":"max-snippet:-1","max-image-preview":"max-image-preview:large","max-video-preview":"max-video-preview:-1"},"canonical":"https:\/\/omanivietnam.com\/index.php\/san-pham\/airtec-mf-04-510-hnx-xxx\/","og_locale":"vi_VN","og_type":"article","og_title":"AIRTEC MF-04-510-HNX-XXX - OMANI VI\u1ec6T NAM","og_description":"AIRTEC MF-04-510-HNX-XXX Solenoid Valve","og_url":"https:\/\/omanivietnam.com\/index.php\/san-pham\/airtec-mf-04-510-hnx-xxx\/","og_site_name":"OMANI VI\u1ec6T NAM","article_modified_time":"2025-08-19T14:24:50+00:00","og_image":[{"width":745,"height":812,"url":"https:\/\/omanivietnam.com\/wp-content\/uploads\/2025\/08\/MF-04-510-HNX-XXX-DC24V.png","type":"image\/png"}],"twitter_card":"summary_large_image","twitter_misc":{"\u01af\u1edbc t\u00ednh th\u1eddi gian \u0111\u1ecdc":"3 ph\u00fat"},"schema":{"@context":"https:\/\/schema.org","@graph":[{"@type":"WebPage","@id":"https:\/\/omanivietnam.com\/index.php\/san-pham\/airtec-mf-04-510-hnx-xxx\/","url":"https:\/\/omanivietnam.com\/index.php\/san-pham\/airtec-mf-04-510-hnx-xxx\/","name":"AIRTEC MF-04-510-HNX-XXX - OMANI VI\u1ec6T NAM","isPartOf":{"@id":"https:\/\/omanivietnam.com\/#website"},"primaryImageOfPage":{"@id":"https:\/\/omanivietnam.com\/index.php\/san-pham\/airtec-mf-04-510-hnx-xxx\/#primaryimage"},"image":{"@id":"https:\/\/omanivietnam.com\/index.php\/san-pham\/airtec-mf-04-510-hnx-xxx\/#primaryimage"},"thumbnailUrl":"https:\/\/omanivietnam.com\/wp-content\/uploads\/2025\/08\/MF-04-510-HNX-XXX-DC24V.png","datePublished":"2025-08-19T14:06:46+00:00","dateModified":"2025-08-19T14:24:50+00:00","description":"AIRTEC MF-04-510-HNX-XXX Solenoid Valve","breadcrumb":{"@id":"https:\/\/omanivietnam.com\/index.php\/san-pham\/airtec-mf-04-510-hnx-xxx\/#breadcrumb"},"inLanguage":"vi","potentialAction":[{"@type":"ReadAction","target":["https:\/\/omanivietnam.com\/index.php\/san-pham\/airtec-mf-04-510-hnx-xxx\/"]}]},{"@type":"ImageObject","inLanguage":"vi","@id":"https:\/\/omanivietnam.com\/index.php\/san-pham\/airtec-mf-04-510-hnx-xxx\/#primaryimage","url":"https:\/\/omanivietnam.com\/wp-content\/uploads\/2025\/08\/MF-04-510-HNX-XXX-DC24V.png","contentUrl":"https:\/\/omanivietnam.com\/wp-content\/uploads\/2025\/08\/MF-04-510-HNX-XXX-DC24V.png","width":745,"height":812},{"@type":"BreadcrumbList","@id":"https:\/\/omanivietnam.com\/index.php\/san-pham\/airtec-mf-04-510-hnx-xxx\/#breadcrumb","itemListElement":[{"@type":"ListItem","position":1,"name":"Home","item":"https:\/\/omanivietnam.com\/"},{"@type":"ListItem","position":2,"name":"S\u1ea2N PH\u1ea8M","item":"https:\/\/omanivietnam.com\/index.php\/cua-hang\/"},{"@type":"ListItem","position":3,"name":"AIRTEC MF-04-510-HNX-XXX"}]},{"@type":"WebSite","@id":"https:\/\/omanivietnam.com\/#website","url":"https:\/\/omanivietnam.com\/","name":"OMANI VI\u1ec6T NAM","description":"Nh\u00e0 ph\u00e2n ph\u1ed1i thi\u1ebft b\u1ecb kh\u00ed n\u00e9n v\u00e0 thi\u1ebft b\u1ecb t\u1ef1 \u0111\u1ed9ng h\u00f3a trong c\u00f4ng nghi\u1ec7p","publisher":{"@id":"https:\/\/omanivietnam.com\/#\/schema\/person\/0ad398a980dc3fd696111c2c5c8fa897"},"potentialAction":[{"@type":"SearchAction","target":{"@type":"EntryPoint","urlTemplate":"https:\/\/omanivietnam.com\/?s={search_term_string}"},"query-input":"required name=search_term_string"}],"inLanguage":"vi"},{"@type":["Person","Organization"],"@id":"https:\/\/omanivietnam.com\/#\/schema\/person\/0ad398a980dc3fd696111c2c5c8fa897","name":"Nguy\u1ec5n V\u0103n Kh\u00e1nh","image":{"@type":"ImageObject","inLanguage":"vi","@id":"https:\/\/omanivietnam.com\/#\/schema\/person\/image\/","url":"https:\/\/omanivietnam.com\/wp-content\/uploads\/2024\/06\/logo-1024x1024.png","contentUrl":"https:\/\/omanivietnam.com\/wp-content\/uploads\/2024\/06\/logo-1024x1024.png","width":1024,"height":1024,"caption":"Nguy\u1ec5n V\u0103n Kh\u00e1nh"},"logo":{"@id":"https:\/\/omanivietnam.com\/#\/schema\/person\/image\/"},"sameAs":["https:\/\/omanivietnam.com"]}]}},"_links":{"self":[{"href":"https:\/\/omanivietnam.com\/index.php\/wp-json\/wp\/v2\/product\/4310","targetHints":{"allow":["GET"]}}],"collection":[{"href":"https:\/\/omanivietnam.com\/index.php\/wp-json\/wp\/v2\/product"}],"about":[{"href":"https:\/\/omanivietnam.com\/index.php\/wp-json\/wp\/v2\/types\/product"}],"replies":[{"embeddable":true,"href":"https:\/\/omanivietnam.com\/index.php\/wp-json\/wp\/v2\/comments?post=4310"}],"wp:featuredmedia":[{"embeddable":true,"href":"https:\/\/omanivietnam.com\/index.php\/wp-json\/wp\/v2\/media\/4311"}],"wp:attachment":[{"href":"https:\/\/omanivietnam.com\/index.php\/wp-json\/wp\/v2\/media?parent=4310"}],"wp:term":[{"taxonomy":"product_cat","embeddable":true,"href":"https:\/\/omanivietnam.com\/index.php\/wp-json\/wp\/v2\/product_cat?post=4310"},{"taxonomy":"product_tag","embeddable":true,"href":"https:\/\/omanivietnam.com\/index.php\/wp-json\/wp\/v2\/product_tag?post=4310"}],"curies":[{"name":"wp","href":"https:\/\/api.w.org\/{rel}","templated":true}]}}