{"id":4313,"date":"2025-08-19T21:22:17","date_gmt":"2025-08-19T14:22:17","guid":{"rendered":"https:\/\/omanivietnam.com\/?post_type=product&#038;p=4313"},"modified":"2025-08-19T21:33:29","modified_gmt":"2025-08-19T14:33:29","slug":"airtec-mc-07-510-hn-2","status":"publish","type":"product","link":"https:\/\/omanivietnam.com\/index.php\/san-pham\/airtec-mc-07-510-hn-2\/","title":{"rendered":"AIRTEC MC-07-510-HN"},"content":{"rendered":"<p>AIRTEC MC-07-510-HN<\/p>\n<p id=\"title\" class=\"a-size-large a-spacing-none\"><span id=\"productTitle\" class=\"a-size-large product-title-word-break\">MC-07-510-HN MG-07-510-HN-C12 MG-07-520-HN-C12<\/span><\/p>\n<p><strong>M\u1ed9t s\u1ed1 model s\u1ea3n ph\u1ea9m kh\u00e1c :<\/strong><\/p>\n<ul class=\"J_TSaleProp tb-img tb-clearfix\" data-property=\"\u989c\u8272\u5206\u7c7b\">\n<li class=\"tb-txt\" data-value=\"1627207:407022405\"><a>M-20-510-HN,<\/a><\/li>\n<li class=\"tb-txt\" data-value=\"1627207:472316878\"><a>MC-20-510-HN,<\/a><\/li>\n<li class=\"tb-txt\" data-value=\"1627207:498740477\"><a>MD-20-510-HN,<\/a><\/li>\n<li class=\"tb-txt\" data-value=\"1627207:411874282\"><a>M-05-510-HN,<\/a><\/li>\n<li class=\"tb-txt\" data-value=\"1627207:426622248\"><a>KN-05-510-HN,<\/a><\/li>\n<li class=\"tb-txt\" data-value=\"1627207:390654374\"><a>M-07-510-HN,<\/a><\/li>\n<li class=\"tb-txt\" data-value=\"1627207:439162748\"><a>MC-07-510-HN,<\/a><\/li>\n<li class=\"tb-txt\" data-value=\"1627207:1273140863\"><a>MG-07-510-HN,<\/a><\/li>\n<li class=\"tb-txt\" data-value=\"1627207:475054800\"><a>MF-04-510-HN,<\/a><\/li>\n<li class=\"tb-txt\" data-value=\"1627207:805684233\"><a>MF-24-520-HN,<\/a><\/li>\n<li class=\"tb-txt\" data-value=\"1627207:443816544\"><a>MN-06-510-HN,<\/a><\/li>\n<li class=\"tb-txt\" data-value=\"1627207:502004255\"><a>M-22-510-HN,<\/a><\/li>\n<li class=\"tb-txt\" data-value=\"1627207:472986242\"><a>M-22-520-HN,<\/a><\/li>\n<li class=\"tb-txt\" data-value=\"1627207:507848391\"><a>M-04-510-HN,<\/a><\/li>\n<li class=\"tb-txt\" data-value=\"1627207:470004589\"><a>M-07-310-HN,<\/a><\/li>\n<li class=\"tb-txt\" data-value=\"1627207:15893126749\"><a>KN-05-311-HN,<\/a><\/li>\n<li class=\"tb-txt\" data-value=\"1627207:514384096\"><a>MN-06-511-HN,<\/a><\/li>\n<\/ul>\n<p style=\"font-weight: 400\">Van \u0111i\u1ec7n t\u1eeb AIRTEC: MC-20-510-HN<\/p>\n<p style=\"font-weight: 400\">Van \u0111i\u1ec7n t\u1eeb AIRTEC: MC-07-510-HN<\/p>\n<p style=\"font-weight: 400\">Van \u0111i\u1ec7n t\u1eeb AIRTEC: MC-20-520-HN<\/p>\n<p style=\"font-weight: 400\">Van \u0111i\u1ec7n t\u1eeb AIRTEC: MC-20-530-HN<\/p>\n<p style=\"font-weight: 400\">Van \u0111i\u1ec7n t\u1eeb AIRTEC: MC-20-533-HN<\/p>\n<p style=\"font-weight: 400\">Van \u0111i\u1ec7n t\u1eeb AIRTEC: MC-20-510-HN<\/p>\n<p style=\"font-weight: 400\">Van \u0111i\u1ec7n t\u1eeb AIRTEC: MG-07-520-HN<\/p>\n<p style=\"font-weight: 400\">Van \u0111i\u1ec7n t\u1eeb AIRTEC: MO-07-311-HN<\/p>\n<p style=\"font-weight: 400\">Van \u0111i\u1ec7n t\u1eeb AIRTEC: MO-07-310-HN<\/p>\n<p style=\"font-weight: 400\">Van \u0111i\u1ec7n t\u1eeb AIRTEC: MO-07-320-HN<\/p>\n<p style=\"font-weight: 400\">Van \u0111i\u1ec7n t\u1eeb AIRTEC: MO-22-310-HN<\/p>\n<p style=\"font-weight: 400\">Van \u0111i\u1ec7n t\u1eeb AIRTEC: MO-22-311-HN<\/p>\n<p style=\"font-weight: 400\">Van \u0111i\u1ec7n t\u1eeb AIRTEC: MO-05-310-HN<\/p>\n<p style=\"font-weight: 400\">Van \u0111i\u1ec7n t\u1eeb AIRTEC: MO-05-311-HN<\/p>\n<p style=\"font-weight: 400\">Van \u0111i\u1ec7n t\u1eeb AIRTEC: MSO-18-310-HN<\/p>\n<p style=\"font-weight: 400\">Van \u0111i\u1ec7n t\u1eeb AIRTEC: M-07-510-HN<\/p>\n<p>\u0110\u1ea1i l\u00fd AIRTEC vietnam, AIRTEC viet nam, AIRTEC vietnam distributor, Ph\u00e2n ph\u1ed1i AIRTEC t\u1ea1i vi\u1ec7t nam<\/p>\n<p>\u0110\u1ea1i l\u00fd AIRTEC vietnam, AIRTEC viet nam, AIRTEC vietnam distributor, Ph\u00e2n ph\u1ed1i AIRTEC t\u1ea1i vi\u1ec7t nam<\/p>\n<p>\u0110\u1ea1i l\u00fd AIRTEC vietnam, AIRTEC viet nam, AIRTEC vietnam distributor, Ph\u00e2n ph\u1ed1i AIRTEC t\u1ea1i vi\u1ec7t<\/p>\n","protected":false},"excerpt":{"rendered":"<p>AIRTEC MC-07-510-HN MC-07-510-HN MG-07-510-HN-C12 MG-07-520-HN-C12 M\u1ed9t s\u1ed1 model s\u1ea3n ph\u1ea9m kh\u00e1c : M-20-510-HN, MC-20-510-HN, MD-20-510-HN, M-05-510-HN, KN-05-510-HN, M-07-510-HN, MC-07-510-HN, MG-07-510-HN, MF-04-510-HN, MF-24-520-HN, MN-06-510-HN, M-22-510-HN, M-22-520-HN, M-04-510-HN, M-07-310-HN, KN-05-311-HN, MN-06-511-HN, Van \u0111i\u1ec7n t\u1eeb AIRTEC: MC-20-510-HN Van \u0111i\u1ec7n t\u1eeb AIRTEC: MC-07-510-HN Van \u0111i\u1ec7n t\u1eeb AIRTEC: MC-20-520-HN Van \u0111i\u1ec7n t\u1eeb AIRTEC: MC-20-530-HN Van&hellip; <\/p>\n","protected":false},"featured_media":4314,"comment_status":"open","ping_status":"closed","template":"","meta":[],"product_cat":[421],"product_tag":[205,206,690],"class_list":{"0":"post-4313","1":"product","2":"type-product","3":"status-publish","4":"has-post-thumbnail","6":"product_cat-airtec","7":"product_tag-airtec-viet-nam","8":"product_tag-dai-ly-airtec-viet-nam","9":"product_tag-van-dien-tu","11":"first","12":"instock","13":"shipping-taxable","14":"product-type-simple"},"yoast_head":"<!-- This site is optimized with the Yoast SEO plugin v22.8 - https:\/\/yoast.com\/wordpress\/plugins\/seo\/ -->\n<title>AIRTEC MC-07-510-HN - OMANI VI\u1ec6T NAM<\/title>\n<meta name=\"description\" content=\"AIRTEC MC-07-510-HN Solenoid Valve\" \/>\n<meta name=\"robots\" content=\"index, follow, max-snippet:-1, max-image-preview:large, max-video-preview:-1\" \/>\n<link rel=\"canonical\" href=\"https:\/\/omanivietnam.com\/index.php\/san-pham\/airtec-mc-07-510-hn-2\/\" \/>\n<meta property=\"og:locale\" content=\"vi_VN\" \/>\n<meta property=\"og:type\" content=\"article\" \/>\n<meta property=\"og:title\" content=\"AIRTEC MC-07-510-HN - OMANI VI\u1ec6T NAM\" \/>\n<meta property=\"og:description\" content=\"AIRTEC MC-07-510-HN Solenoid Valve\" \/>\n<meta property=\"og:url\" content=\"https:\/\/omanivietnam.com\/index.php\/san-pham\/airtec-mc-07-510-hn-2\/\" \/>\n<meta property=\"og:site_name\" content=\"OMANI VI\u1ec6T NAM\" \/>\n<meta property=\"article:modified_time\" content=\"2025-08-19T14:33:29+00:00\" \/>\n<meta property=\"og:image\" content=\"https:\/\/omanivietnam.com\/wp-content\/uploads\/2025\/08\/MC-07-510-HN.png\" \/>\n\t<meta property=\"og:image:width\" content=\"387\" \/>\n\t<meta property=\"og:image:height\" content=\"595\" \/>\n\t<meta property=\"og:image:type\" content=\"image\/png\" \/>\n<meta name=\"twitter:card\" content=\"summary_large_image\" \/>\n<meta name=\"twitter:label1\" content=\"\u01af\u1edbc t\u00ednh th\u1eddi gian \u0111\u1ecdc\" \/>\n\t<meta name=\"twitter:data1\" content=\"2 ph\u00fat\" \/>\n<script type=\"application\/ld+json\" class=\"yoast-schema-graph\">{\"@context\":\"https:\/\/schema.org\",\"@graph\":[{\"@type\":\"WebPage\",\"@id\":\"https:\/\/omanivietnam.com\/index.php\/san-pham\/airtec-mc-07-510-hn-2\/\",\"url\":\"https:\/\/omanivietnam.com\/index.php\/san-pham\/airtec-mc-07-510-hn-2\/\",\"name\":\"AIRTEC MC-07-510-HN - OMANI VI\u1ec6T NAM\",\"isPartOf\":{\"@id\":\"https:\/\/omanivietnam.com\/#website\"},\"primaryImageOfPage\":{\"@id\":\"https:\/\/omanivietnam.com\/index.php\/san-pham\/airtec-mc-07-510-hn-2\/#primaryimage\"},\"image\":{\"@id\":\"https:\/\/omanivietnam.com\/index.php\/san-pham\/airtec-mc-07-510-hn-2\/#primaryimage\"},\"thumbnailUrl\":\"https:\/\/omanivietnam.com\/wp-content\/uploads\/2025\/08\/MC-07-510-HN.png\",\"datePublished\":\"2025-08-19T14:22:17+00:00\",\"dateModified\":\"2025-08-19T14:33:29+00:00\",\"description\":\"AIRTEC MC-07-510-HN Solenoid Valve\",\"breadcrumb\":{\"@id\":\"https:\/\/omanivietnam.com\/index.php\/san-pham\/airtec-mc-07-510-hn-2\/#breadcrumb\"},\"inLanguage\":\"vi\",\"potentialAction\":[{\"@type\":\"ReadAction\",\"target\":[\"https:\/\/omanivietnam.com\/index.php\/san-pham\/airtec-mc-07-510-hn-2\/\"]}]},{\"@type\":\"ImageObject\",\"inLanguage\":\"vi\",\"@id\":\"https:\/\/omanivietnam.com\/index.php\/san-pham\/airtec-mc-07-510-hn-2\/#primaryimage\",\"url\":\"https:\/\/omanivietnam.com\/wp-content\/uploads\/2025\/08\/MC-07-510-HN.png\",\"contentUrl\":\"https:\/\/omanivietnam.com\/wp-content\/uploads\/2025\/08\/MC-07-510-HN.png\",\"width\":387,\"height\":595},{\"@type\":\"BreadcrumbList\",\"@id\":\"https:\/\/omanivietnam.com\/index.php\/san-pham\/airtec-mc-07-510-hn-2\/#breadcrumb\",\"itemListElement\":[{\"@type\":\"ListItem\",\"position\":1,\"name\":\"Home\",\"item\":\"https:\/\/omanivietnam.com\/\"},{\"@type\":\"ListItem\",\"position\":2,\"name\":\"S\u1ea2N PH\u1ea8M\",\"item\":\"https:\/\/omanivietnam.com\/index.php\/cua-hang\/\"},{\"@type\":\"ListItem\",\"position\":3,\"name\":\"AIRTEC MC-07-510-HN\"}]},{\"@type\":\"WebSite\",\"@id\":\"https:\/\/omanivietnam.com\/#website\",\"url\":\"https:\/\/omanivietnam.com\/\",\"name\":\"OMANI VI\u1ec6T NAM\",\"description\":\"Nh\u00e0 ph\u00e2n ph\u1ed1i thi\u1ebft b\u1ecb kh\u00ed n\u00e9n v\u00e0 thi\u1ebft b\u1ecb t\u1ef1 \u0111\u1ed9ng h\u00f3a trong c\u00f4ng nghi\u1ec7p\",\"publisher\":{\"@id\":\"https:\/\/omanivietnam.com\/#\/schema\/person\/0ad398a980dc3fd696111c2c5c8fa897\"},\"potentialAction\":[{\"@type\":\"SearchAction\",\"target\":{\"@type\":\"EntryPoint\",\"urlTemplate\":\"https:\/\/omanivietnam.com\/?s={search_term_string}\"},\"query-input\":\"required name=search_term_string\"}],\"inLanguage\":\"vi\"},{\"@type\":[\"Person\",\"Organization\"],\"@id\":\"https:\/\/omanivietnam.com\/#\/schema\/person\/0ad398a980dc3fd696111c2c5c8fa897\",\"name\":\"Nguy\u1ec5n V\u0103n Kh\u00e1nh\",\"image\":{\"@type\":\"ImageObject\",\"inLanguage\":\"vi\",\"@id\":\"https:\/\/omanivietnam.com\/#\/schema\/person\/image\/\",\"url\":\"https:\/\/omanivietnam.com\/wp-content\/uploads\/2024\/06\/logo-1024x1024.png\",\"contentUrl\":\"https:\/\/omanivietnam.com\/wp-content\/uploads\/2024\/06\/logo-1024x1024.png\",\"width\":1024,\"height\":1024,\"caption\":\"Nguy\u1ec5n V\u0103n Kh\u00e1nh\"},\"logo\":{\"@id\":\"https:\/\/omanivietnam.com\/#\/schema\/person\/image\/\"},\"sameAs\":[\"https:\/\/omanivietnam.com\"]}]}<\/script>\n<!-- \/ Yoast SEO plugin. -->","yoast_head_json":{"title":"AIRTEC MC-07-510-HN - OMANI VI\u1ec6T NAM","description":"AIRTEC MC-07-510-HN Solenoid Valve","robots":{"index":"index","follow":"follow","max-snippet":"max-snippet:-1","max-image-preview":"max-image-preview:large","max-video-preview":"max-video-preview:-1"},"canonical":"https:\/\/omanivietnam.com\/index.php\/san-pham\/airtec-mc-07-510-hn-2\/","og_locale":"vi_VN","og_type":"article","og_title":"AIRTEC MC-07-510-HN - OMANI VI\u1ec6T NAM","og_description":"AIRTEC MC-07-510-HN Solenoid Valve","og_url":"https:\/\/omanivietnam.com\/index.php\/san-pham\/airtec-mc-07-510-hn-2\/","og_site_name":"OMANI VI\u1ec6T NAM","article_modified_time":"2025-08-19T14:33:29+00:00","og_image":[{"width":387,"height":595,"url":"https:\/\/omanivietnam.com\/wp-content\/uploads\/2025\/08\/MC-07-510-HN.png","type":"image\/png"}],"twitter_card":"summary_large_image","twitter_misc":{"\u01af\u1edbc t\u00ednh th\u1eddi gian \u0111\u1ecdc":"2 ph\u00fat"},"schema":{"@context":"https:\/\/schema.org","@graph":[{"@type":"WebPage","@id":"https:\/\/omanivietnam.com\/index.php\/san-pham\/airtec-mc-07-510-hn-2\/","url":"https:\/\/omanivietnam.com\/index.php\/san-pham\/airtec-mc-07-510-hn-2\/","name":"AIRTEC MC-07-510-HN - OMANI VI\u1ec6T NAM","isPartOf":{"@id":"https:\/\/omanivietnam.com\/#website"},"primaryImageOfPage":{"@id":"https:\/\/omanivietnam.com\/index.php\/san-pham\/airtec-mc-07-510-hn-2\/#primaryimage"},"image":{"@id":"https:\/\/omanivietnam.com\/index.php\/san-pham\/airtec-mc-07-510-hn-2\/#primaryimage"},"thumbnailUrl":"https:\/\/omanivietnam.com\/wp-content\/uploads\/2025\/08\/MC-07-510-HN.png","datePublished":"2025-08-19T14:22:17+00:00","dateModified":"2025-08-19T14:33:29+00:00","description":"AIRTEC MC-07-510-HN Solenoid Valve","breadcrumb":{"@id":"https:\/\/omanivietnam.com\/index.php\/san-pham\/airtec-mc-07-510-hn-2\/#breadcrumb"},"inLanguage":"vi","potentialAction":[{"@type":"ReadAction","target":["https:\/\/omanivietnam.com\/index.php\/san-pham\/airtec-mc-07-510-hn-2\/"]}]},{"@type":"ImageObject","inLanguage":"vi","@id":"https:\/\/omanivietnam.com\/index.php\/san-pham\/airtec-mc-07-510-hn-2\/#primaryimage","url":"https:\/\/omanivietnam.com\/wp-content\/uploads\/2025\/08\/MC-07-510-HN.png","contentUrl":"https:\/\/omanivietnam.com\/wp-content\/uploads\/2025\/08\/MC-07-510-HN.png","width":387,"height":595},{"@type":"BreadcrumbList","@id":"https:\/\/omanivietnam.com\/index.php\/san-pham\/airtec-mc-07-510-hn-2\/#breadcrumb","itemListElement":[{"@type":"ListItem","position":1,"name":"Home","item":"https:\/\/omanivietnam.com\/"},{"@type":"ListItem","position":2,"name":"S\u1ea2N PH\u1ea8M","item":"https:\/\/omanivietnam.com\/index.php\/cua-hang\/"},{"@type":"ListItem","position":3,"name":"AIRTEC MC-07-510-HN"}]},{"@type":"WebSite","@id":"https:\/\/omanivietnam.com\/#website","url":"https:\/\/omanivietnam.com\/","name":"OMANI VI\u1ec6T NAM","description":"Nh\u00e0 ph\u00e2n ph\u1ed1i thi\u1ebft b\u1ecb kh\u00ed n\u00e9n v\u00e0 thi\u1ebft b\u1ecb t\u1ef1 \u0111\u1ed9ng h\u00f3a trong c\u00f4ng nghi\u1ec7p","publisher":{"@id":"https:\/\/omanivietnam.com\/#\/schema\/person\/0ad398a980dc3fd696111c2c5c8fa897"},"potentialAction":[{"@type":"SearchAction","target":{"@type":"EntryPoint","urlTemplate":"https:\/\/omanivietnam.com\/?s={search_term_string}"},"query-input":"required name=search_term_string"}],"inLanguage":"vi"},{"@type":["Person","Organization"],"@id":"https:\/\/omanivietnam.com\/#\/schema\/person\/0ad398a980dc3fd696111c2c5c8fa897","name":"Nguy\u1ec5n V\u0103n Kh\u00e1nh","image":{"@type":"ImageObject","inLanguage":"vi","@id":"https:\/\/omanivietnam.com\/#\/schema\/person\/image\/","url":"https:\/\/omanivietnam.com\/wp-content\/uploads\/2024\/06\/logo-1024x1024.png","contentUrl":"https:\/\/omanivietnam.com\/wp-content\/uploads\/2024\/06\/logo-1024x1024.png","width":1024,"height":1024,"caption":"Nguy\u1ec5n V\u0103n Kh\u00e1nh"},"logo":{"@id":"https:\/\/omanivietnam.com\/#\/schema\/person\/image\/"},"sameAs":["https:\/\/omanivietnam.com"]}]}},"_links":{"self":[{"href":"https:\/\/omanivietnam.com\/index.php\/wp-json\/wp\/v2\/product\/4313","targetHints":{"allow":["GET"]}}],"collection":[{"href":"https:\/\/omanivietnam.com\/index.php\/wp-json\/wp\/v2\/product"}],"about":[{"href":"https:\/\/omanivietnam.com\/index.php\/wp-json\/wp\/v2\/types\/product"}],"replies":[{"embeddable":true,"href":"https:\/\/omanivietnam.com\/index.php\/wp-json\/wp\/v2\/comments?post=4313"}],"wp:featuredmedia":[{"embeddable":true,"href":"https:\/\/omanivietnam.com\/index.php\/wp-json\/wp\/v2\/media\/4314"}],"wp:attachment":[{"href":"https:\/\/omanivietnam.com\/index.php\/wp-json\/wp\/v2\/media?parent=4313"}],"wp:term":[{"taxonomy":"product_cat","embeddable":true,"href":"https:\/\/omanivietnam.com\/index.php\/wp-json\/wp\/v2\/product_cat?post=4313"},{"taxonomy":"product_tag","embeddable":true,"href":"https:\/\/omanivietnam.com\/index.php\/wp-json\/wp\/v2\/product_tag?post=4313"}],"curies":[{"name":"wp","href":"https:\/\/api.w.org\/{rel}","templated":true}]}}