{"id":4450,"date":"2025-10-07T21:25:03","date_gmt":"2025-10-07T14:25:03","guid":{"rendered":"https:\/\/omanivietnam.com\/?post_type=product&#038;p=4450"},"modified":"2025-10-07T21:25:03","modified_gmt":"2025-10-07T14:25:03","slug":"panasonic-nx5-prvm5a-2","status":"publish","type":"product","link":"https:\/\/omanivietnam.com\/index.php\/san-pham\/panasonic-nx5-prvm5a-2\/","title":{"rendered":"PANASONIC NX5-PRVM5A"},"content":{"rendered":"<p>PANASONIC NX5-PRVM5A<\/p>\n<p>C\u00e1c s\u1ea3n ph\u1ea9m th\u00f4ng d\u1ee5ng c\u00f9ng lo\u1ea1i:<br \/>\nC\u1ea3m bi\u1ebfn quang Panasonic NX5-D700A (UNX5D700A)<br \/>\nC\u1ea3m bi\u1ebfn quang Panasonic NX5-D700B (UNX5D700B)<br \/>\nC\u1ea3m bi\u1ebfn quang Panasonic NX5-M10RA (NX5-M10RAD, NX5-M10RP)<br \/>\nC\u1ea3m bi\u1ebfn quang Panasonic NX5-M10RB (NX5-M10RBD, NX5-M10RP)<br \/>\nC\u1ea3m bi\u1ebfn quang Panasonic NX5-PRVM5B (UNX5PRVM5B)<\/p>\n<table cellspacing=\"1\" cellpadding=\"0\">\n<tbody>\n<tr>\n<th>M\u1ee5c<\/th>\n<th>Th\u00f4ng s\u1ed1 k\u1ef9 thu\u1eadt<\/th>\n<\/tr>\n<tr>\n<td>S\u1ed1 s\u1ea3n ph\u1ea9m<\/td>\n<td>NX5-PRVM5A<\/td>\n<\/tr>\n<tr>\n<td>M\u00e3 s\u1ed1 s\u1ea3n ph\u1ea9m<\/td>\n<td>NX5-PRVM5A<\/td>\n<\/tr>\n<tr>\n<td>Tu\u00e2n th\u1ee7 quy \u0111\u1ecbnh<\/td>\n<td>\u30fbCh\u1ec9 th\u1ecb \u0111i\u1ec7n \u00e1p th\u1ea5p \uff1a EN IEC 60947-5-2<br \/>\n\u30fbCh\u1ec9 th\u1ecb EMC \uff1a EN IEC 60947-5-2<br \/>\n\u30fbCh\u1ec9 th\u1ecb RoHS<br \/>\n\u30fbGB\/T 14048.10<\/td>\n<\/tr>\n<tr>\n<td>Ph\u1ea1m vi c\u1ea3m bi\u1ebfn<\/td>\n<td>0,1 \u0111\u1ebfn 5 m 0,328 \u0111\u1ebfn 16,404 ft<br \/>\n(L\u01b0u \u00fd) Ph\u1ea1m vi c\u1ea3m bi\u1ebfn v\u00e0 \u0111\u1ed1i t\u01b0\u1ee3ng c\u1ea3m bi\u1ebfn c\u1ee7a c\u1ea3m bi\u1ebfn lo\u1ea1i ph\u1ea3n x\u1ea1 ng\u01b0\u1ee3c \u0111\u01b0\u1ee3c ch\u1ec9 \u0111\u1ecbnh cho b\u1ed9 ph\u1ea3n x\u1ea1 RF-230. Ngo\u00e0i ra, ph\u1ea1m vi c\u1ea3m bi\u1ebfn l\u00e0 ph\u1ea1m vi c\u00e0i \u0111\u1eb7t c\u00f3 th\u1ec3 c\u00f3 cho b\u1ed9 ph\u1ea3n x\u1ea1. C\u1ea3m bi\u1ebfn c\u00f3 th\u1ec3 ph\u00e1t hi\u1ec7n v\u1eadt th\u1ec3 c\u00e1ch xa d\u01b0\u1edbi 0,1 m 0,328 ft.<\/td>\n<\/tr>\n<tr>\n<td>C\u1ea3m bi\u1ebfn \u0111\u1ed1i t\u01b0\u1ee3ng<\/td>\n<td>dia. 50 mm dia. 1.969 in ho\u1eb7c h\u01a1n v\u1eadt th\u1ec3 m\u1edd \u0111\u1ee5c, trong m\u1edd ho\u1eb7c ph\u1ea3n chi\u1ebfu<br \/>\n(L\u01b0u \u00fd) Ph\u1ea1m vi c\u1ea3m bi\u1ebfn v\u00e0 v\u1eadt th\u1ec3 c\u1ea3m bi\u1ebfn c\u1ee7a c\u1ea3m bi\u1ebfn lo\u1ea1i ph\u1ea3n x\u1ea1 ng\u01b0\u1ee3c \u0111\u01b0\u1ee3c ch\u1ec9 \u0111\u1ecbnh cho b\u1ed9 ph\u1ea3n x\u1ea1 RF-230. Ngo\u00e0i ra, ph\u1ea1m vi c\u1ea3m bi\u1ebfn l\u00e0 ph\u1ea1m vi c\u00e0i \u0111\u1eb7t c\u00f3 th\u1ec3 c\u00f3 cho b\u1ed9 ph\u1ea3n x\u1ea1. C\u1ea3m bi\u1ebfn c\u00f3 th\u1ec3 ph\u00e1t hi\u1ec7n v\u1eadt th\u1ec3 c\u00e1ch xa d\u01b0\u1edbi 0,1 m 0,328 ft.<br \/>\n(L\u01b0u \u00fd) \u0110\u1ea3m b\u1ea3o x\u00e1c nh\u1eadn ph\u00e1t hi\u1ec7n b\u1eb1ng c\u1ea3m bi\u1ebfn th\u1ef1c t\u1ebf tr\u01b0\u1edbc khi s\u1eed d\u1ee5ng.<\/td>\n<\/tr>\n<tr>\n<td>\u0110\u1ed9 tr\u1ec5<\/td>\n<td>\u2013<\/td>\n<\/tr>\n<tr>\n<td>\u0110\u1ed9 l\u1eb7p l\u1ea1i (vu\u00f4ng g\u00f3c v\u1edbi tr\u1ee5c c\u1ea3m bi\u1ebfn)<\/td>\n<td>0,2 mm 0,008 in ho\u1eb7c \u00edt h\u01a1n<\/td>\n<\/tr>\n<tr>\n<td>Cung c\u1ea5p hi\u00ea\u0323u \u0111i\u00ea\u0323n th\u1ebf<\/td>\n<td>24 \u0111\u1ebfn 240 V AC +10-15 % ho\u1eb7c 12 \u0111\u1ebfn 240 V DC +10-15 % G\u1ee3n s\u00f3ng PP 10 % ho\u1eb7c \u00edt h\u01a1n<\/td>\n<\/tr>\n<tr>\n<td>S\u1ef1 ti\u00eau th\u1ee5 n\u0103ng l\u01b0\u1ee3ng<\/td>\n<td>2 VA ho\u1eb7c \u00edt h\u01a1n<\/td>\n<\/tr>\n<tr>\n<td>\u0110\u1ea7u ra<\/td>\n<td class=\"clamped\">Ti\u1ebfp \u0111i\u1ec3m r\u01a1le 1 c<br \/>\n\u2013 Kh\u1ea3 n\u0103ng chuy\u1ec3n m\u1ea1ch: 250 V AC 1 A (t\u1ea3i \u0111i\u1ec7n tr\u1edf), 30 V DC 2 A (t\u1ea3i \u0111i\u1ec7n tr\u1edf)<br \/>\n\u2013 Tu\u1ed5i th\u1ecd \u0111i\u1ec7n: 500.000 l\u1ea7n chuy\u1ec3n m\u1ea1ch tr\u1edf l\u00ean (t\u1ea7n s\u1ed1 chuy\u1ec3n m\u1ea1ch 3.600 l\u1ea7n\/gi\u1edd), 100.000 l\u1ea7n chuy\u1ec3n m\u1ea1ch tr\u1edf l\u00ean (t\u1ea7n s\u1ed1 chuy\u1ec3n m\u1ea1ch 3.600 l\u1ea7n\/gi\u1edd)<br \/>\n\u2013 Tu\u1ed5i th\u1ecd c\u01a1 h\u1ecdc: 100 tri\u1ec7u l\u1ea7n chuy\u1ec3n m\u1ea1ch tr\u1edf l\u00ean (t\u1ea7n s\u1ed1 chuy\u1ec3n m\u1ea1ch 36.000 l\u1ea7n\/gi\u1edd)<\/td>\n<\/tr>\n<tr>\n<td>\u0110\u1ea7u ra: Ho\u1ea1t \u0111\u1ed9ng \u0111\u1ea7u ra<\/td>\n<td>B\u1eadt \u0111\u00e8n l\u00ean<\/td>\n<\/tr>\n<tr>\n<td>Th\u1eddi gian \u0111\u00e1p \u1ee9ng<\/td>\n<td>10 ms ho\u1eb7c \u00edt h\u01a1n<\/td>\n<\/tr>\n<tr>\n<td>Ch\u1ec9 s\u1ed1 ho\u1ea1t \u0111\u1ed9ng<\/td>\n<td>\u0110\u00e8n LED m\u00e0u \u0111\u1ecf (s\u00e1ng l\u00ean khi \u0111\u1ea7u ra B\u1eacT)<\/td>\n<\/tr>\n<tr>\n<td>Ch\u1ec9 s\u1ed1 \u1ed5n \u0111\u1ecbnh<\/td>\n<td>\u0110\u00e8n LED m\u00e0u xanh l\u00e1 c\u00e2y (s\u00e1ng l\u00ean khi nh\u1eadn \u0111\u01b0\u1ee3c \u00e1nh s\u00e1ng \u1ed5n \u0111\u1ecbnh ho\u1eb7c trong \u0111i\u1ec1u ki\u1ec7n b\u00f3ng t\u1ed1i \u1ed5n \u0111\u1ecbnh)<\/td>\n<\/tr>\n<tr>\n<td>Ch\u1ec9 s\u1ed1 s\u1ee9c m\u1ea1nh<\/td>\n<td>\u2013<\/td>\n<\/tr>\n<tr>\n<td>B\u1ed9 \u0111i\u1ec1u ch\u1ec9nh \u0111\u1ed9 nh\u1ea1y<\/td>\n<td>B\u1ed9 \u0111i\u1ec1u ch\u1ec9nh bi\u1ebfn \u0111\u1ed5i li\u00ean t\u1ee5c<\/td>\n<\/tr>\n<tr>\n<td>Ch\u1ee9c n\u0103ng ng\u0103n ng\u1eeba nhi\u1ec5u t\u1ef1 \u0111\u1ed9ng<\/td>\n<td>\u0110\u01b0\u1ee3c t\u00edch h\u1ee3p (C\u00f3 th\u1ec3 l\u1eafp hai b\u1ed9 c\u1ea3m bi\u1ebfn g\u1ea7n nhau.)<\/td>\n<\/tr>\n<tr>\n<td>M\u1ee9c \u0111\u1ed9 \u00f4 nhi\u1ec5m<\/td>\n<td>3 (M\u00f4i tr\u01b0\u1eddng c\u00f4ng nghi\u1ec7p)<\/td>\n<\/tr>\n<tr>\n<td>S\u1ef1 b\u1ea3o v\u1ec7<\/td>\n<td>IP66 (IEC)<\/td>\n<\/tr>\n<tr>\n<td>Nhi\u1ec7t \u0111\u1ed9 m\u00f4i tr\u01b0\u1eddng<\/td>\n<td>\u201320 \u0111\u1ebfn +55 \u2103\u00a0\u20134 \u0111\u1ebfn +131 \u2109\u00a0(Kh\u00f4ng \u0111\u01b0\u1ee3c ng\u01b0ng t\u1ee5 s\u01b0\u01a1ng ho\u1eb7c \u0111\u00f3ng b\u0103ng) (L\u01b0u \u00fd),<br \/>\nB\u1ea3o qu\u1ea3n: \u201330 \u0111\u1ebfn +70 \u2103\u00a0\u201322 \u0111\u1ebfn +158 \u2109<br \/>\n(L\u01b0u \u00fd): Trong tr\u01b0\u1eddng h\u1ee3p c\u1ea3m bi\u1ebfn \u0111\u01b0\u1ee3c s\u1eed d\u1ee5ng \u1edf nhi\u1ec7t \u0111\u1ed9 m\u00f4i tr\u01b0\u1eddng \u201315 \u2103\u00a0+5 \u2109\u00a0ho\u1eb7c th\u1ea5p h\u01a1n, vui l\u00f2ng li\u00ean h\u1ec7 v\u1edbi v\u0103n ph\u00f2ng c\u1ee7a ch\u00fang t\u00f4i.<\/td>\n<\/tr>\n<tr>\n<td>\u0110\u1ed9 \u1ea9m m\u00f4i tr\u01b0\u1eddng xung quanh<\/td>\n<td>35 \u0111\u1ebfn 85% RH, L\u01b0u tr\u1eef: 35 \u0111\u1ebfn 85% RH<\/td>\n<\/tr>\n<tr>\n<td>\u0110\u1ed9 r\u1ecdi xung quanh<\/td>\n<td>\u0110\u00e8n s\u1ee3i \u0111\u1ed1t: 3.500 Lx ho\u1eb7c \u00edt h\u01a1n \u1edf m\u1eb7t ti\u1ebfp nh\u1eadn \u00e1nh s\u00e1ng<\/td>\n<\/tr>\n<tr>\n<td>Kh\u1ea3 n\u0103ng ch\u1ecbu \u0111i\u1ec7n \u00e1p<\/td>\n<td>1.500 V AC trong m\u1ed9t ph\u00fat gi\u1eefa t\u1ea5t c\u1ea3 c\u00e1c \u0111\u1ea7u cu\u1ed1i ngu\u1ed3n \u0111\u01b0\u1ee3c k\u1ebft n\u1ed1i v\u1edbi nhau v\u00e0 v\u1ecf b\u1ecdc,<br \/>\n1.500 V AC trong m\u1ed9t ph\u00fat gi\u1eefa c\u00e1c \u0111\u1ea7u cu\u1ed1i ngu\u1ed3n v\u00e0 \u0111\u1ea7u ra,<br \/>\n1.000 V AC trong m\u1ed9t ph\u00fat gi\u1eefa c\u00e1c \u0111\u1ea7u cu\u1ed1i ti\u1ebfp \u0111i\u1ec3m r\u01a1le<\/td>\n<\/tr>\n<tr>\n<td>V\u1eadt li\u1ec7u ch\u1ed1ng \u0111i\u1ec7n<\/td>\n<td>20 MOhm ho\u1eb7c h\u01a1n, v\u1edbi megger 500 V DC gi\u1eefa ngu\u1ed3n \u0111i\u1ec7n v\u00e0 c\u00e1c \u0111\u1ea7u ra, v\u00e0 gi\u1eefa c\u00e1c \u0111\u1ea7u ti\u1ebfp \u0111i\u1ec3m r\u01a1le<\/td>\n<\/tr>\n<tr>\n<td>Kh\u1ea3 n\u0103ng ch\u1ed1ng rung<\/td>\n<td>T\u1ea7n s\u1ed1 10 \u0111\u1ebfn 55 Hz, 1,5 mm\u00a00,059 \u1edf\u00a0bi\u00ean \u0111\u1ed9 k\u00e9p theo c\u00e1c h\u01b0\u1edbng X, Y v\u00e0 Z, m\u1ed7i h\u01b0\u1edbng hai gi\u1edd<\/td>\n<\/tr>\n<tr>\n<td>Ch\u1ed1ng s\u1ed1c<\/td>\n<td>500 m\/s\u00a0<sup>2<\/sup>\u00a0(kho\u1ea3ng 50 G) theo c\u00e1c h\u01b0\u1edbng X, Y v\u00e0 Z ba l\u1ea7n m\u1ed7i h\u01b0\u1edbng<\/td>\n<\/tr>\n<tr>\n<td>Nguy\u00ean t\u1ed1 ph\u00e1t ra<\/td>\n<td>\u0110\u00e8n LED \u0111\u1ecf (\u0111i\u1ec1u ch\u1ebf)<\/td>\n<\/tr>\n<tr>\n<td>Ph\u1ea7n t\u1eed ph\u00e1t x\u1ea1: B\u01b0\u1edbc s\u00f3ng ph\u00e1t x\u1ea1 \u0111\u1ec9nh<\/td>\n<td>660 nm 0,026 tri\u1ec7u<\/td>\n<\/tr>\n<tr>\n<td>V\u1eadt li\u1ec7u<\/td>\n<td>V\u1ecf: Polycarbonate<br \/>\n\u1ed0ng k\u00ednh: Polycarbonate<br \/>\nN\u1eafp: Polycarbonate<br \/>\nN\u1eafp tr\u01b0\u1edbc: Acrylic<\/td>\n<\/tr>\n<tr>\n<td>C\u00e1p<\/td>\n<td>C\u00e1p cabtyre 5 l\u00f5i 0,3 mm2, d\u00e0i 2 m 6,562 ft<\/td>\n<\/tr>\n<tr>\n<td>M\u1edf r\u1ed9ng c\u00e1p<\/td>\n<td>C\u00f3 th\u1ec3 k\u00e9o d\u00e0i t\u1ed1i \u0111a 100 m 328.084 ft v\u1edbi c\u00e1p 0,3 mm2 tr\u1edf l\u00ean<\/td>\n<\/tr>\n<tr>\n<td>C\u00e2n n\u1eb7ng<\/td>\n<td>Kho\u1ea3ng 140 g<\/td>\n<\/tr>\n<tr>\n<td>Ph\u1ee5 ki\u1ec7n<\/td>\n<td>RF-230 (Ph\u1ea3n x\u1ea1): 1 c\u00e1i<br \/>\nTua v\u00edt \u0111i\u1ec1u ch\u1ec9nh: 1 c\u00e1i<\/td>\n<\/tr>\n<\/tbody>\n<\/table>\n<div>\n<div><\/div>\n<\/div>\n","protected":false},"excerpt":{"rendered":"<p>PANASONIC NX5-PRVM5A C\u00e1c s\u1ea3n ph\u1ea9m th\u00f4ng d\u1ee5ng c\u00f9ng lo\u1ea1i: C\u1ea3m bi\u1ebfn quang Panasonic NX5-D700A (UNX5D700A) C\u1ea3m bi\u1ebfn quang Panasonic NX5-D700B (UNX5D700B) C\u1ea3m bi\u1ebfn quang Panasonic NX5-M10RA (NX5-M10RAD, NX5-M10RP) C\u1ea3m bi\u1ebfn quang Panasonic NX5-M10RB (NX5-M10RBD, NX5-M10RP) C\u1ea3m bi\u1ebfn quang Panasonic NX5-PRVM5B (UNX5PRVM5B) M\u1ee5c Th\u00f4ng s\u1ed1 k\u1ef9 thu\u1eadt S\u1ed1 s\u1ea3n ph\u1ea9m NX5-PRVM5A&hellip; <\/p>\n","protected":false},"featured_media":4451,"comment_status":"open","ping_status":"closed","template":"","meta":[],"product_cat":[298],"product_tag":[88,86,87],"class_list":{"0":"post-4450","1":"product","2":"type-product","3":"status-publish","4":"has-post-thumbnail","6":"product_cat-panasonic","7":"product_tag-cam-bien","8":"product_tag-dai-ly-panasonic-viet-nam","9":"product_tag-panasonic-viet-nam","11":"first","12":"instock","13":"shipping-taxable","14":"product-type-simple"},"yoast_head":"<!-- This site is optimized with the Yoast SEO plugin v22.8 - https:\/\/yoast.com\/wordpress\/plugins\/seo\/ -->\n<title>PANASONIC NX5-PRVM5A - OMANI VI\u1ec6T NAM<\/title>\n<meta name=\"description\" content=\"PANASONIC NX5-PRVM5A Sensor\" \/>\n<meta name=\"robots\" content=\"index, follow, max-snippet:-1, max-image-preview:large, max-video-preview:-1\" \/>\n<link rel=\"canonical\" href=\"https:\/\/omanivietnam.com\/index.php\/san-pham\/panasonic-nx5-prvm5a-2\/\" \/>\n<meta property=\"og:locale\" content=\"vi_VN\" \/>\n<meta property=\"og:type\" content=\"article\" \/>\n<meta property=\"og:title\" content=\"PANASONIC NX5-PRVM5A - OMANI VI\u1ec6T NAM\" \/>\n<meta property=\"og:description\" content=\"PANASONIC NX5-PRVM5A Sensor\" \/>\n<meta property=\"og:url\" content=\"https:\/\/omanivietnam.com\/index.php\/san-pham\/panasonic-nx5-prvm5a-2\/\" \/>\n<meta property=\"og:site_name\" content=\"OMANI VI\u1ec6T NAM\" \/>\n<meta property=\"og:image\" content=\"https:\/\/omanivietnam.com\/wp-content\/uploads\/2025\/10\/NX5-PRVM5A.png\" \/>\n\t<meta property=\"og:image:width\" content=\"563\" \/>\n\t<meta property=\"og:image:height\" content=\"560\" \/>\n\t<meta property=\"og:image:type\" content=\"image\/png\" \/>\n<meta name=\"twitter:card\" content=\"summary_large_image\" \/>\n<meta name=\"twitter:label1\" content=\"\u01af\u1edbc t\u00ednh th\u1eddi gian \u0111\u1ecdc\" \/>\n\t<meta name=\"twitter:data1\" content=\"5 ph\u00fat\" \/>\n<script type=\"application\/ld+json\" class=\"yoast-schema-graph\">{\"@context\":\"https:\/\/schema.org\",\"@graph\":[{\"@type\":\"WebPage\",\"@id\":\"https:\/\/omanivietnam.com\/index.php\/san-pham\/panasonic-nx5-prvm5a-2\/\",\"url\":\"https:\/\/omanivietnam.com\/index.php\/san-pham\/panasonic-nx5-prvm5a-2\/\",\"name\":\"PANASONIC NX5-PRVM5A - OMANI VI\u1ec6T NAM\",\"isPartOf\":{\"@id\":\"https:\/\/omanivietnam.com\/#website\"},\"primaryImageOfPage\":{\"@id\":\"https:\/\/omanivietnam.com\/index.php\/san-pham\/panasonic-nx5-prvm5a-2\/#primaryimage\"},\"image\":{\"@id\":\"https:\/\/omanivietnam.com\/index.php\/san-pham\/panasonic-nx5-prvm5a-2\/#primaryimage\"},\"thumbnailUrl\":\"https:\/\/omanivietnam.com\/wp-content\/uploads\/2025\/10\/NX5-PRVM5A.png\",\"datePublished\":\"2025-10-07T14:25:03+00:00\",\"dateModified\":\"2025-10-07T14:25:03+00:00\",\"description\":\"PANASONIC NX5-PRVM5A Sensor\",\"breadcrumb\":{\"@id\":\"https:\/\/omanivietnam.com\/index.php\/san-pham\/panasonic-nx5-prvm5a-2\/#breadcrumb\"},\"inLanguage\":\"vi\",\"potentialAction\":[{\"@type\":\"ReadAction\",\"target\":[\"https:\/\/omanivietnam.com\/index.php\/san-pham\/panasonic-nx5-prvm5a-2\/\"]}]},{\"@type\":\"ImageObject\",\"inLanguage\":\"vi\",\"@id\":\"https:\/\/omanivietnam.com\/index.php\/san-pham\/panasonic-nx5-prvm5a-2\/#primaryimage\",\"url\":\"https:\/\/omanivietnam.com\/wp-content\/uploads\/2025\/10\/NX5-PRVM5A.png\",\"contentUrl\":\"https:\/\/omanivietnam.com\/wp-content\/uploads\/2025\/10\/NX5-PRVM5A.png\",\"width\":563,\"height\":560},{\"@type\":\"BreadcrumbList\",\"@id\":\"https:\/\/omanivietnam.com\/index.php\/san-pham\/panasonic-nx5-prvm5a-2\/#breadcrumb\",\"itemListElement\":[{\"@type\":\"ListItem\",\"position\":1,\"name\":\"Home\",\"item\":\"https:\/\/omanivietnam.com\/\"},{\"@type\":\"ListItem\",\"position\":2,\"name\":\"S\u1ea2N PH\u1ea8M\",\"item\":\"https:\/\/omanivietnam.com\/index.php\/cua-hang\/\"},{\"@type\":\"ListItem\",\"position\":3,\"name\":\"PANASONIC NX5-PRVM5A\"}]},{\"@type\":\"WebSite\",\"@id\":\"https:\/\/omanivietnam.com\/#website\",\"url\":\"https:\/\/omanivietnam.com\/\",\"name\":\"OMANI VI\u1ec6T NAM\",\"description\":\"Nh\u00e0 ph\u00e2n ph\u1ed1i thi\u1ebft b\u1ecb kh\u00ed n\u00e9n v\u00e0 thi\u1ebft b\u1ecb t\u1ef1 \u0111\u1ed9ng h\u00f3a trong c\u00f4ng nghi\u1ec7p\",\"publisher\":{\"@id\":\"https:\/\/omanivietnam.com\/#\/schema\/person\/0ad398a980dc3fd696111c2c5c8fa897\"},\"potentialAction\":[{\"@type\":\"SearchAction\",\"target\":{\"@type\":\"EntryPoint\",\"urlTemplate\":\"https:\/\/omanivietnam.com\/?s={search_term_string}\"},\"query-input\":\"required name=search_term_string\"}],\"inLanguage\":\"vi\"},{\"@type\":[\"Person\",\"Organization\"],\"@id\":\"https:\/\/omanivietnam.com\/#\/schema\/person\/0ad398a980dc3fd696111c2c5c8fa897\",\"name\":\"Nguy\u1ec5n V\u0103n Kh\u00e1nh\",\"image\":{\"@type\":\"ImageObject\",\"inLanguage\":\"vi\",\"@id\":\"https:\/\/omanivietnam.com\/#\/schema\/person\/image\/\",\"url\":\"https:\/\/omanivietnam.com\/wp-content\/uploads\/2024\/06\/logo-1024x1024.png\",\"contentUrl\":\"https:\/\/omanivietnam.com\/wp-content\/uploads\/2024\/06\/logo-1024x1024.png\",\"width\":1024,\"height\":1024,\"caption\":\"Nguy\u1ec5n V\u0103n Kh\u00e1nh\"},\"logo\":{\"@id\":\"https:\/\/omanivietnam.com\/#\/schema\/person\/image\/\"},\"sameAs\":[\"https:\/\/omanivietnam.com\"]}]}<\/script>\n<!-- \/ Yoast SEO plugin. -->","yoast_head_json":{"title":"PANASONIC NX5-PRVM5A - OMANI VI\u1ec6T NAM","description":"PANASONIC NX5-PRVM5A Sensor","robots":{"index":"index","follow":"follow","max-snippet":"max-snippet:-1","max-image-preview":"max-image-preview:large","max-video-preview":"max-video-preview:-1"},"canonical":"https:\/\/omanivietnam.com\/index.php\/san-pham\/panasonic-nx5-prvm5a-2\/","og_locale":"vi_VN","og_type":"article","og_title":"PANASONIC NX5-PRVM5A - OMANI VI\u1ec6T NAM","og_description":"PANASONIC NX5-PRVM5A Sensor","og_url":"https:\/\/omanivietnam.com\/index.php\/san-pham\/panasonic-nx5-prvm5a-2\/","og_site_name":"OMANI VI\u1ec6T NAM","og_image":[{"width":563,"height":560,"url":"https:\/\/omanivietnam.com\/wp-content\/uploads\/2025\/10\/NX5-PRVM5A.png","type":"image\/png"}],"twitter_card":"summary_large_image","twitter_misc":{"\u01af\u1edbc t\u00ednh th\u1eddi gian \u0111\u1ecdc":"5 ph\u00fat"},"schema":{"@context":"https:\/\/schema.org","@graph":[{"@type":"WebPage","@id":"https:\/\/omanivietnam.com\/index.php\/san-pham\/panasonic-nx5-prvm5a-2\/","url":"https:\/\/omanivietnam.com\/index.php\/san-pham\/panasonic-nx5-prvm5a-2\/","name":"PANASONIC NX5-PRVM5A - OMANI VI\u1ec6T NAM","isPartOf":{"@id":"https:\/\/omanivietnam.com\/#website"},"primaryImageOfPage":{"@id":"https:\/\/omanivietnam.com\/index.php\/san-pham\/panasonic-nx5-prvm5a-2\/#primaryimage"},"image":{"@id":"https:\/\/omanivietnam.com\/index.php\/san-pham\/panasonic-nx5-prvm5a-2\/#primaryimage"},"thumbnailUrl":"https:\/\/omanivietnam.com\/wp-content\/uploads\/2025\/10\/NX5-PRVM5A.png","datePublished":"2025-10-07T14:25:03+00:00","dateModified":"2025-10-07T14:25:03+00:00","description":"PANASONIC NX5-PRVM5A Sensor","breadcrumb":{"@id":"https:\/\/omanivietnam.com\/index.php\/san-pham\/panasonic-nx5-prvm5a-2\/#breadcrumb"},"inLanguage":"vi","potentialAction":[{"@type":"ReadAction","target":["https:\/\/omanivietnam.com\/index.php\/san-pham\/panasonic-nx5-prvm5a-2\/"]}]},{"@type":"ImageObject","inLanguage":"vi","@id":"https:\/\/omanivietnam.com\/index.php\/san-pham\/panasonic-nx5-prvm5a-2\/#primaryimage","url":"https:\/\/omanivietnam.com\/wp-content\/uploads\/2025\/10\/NX5-PRVM5A.png","contentUrl":"https:\/\/omanivietnam.com\/wp-content\/uploads\/2025\/10\/NX5-PRVM5A.png","width":563,"height":560},{"@type":"BreadcrumbList","@id":"https:\/\/omanivietnam.com\/index.php\/san-pham\/panasonic-nx5-prvm5a-2\/#breadcrumb","itemListElement":[{"@type":"ListItem","position":1,"name":"Home","item":"https:\/\/omanivietnam.com\/"},{"@type":"ListItem","position":2,"name":"S\u1ea2N PH\u1ea8M","item":"https:\/\/omanivietnam.com\/index.php\/cua-hang\/"},{"@type":"ListItem","position":3,"name":"PANASONIC NX5-PRVM5A"}]},{"@type":"WebSite","@id":"https:\/\/omanivietnam.com\/#website","url":"https:\/\/omanivietnam.com\/","name":"OMANI VI\u1ec6T NAM","description":"Nh\u00e0 ph\u00e2n ph\u1ed1i thi\u1ebft b\u1ecb kh\u00ed n\u00e9n v\u00e0 thi\u1ebft b\u1ecb t\u1ef1 \u0111\u1ed9ng h\u00f3a trong c\u00f4ng nghi\u1ec7p","publisher":{"@id":"https:\/\/omanivietnam.com\/#\/schema\/person\/0ad398a980dc3fd696111c2c5c8fa897"},"potentialAction":[{"@type":"SearchAction","target":{"@type":"EntryPoint","urlTemplate":"https:\/\/omanivietnam.com\/?s={search_term_string}"},"query-input":"required name=search_term_string"}],"inLanguage":"vi"},{"@type":["Person","Organization"],"@id":"https:\/\/omanivietnam.com\/#\/schema\/person\/0ad398a980dc3fd696111c2c5c8fa897","name":"Nguy\u1ec5n V\u0103n Kh\u00e1nh","image":{"@type":"ImageObject","inLanguage":"vi","@id":"https:\/\/omanivietnam.com\/#\/schema\/person\/image\/","url":"https:\/\/omanivietnam.com\/wp-content\/uploads\/2024\/06\/logo-1024x1024.png","contentUrl":"https:\/\/omanivietnam.com\/wp-content\/uploads\/2024\/06\/logo-1024x1024.png","width":1024,"height":1024,"caption":"Nguy\u1ec5n V\u0103n Kh\u00e1nh"},"logo":{"@id":"https:\/\/omanivietnam.com\/#\/schema\/person\/image\/"},"sameAs":["https:\/\/omanivietnam.com"]}]}},"_links":{"self":[{"href":"https:\/\/omanivietnam.com\/index.php\/wp-json\/wp\/v2\/product\/4450","targetHints":{"allow":["GET"]}}],"collection":[{"href":"https:\/\/omanivietnam.com\/index.php\/wp-json\/wp\/v2\/product"}],"about":[{"href":"https:\/\/omanivietnam.com\/index.php\/wp-json\/wp\/v2\/types\/product"}],"replies":[{"embeddable":true,"href":"https:\/\/omanivietnam.com\/index.php\/wp-json\/wp\/v2\/comments?post=4450"}],"wp:featuredmedia":[{"embeddable":true,"href":"https:\/\/omanivietnam.com\/index.php\/wp-json\/wp\/v2\/media\/4451"}],"wp:attachment":[{"href":"https:\/\/omanivietnam.com\/index.php\/wp-json\/wp\/v2\/media?parent=4450"}],"wp:term":[{"taxonomy":"product_cat","embeddable":true,"href":"https:\/\/omanivietnam.com\/index.php\/wp-json\/wp\/v2\/product_cat?post=4450"},{"taxonomy":"product_tag","embeddable":true,"href":"https:\/\/omanivietnam.com\/index.php\/wp-json\/wp\/v2\/product_tag?post=4450"}],"curies":[{"name":"wp","href":"https:\/\/api.w.org\/{rel}","templated":true}]}}