{"id":4454,"date":"2025-10-09T20:58:02","date_gmt":"2025-10-09T13:58:02","guid":{"rendered":"https:\/\/omanivietnam.com\/?post_type=product&#038;p=4454"},"modified":"2025-10-09T20:58:02","modified_gmt":"2025-10-09T13:58:02","slug":"festo-dfm-80-25-p-a-gf","status":"publish","type":"product","link":"https:\/\/omanivietnam.com\/index.php\/san-pham\/festo-dfm-80-25-p-a-gf\/","title":{"rendered":"FESTO DFM-80-25-P-A-GF"},"content":{"rendered":"<p>FESTO DFM-80-25-P-A-GF<\/p>\n<h2><strong>Xy lanh DFM-80-25-P-A-GF<\/strong><\/h2>\n<p>Xy lanh d\u1eabn h\u01b0\u1edbng DFM-80-25-P-A-GF c\u00f3 \u0111\u1ed9 ch\u00ednh x\u00e1c cao v\u00e0 kh\u1ea3 n\u0103ng ch\u1ecbu l\u1ef1c t\u1ed1t, mang l\u1ea1i hi\u1ec7u su\u1ea5t t\u1ed1i \u01b0u trong c\u00e1c c\u00f4ng vi\u1ec7c truy\u1ec1n \u0111\u1ed9ng v\u00e0 d\u1eabn h\u01b0\u1edbng, thi\u1ebft k\u1ebf nh\u1ecf g\u1ecdn v\u1edbi \u0111\u01b0\u1eddng k\u00ednh p\u00edt-t\u00f4ng 80mm v\u00e0 h\u00e0nh tr\u00ecnh 25mm.<\/p>\n<h2><strong>\u0110\u1eb7c \u0111i\u1ec3m n\u1ed5i b\u1eadt<\/strong><\/h2>\n<ul>\n<li>K\u00edch th\u01b0\u1edbc nh\u1ecf gi\u00fap ti\u1ebft ki\u1ec7m kh\u00f4ng gian m\u00e0 v\u1eabn duy tr\u00ec \u0111\u01b0\u1ee3c hi\u1ec7u su\u1ea5t cao.<\/li>\n<li>Ho\u1ea1t \u0111\u1ed9ng trong d\u1ea3i \u00e1p su\u1ea5t t\u1eeb 0.05 MPa \u0111\u1ebfn 1 MPa, v\u1edbi t\u1ed1c \u0111\u1ed9 di chuy\u1ec3n \u0111\u1ea1t 1.3 m\/s, th\u00edch h\u1ee3p cho c\u00e1c \u1ee9ng d\u1ee5ng c\u1ea7n di chuy\u1ec3n nhanh v\u00e0 \u1ed5n \u0111\u1ecbnh.<\/li>\n<li>\u0110\u01b0\u1ee3c ch\u1ebf t\u1ea1o t\u1eeb c\u00e1c v\u1eadt li\u1ec7u th\u00e9p kh\u00f4ng g\u1ec9 v\u00e0 h\u1ee3p kim cao c\u1ea5p, \u0111\u1ea3m b\u1ea3o \u0111\u1ed9 b\u1ec1n v\u00e0 kh\u1ea3 n\u0103ng ch\u1ed1ng \u0103n m\u00f2n.<\/li>\n<li>Thi\u1ebft k\u1ebf c\u1ee7a xy lanh gi\u00fap d\u1ec5 d\u00e0ng t\u00edch h\u1ee3p v\u00e0o c\u00e1c h\u1ec7 th\u1ed1ng t\u1ef1 \u0111\u1ed9ng h\u00f3a ho\u1eb7c m\u00e1y m\u00f3c m\u00e0 kh\u00f4ng g\u1eb7p ph\u1ea3i kh\u00f3 kh\u0103n trong qu\u00e1 tr\u00ecnh l\u1eafp \u0111\u1eb7t v\u00e0 b\u1ea3o d\u01b0\u1ee1ng.<\/li>\n<li>L\u1ef1c n\u00e9n t\u1ed1i \u0111a l\u00ean t\u1edbi 17 N, gi\u00fap \u0111\u1ea9y v\u00e0 n\u00e2ng \u0111\u1ee1 v\u1eadt li\u1ec7u m\u1ed9t c\u00e1ch d\u1ec5 d\u00e0ng v\u00e0 hi\u1ec7u qu\u1ea3.<\/li>\n<\/ul>\n<h2><strong>Th\u00f4ng s\u1ed1 k\u1ef9 thu\u1eadt c\u1ee7a Xy lanh d\u1eabn h\u01b0\u1edbng DFM-80-25-P-A-GF<\/strong><\/h2>\n<ul>\n<li>Model: DFM-80-25-P-A-GF<\/li>\n<li>\u0110\u01b0\u1eddng k\u00ednh p\u00edt-t\u00f4ng: 80mm<\/li>\n<li>H\u00e0nh tr\u00ecnh: 25mm<\/li>\n<li>\u00c1p su\u1ea5t v\u1eadn h\u00e0nh: 0.05MPa \u0111\u1ebfn 1MPa (0.5bar \u0111\u1ebfn 10bar)<\/li>\n<li>Nguy\u00ean t\u1eafc v\u1eadn h\u00e0nh: T\u00e1c \u0111\u1ed9ng k\u00e9p<\/li>\n<li>C\u1ed5ng n\u1ed1i kh\u00ed n\u00e9n: G3\/8<\/li>\n<li>M\u00f4i ch\u1ea5t v\u1eadn h\u00e0nh: Kh\u00ed n\u00e9n theo ISO 8573-1:2010<\/li>\n<li>Nhi\u1ec7t \u0111\u1ed9 m\u00f4i tr\u01b0\u1eddng v\u00e0 ch\u1ea5t l\u1ecfng: -20\u00b0C \u0111\u1ebfn 80\u00b0C<\/li>\n<\/ul>\n<h2><strong>\u1ee8ng d\u1ee5ng c\u1ee7a Xy lanh\u00a0 DFM<\/strong><\/h2>\n<p>\u1ee8ng d\u1ee5ng r\u1ed9ng r\u00e3i trong c\u00e1c h\u1ec7 th\u1ed1ng t\u1ef1 \u0111\u1ed9ng h\u00f3a, \u0111\u1eb7c bi\u1ec7t l\u00e0 trong c\u00e1c d\u00e2y chuy\u1ec1n s\u1ea3n xu\u1ea5t pin Li-ion, l\u1eafp r\u00e1p thi\u1ebft b\u1ecb \u0111i\u1ec7n t\u1eed,\u2026<\/p>\n<p>Ph\u00f9 h\u1ee3p v\u1edbi c\u00e1c \u1ee9ng d\u1ee5ng y\u00eau c\u1ea7u \u0111\u1ed9 ch\u00ednh x\u00e1c cao v\u00e0 kh\u1ea3 n\u0103ng ch\u1ecbu l\u1ef1c m\u1ea1nh nh\u01b0 trong ng\u00e0nh ch\u1ebf t\u1ea1o m\u00e1y v\u00e0 l\u1eafp r\u00e1p t\u1ef1 \u0111\u1ed9ng,\u2026<\/p>\n<p>Xy lanh d\u1eabn h\u01b0\u1edbng DFM thi\u1ebft k\u1ebf nh\u1ecf g\u1ecdn, c\u00f3 \u0111\u1ed9 ch\u00ednh x\u00e1c cao v\u00e0 kh\u1ea3 n\u0103ng ch\u1ecbu l\u1ef1c t\u1ed1t.<\/p>\n<h2 data-start=\"2925\" data-end=\"2972\"><strong>L\u1ef1a ch\u1ecdn v\u00e0 l\u1eafp \u0111\u1eb7t Xy lanh\u00a0 DFM-80-25-P-A-GF<\/strong><\/h2>\n<p>X\u00e1c \u0111\u1ecbnh \u0111\u00fang h\u00e0nh tr\u00ecnh c\u1ea7n thi\u1ebft v\u00e0 ph\u1ea1m vi l\u00e0m vi\u1ec7c ph\u00f9 h\u1ee3p v\u1edbi kh\u00f4ng gian l\u1eafp \u0111\u1eb7t.<\/p>\n<p>\u0110\u1ea3m b\u1ea3o \u00e1p su\u1ea5t trong kho\u1ea3ng t\u1eeb 0.05 MPa \u0111\u1ebfn 1 MPa \u0111\u1ec3 xy lanh ho\u1ea1t \u0111\u1ed9ng hi\u1ec7u qu\u1ea3.<\/p>\n<p>Sau khi l\u1eafp \u0111\u1eb7t, ki\u1ec3m tra l\u1ea1i c\u00e1c m\u1ed1i n\u1ed1i \u0111\u1ec3 tr\u00e1nh r\u00f2 r\u1ec9 kh\u00ed ho\u1eb7c d\u1ea7u.<\/p>\n<p data-start=\"2277\" data-end=\"2444\">\u0110\u1ea3m b\u1ea3o xy lanh ho\u1ea1t \u0111\u1ed9ng l\u00e2u d\u00e0i v\u00e0 \u1ed5n \u0111\u1ecbnh, n\u00ean ti\u1ebfn h\u00e0nh b\u1ea3o tr\u00ec \u0111\u1ecbnh k\u1ef3.<\/p>\n<p data-start=\"2277\" data-end=\"2444\">Ki\u1ec3m tra c\u00e1c b\u1ed9 ph\u1eadn d\u1eabn h\u01b0\u1edbng, b\u00f4i tr\u01a1n v\u00e0 l\u00e0m s\u1ea1ch c\u00e1c ph\u1ea7n chuy\u1ec3n \u0111\u1ed9ng \u0111\u1ec3 tr\u00e1nh m\u00e0i m\u00f2n.<\/p>\n<p data-start=\"2277\" data-end=\"2444\">\n<table width=\"648\">\n<tbody>\n<tr>\n<td width=\"216\">\u00a0170824 DFM-12-10-P-A-GF<\/td>\n<td width=\"216\">\u00a0170832 DFM-16-10-P-A-GF<\/td>\n<td width=\"216\">\u00a0170840 DFM-20-20-P-A-GF<\/td>\n<\/tr>\n<tr>\n<td width=\"216\">\u00a0170825 DFM-12-20-P-A-GF<\/td>\n<td width=\"216\">\u00a0170833 DFM-16-20-P-A-GF<\/td>\n<td width=\"216\">\u00a0170841 DFM-20-25-P-A-GF<\/td>\n<\/tr>\n<tr>\n<td width=\"216\">\u00a0170826 DFM-12-25-P-A-GF<\/td>\n<td width=\"216\">\u00a0170834 DFM-16-25-P-A-GF<\/td>\n<td width=\"216\">\u00a0170842 DFM-20-30-P-A-GF<\/td>\n<\/tr>\n<tr>\n<td width=\"216\">\u00a0170827 DFM-12-30-P-A-GF<\/td>\n<td width=\"216\">\u00a0170835 DFM-16-30-P-A-GF<\/td>\n<td width=\"216\">\u00a0170843 DFM-20-40-P-A-GF<\/td>\n<\/tr>\n<tr>\n<td width=\"216\">\u00a0170828 DFM-12-40-P-A-GF<\/td>\n<td width=\"216\">\u00a0170836 DFM-16-40-P-A-GF<\/td>\n<td width=\"216\">\u00a0170844 DFM-20-50-P-A-GF<\/td>\n<\/tr>\n<tr>\n<td width=\"216\">\u00a0170829 DFM-12-50-P-A-GF<\/td>\n<td width=\"216\">\u00a0170837 DFM-16-50-P-A-GF<\/td>\n<td width=\"216\">\u00a0170845 DFM-20-80-P-A-GF<\/td>\n<\/tr>\n<tr>\n<td width=\"216\">\u00a0170830 DFM-12-80-P-A-GF<\/td>\n<td width=\"216\">\u00a0170838 DFM-16-80-P-A-GF<\/td>\n<td width=\"216\">\u00a0170846 DFM-20-100-P-A-GF<\/td>\n<\/tr>\n<tr>\n<td width=\"216\">\u00a0170831 DFM-12-100-P-A-GF<\/td>\n<td width=\"216\">\u00a0170839 DFM-16-100-P-A-GF<\/td>\n<td width=\"216\">\u00a0170864 DFM-40-25-P-A-GF<\/td>\n<\/tr>\n<tr>\n<td width=\"216\">\u00a0170847 DFM-25-20-P-A-GF<\/td>\n<td width=\"216\">\u00a0170854 DFM-32-20-P-A-GF<\/td>\n<td width=\"216\">\u00a0170865 DFM-40-50-P-A-GF<\/td>\n<\/tr>\n<tr>\n<td width=\"216\">\u00a0170848 DFM-25-25P-A-GF<\/td>\n<td width=\"216\">\u00a0170855 DFM-32-25-P-A-GF<\/td>\n<td width=\"216\">\u00a0170866 DFM-40-80-P-A-GF<\/td>\n<\/tr>\n<tr>\n<td width=\"216\">\u00a0170849 DFM-25-30-P-A-GF<\/td>\n<td width=\"216\">\u00a0170856 DFM-32-30-P-A-GF<\/td>\n<td width=\"216\">\u00a0170867 DFM-40-100-P-A-GF<\/td>\n<\/tr>\n<tr>\n<td width=\"216\">\u00a0170850 DFM-25-40-P-A-GF<\/td>\n<td width=\"216\">\u00a0170857 DFM-32-40-P-A-GF<\/td>\n<td width=\"216\">\u00a0170868 DFM-40-125-P-A-GF<\/td>\n<\/tr>\n<tr>\n<td width=\"216\">\u00a0170851 DFM-25-50-P-A-GF<\/td>\n<td width=\"216\">\u00a0170858 DFM-32-50-P-A-GF<\/td>\n<td width=\"216\">\u00a0170869 DFM-40-160-P-A-GF<\/td>\n<\/tr>\n<tr>\n<td width=\"216\">\u00a0170852 DFM-25-80-P-A-GF<\/td>\n<td width=\"216\">\u00a0170859 DFM-32-80-P-A-GF<\/td>\n<td width=\"216\">\u00a0170870 DFM-40-200-P-A-GF<\/td>\n<\/tr>\n<tr>\n<td width=\"216\">\u00a0170853 DFM-25-100-P-A-GF<\/td>\n<td width=\"216\">\u00a0170860 DFM-32-100-P-A-GF<\/td>\n<td width=\"216\">\u00a0170915 DFM-20-20-P-A-KF<\/td>\n<\/tr>\n<tr>\n<td width=\"216\">\u00a0170871 DFM-50-25-P-A-GF<\/td>\n<td width=\"216\">\u00a0170861 DFM-32-125-P-A-GF<\/td>\n<td width=\"216\">\u00a0170916 DFM-20-25-P-A-KF<\/td>\n<\/tr>\n<tr>\n<td width=\"216\">\u00a0170872 DFM-50-50-P-A-GF<\/td>\n<td width=\"216\">\u00a0170862 DFM-32-160-P-A-GF<\/td>\n<td width=\"216\">\u00a0170917 DFM-20-30-P-A-KF<\/td>\n<\/tr>\n<tr>\n<td width=\"216\">\u00a0170873 DFM-50-80-P-A-GF<\/td>\n<td width=\"216\">\u00a0170863 DFM-32-200-P-A-GF<\/td>\n<td width=\"216\">\u00a0170918 DFM-20-40-P-A-KF<\/td>\n<\/tr>\n<tr>\n<td width=\"216\">\u00a0170874 DFM-50-100-P-A-GF<\/td>\n<td width=\"216\">\u00a0170878 DFM-63-25-P-A-GF<\/td>\n<td width=\"216\">\u00a0170919 DFM-20-50-P-A-KF<\/td>\n<\/tr>\n<tr>\n<td width=\"216\">\u00a0170875 DFM-50-125-P-A-GF<\/td>\n<td width=\"216\">\u00a0170879 DFM-63-50-P-A-GF<\/td>\n<td width=\"216\">\u00a0170920 DFM-20-80-P-A-KF<\/td>\n<\/tr>\n<tr>\n<td width=\"216\">\u00a0170876 DFM-50-160-P-A-GF<\/td>\n<td width=\"216\">\u00a0170880 DFM-63-80-P-A-GF<\/td>\n<td width=\"216\">\u00a0170921 DFM-20-100-P-A-KF<\/td>\n<\/tr>\n<tr>\n<td width=\"216\">\u00a0170877 DFM-50-200-P-A-GF<\/td>\n<td width=\"216\">\u00a0170881 DFM-63-100-P-A-GF<\/td>\n<td width=\"216\">\u00a0170939 DFM-40-25-P-A-KF<\/td>\n<\/tr>\n<tr>\n<td width=\"216\">4149944 DFM-6-5-P-A-GF<\/td>\n<td width=\"216\">\u00a0170882 DFM-63-125-P-A-GF<\/td>\n<td width=\"216\">\u00a0170940 DFM-40-50-P-A-KF<\/td>\n<\/tr>\n<tr>\n<td width=\"216\">4149945 DFM-6-10-P-A-GF<\/td>\n<td width=\"216\">\u00a0170883 DFM-63-160-P-A-GF<\/td>\n<td width=\"216\">\u00a0170941 DFM-40-80-P-A-KF<\/td>\n<\/tr>\n<tr>\n<td width=\"216\">4149946 DFM-6-15-P-A-GF<\/td>\n<td width=\"216\">\u00a0170884 DFM-63-200-P-A-GF<\/td>\n<td width=\"216\">\u00a0170942 DFM-40-100-P-A-KF<\/td>\n<\/tr>\n<tr>\n<td width=\"216\">4149947 DFM-6-20-P-A-GF<\/td>\n<td width=\"216\">4154768 DFM-10-5-P-A-GF<\/td>\n<td width=\"216\">\u00a0170943 DFM-40-125-P-A-KF<\/td>\n<\/tr>\n<tr>\n<td width=\"216\">170885 DFM-80-25-P-A-GF<\/td>\n<td width=\"216\">4154769 DFM-10-10-P-A-GF<\/td>\n<td width=\"216\">\u00a0170944 DFM-40-160-P-A-KF<\/td>\n<\/tr>\n<tr>\n<td width=\"216\">170886 DFM-80-50-P-A-GF<\/td>\n<td width=\"216\">4154770 DFM-10-15-P-A-GF<\/td>\n<td width=\"216\">\u00a0170945 DFM-40-200-P-A-KF<\/td>\n<\/tr>\n<tr>\n<td width=\"216\">170887 DFM-80-80-P-A-GF<\/td>\n<td width=\"216\">4154799 DFM-10-20-P-A-GF<\/td>\n<td width=\"216\">\u00a0170907 DFM-16-10-P-A-KF<\/td>\n<\/tr>\n<tr>\n<td width=\"216\">170888 DFM-80-100-P-A-GF<\/td>\n<td width=\"216\">170892 DFM-100-25-P-A-GF<\/td>\n<td width=\"216\">\u00a0170908 DFM-16-20-P-A-KF<\/td>\n<\/tr>\n<tr>\n<td width=\"216\">170889 DFM-80-125-P-A-GF<\/td>\n<td width=\"216\">170893 DFM-100-50-P-A-GF<\/td>\n<td width=\"216\">\u00a0170909 DFM-16-25-P-A-KF<\/td>\n<\/tr>\n<tr>\n<td width=\"216\">170890 DFM-80-160-P-A-GF<\/td>\n<td width=\"216\">170894 DFM-100-80-P-A-GF<\/td>\n<td width=\"216\">\u00a0170910 DFM-16-30-P-A-KF<\/td>\n<\/tr>\n<tr>\n<td width=\"216\">170891 DFM-80-200-P-A-GF<\/td>\n<td width=\"216\">170895 DFM-100-100-P-A-GF<\/td>\n<td width=\"216\">\u00a0170911 DFM-16-40-P-A-KF<\/td>\n<\/tr>\n<tr>\n<td width=\"216\">\u00a0170899 DFM-12-10-P-A-KF<\/td>\n<td width=\"216\">170896 DFM-100-125-P-A-GF<\/td>\n<td width=\"216\">\u00a0170912 DFM-16-50-P-A-KF<\/td>\n<\/tr>\n<tr>\n<td width=\"216\">\u00a0170900 DFM-12-20-P-A-KF<\/td>\n<td width=\"216\">170897 DFM-100-160-P-A-GF<\/td>\n<td width=\"216\">\u00a0170913 DFM-16-80-P-A-KF<\/td>\n<\/tr>\n<tr>\n<td width=\"216\">\u00a0170901 DFM-12-25-P-A-KF<\/td>\n<td width=\"216\">170898 DFM-100-200-P-A-GF<\/td>\n<td width=\"216\">\u00a0170914 DFM-16-100-P-A-KF<\/td>\n<\/tr>\n<tr>\n<td width=\"216\">\u00a0170902 DFM-12-30-P-A-KF<\/td>\n<td width=\"216\">\u00a0170949 DFM-50-100-P-A-KF<\/td>\n<td width=\"216\">\u00a0170929 DFM-32-20-P-A-KF<\/td>\n<\/tr>\n<tr>\n<td width=\"216\">\u00a0170903 DFM-12-40-P-A-KF<\/td>\n<td width=\"216\">\u00a0170950 DFM-50-125-P-A-KF<\/td>\n<td width=\"216\">\u00a0170930 DFM-32-25-P-A-KF<\/td>\n<\/tr>\n<tr>\n<td width=\"216\">\u00a0170904 DFM-12-50-P-A-KF<\/td>\n<td width=\"216\">\u00a0170951 DFM-50-160-P-A-KF<\/td>\n<td width=\"216\">\u00a0170931 DFM-32-30-P-A-KF<\/td>\n<\/tr>\n<tr>\n<td width=\"216\">\u00a0170905 DFM-12-80-P-A-KF<\/td>\n<td width=\"216\">\u00a0170952 DFM-50-200-P-A-KF<\/td>\n<td width=\"216\">\u00a0170932 DFM-32-40-P-A-KF<\/td>\n<\/tr>\n<tr>\n<td width=\"216\">\u00a0170906 DFM-12-100-P-A-KF<\/td>\n<td width=\"216\">170960 DFM-80-25-P-A-KF<\/td>\n<td width=\"216\">\u00a0170933 DFM-32-50-P-A-KF<\/td>\n<\/tr>\n<tr>\n<td width=\"216\">\u00a0170922 DFM-25-20-P-A-KF<\/td>\n<td width=\"216\">170961 DFM-80-50-P-A-KF<\/td>\n<td width=\"216\">\u00a0170934 DFM-32-80-P-A-KF<\/td>\n<\/tr>\n<tr>\n<td width=\"216\">\u00a0170923 DFM-25-25P-A-KF<\/td>\n<td width=\"216\">170962 DFM-80-80-P-A-KF<\/td>\n<td width=\"216\">\u00a0170935 DFM-32-100-P-A-KF<\/td>\n<\/tr>\n<tr>\n<td width=\"216\">\u00a0170924 DFM-25-30-P-A-KF<\/td>\n<td width=\"216\">170963 DFM-80-100-P-A-KF<\/td>\n<td width=\"216\">\u00a0170936 DFM-32-125-P-A-KF<\/td>\n<\/tr>\n<tr>\n<td width=\"216\">\u00a0170925 DFM-25-40-P-A-KF<\/td>\n<td width=\"216\">170964 DFM-80-125-P-A-KF<\/td>\n<td width=\"216\">\u00a0170937 DFM-32-160-P-A-KF<\/td>\n<\/tr>\n<tr>\n<td width=\"216\">\u00a0170926 DFM-25-50-P-A-KF<\/td>\n<td width=\"216\">170965 DFM-80-160-P-A-KF<\/td>\n<td width=\"216\">\u00a0170938 DFM-32-200-P-A-KF<\/td>\n<\/tr>\n<tr>\n<td width=\"216\">\u00a0170927 DFM-25-80-P-A-KF<\/td>\n<td width=\"216\">170966 DFM-80-200-P-A-KF<\/td>\n<td width=\"216\">\u00a0170953 DFM-63-25-P-A-KF<\/td>\n<\/tr>\n<tr>\n<td width=\"216\">\u00a0170928 DFM-25-100-P-A-KF<\/td>\n<td width=\"216\">170967 DFM-100-25-P-A-KF<\/td>\n<td width=\"216\">\u00a0170954 DFM-63-50-P-A-KF<\/td>\n<\/tr>\n<tr>\n<td width=\"216\">\u00a0170946 DFM-50-25-P-A-KF<\/td>\n<td width=\"216\">170968 DFM-100-50-P-A-KF<\/td>\n<td width=\"216\">\u00a0170955 DFM-63-80-P-A-KF<\/td>\n<\/tr>\n<tr>\n<td width=\"216\">\u00a0170947 DFM-50-50-P-A-KF<\/td>\n<td width=\"216\">170969 DFM-100-80-P-A-KF<\/td>\n<td width=\"216\">\u00a0170956 DFM-63-100-P-A-KF<\/td>\n<\/tr>\n<tr>\n<td width=\"216\">\u00a0170948 DFM-50-80-P-A-KF<\/td>\n<td width=\"216\">170970 DFM-100-100-P-A-KF<\/td>\n<td width=\"216\">\u00a0170957 DFM-63-125-P-A-KF<\/td>\n<\/tr>\n<tr>\n<td width=\"216\">170973 DFM-100-200-P-A-KF<\/td>\n<td width=\"216\">170971 DFM-100-125-P-A-KF<\/td>\n<td width=\"216\">\u00a0170958 DFM-63-160-P-A-KF<\/td>\n<\/tr>\n<tr>\n<td>170858 DFM-32-50-P-A-GF<\/td>\n<td width=\"216\">170972 DFM-100-160-P-A-KF<\/td>\n<td width=\"216\">\u00a0170959 DFM-63-200-P-A-KF<\/td>\n<\/tr>\n<\/tbody>\n<\/table>\n<p>&nbsp;<\/p>\n","protected":false},"excerpt":{"rendered":"<p>FESTO DFM-80-25-P-A-GF Xy lanh DFM-80-25-P-A-GF Xy lanh d\u1eabn h\u01b0\u1edbng DFM-80-25-P-A-GF c\u00f3 \u0111\u1ed9 ch\u00ednh x\u00e1c cao v\u00e0 kh\u1ea3 n\u0103ng ch\u1ecbu l\u1ef1c t\u1ed1t, mang l\u1ea1i hi\u1ec7u su\u1ea5t t\u1ed1i \u01b0u trong c\u00e1c c\u00f4ng vi\u1ec7c truy\u1ec1n \u0111\u1ed9ng v\u00e0 d\u1eabn h\u01b0\u1edbng, thi\u1ebft k\u1ebf nh\u1ecf g\u1ecdn v\u1edbi \u0111\u01b0\u1eddng k\u00ednh p\u00edt-t\u00f4ng 80mm v\u00e0 h\u00e0nh tr\u00ecnh 25mm. \u0110\u1eb7c&hellip; <\/p>\n","protected":false},"featured_media":4455,"comment_status":"open","ping_status":"closed","template":"","meta":[],"product_cat":[284],"product_tag":[364,363,98],"class_list":{"0":"post-4454","1":"product","2":"type-product","3":"status-publish","4":"has-post-thumbnail","6":"product_cat-festo","7":"product_tag-dai-ly-festo-viet-nam","8":"product_tag-festo-viet-nam","9":"product_tag-xy-lanh-khi","11":"first","12":"instock","13":"shipping-taxable","14":"product-type-simple"},"yoast_head":"<!-- This site is optimized with the Yoast SEO plugin v22.8 - https:\/\/yoast.com\/wordpress\/plugins\/seo\/ -->\n<title>FESTO DFM-80-25-P-A-GF - OMANI VI\u1ec6T NAM<\/title>\n<meta name=\"description\" content=\"FESTO DFM-80-25-P-A-GF Cylinder\" \/>\n<meta name=\"robots\" content=\"index, follow, max-snippet:-1, max-image-preview:large, max-video-preview:-1\" \/>\n<link rel=\"canonical\" href=\"https:\/\/omanivietnam.com\/index.php\/san-pham\/festo-dfm-80-25-p-a-gf\/\" \/>\n<meta property=\"og:locale\" content=\"vi_VN\" \/>\n<meta property=\"og:type\" content=\"article\" \/>\n<meta property=\"og:title\" content=\"FESTO DFM-80-25-P-A-GF - OMANI VI\u1ec6T NAM\" \/>\n<meta property=\"og:description\" content=\"FESTO DFM-80-25-P-A-GF Cylinder\" \/>\n<meta property=\"og:url\" content=\"https:\/\/omanivietnam.com\/index.php\/san-pham\/festo-dfm-80-25-p-a-gf\/\" \/>\n<meta property=\"og:site_name\" content=\"OMANI VI\u1ec6T NAM\" \/>\n<meta property=\"og:image\" content=\"https:\/\/omanivietnam.com\/wp-content\/uploads\/2025\/10\/DFM-80-25-P-A-GF.png\" \/>\n\t<meta property=\"og:image:width\" content=\"1124\" \/>\n\t<meta property=\"og:image:height\" content=\"790\" \/>\n\t<meta property=\"og:image:type\" content=\"image\/png\" \/>\n<meta name=\"twitter:card\" content=\"summary_large_image\" \/>\n<meta name=\"twitter:label1\" content=\"\u01af\u1edbc t\u00ednh th\u1eddi gian \u0111\u1ecdc\" \/>\n\t<meta name=\"twitter:data1\" content=\"5 ph\u00fat\" \/>\n<script type=\"application\/ld+json\" class=\"yoast-schema-graph\">{\"@context\":\"https:\/\/schema.org\",\"@graph\":[{\"@type\":\"WebPage\",\"@id\":\"https:\/\/omanivietnam.com\/index.php\/san-pham\/festo-dfm-80-25-p-a-gf\/\",\"url\":\"https:\/\/omanivietnam.com\/index.php\/san-pham\/festo-dfm-80-25-p-a-gf\/\",\"name\":\"FESTO DFM-80-25-P-A-GF - OMANI VI\u1ec6T NAM\",\"isPartOf\":{\"@id\":\"https:\/\/omanivietnam.com\/#website\"},\"primaryImageOfPage\":{\"@id\":\"https:\/\/omanivietnam.com\/index.php\/san-pham\/festo-dfm-80-25-p-a-gf\/#primaryimage\"},\"image\":{\"@id\":\"https:\/\/omanivietnam.com\/index.php\/san-pham\/festo-dfm-80-25-p-a-gf\/#primaryimage\"},\"thumbnailUrl\":\"https:\/\/omanivietnam.com\/wp-content\/uploads\/2025\/10\/DFM-80-25-P-A-GF.png\",\"datePublished\":\"2025-10-09T13:58:02+00:00\",\"dateModified\":\"2025-10-09T13:58:02+00:00\",\"description\":\"FESTO DFM-80-25-P-A-GF Cylinder\",\"breadcrumb\":{\"@id\":\"https:\/\/omanivietnam.com\/index.php\/san-pham\/festo-dfm-80-25-p-a-gf\/#breadcrumb\"},\"inLanguage\":\"vi\",\"potentialAction\":[{\"@type\":\"ReadAction\",\"target\":[\"https:\/\/omanivietnam.com\/index.php\/san-pham\/festo-dfm-80-25-p-a-gf\/\"]}]},{\"@type\":\"ImageObject\",\"inLanguage\":\"vi\",\"@id\":\"https:\/\/omanivietnam.com\/index.php\/san-pham\/festo-dfm-80-25-p-a-gf\/#primaryimage\",\"url\":\"https:\/\/omanivietnam.com\/wp-content\/uploads\/2025\/10\/DFM-80-25-P-A-GF.png\",\"contentUrl\":\"https:\/\/omanivietnam.com\/wp-content\/uploads\/2025\/10\/DFM-80-25-P-A-GF.png\",\"width\":1124,\"height\":790},{\"@type\":\"BreadcrumbList\",\"@id\":\"https:\/\/omanivietnam.com\/index.php\/san-pham\/festo-dfm-80-25-p-a-gf\/#breadcrumb\",\"itemListElement\":[{\"@type\":\"ListItem\",\"position\":1,\"name\":\"Home\",\"item\":\"https:\/\/omanivietnam.com\/\"},{\"@type\":\"ListItem\",\"position\":2,\"name\":\"S\u1ea2N PH\u1ea8M\",\"item\":\"https:\/\/omanivietnam.com\/index.php\/cua-hang\/\"},{\"@type\":\"ListItem\",\"position\":3,\"name\":\"FESTO DFM-80-25-P-A-GF\"}]},{\"@type\":\"WebSite\",\"@id\":\"https:\/\/omanivietnam.com\/#website\",\"url\":\"https:\/\/omanivietnam.com\/\",\"name\":\"OMANI VI\u1ec6T NAM\",\"description\":\"Nh\u00e0 ph\u00e2n ph\u1ed1i thi\u1ebft b\u1ecb kh\u00ed n\u00e9n v\u00e0 thi\u1ebft b\u1ecb t\u1ef1 \u0111\u1ed9ng h\u00f3a trong c\u00f4ng nghi\u1ec7p\",\"publisher\":{\"@id\":\"https:\/\/omanivietnam.com\/#\/schema\/person\/0ad398a980dc3fd696111c2c5c8fa897\"},\"potentialAction\":[{\"@type\":\"SearchAction\",\"target\":{\"@type\":\"EntryPoint\",\"urlTemplate\":\"https:\/\/omanivietnam.com\/?s={search_term_string}\"},\"query-input\":\"required name=search_term_string\"}],\"inLanguage\":\"vi\"},{\"@type\":[\"Person\",\"Organization\"],\"@id\":\"https:\/\/omanivietnam.com\/#\/schema\/person\/0ad398a980dc3fd696111c2c5c8fa897\",\"name\":\"Nguy\u1ec5n V\u0103n Kh\u00e1nh\",\"image\":{\"@type\":\"ImageObject\",\"inLanguage\":\"vi\",\"@id\":\"https:\/\/omanivietnam.com\/#\/schema\/person\/image\/\",\"url\":\"https:\/\/omanivietnam.com\/wp-content\/uploads\/2024\/06\/logo-1024x1024.png\",\"contentUrl\":\"https:\/\/omanivietnam.com\/wp-content\/uploads\/2024\/06\/logo-1024x1024.png\",\"width\":1024,\"height\":1024,\"caption\":\"Nguy\u1ec5n V\u0103n Kh\u00e1nh\"},\"logo\":{\"@id\":\"https:\/\/omanivietnam.com\/#\/schema\/person\/image\/\"},\"sameAs\":[\"https:\/\/omanivietnam.com\"]}]}<\/script>\n<!-- \/ Yoast SEO plugin. -->","yoast_head_json":{"title":"FESTO DFM-80-25-P-A-GF - OMANI VI\u1ec6T NAM","description":"FESTO DFM-80-25-P-A-GF Cylinder","robots":{"index":"index","follow":"follow","max-snippet":"max-snippet:-1","max-image-preview":"max-image-preview:large","max-video-preview":"max-video-preview:-1"},"canonical":"https:\/\/omanivietnam.com\/index.php\/san-pham\/festo-dfm-80-25-p-a-gf\/","og_locale":"vi_VN","og_type":"article","og_title":"FESTO DFM-80-25-P-A-GF - OMANI VI\u1ec6T NAM","og_description":"FESTO DFM-80-25-P-A-GF Cylinder","og_url":"https:\/\/omanivietnam.com\/index.php\/san-pham\/festo-dfm-80-25-p-a-gf\/","og_site_name":"OMANI VI\u1ec6T NAM","og_image":[{"width":1124,"height":790,"url":"https:\/\/omanivietnam.com\/wp-content\/uploads\/2025\/10\/DFM-80-25-P-A-GF.png","type":"image\/png"}],"twitter_card":"summary_large_image","twitter_misc":{"\u01af\u1edbc t\u00ednh th\u1eddi gian \u0111\u1ecdc":"5 ph\u00fat"},"schema":{"@context":"https:\/\/schema.org","@graph":[{"@type":"WebPage","@id":"https:\/\/omanivietnam.com\/index.php\/san-pham\/festo-dfm-80-25-p-a-gf\/","url":"https:\/\/omanivietnam.com\/index.php\/san-pham\/festo-dfm-80-25-p-a-gf\/","name":"FESTO DFM-80-25-P-A-GF - OMANI VI\u1ec6T NAM","isPartOf":{"@id":"https:\/\/omanivietnam.com\/#website"},"primaryImageOfPage":{"@id":"https:\/\/omanivietnam.com\/index.php\/san-pham\/festo-dfm-80-25-p-a-gf\/#primaryimage"},"image":{"@id":"https:\/\/omanivietnam.com\/index.php\/san-pham\/festo-dfm-80-25-p-a-gf\/#primaryimage"},"thumbnailUrl":"https:\/\/omanivietnam.com\/wp-content\/uploads\/2025\/10\/DFM-80-25-P-A-GF.png","datePublished":"2025-10-09T13:58:02+00:00","dateModified":"2025-10-09T13:58:02+00:00","description":"FESTO DFM-80-25-P-A-GF Cylinder","breadcrumb":{"@id":"https:\/\/omanivietnam.com\/index.php\/san-pham\/festo-dfm-80-25-p-a-gf\/#breadcrumb"},"inLanguage":"vi","potentialAction":[{"@type":"ReadAction","target":["https:\/\/omanivietnam.com\/index.php\/san-pham\/festo-dfm-80-25-p-a-gf\/"]}]},{"@type":"ImageObject","inLanguage":"vi","@id":"https:\/\/omanivietnam.com\/index.php\/san-pham\/festo-dfm-80-25-p-a-gf\/#primaryimage","url":"https:\/\/omanivietnam.com\/wp-content\/uploads\/2025\/10\/DFM-80-25-P-A-GF.png","contentUrl":"https:\/\/omanivietnam.com\/wp-content\/uploads\/2025\/10\/DFM-80-25-P-A-GF.png","width":1124,"height":790},{"@type":"BreadcrumbList","@id":"https:\/\/omanivietnam.com\/index.php\/san-pham\/festo-dfm-80-25-p-a-gf\/#breadcrumb","itemListElement":[{"@type":"ListItem","position":1,"name":"Home","item":"https:\/\/omanivietnam.com\/"},{"@type":"ListItem","position":2,"name":"S\u1ea2N PH\u1ea8M","item":"https:\/\/omanivietnam.com\/index.php\/cua-hang\/"},{"@type":"ListItem","position":3,"name":"FESTO DFM-80-25-P-A-GF"}]},{"@type":"WebSite","@id":"https:\/\/omanivietnam.com\/#website","url":"https:\/\/omanivietnam.com\/","name":"OMANI VI\u1ec6T NAM","description":"Nh\u00e0 ph\u00e2n ph\u1ed1i thi\u1ebft b\u1ecb kh\u00ed n\u00e9n v\u00e0 thi\u1ebft b\u1ecb t\u1ef1 \u0111\u1ed9ng h\u00f3a trong c\u00f4ng nghi\u1ec7p","publisher":{"@id":"https:\/\/omanivietnam.com\/#\/schema\/person\/0ad398a980dc3fd696111c2c5c8fa897"},"potentialAction":[{"@type":"SearchAction","target":{"@type":"EntryPoint","urlTemplate":"https:\/\/omanivietnam.com\/?s={search_term_string}"},"query-input":"required name=search_term_string"}],"inLanguage":"vi"},{"@type":["Person","Organization"],"@id":"https:\/\/omanivietnam.com\/#\/schema\/person\/0ad398a980dc3fd696111c2c5c8fa897","name":"Nguy\u1ec5n V\u0103n Kh\u00e1nh","image":{"@type":"ImageObject","inLanguage":"vi","@id":"https:\/\/omanivietnam.com\/#\/schema\/person\/image\/","url":"https:\/\/omanivietnam.com\/wp-content\/uploads\/2024\/06\/logo-1024x1024.png","contentUrl":"https:\/\/omanivietnam.com\/wp-content\/uploads\/2024\/06\/logo-1024x1024.png","width":1024,"height":1024,"caption":"Nguy\u1ec5n V\u0103n Kh\u00e1nh"},"logo":{"@id":"https:\/\/omanivietnam.com\/#\/schema\/person\/image\/"},"sameAs":["https:\/\/omanivietnam.com"]}]}},"_links":{"self":[{"href":"https:\/\/omanivietnam.com\/index.php\/wp-json\/wp\/v2\/product\/4454","targetHints":{"allow":["GET"]}}],"collection":[{"href":"https:\/\/omanivietnam.com\/index.php\/wp-json\/wp\/v2\/product"}],"about":[{"href":"https:\/\/omanivietnam.com\/index.php\/wp-json\/wp\/v2\/types\/product"}],"replies":[{"embeddable":true,"href":"https:\/\/omanivietnam.com\/index.php\/wp-json\/wp\/v2\/comments?post=4454"}],"wp:featuredmedia":[{"embeddable":true,"href":"https:\/\/omanivietnam.com\/index.php\/wp-json\/wp\/v2\/media\/4455"}],"wp:attachment":[{"href":"https:\/\/omanivietnam.com\/index.php\/wp-json\/wp\/v2\/media?parent=4454"}],"wp:term":[{"taxonomy":"product_cat","embeddable":true,"href":"https:\/\/omanivietnam.com\/index.php\/wp-json\/wp\/v2\/product_cat?post=4454"},{"taxonomy":"product_tag","embeddable":true,"href":"https:\/\/omanivietnam.com\/index.php\/wp-json\/wp\/v2\/product_tag?post=4454"}],"curies":[{"name":"wp","href":"https:\/\/api.w.org\/{rel}","templated":true}]}}