{"id":4458,"date":"2025-10-11T10:20:55","date_gmt":"2025-10-11T03:20:55","guid":{"rendered":"https:\/\/omanivietnam.com\/?post_type=product&#038;p=4458"},"modified":"2025-10-11T10:20:56","modified_gmt":"2025-10-11T03:20:56","slug":"deublin-1101-235-259","status":"publish","type":"product","link":"https:\/\/omanivietnam.com\/index.php\/san-pham\/deublin-1101-235-259\/","title":{"rendered":"DEUBLIN 1101-235-259"},"content":{"rendered":"<p>DEUBLIN 1101-235-259<\/p>\n<h2>1101-235-259<\/h2>\n<ul>\n<li>Single passage for coolant or MQL<\/li>\n<li>Closed seals for transfer line and similar applications<\/li>\n<li>Full-flow design has no obstructions to trap swarf or debris<\/li>\n<li>Bearing-supported with threaded rotor for easy installation<\/li>\n<li>Deep groove radial ball bearings for smooth operation<\/li>\n<li>Labyrinth system and large vents to protect ball bearings<\/li>\n<li>Balanced mechanical seals made from silicon carbide for long life even under difficult operating conditions<\/li>\n<li>Anodized aluminum components resist corrosion<\/li>\n<\/ul>\n<p>DEUBLIN 1101 Series:<\/p>\n<p>1101-235-259 1101-195-343 1101-339-259 1101-338-259 1101-202-651 1101-596-343 1101-339-322 1101-359-259\u00a0 1101-632-343 1101-235-238 1101-235-259 1101-200-259 1101-654-646 1101-235-343 1101-203-653 1101-235-239<\/p>\n<p>DEUBLIN 1005 Series<\/p>\n<p>DEUBLIN 1102 Sesies<\/p>\n<p>DEUBLIN 1115 Series<\/p>\n<p>DEUBLIN 1205 Series<\/p>\n<p>DEUBLIN 2200 Series<\/p>\n<p>DEUBLIN 250 Series<\/p>\n<p>DEUBLIN 355 Series<\/p>\n<p>DEUBLIN 452 Series<\/p>\n<p>DEUBLIN 1300 Series<\/p>\n<p>&nbsp;<\/p>\n","protected":false},"excerpt":{"rendered":"<p>DEUBLIN 1101-235-259 1101-235-259 Single passage for coolant or MQL Closed seals for transfer line and similar applications Full-flow design has no obstructions to trap swarf or debris Bearing-supported with threaded rotor for easy installation Deep groove radial ball bearings for smooth operation Labyrinth system and large vents to protect ball&hellip; <\/p>\n","protected":false},"featured_media":4459,"comment_status":"open","ping_status":"closed","template":"","meta":[],"product_cat":[840],"product_tag":[842,808,841],"class_list":{"0":"post-4458","1":"product","2":"type-product","3":"status-publish","4":"has-post-thumbnail","6":"product_cat-deublin","7":"product_tag-dai-ly-deublin-viet-nam","8":"product_tag-dau-noi","9":"product_tag-deublin-viet-nam","11":"first","12":"instock","13":"shipping-taxable","14":"product-type-simple"},"yoast_head":"<!-- This site is optimized with the Yoast SEO plugin v22.8 - https:\/\/yoast.com\/wordpress\/plugins\/seo\/ -->\n<title>DEUBLIN 1101-235-259 - OMANI VI\u1ec6T NAM<\/title>\n<meta name=\"description\" content=\"DEUBLIN 1101-235-259 Rotary Union\" \/>\n<meta name=\"robots\" content=\"index, follow, max-snippet:-1, max-image-preview:large, max-video-preview:-1\" \/>\n<link rel=\"canonical\" href=\"https:\/\/omanivietnam.com\/index.php\/san-pham\/deublin-1101-235-259\/\" \/>\n<meta property=\"og:locale\" content=\"vi_VN\" \/>\n<meta property=\"og:type\" content=\"article\" \/>\n<meta property=\"og:title\" content=\"DEUBLIN 1101-235-259 - OMANI VI\u1ec6T NAM\" \/>\n<meta property=\"og:description\" content=\"DEUBLIN 1101-235-259 Rotary Union\" \/>\n<meta property=\"og:url\" content=\"https:\/\/omanivietnam.com\/index.php\/san-pham\/deublin-1101-235-259\/\" \/>\n<meta property=\"og:site_name\" content=\"OMANI VI\u1ec6T NAM\" \/>\n<meta property=\"article:modified_time\" content=\"2025-10-11T03:20:56+00:00\" \/>\n<meta property=\"og:image\" content=\"https:\/\/omanivietnam.com\/wp-content\/uploads\/2025\/10\/1101-235-259.png\" \/>\n\t<meta property=\"og:image:width\" content=\"618\" \/>\n\t<meta property=\"og:image:height\" content=\"787\" \/>\n\t<meta property=\"og:image:type\" content=\"image\/png\" \/>\n<meta name=\"twitter:card\" content=\"summary_large_image\" \/>\n<meta name=\"twitter:label1\" content=\"\u01af\u1edbc t\u00ednh th\u1eddi gian \u0111\u1ecdc\" \/>\n\t<meta name=\"twitter:data1\" content=\"1 ph\u00fat\" \/>\n<script type=\"application\/ld+json\" class=\"yoast-schema-graph\">{\"@context\":\"https:\/\/schema.org\",\"@graph\":[{\"@type\":\"WebPage\",\"@id\":\"https:\/\/omanivietnam.com\/index.php\/san-pham\/deublin-1101-235-259\/\",\"url\":\"https:\/\/omanivietnam.com\/index.php\/san-pham\/deublin-1101-235-259\/\",\"name\":\"DEUBLIN 1101-235-259 - OMANI VI\u1ec6T NAM\",\"isPartOf\":{\"@id\":\"https:\/\/omanivietnam.com\/#website\"},\"primaryImageOfPage\":{\"@id\":\"https:\/\/omanivietnam.com\/index.php\/san-pham\/deublin-1101-235-259\/#primaryimage\"},\"image\":{\"@id\":\"https:\/\/omanivietnam.com\/index.php\/san-pham\/deublin-1101-235-259\/#primaryimage\"},\"thumbnailUrl\":\"https:\/\/omanivietnam.com\/wp-content\/uploads\/2025\/10\/1101-235-259.png\",\"datePublished\":\"2025-10-11T03:20:55+00:00\",\"dateModified\":\"2025-10-11T03:20:56+00:00\",\"description\":\"DEUBLIN 1101-235-259 Rotary Union\",\"breadcrumb\":{\"@id\":\"https:\/\/omanivietnam.com\/index.php\/san-pham\/deublin-1101-235-259\/#breadcrumb\"},\"inLanguage\":\"vi\",\"potentialAction\":[{\"@type\":\"ReadAction\",\"target\":[\"https:\/\/omanivietnam.com\/index.php\/san-pham\/deublin-1101-235-259\/\"]}]},{\"@type\":\"ImageObject\",\"inLanguage\":\"vi\",\"@id\":\"https:\/\/omanivietnam.com\/index.php\/san-pham\/deublin-1101-235-259\/#primaryimage\",\"url\":\"https:\/\/omanivietnam.com\/wp-content\/uploads\/2025\/10\/1101-235-259.png\",\"contentUrl\":\"https:\/\/omanivietnam.com\/wp-content\/uploads\/2025\/10\/1101-235-259.png\",\"width\":618,\"height\":787},{\"@type\":\"BreadcrumbList\",\"@id\":\"https:\/\/omanivietnam.com\/index.php\/san-pham\/deublin-1101-235-259\/#breadcrumb\",\"itemListElement\":[{\"@type\":\"ListItem\",\"position\":1,\"name\":\"Home\",\"item\":\"https:\/\/omanivietnam.com\/\"},{\"@type\":\"ListItem\",\"position\":2,\"name\":\"S\u1ea2N PH\u1ea8M\",\"item\":\"https:\/\/omanivietnam.com\/index.php\/cua-hang\/\"},{\"@type\":\"ListItem\",\"position\":3,\"name\":\"DEUBLIN 1101-235-259\"}]},{\"@type\":\"WebSite\",\"@id\":\"https:\/\/omanivietnam.com\/#website\",\"url\":\"https:\/\/omanivietnam.com\/\",\"name\":\"OMANI VI\u1ec6T NAM\",\"description\":\"Nh\u00e0 ph\u00e2n ph\u1ed1i thi\u1ebft b\u1ecb kh\u00ed n\u00e9n v\u00e0 thi\u1ebft b\u1ecb t\u1ef1 \u0111\u1ed9ng h\u00f3a trong c\u00f4ng nghi\u1ec7p\",\"publisher\":{\"@id\":\"https:\/\/omanivietnam.com\/#\/schema\/person\/0ad398a980dc3fd696111c2c5c8fa897\"},\"potentialAction\":[{\"@type\":\"SearchAction\",\"target\":{\"@type\":\"EntryPoint\",\"urlTemplate\":\"https:\/\/omanivietnam.com\/?s={search_term_string}\"},\"query-input\":\"required name=search_term_string\"}],\"inLanguage\":\"vi\"},{\"@type\":[\"Person\",\"Organization\"],\"@id\":\"https:\/\/omanivietnam.com\/#\/schema\/person\/0ad398a980dc3fd696111c2c5c8fa897\",\"name\":\"Nguy\u1ec5n V\u0103n Kh\u00e1nh\",\"image\":{\"@type\":\"ImageObject\",\"inLanguage\":\"vi\",\"@id\":\"https:\/\/omanivietnam.com\/#\/schema\/person\/image\/\",\"url\":\"https:\/\/omanivietnam.com\/wp-content\/uploads\/2024\/06\/logo-1024x1024.png\",\"contentUrl\":\"https:\/\/omanivietnam.com\/wp-content\/uploads\/2024\/06\/logo-1024x1024.png\",\"width\":1024,\"height\":1024,\"caption\":\"Nguy\u1ec5n V\u0103n Kh\u00e1nh\"},\"logo\":{\"@id\":\"https:\/\/omanivietnam.com\/#\/schema\/person\/image\/\"},\"sameAs\":[\"https:\/\/omanivietnam.com\"]}]}<\/script>\n<!-- \/ Yoast SEO plugin. -->","yoast_head_json":{"title":"DEUBLIN 1101-235-259 - OMANI VI\u1ec6T NAM","description":"DEUBLIN 1101-235-259 Rotary Union","robots":{"index":"index","follow":"follow","max-snippet":"max-snippet:-1","max-image-preview":"max-image-preview:large","max-video-preview":"max-video-preview:-1"},"canonical":"https:\/\/omanivietnam.com\/index.php\/san-pham\/deublin-1101-235-259\/","og_locale":"vi_VN","og_type":"article","og_title":"DEUBLIN 1101-235-259 - OMANI VI\u1ec6T NAM","og_description":"DEUBLIN 1101-235-259 Rotary Union","og_url":"https:\/\/omanivietnam.com\/index.php\/san-pham\/deublin-1101-235-259\/","og_site_name":"OMANI VI\u1ec6T NAM","article_modified_time":"2025-10-11T03:20:56+00:00","og_image":[{"width":618,"height":787,"url":"https:\/\/omanivietnam.com\/wp-content\/uploads\/2025\/10\/1101-235-259.png","type":"image\/png"}],"twitter_card":"summary_large_image","twitter_misc":{"\u01af\u1edbc t\u00ednh th\u1eddi gian \u0111\u1ecdc":"1 ph\u00fat"},"schema":{"@context":"https:\/\/schema.org","@graph":[{"@type":"WebPage","@id":"https:\/\/omanivietnam.com\/index.php\/san-pham\/deublin-1101-235-259\/","url":"https:\/\/omanivietnam.com\/index.php\/san-pham\/deublin-1101-235-259\/","name":"DEUBLIN 1101-235-259 - OMANI VI\u1ec6T NAM","isPartOf":{"@id":"https:\/\/omanivietnam.com\/#website"},"primaryImageOfPage":{"@id":"https:\/\/omanivietnam.com\/index.php\/san-pham\/deublin-1101-235-259\/#primaryimage"},"image":{"@id":"https:\/\/omanivietnam.com\/index.php\/san-pham\/deublin-1101-235-259\/#primaryimage"},"thumbnailUrl":"https:\/\/omanivietnam.com\/wp-content\/uploads\/2025\/10\/1101-235-259.png","datePublished":"2025-10-11T03:20:55+00:00","dateModified":"2025-10-11T03:20:56+00:00","description":"DEUBLIN 1101-235-259 Rotary Union","breadcrumb":{"@id":"https:\/\/omanivietnam.com\/index.php\/san-pham\/deublin-1101-235-259\/#breadcrumb"},"inLanguage":"vi","potentialAction":[{"@type":"ReadAction","target":["https:\/\/omanivietnam.com\/index.php\/san-pham\/deublin-1101-235-259\/"]}]},{"@type":"ImageObject","inLanguage":"vi","@id":"https:\/\/omanivietnam.com\/index.php\/san-pham\/deublin-1101-235-259\/#primaryimage","url":"https:\/\/omanivietnam.com\/wp-content\/uploads\/2025\/10\/1101-235-259.png","contentUrl":"https:\/\/omanivietnam.com\/wp-content\/uploads\/2025\/10\/1101-235-259.png","width":618,"height":787},{"@type":"BreadcrumbList","@id":"https:\/\/omanivietnam.com\/index.php\/san-pham\/deublin-1101-235-259\/#breadcrumb","itemListElement":[{"@type":"ListItem","position":1,"name":"Home","item":"https:\/\/omanivietnam.com\/"},{"@type":"ListItem","position":2,"name":"S\u1ea2N PH\u1ea8M","item":"https:\/\/omanivietnam.com\/index.php\/cua-hang\/"},{"@type":"ListItem","position":3,"name":"DEUBLIN 1101-235-259"}]},{"@type":"WebSite","@id":"https:\/\/omanivietnam.com\/#website","url":"https:\/\/omanivietnam.com\/","name":"OMANI VI\u1ec6T NAM","description":"Nh\u00e0 ph\u00e2n ph\u1ed1i thi\u1ebft b\u1ecb kh\u00ed n\u00e9n v\u00e0 thi\u1ebft b\u1ecb t\u1ef1 \u0111\u1ed9ng h\u00f3a trong c\u00f4ng nghi\u1ec7p","publisher":{"@id":"https:\/\/omanivietnam.com\/#\/schema\/person\/0ad398a980dc3fd696111c2c5c8fa897"},"potentialAction":[{"@type":"SearchAction","target":{"@type":"EntryPoint","urlTemplate":"https:\/\/omanivietnam.com\/?s={search_term_string}"},"query-input":"required name=search_term_string"}],"inLanguage":"vi"},{"@type":["Person","Organization"],"@id":"https:\/\/omanivietnam.com\/#\/schema\/person\/0ad398a980dc3fd696111c2c5c8fa897","name":"Nguy\u1ec5n V\u0103n Kh\u00e1nh","image":{"@type":"ImageObject","inLanguage":"vi","@id":"https:\/\/omanivietnam.com\/#\/schema\/person\/image\/","url":"https:\/\/omanivietnam.com\/wp-content\/uploads\/2024\/06\/logo-1024x1024.png","contentUrl":"https:\/\/omanivietnam.com\/wp-content\/uploads\/2024\/06\/logo-1024x1024.png","width":1024,"height":1024,"caption":"Nguy\u1ec5n V\u0103n Kh\u00e1nh"},"logo":{"@id":"https:\/\/omanivietnam.com\/#\/schema\/person\/image\/"},"sameAs":["https:\/\/omanivietnam.com"]}]}},"_links":{"self":[{"href":"https:\/\/omanivietnam.com\/index.php\/wp-json\/wp\/v2\/product\/4458","targetHints":{"allow":["GET"]}}],"collection":[{"href":"https:\/\/omanivietnam.com\/index.php\/wp-json\/wp\/v2\/product"}],"about":[{"href":"https:\/\/omanivietnam.com\/index.php\/wp-json\/wp\/v2\/types\/product"}],"replies":[{"embeddable":true,"href":"https:\/\/omanivietnam.com\/index.php\/wp-json\/wp\/v2\/comments?post=4458"}],"wp:featuredmedia":[{"embeddable":true,"href":"https:\/\/omanivietnam.com\/index.php\/wp-json\/wp\/v2\/media\/4459"}],"wp:attachment":[{"href":"https:\/\/omanivietnam.com\/index.php\/wp-json\/wp\/v2\/media?parent=4458"}],"wp:term":[{"taxonomy":"product_cat","embeddable":true,"href":"https:\/\/omanivietnam.com\/index.php\/wp-json\/wp\/v2\/product_cat?post=4458"},{"taxonomy":"product_tag","embeddable":true,"href":"https:\/\/omanivietnam.com\/index.php\/wp-json\/wp\/v2\/product_tag?post=4458"}],"curies":[{"name":"wp","href":"https:\/\/api.w.org\/{rel}","templated":true}]}}