{"id":4526,"date":"2025-11-16T15:05:15","date_gmt":"2025-11-16T08:05:15","guid":{"rendered":"https:\/\/omanivietnam.com\/?post_type=product&#038;p=4526"},"modified":"2025-11-16T15:05:16","modified_gmt":"2025-11-16T08:05:16","slug":"smc-pf2a721-f03-27","status":"publish","type":"product","link":"https:\/\/omanivietnam.com\/index.php\/san-pham\/smc-pf2a721-f03-27\/","title":{"rendered":"SMC PF2A721-F03-27"},"content":{"rendered":"<p>SMC PF2A721-F03-27<\/p>\n<h4 class=\"m-h4--wysiwyg\">Specifications of PF2A7<\/h4>\n<table class=\"m-table\">\n<colgroup>\n<col \/>\n<col \/>\n<col \/>\n<col \/>\n<col \/>\n<col \/>\n<col \/><\/colgroup>\n<thead>\n<tr>\n<th colspan=\"2\">Model<\/th>\n<th>PF2A710<\/th>\n<th>PF2A750<\/th>\n<th>PF2A711<\/th>\n<th>PF2A721<\/th>\n<th>PF2A751<\/th>\n<\/tr>\n<\/thead>\n<tbody>\n<tr>\n<th colspan=\"2\">Measured fluid<\/th>\n<td colspan=\"5\">Air, nitrogen<\/td>\n<\/tr>\n<tr>\n<th colspan=\"2\">Flow rate measurement range<\/th>\n<td>0.5 to 10.5\u00a0L\/min<\/td>\n<td>2.5 to 52.5\u00a0L\/min<\/td>\n<td>5 to 105\u00a0L\/min<\/td>\n<td>10 to 210\u00a0L\/min<\/td>\n<td>25 to 525\u00a0L\/min<\/td>\n<\/tr>\n<tr>\n<th colspan=\"2\">Set flow rate range<\/th>\n<td>0.5 to 10.5\u00a0L\/min<\/td>\n<td>2.5 to 52.5\u00a0L\/min<\/td>\n<td>5 to 105\u00a0L\/min<\/td>\n<td>10 to 210\u00a0L\/min<\/td>\n<td>25 to 525\u00a0L\/min<\/td>\n<\/tr>\n<tr>\n<th colspan=\"2\">Rated flow range<\/th>\n<td>1 to 10\u00a0L\/min<\/td>\n<td>5 to 50\u00a0L\/min<\/td>\n<td>10 to 100\u00a0L\/min<\/td>\n<td>20 to 200\u00a0L\/min<\/td>\n<td>50 to 500\u00a0L\/min<\/td>\n<\/tr>\n<tr>\n<th colspan=\"2\">Minimum Unit Setting<\/th>\n<td>0.1\u00a0L\/min<\/td>\n<td>0.5\u00a0L\/min<\/td>\n<td>1\u00a0L\/min<\/td>\n<td>2\u00a0L\/min<\/td>\n<td>5\u00a0L\/min<\/td>\n<\/tr>\n<tr>\n<th colspan=\"2\">Accumulated pulse flow rate exchange value (pulse width: 50\u00a0ms)<\/th>\n<td>0.1\u00a0L\/pulse<\/td>\n<td>0.5\u00a0L\/pulse<\/td>\n<td>1\u00a0L\/pulse<\/td>\n<td>2\u00a0L\/pulse<\/td>\n<td>5\u00a0L\/pulse<\/td>\n<\/tr>\n<\/tbody>\n<\/table>\n<h4 class=\"m-h4--wysiwyg\">Specifications of PF2A5<\/h4>\n<table class=\"m-table\">\n<thead>\n<tr>\n<th colspan=\"2\">Model<\/th>\n<th>PF2A510<\/th>\n<th>PF2A550<\/th>\n<th>PF2A511<\/th>\n<th>PF2A521<\/th>\n<th>PF2A551<\/th>\n<\/tr>\n<\/thead>\n<tbody>\n<tr>\n<th colspan=\"2\">Measured fluid<\/th>\n<td colspan=\"5\">Air, nitrogen<\/td>\n<\/tr>\n<tr>\n<th colspan=\"2\">Detection Type<\/th>\n<td colspan=\"5\">Heat type<\/td>\n<\/tr>\n<tr>\n<th colspan=\"2\">Rated flow range<\/th>\n<td>1 to 10\u00a0L\/min<\/td>\n<td>5 to 50\u00a0L\/min<\/td>\n<td>10 to 100\u00a0L\/min<\/td>\n<td>20 to 200\u00a0L\/min<\/td>\n<td>50 to 500\u00a0L\/min<\/td>\n<\/tr>\n<tr>\n<th colspan=\"2\">Operating Pressure Range<\/th>\n<td colspan=\"2\">-50\u00a0kPa to 0.5\u00a0MPa<\/td>\n<td colspan=\"3\">-50\u00a0kPa to 0.75\u00a0MPa<\/td>\n<\/tr>\n<\/tbody>\n<\/table>\n<p class=\"QN2lPu\">\n<h3 class=\"SpecTable_specTitle__VZNox\">Configured Specifications<\/h3>\n<ul class=\"SpecTable_tableWrapper__TkrZl\">\n<li style=\"list-style-type: none\">\n<ul class=\"SpecTable_tableWrapper__TkrZl\">\n<li class=\"SpecTable_specComplexPN__1foAg\">\n<dl class=\"SpecTable_specTable__XNeik\">\n<dt class=\"SpecTable_specLabel__hvUFG\">Type <span style=\"font-weight: 400\">[Flow Switches] Flow Switch<\/span><\/dt>\n<\/dl>\n<\/li>\n<li class=\"SpecTable_specComplexPN__1foAg\">\n<dl class=\"SpecTable_specTable__XNeik\">\n<dt class=\"SpecTable_specLabel__hvUFG\">Fluid Type <span style=\"font-weight: 400\">Air \/ Nitrogen Gas<\/span><\/dt>\n<\/dl>\n<\/li>\n<li class=\"SpecTable_specComplexPN__1foAg\">\n<dl class=\"SpecTable_specTable__XNeik\">\n<dt class=\"SpecTable_specLabel__hvUFG\">Sensor, Monitor Structure <span style=\"font-weight: 400\">[Integrated Type] Display Integrated<\/span><\/dt>\n<\/dl>\n<\/li>\n<li class=\"SpecTable_specComplexPN__1foAg\">\n<dl class=\"SpecTable_specTable__XNeik\">\n<dt class=\"SpecTable_specLabel__hvUFG\">Output Method <span style=\"font-weight: 400\">NPN Open Collector \/ Pulse<\/span><\/dt>\n<\/dl>\n<\/li>\n<li class=\"SpecTable_specComplexPN__1foAg\">\n<dl class=\"SpecTable_specTable__XNeik\">\n<dt class=\"SpecTable_specLabel__hvUFG\">Analog Output Specification <span style=\"font-weight: 400\">&#8211;<\/span><\/dt>\n<\/dl>\n<\/li>\n<li class=\"SpecTable_specComplexPN__1foAg\">\n<dl class=\"SpecTable_specTable__XNeik\">\n<dt class=\"SpecTable_specLabel__hvUFG\">Pipe Port Type <span style=\"font-weight: 400\">Female Thread<\/span><\/dt>\n<\/dl>\n<\/li>\n<li class=\"SpecTable_specComplexPN__1foAg\">\n<dl class=\"SpecTable_specTable__XNeik\">\n<dt class=\"SpecTable_specLabel__hvUFG\">Plumbing Thread Type <span style=\"font-weight: 400\">[G] G<\/span><\/dt>\n<\/dl>\n<\/li>\n<li class=\"SpecTable_specComplexPN__1foAg\">\n<dl class=\"SpecTable_specTable__XNeik\">\n<dt class=\"SpecTable_specLabel__hvUFG\">Plumbing Thread Nominal <span style=\"font-weight: 400\">[3\/8] 3\/8<\/span><\/dt>\n<\/dl>\n<\/li>\n<li class=\"SpecTable_specComplexPN__1foAg\">\n<dl class=\"SpecTable_specTable__XNeik\">\n<dt class=\"SpecTable_specLabel__hvUFG\">Pressure Resistant <span style=\"font-weight: 400\">1<\/span><\/dt>\n<\/dl>\n<\/li>\n<li class=\"SpecTable_specComplexPN__1foAg\">\n<dl class=\"SpecTable_specTable__XNeik\">\n<dt class=\"SpecTable_specLabel__hvUFG\">Number of Output Points <span style=\"font-weight: 400\">2<\/span><\/dt>\n<\/dl>\n<\/li>\n<li class=\"SpecTable_specComplexPN__1foAg\">\n<dl class=\"SpecTable_specTable__XNeik\">\n<dt class=\"SpecTable_specLabel__hvUFG\">Analog Voltage Output <span style=\"font-weight: 400\">&#8211;<\/span><\/dt>\n<\/dl>\n<\/li>\n<li class=\"SpecTable_specComplexPN__1foAg\">\n<dl class=\"SpecTable_specTable__XNeik\">\n<dt class=\"SpecTable_specLabel__hvUFG\">Analog Current Output <span style=\"font-weight: 400\">&#8211;<\/span><\/dt>\n<\/dl>\n<\/li>\n<li class=\"SpecTable_specComplexPN__1foAg\">\n<dl class=\"SpecTable_specTable__XNeik\">\n<dt class=\"SpecTable_specLabel__hvUFG\">Power Supply Type <span style=\"font-weight: 400\">DC<\/span><\/dt>\n<\/dl>\n<\/li>\n<li class=\"SpecTable_specComplexPN__1foAg\">\n<dl class=\"SpecTable_specTable__XNeik\">\n<dt class=\"SpecTable_specLabel__hvUFG\">Power Supply Voltage <span style=\"font-weight: 400\">[12~24] 12 to 24 \u00b110%<\/span><\/dt>\n<\/dl>\n<\/li>\n<li class=\"SpecTable_specComplexPN__1foAg\">\n<dl class=\"SpecTable_specTable__XNeik\">\n<dt class=\"SpecTable_specLabel__hvUFG\">Liquid contact parts material <span style=\"font-weight: 400\">[Resin] PBT<\/span><\/dt>\n<\/dl>\n<\/li>\n<li class=\"SpecTable_specComplexPN__1foAg\">\n<dl class=\"SpecTable_specTable__XNeik\">\n<dt class=\"SpecTable_specLabel__hvUFG\">Display <span style=\"font-weight: 400\">&#8211;<\/span><\/dt>\n<\/dl>\n<\/li>\n<li class=\"SpecTable_specComplexPN__1foAg\">\n<dl class=\"SpecTable_specTable__XNeik\">\n<dt class=\"SpecTable_specLabel__hvUFG\">Protection Structure <span style=\"font-weight: 400\">IP65<\/span><\/dt>\n<\/dl>\n<\/li>\n<li class=\"SpecTable_specComplexPN__1foAg\">\n<dl class=\"SpecTable_specTable__XNeik\">\n<dt class=\"SpecTable_specLabel__hvUFG\">Unit Specifications <span style=\"font-weight: 400\">With unit conversion function<\/span><\/dt>\n<\/dl>\n<\/li>\n<li class=\"SpecTable_specComplexPN__1foAg\">\n<dl class=\"SpecTable_specTable__XNeik\">\n<dt class=\"SpecTable_specLabel__hvUFG\">Lead Wire <span style=\"font-weight: 400\">&#8211;<\/span><\/dt>\n<\/dl>\n<\/li>\n<li class=\"SpecTable_specComplexPN__1foAg\">\n<dl class=\"SpecTable_specTable__XNeik\">\n<dt class=\"SpecTable_specLabel__hvUFG\">Rated Pressure Range <span style=\"font-weight: 400\">-50\u00a0kPa to 0.75\u00a0MPa<\/span><\/dt>\n<\/dl>\n<\/li>\n<li class=\"SpecTable_specComplexPN__1foAg\">\n<dl class=\"SpecTable_specTable__XNeik\">\n<dt class=\"SpecTable_specLabel__hvUFG\">Rating Flow Range <span style=\"font-weight: 400\">20 to 200<\/span><\/dt>\n<\/dl>\n<\/li>\n<li class=\"SpecTable_specComplexPN__1foAg\">\n<dl class=\"SpecTable_specTable__XNeik\">\n<dt class=\"SpecTable_specLabel__hvUFG\">Sensor type <span style=\"font-weight: 400\">&#8211;<\/span><\/dt>\n<\/dl>\n<\/li>\n<li class=\"SpecTable_specComplexPN__1foAg\">\n<dl class=\"SpecTable_specTable__XNeik\">\n<dt class=\"SpecTable_specLabel__hvUFG\">Accessory <span style=\"font-weight: 400\">&#8211;<\/span><\/dt>\n<\/dl>\n<\/li>\n<li class=\"SpecTable_specComplexPN__1foAg\">\n<dl class=\"SpecTable_specTable__XNeik\">\n<dt class=\"SpecTable_specLabel__hvUFG\">Option <span style=\"font-weight: 400\">&#8211;<\/span><\/dt>\n<\/dl>\n<\/li>\n<li class=\"SpecTable_specComplexPN__1foAg\">\n<dl class=\"SpecTable_specTable__XNeik\">\n<dt class=\"SpecTable_specLabel__hvUFG\">Output Specification <span style=\"font-weight: 400\">NPN open collector 2 outputs<\/span><\/dt>\n<\/dl>\n<\/li>\n<li class=\"SpecTable_specComplexPN__1foAg\">\n<dl class=\"SpecTable_specTable__XNeik\">\n<dt class=\"SpecTable_specLabel__hvUFG\">Accuracy <span style=\"font-weight: 400\">\u00b15<\/span><\/dt>\n<\/dl>\n<\/li>\n<li class=\"SpecTable_specComplexPN__1foAg\">\n<dl class=\"SpecTable_specTable__XNeik\">\n<dt class=\"SpecTable_specLabel__hvUFG\">Contact configuration <span style=\"font-weight: 400\">&#8211;<\/span><\/dt>\n<\/dl>\n<\/li>\n<li class=\"SpecTable_specComplexPN__1foAg\">\n<dl class=\"SpecTable_specTable__XNeik\">\n<dt class=\"SpecTable_specLabel__hvUFG\">CE compliant <span style=\"font-weight: 400\">&#8211;<\/span><\/dt>\n<\/dl>\n<\/li>\n<\/ul>\n<\/li>\n<\/ul>\n","protected":false},"excerpt":{"rendered":"<p>SMC PF2A721-F03-27 Specifications of PF2A7 Model PF2A710 PF2A750 PF2A711 PF2A721 PF2A751 Measured fluid Air, nitrogen Flow rate measurement range 0.5 to 10.5\u00a0L\/min 2.5 to 52.5\u00a0L\/min 5 to 105\u00a0L\/min 10 to 210\u00a0L\/min 25 to 525\u00a0L\/min Set flow rate range 0.5 to 10.5\u00a0L\/min 2.5 to 52.5\u00a0L\/min 5 to 105\u00a0L\/min 10 to 210\u00a0L\/min&hellip; <\/p>\n","protected":false},"featured_media":4527,"comment_status":"open","ping_status":"closed","template":"","meta":[],"product_cat":[283],"product_tag":[88,93,92],"class_list":{"0":"post-4526","1":"product","2":"type-product","3":"status-publish","4":"has-post-thumbnail","6":"product_cat-smc","7":"product_tag-cam-bien","8":"product_tag-dai-ly-smc-viet-nam","9":"product_tag-smc-viet-nam","11":"first","12":"instock","13":"shipping-taxable","14":"product-type-simple"},"yoast_head":"<!-- This site is optimized with the Yoast SEO plugin v22.8 - https:\/\/yoast.com\/wordpress\/plugins\/seo\/ -->\n<title>SMC PF2A721-F03-27 - OMANI VI\u1ec6T NAM<\/title>\n<meta name=\"description\" content=\"SMC PF2A721-F03-27 Digital Flow Switch\" \/>\n<meta name=\"robots\" content=\"index, follow, max-snippet:-1, max-image-preview:large, max-video-preview:-1\" \/>\n<link rel=\"canonical\" href=\"https:\/\/omanivietnam.com\/index.php\/san-pham\/smc-pf2a721-f03-27\/\" \/>\n<meta property=\"og:locale\" content=\"vi_VN\" \/>\n<meta property=\"og:type\" content=\"article\" \/>\n<meta property=\"og:title\" content=\"SMC PF2A721-F03-27 - OMANI VI\u1ec6T NAM\" \/>\n<meta property=\"og:description\" content=\"SMC PF2A721-F03-27 Digital Flow Switch\" \/>\n<meta property=\"og:url\" content=\"https:\/\/omanivietnam.com\/index.php\/san-pham\/smc-pf2a721-f03-27\/\" \/>\n<meta property=\"og:site_name\" content=\"OMANI VI\u1ec6T NAM\" \/>\n<meta property=\"article:modified_time\" content=\"2025-11-16T08:05:16+00:00\" \/>\n<meta property=\"og:image\" content=\"https:\/\/omanivietnam.com\/wp-content\/uploads\/2025\/11\/PF2A721-F03-27.png\" \/>\n\t<meta property=\"og:image:width\" content=\"580\" \/>\n\t<meta property=\"og:image:height\" content=\"539\" \/>\n\t<meta property=\"og:image:type\" content=\"image\/png\" \/>\n<meta name=\"twitter:card\" content=\"summary_large_image\" \/>\n<meta name=\"twitter:label1\" content=\"\u01af\u1edbc t\u00ednh th\u1eddi gian \u0111\u1ecdc\" \/>\n\t<meta name=\"twitter:data1\" content=\"2 ph\u00fat\" \/>\n<script type=\"application\/ld+json\" class=\"yoast-schema-graph\">{\"@context\":\"https:\/\/schema.org\",\"@graph\":[{\"@type\":\"WebPage\",\"@id\":\"https:\/\/omanivietnam.com\/index.php\/san-pham\/smc-pf2a721-f03-27\/\",\"url\":\"https:\/\/omanivietnam.com\/index.php\/san-pham\/smc-pf2a721-f03-27\/\",\"name\":\"SMC PF2A721-F03-27 - OMANI VI\u1ec6T NAM\",\"isPartOf\":{\"@id\":\"https:\/\/omanivietnam.com\/#website\"},\"primaryImageOfPage\":{\"@id\":\"https:\/\/omanivietnam.com\/index.php\/san-pham\/smc-pf2a721-f03-27\/#primaryimage\"},\"image\":{\"@id\":\"https:\/\/omanivietnam.com\/index.php\/san-pham\/smc-pf2a721-f03-27\/#primaryimage\"},\"thumbnailUrl\":\"https:\/\/omanivietnam.com\/wp-content\/uploads\/2025\/11\/PF2A721-F03-27.png\",\"datePublished\":\"2025-11-16T08:05:15+00:00\",\"dateModified\":\"2025-11-16T08:05:16+00:00\",\"description\":\"SMC PF2A721-F03-27 Digital Flow Switch\",\"breadcrumb\":{\"@id\":\"https:\/\/omanivietnam.com\/index.php\/san-pham\/smc-pf2a721-f03-27\/#breadcrumb\"},\"inLanguage\":\"vi\",\"potentialAction\":[{\"@type\":\"ReadAction\",\"target\":[\"https:\/\/omanivietnam.com\/index.php\/san-pham\/smc-pf2a721-f03-27\/\"]}]},{\"@type\":\"ImageObject\",\"inLanguage\":\"vi\",\"@id\":\"https:\/\/omanivietnam.com\/index.php\/san-pham\/smc-pf2a721-f03-27\/#primaryimage\",\"url\":\"https:\/\/omanivietnam.com\/wp-content\/uploads\/2025\/11\/PF2A721-F03-27.png\",\"contentUrl\":\"https:\/\/omanivietnam.com\/wp-content\/uploads\/2025\/11\/PF2A721-F03-27.png\",\"width\":580,\"height\":539},{\"@type\":\"BreadcrumbList\",\"@id\":\"https:\/\/omanivietnam.com\/index.php\/san-pham\/smc-pf2a721-f03-27\/#breadcrumb\",\"itemListElement\":[{\"@type\":\"ListItem\",\"position\":1,\"name\":\"Home\",\"item\":\"https:\/\/omanivietnam.com\/\"},{\"@type\":\"ListItem\",\"position\":2,\"name\":\"S\u1ea2N PH\u1ea8M\",\"item\":\"https:\/\/omanivietnam.com\/index.php\/cua-hang\/\"},{\"@type\":\"ListItem\",\"position\":3,\"name\":\"SMC PF2A721-F03-27\"}]},{\"@type\":\"WebSite\",\"@id\":\"https:\/\/omanivietnam.com\/#website\",\"url\":\"https:\/\/omanivietnam.com\/\",\"name\":\"OMANI VI\u1ec6T NAM\",\"description\":\"Nh\u00e0 ph\u00e2n ph\u1ed1i thi\u1ebft b\u1ecb kh\u00ed n\u00e9n v\u00e0 thi\u1ebft b\u1ecb t\u1ef1 \u0111\u1ed9ng h\u00f3a trong c\u00f4ng nghi\u1ec7p\",\"publisher\":{\"@id\":\"https:\/\/omanivietnam.com\/#\/schema\/person\/0ad398a980dc3fd696111c2c5c8fa897\"},\"potentialAction\":[{\"@type\":\"SearchAction\",\"target\":{\"@type\":\"EntryPoint\",\"urlTemplate\":\"https:\/\/omanivietnam.com\/?s={search_term_string}\"},\"query-input\":\"required name=search_term_string\"}],\"inLanguage\":\"vi\"},{\"@type\":[\"Person\",\"Organization\"],\"@id\":\"https:\/\/omanivietnam.com\/#\/schema\/person\/0ad398a980dc3fd696111c2c5c8fa897\",\"name\":\"Nguy\u1ec5n V\u0103n Kh\u00e1nh\",\"image\":{\"@type\":\"ImageObject\",\"inLanguage\":\"vi\",\"@id\":\"https:\/\/omanivietnam.com\/#\/schema\/person\/image\/\",\"url\":\"https:\/\/omanivietnam.com\/wp-content\/uploads\/2024\/06\/logo-1024x1024.png\",\"contentUrl\":\"https:\/\/omanivietnam.com\/wp-content\/uploads\/2024\/06\/logo-1024x1024.png\",\"width\":1024,\"height\":1024,\"caption\":\"Nguy\u1ec5n V\u0103n Kh\u00e1nh\"},\"logo\":{\"@id\":\"https:\/\/omanivietnam.com\/#\/schema\/person\/image\/\"},\"sameAs\":[\"https:\/\/omanivietnam.com\"]}]}<\/script>\n<!-- \/ Yoast SEO plugin. -->","yoast_head_json":{"title":"SMC PF2A721-F03-27 - OMANI VI\u1ec6T NAM","description":"SMC PF2A721-F03-27 Digital Flow Switch","robots":{"index":"index","follow":"follow","max-snippet":"max-snippet:-1","max-image-preview":"max-image-preview:large","max-video-preview":"max-video-preview:-1"},"canonical":"https:\/\/omanivietnam.com\/index.php\/san-pham\/smc-pf2a721-f03-27\/","og_locale":"vi_VN","og_type":"article","og_title":"SMC PF2A721-F03-27 - OMANI VI\u1ec6T NAM","og_description":"SMC PF2A721-F03-27 Digital Flow Switch","og_url":"https:\/\/omanivietnam.com\/index.php\/san-pham\/smc-pf2a721-f03-27\/","og_site_name":"OMANI VI\u1ec6T NAM","article_modified_time":"2025-11-16T08:05:16+00:00","og_image":[{"width":580,"height":539,"url":"https:\/\/omanivietnam.com\/wp-content\/uploads\/2025\/11\/PF2A721-F03-27.png","type":"image\/png"}],"twitter_card":"summary_large_image","twitter_misc":{"\u01af\u1edbc t\u00ednh th\u1eddi gian \u0111\u1ecdc":"2 ph\u00fat"},"schema":{"@context":"https:\/\/schema.org","@graph":[{"@type":"WebPage","@id":"https:\/\/omanivietnam.com\/index.php\/san-pham\/smc-pf2a721-f03-27\/","url":"https:\/\/omanivietnam.com\/index.php\/san-pham\/smc-pf2a721-f03-27\/","name":"SMC PF2A721-F03-27 - OMANI VI\u1ec6T NAM","isPartOf":{"@id":"https:\/\/omanivietnam.com\/#website"},"primaryImageOfPage":{"@id":"https:\/\/omanivietnam.com\/index.php\/san-pham\/smc-pf2a721-f03-27\/#primaryimage"},"image":{"@id":"https:\/\/omanivietnam.com\/index.php\/san-pham\/smc-pf2a721-f03-27\/#primaryimage"},"thumbnailUrl":"https:\/\/omanivietnam.com\/wp-content\/uploads\/2025\/11\/PF2A721-F03-27.png","datePublished":"2025-11-16T08:05:15+00:00","dateModified":"2025-11-16T08:05:16+00:00","description":"SMC PF2A721-F03-27 Digital Flow Switch","breadcrumb":{"@id":"https:\/\/omanivietnam.com\/index.php\/san-pham\/smc-pf2a721-f03-27\/#breadcrumb"},"inLanguage":"vi","potentialAction":[{"@type":"ReadAction","target":["https:\/\/omanivietnam.com\/index.php\/san-pham\/smc-pf2a721-f03-27\/"]}]},{"@type":"ImageObject","inLanguage":"vi","@id":"https:\/\/omanivietnam.com\/index.php\/san-pham\/smc-pf2a721-f03-27\/#primaryimage","url":"https:\/\/omanivietnam.com\/wp-content\/uploads\/2025\/11\/PF2A721-F03-27.png","contentUrl":"https:\/\/omanivietnam.com\/wp-content\/uploads\/2025\/11\/PF2A721-F03-27.png","width":580,"height":539},{"@type":"BreadcrumbList","@id":"https:\/\/omanivietnam.com\/index.php\/san-pham\/smc-pf2a721-f03-27\/#breadcrumb","itemListElement":[{"@type":"ListItem","position":1,"name":"Home","item":"https:\/\/omanivietnam.com\/"},{"@type":"ListItem","position":2,"name":"S\u1ea2N PH\u1ea8M","item":"https:\/\/omanivietnam.com\/index.php\/cua-hang\/"},{"@type":"ListItem","position":3,"name":"SMC PF2A721-F03-27"}]},{"@type":"WebSite","@id":"https:\/\/omanivietnam.com\/#website","url":"https:\/\/omanivietnam.com\/","name":"OMANI VI\u1ec6T NAM","description":"Nh\u00e0 ph\u00e2n ph\u1ed1i thi\u1ebft b\u1ecb kh\u00ed n\u00e9n v\u00e0 thi\u1ebft b\u1ecb t\u1ef1 \u0111\u1ed9ng h\u00f3a trong c\u00f4ng nghi\u1ec7p","publisher":{"@id":"https:\/\/omanivietnam.com\/#\/schema\/person\/0ad398a980dc3fd696111c2c5c8fa897"},"potentialAction":[{"@type":"SearchAction","target":{"@type":"EntryPoint","urlTemplate":"https:\/\/omanivietnam.com\/?s={search_term_string}"},"query-input":"required name=search_term_string"}],"inLanguage":"vi"},{"@type":["Person","Organization"],"@id":"https:\/\/omanivietnam.com\/#\/schema\/person\/0ad398a980dc3fd696111c2c5c8fa897","name":"Nguy\u1ec5n V\u0103n Kh\u00e1nh","image":{"@type":"ImageObject","inLanguage":"vi","@id":"https:\/\/omanivietnam.com\/#\/schema\/person\/image\/","url":"https:\/\/omanivietnam.com\/wp-content\/uploads\/2024\/06\/logo-1024x1024.png","contentUrl":"https:\/\/omanivietnam.com\/wp-content\/uploads\/2024\/06\/logo-1024x1024.png","width":1024,"height":1024,"caption":"Nguy\u1ec5n V\u0103n Kh\u00e1nh"},"logo":{"@id":"https:\/\/omanivietnam.com\/#\/schema\/person\/image\/"},"sameAs":["https:\/\/omanivietnam.com"]}]}},"_links":{"self":[{"href":"https:\/\/omanivietnam.com\/index.php\/wp-json\/wp\/v2\/product\/4526","targetHints":{"allow":["GET"]}}],"collection":[{"href":"https:\/\/omanivietnam.com\/index.php\/wp-json\/wp\/v2\/product"}],"about":[{"href":"https:\/\/omanivietnam.com\/index.php\/wp-json\/wp\/v2\/types\/product"}],"replies":[{"embeddable":true,"href":"https:\/\/omanivietnam.com\/index.php\/wp-json\/wp\/v2\/comments?post=4526"}],"wp:featuredmedia":[{"embeddable":true,"href":"https:\/\/omanivietnam.com\/index.php\/wp-json\/wp\/v2\/media\/4527"}],"wp:attachment":[{"href":"https:\/\/omanivietnam.com\/index.php\/wp-json\/wp\/v2\/media?parent=4526"}],"wp:term":[{"taxonomy":"product_cat","embeddable":true,"href":"https:\/\/omanivietnam.com\/index.php\/wp-json\/wp\/v2\/product_cat?post=4526"},{"taxonomy":"product_tag","embeddable":true,"href":"https:\/\/omanivietnam.com\/index.php\/wp-json\/wp\/v2\/product_tag?post=4526"}],"curies":[{"name":"wp","href":"https:\/\/api.w.org\/{rel}","templated":true}]}}