{"id":4537,"date":"2025-11-22T15:52:21","date_gmt":"2025-11-22T08:52:21","guid":{"rendered":"https:\/\/omanivietnam.com\/?post_type=product&#038;p=4537"},"modified":"2025-12-24T22:19:25","modified_gmt":"2025-12-24T15:19:25","slug":"hbm-c16a-c3-30t","status":"publish","type":"product","link":"https:\/\/omanivietnam.com\/index.php\/san-pham\/hbm-c16a-c3-30t\/","title":{"rendered":"HBM C16A C3 30T"},"content":{"rendered":"<p>HBM C16A C3 30T<\/p>\n<p>HBM C16A C3 20T\u00a0 \u00a0C16A C3 30T\u00a0 C16A C3 40T C16A C3 60T C16A C3 100T<\/p>\n<p>HBM C16A D1 20T\u00a0 \u00a0C16A D1 30T\u00a0 C16A D1 40T C16A D1 60T C16A D1 100T<\/p>\n<h2>Load cell C16A C3 30T<\/h2>\n<p><strong><em>Loadcell C16A C3 30T<\/em><\/strong> la\u0300 loa\u0323i ca\u0309m bi\u00ea\u0301n do\u0300ng kinh t\u00ea\u0301, a\u0301p du\u0323ng trong ca\u0301c ngha\u0300nh c\u00f4ng nghi\u00ea\u0323p \u0111o l\u01b0\u1eddng,\u00a0c\u00f3 thi\u1ebft k\u1ebf hi\u1ec7n \u0111\u1ea1i, v\u1eadt li\u1ec7u ch\u1ea5t li\u1ec7u cao c\u1ea5p cho \u0111\u1ed9 b\u1ec1n cao.\u00a0<strong><em>Model C16A C3 30T<\/em><\/strong> c\u00f3 th\u1ec3 ho\u1ea1t \u0111\u1ed9ng li\u00ean t\u1ee5c v\u00e0 \u1ed5n \u0111\u1ecbnh.\u00a0 \u1ee8ng d\u1ee5ng trong c\u00e1c h\u1ec7 th\u1ed1ng \u0111o l\u01b0\u1eddng, c\u00e2n \u0111i\u1ec7n t\u1eed.<br \/>\nTh\u00f4ng s\u1ed1 k\u1ef9 thu\u1eadt:<br \/>\nModel:\u00a0<strong><em>C16A C3 30T<\/em><\/strong><br \/>\nT\u1ea3i tr\u1ecdng: 30000kg.<br \/>\nT\u00edn hi\u1ec7u ra: 2mV\/V<br \/>\nNhi\u1ec7t \u0111\u1ed9 ho\u1ea1t \u0111\u1ed9ng: -10 ~ 40 \u0111\u1ed9 C.<br \/>\nC\u1ea5p b\u1ea3o v\u1ec7: IP68.<\/p>\n<h3>TH\u00d4NG S\u1ed0 K\u1ef8 THU\u1eacT:<\/h3>\n<table border=\"1\" width=\"741\" cellspacing=\"0\" cellpadding=\"0\">\n<tbody>\n<tr>\n<td>\n<p align=\"center\">MODEL<\/p>\n<\/td>\n<td>\n<p align=\"center\">C16A-D1<\/p>\n<\/td>\n<td>\n<p align=\"center\">C16A-C3<\/p>\n<\/td>\n<\/tr>\n<tr>\n<td>\n<p align=\"center\">Capacity (Max)<\/p>\n<\/td>\n<td colspan=\"2\">\n<p align=\"center\">20t, 30t, 40t, 60t, 100t\u1ea5n<\/p>\n<\/td>\n<\/tr>\n<tr>\n<td>\n<p align=\"center\">Ph\u00f9 h\u1ee3p ti\u00eau chu\u1ea9n OIML R60<\/p>\n<\/td>\n<td>\n<p align=\"center\">D1(0.0330%)<\/p>\n<\/td>\n<td>\n<p align=\"center\">C3(0.0170%)<\/p>\n<\/td>\n<\/tr>\n<tr>\n<td>\n<p align=\"center\">T\u00edn hi\u1ec7u ra<\/p>\n<\/td>\n<td colspan=\"2\">\n<p align=\"center\">2mV\/V<\/p>\n<\/td>\n<\/tr>\n<tr>\n<td>\n<p align=\"center\">C\u1ea5p ch\u00ednh x\u00e1c<\/p>\n<\/td>\n<td colspan=\"2\">\n<p align=\"center\">D1, C3<\/p>\n<\/td>\n<\/tr>\n<tr>\n<td>\n<p align=\"center\">\u0110\u1ed9 b\u00f2 30\u2019<\/p>\n<\/td>\n<td>\n<p align=\"center\">\u00b10.0330% of Cn<\/p>\n<\/td>\n<td>\n<p align=\"center\">\u00b10.0330% of Cn<\/p>\n<\/td>\n<\/tr>\n<tr>\n<td>\n<p align=\"center\">\u0110i\u1ec7n tr\u1edf ng\u00f5 v\u00e0o<\/p>\n<\/td>\n<td colspan=\"2\">\n<p align=\"center\">700\u00b120\u03a9<\/p>\n<\/td>\n<\/tr>\n<tr>\n<td>\n<p align=\"center\">\u0110i\u1ec7n tr\u1edf ng\u00f5 ra<\/p>\n<\/td>\n<td colspan=\"2\">\n<p align=\"center\">706\u00b13.5\u03a9<\/p>\n<\/td>\n<\/tr>\n<tr>\n<td>\n<p align=\"center\">\u0110i\u1ec7n tr\u1edf c\u00e1ch ly<\/p>\n<\/td>\n<td colspan=\"2\">\n<p align=\"center\">\u22655000M\u03a9<\/p>\n<\/td>\n<\/tr>\n<tr>\n<td>\n<p align=\"center\">Nhi\u1ec7t \u0111\u1ed9 ho\u1ea1t \u0111\u1ed9ng<\/p>\n<\/td>\n<td colspan=\"2\">\n<p align=\"center\">-10~+40 \u00baC<\/p>\n<\/td>\n<\/tr>\n<tr>\n<td>\n<p align=\"center\">Qu\u00e1 t\u1ea3i an to\u00e0n<\/p>\n<\/td>\n<td colspan=\"2\">\n<p align=\"center\">150%F.S<\/p>\n<\/td>\n<\/tr>\n<tr>\n<td>\n<p align=\"center\">Qu\u00e1 t\u1ea3i ph\u00e1 h\u1ee7y loadcell<\/p>\n<\/td>\n<td colspan=\"2\">\n<p align=\"center\">350%F.S<\/p>\n<\/td>\n<\/tr>\n<tr>\n<td>\n<p align=\"center\">\u0110i\u1ec7n \u00e1p k\u00edch th\u00edch<\/p>\n<\/td>\n<td colspan=\"2\">\n<p align=\"center\">5V DC<\/p>\n<\/td>\n<\/tr>\n<tr>\n<td>\n<p align=\"center\">\u0110i\u1ec7n \u00e1p k\u00edch th\u00edch l\u1edbn nh\u1ea5t<\/p>\n<\/td>\n<td colspan=\"2\">\n<p align=\"center\">12V DC<\/p>\n<\/td>\n<\/tr>\n<tr>\n<td>\n<p align=\"center\">C\u1ea5p b\u1ea3o v\u1ec7<\/p>\n<\/td>\n<td colspan=\"2\">\n<p align=\"center\">\u00a0IP68<\/p>\n<\/td>\n<\/tr>\n<tr>\n<td>\n<p align=\"center\">V\u1eadt li\u1ec7u<\/p>\n<\/td>\n<td colspan=\"2\">\n<p align=\"center\">Th\u00e9p kh\u00f4ng g\u1ec9 \/ Th\u00e9p h\u1ee3p kim m\u1ea1<\/p>\n<\/td>\n<\/tr>\n<\/tbody>\n<\/table>\n<p>\u0110\u1ea1i l\u00fd HBM vietnam, HBM viet nam, HBM vietnam distributor, Ph\u00e2n ph\u1ed1i HBM t\u1ea1i vi\u1ec7t nam<\/p>\n<p>\u0110\u1ea1i l\u00fd HBM vietnam, HBM viet nam, HBM vietnam distributor, Ph\u00e2n ph\u1ed1i HBM t\u1ea1i vi\u1ec7t nam<\/p>\n<p>\u0110\u1ea1i l\u00fd HBM vietnam, HBM viet nam, HBM vietnam distributor, Ph\u00e2n ph\u1ed1i HBM t\u1ea1i vi\u1ec7t nam<\/p>\n","protected":false},"excerpt":{"rendered":"<p>HBM C16A C3 30T HBM C16A C3 20T\u00a0 \u00a0C16A C3 30T\u00a0 C16A C3 40T C16A C3 60T C16A C3 100T HBM C16A D1 20T\u00a0 \u00a0C16A D1 30T\u00a0 C16A D1 40T C16A D1 60T C16A D1 100T Load cell C16A C3 30T Loadcell C16A C3 30T la\u0300 loa\u0323i ca\u0309m bi\u00ea\u0301n do\u0300ng&hellip; <\/p>\n","protected":false},"featured_media":4538,"comment_status":"open","ping_status":"closed","template":"","meta":[],"product_cat":[390],"product_tag":[650,392,391],"class_list":{"0":"post-4537","1":"product","2":"type-product","3":"status-publish","4":"has-post-thumbnail","6":"product_cat-hbm","7":"product_tag-cam-bien-luc","8":"product_tag-dai-ly-hbm-viet-nam","9":"product_tag-hbm-viet-nam","11":"first","12":"instock","13":"shipping-taxable","14":"product-type-simple"},"yoast_head":"<!-- This site is optimized with the Yoast SEO plugin v22.8 - https:\/\/yoast.com\/wordpress\/plugins\/seo\/ -->\n<title>HBM C16A C3 30T - OMANI VI\u1ec6T NAM<\/title>\n<meta name=\"description\" content=\"HBM C16A C3 30T Load cell\" \/>\n<meta name=\"robots\" content=\"index, follow, max-snippet:-1, max-image-preview:large, max-video-preview:-1\" \/>\n<link rel=\"canonical\" href=\"https:\/\/omanivietnam.com\/index.php\/san-pham\/hbm-c16a-c3-30t\/\" \/>\n<meta property=\"og:locale\" content=\"vi_VN\" \/>\n<meta property=\"og:type\" content=\"article\" \/>\n<meta property=\"og:title\" content=\"HBM C16A C3 30T - OMANI VI\u1ec6T NAM\" \/>\n<meta property=\"og:description\" content=\"HBM C16A C3 30T Load cell\" \/>\n<meta property=\"og:url\" content=\"https:\/\/omanivietnam.com\/index.php\/san-pham\/hbm-c16a-c3-30t\/\" \/>\n<meta property=\"og:site_name\" content=\"OMANI VI\u1ec6T NAM\" \/>\n<meta property=\"article:modified_time\" content=\"2025-12-24T15:19:25+00:00\" \/>\n<meta property=\"og:image\" content=\"https:\/\/omanivietnam.com\/wp-content\/uploads\/2025\/11\/C16AC3-30T.png\" \/>\n\t<meta property=\"og:image:width\" content=\"839\" \/>\n\t<meta property=\"og:image:height\" content=\"837\" \/>\n\t<meta property=\"og:image:type\" content=\"image\/png\" \/>\n<meta name=\"twitter:card\" content=\"summary_large_image\" \/>\n<meta name=\"twitter:label1\" content=\"\u01af\u1edbc t\u00ednh th\u1eddi gian \u0111\u1ecdc\" \/>\n\t<meta name=\"twitter:data1\" content=\"2 ph\u00fat\" \/>\n<script type=\"application\/ld+json\" class=\"yoast-schema-graph\">{\"@context\":\"https:\/\/schema.org\",\"@graph\":[{\"@type\":\"WebPage\",\"@id\":\"https:\/\/omanivietnam.com\/index.php\/san-pham\/hbm-c16a-c3-30t\/\",\"url\":\"https:\/\/omanivietnam.com\/index.php\/san-pham\/hbm-c16a-c3-30t\/\",\"name\":\"HBM C16A C3 30T - OMANI VI\u1ec6T NAM\",\"isPartOf\":{\"@id\":\"https:\/\/omanivietnam.com\/#website\"},\"primaryImageOfPage\":{\"@id\":\"https:\/\/omanivietnam.com\/index.php\/san-pham\/hbm-c16a-c3-30t\/#primaryimage\"},\"image\":{\"@id\":\"https:\/\/omanivietnam.com\/index.php\/san-pham\/hbm-c16a-c3-30t\/#primaryimage\"},\"thumbnailUrl\":\"https:\/\/omanivietnam.com\/wp-content\/uploads\/2025\/11\/C16AC3-30T.png\",\"datePublished\":\"2025-11-22T08:52:21+00:00\",\"dateModified\":\"2025-12-24T15:19:25+00:00\",\"description\":\"HBM C16A C3 30T Load cell\",\"breadcrumb\":{\"@id\":\"https:\/\/omanivietnam.com\/index.php\/san-pham\/hbm-c16a-c3-30t\/#breadcrumb\"},\"inLanguage\":\"vi\",\"potentialAction\":[{\"@type\":\"ReadAction\",\"target\":[\"https:\/\/omanivietnam.com\/index.php\/san-pham\/hbm-c16a-c3-30t\/\"]}]},{\"@type\":\"ImageObject\",\"inLanguage\":\"vi\",\"@id\":\"https:\/\/omanivietnam.com\/index.php\/san-pham\/hbm-c16a-c3-30t\/#primaryimage\",\"url\":\"https:\/\/omanivietnam.com\/wp-content\/uploads\/2025\/11\/C16AC3-30T.png\",\"contentUrl\":\"https:\/\/omanivietnam.com\/wp-content\/uploads\/2025\/11\/C16AC3-30T.png\",\"width\":839,\"height\":837},{\"@type\":\"BreadcrumbList\",\"@id\":\"https:\/\/omanivietnam.com\/index.php\/san-pham\/hbm-c16a-c3-30t\/#breadcrumb\",\"itemListElement\":[{\"@type\":\"ListItem\",\"position\":1,\"name\":\"Home\",\"item\":\"https:\/\/omanivietnam.com\/\"},{\"@type\":\"ListItem\",\"position\":2,\"name\":\"S\u1ea2N PH\u1ea8M\",\"item\":\"https:\/\/omanivietnam.com\/index.php\/cua-hang\/\"},{\"@type\":\"ListItem\",\"position\":3,\"name\":\"HBM C16A C3 30T\"}]},{\"@type\":\"WebSite\",\"@id\":\"https:\/\/omanivietnam.com\/#website\",\"url\":\"https:\/\/omanivietnam.com\/\",\"name\":\"OMANI VI\u1ec6T NAM\",\"description\":\"Nh\u00e0 ph\u00e2n ph\u1ed1i thi\u1ebft b\u1ecb kh\u00ed n\u00e9n v\u00e0 thi\u1ebft b\u1ecb t\u1ef1 \u0111\u1ed9ng h\u00f3a trong c\u00f4ng nghi\u1ec7p\",\"publisher\":{\"@id\":\"https:\/\/omanivietnam.com\/#\/schema\/person\/0ad398a980dc3fd696111c2c5c8fa897\"},\"potentialAction\":[{\"@type\":\"SearchAction\",\"target\":{\"@type\":\"EntryPoint\",\"urlTemplate\":\"https:\/\/omanivietnam.com\/?s={search_term_string}\"},\"query-input\":\"required name=search_term_string\"}],\"inLanguage\":\"vi\"},{\"@type\":[\"Person\",\"Organization\"],\"@id\":\"https:\/\/omanivietnam.com\/#\/schema\/person\/0ad398a980dc3fd696111c2c5c8fa897\",\"name\":\"Nguy\u1ec5n V\u0103n Kh\u00e1nh\",\"image\":{\"@type\":\"ImageObject\",\"inLanguage\":\"vi\",\"@id\":\"https:\/\/omanivietnam.com\/#\/schema\/person\/image\/\",\"url\":\"https:\/\/omanivietnam.com\/wp-content\/uploads\/2024\/06\/logo-1024x1024.png\",\"contentUrl\":\"https:\/\/omanivietnam.com\/wp-content\/uploads\/2024\/06\/logo-1024x1024.png\",\"width\":1024,\"height\":1024,\"caption\":\"Nguy\u1ec5n V\u0103n Kh\u00e1nh\"},\"logo\":{\"@id\":\"https:\/\/omanivietnam.com\/#\/schema\/person\/image\/\"},\"sameAs\":[\"https:\/\/omanivietnam.com\"]}]}<\/script>\n<!-- \/ Yoast SEO plugin. -->","yoast_head_json":{"title":"HBM C16A C3 30T - OMANI VI\u1ec6T NAM","description":"HBM C16A C3 30T Load cell","robots":{"index":"index","follow":"follow","max-snippet":"max-snippet:-1","max-image-preview":"max-image-preview:large","max-video-preview":"max-video-preview:-1"},"canonical":"https:\/\/omanivietnam.com\/index.php\/san-pham\/hbm-c16a-c3-30t\/","og_locale":"vi_VN","og_type":"article","og_title":"HBM C16A C3 30T - OMANI VI\u1ec6T NAM","og_description":"HBM C16A C3 30T Load cell","og_url":"https:\/\/omanivietnam.com\/index.php\/san-pham\/hbm-c16a-c3-30t\/","og_site_name":"OMANI VI\u1ec6T NAM","article_modified_time":"2025-12-24T15:19:25+00:00","og_image":[{"width":839,"height":837,"url":"https:\/\/omanivietnam.com\/wp-content\/uploads\/2025\/11\/C16AC3-30T.png","type":"image\/png"}],"twitter_card":"summary_large_image","twitter_misc":{"\u01af\u1edbc t\u00ednh th\u1eddi gian \u0111\u1ecdc":"2 ph\u00fat"},"schema":{"@context":"https:\/\/schema.org","@graph":[{"@type":"WebPage","@id":"https:\/\/omanivietnam.com\/index.php\/san-pham\/hbm-c16a-c3-30t\/","url":"https:\/\/omanivietnam.com\/index.php\/san-pham\/hbm-c16a-c3-30t\/","name":"HBM C16A C3 30T - OMANI VI\u1ec6T NAM","isPartOf":{"@id":"https:\/\/omanivietnam.com\/#website"},"primaryImageOfPage":{"@id":"https:\/\/omanivietnam.com\/index.php\/san-pham\/hbm-c16a-c3-30t\/#primaryimage"},"image":{"@id":"https:\/\/omanivietnam.com\/index.php\/san-pham\/hbm-c16a-c3-30t\/#primaryimage"},"thumbnailUrl":"https:\/\/omanivietnam.com\/wp-content\/uploads\/2025\/11\/C16AC3-30T.png","datePublished":"2025-11-22T08:52:21+00:00","dateModified":"2025-12-24T15:19:25+00:00","description":"HBM C16A C3 30T Load cell","breadcrumb":{"@id":"https:\/\/omanivietnam.com\/index.php\/san-pham\/hbm-c16a-c3-30t\/#breadcrumb"},"inLanguage":"vi","potentialAction":[{"@type":"ReadAction","target":["https:\/\/omanivietnam.com\/index.php\/san-pham\/hbm-c16a-c3-30t\/"]}]},{"@type":"ImageObject","inLanguage":"vi","@id":"https:\/\/omanivietnam.com\/index.php\/san-pham\/hbm-c16a-c3-30t\/#primaryimage","url":"https:\/\/omanivietnam.com\/wp-content\/uploads\/2025\/11\/C16AC3-30T.png","contentUrl":"https:\/\/omanivietnam.com\/wp-content\/uploads\/2025\/11\/C16AC3-30T.png","width":839,"height":837},{"@type":"BreadcrumbList","@id":"https:\/\/omanivietnam.com\/index.php\/san-pham\/hbm-c16a-c3-30t\/#breadcrumb","itemListElement":[{"@type":"ListItem","position":1,"name":"Home","item":"https:\/\/omanivietnam.com\/"},{"@type":"ListItem","position":2,"name":"S\u1ea2N PH\u1ea8M","item":"https:\/\/omanivietnam.com\/index.php\/cua-hang\/"},{"@type":"ListItem","position":3,"name":"HBM C16A C3 30T"}]},{"@type":"WebSite","@id":"https:\/\/omanivietnam.com\/#website","url":"https:\/\/omanivietnam.com\/","name":"OMANI VI\u1ec6T NAM","description":"Nh\u00e0 ph\u00e2n ph\u1ed1i thi\u1ebft b\u1ecb kh\u00ed n\u00e9n v\u00e0 thi\u1ebft b\u1ecb t\u1ef1 \u0111\u1ed9ng h\u00f3a trong c\u00f4ng nghi\u1ec7p","publisher":{"@id":"https:\/\/omanivietnam.com\/#\/schema\/person\/0ad398a980dc3fd696111c2c5c8fa897"},"potentialAction":[{"@type":"SearchAction","target":{"@type":"EntryPoint","urlTemplate":"https:\/\/omanivietnam.com\/?s={search_term_string}"},"query-input":"required name=search_term_string"}],"inLanguage":"vi"},{"@type":["Person","Organization"],"@id":"https:\/\/omanivietnam.com\/#\/schema\/person\/0ad398a980dc3fd696111c2c5c8fa897","name":"Nguy\u1ec5n V\u0103n Kh\u00e1nh","image":{"@type":"ImageObject","inLanguage":"vi","@id":"https:\/\/omanivietnam.com\/#\/schema\/person\/image\/","url":"https:\/\/omanivietnam.com\/wp-content\/uploads\/2024\/06\/logo-1024x1024.png","contentUrl":"https:\/\/omanivietnam.com\/wp-content\/uploads\/2024\/06\/logo-1024x1024.png","width":1024,"height":1024,"caption":"Nguy\u1ec5n V\u0103n Kh\u00e1nh"},"logo":{"@id":"https:\/\/omanivietnam.com\/#\/schema\/person\/image\/"},"sameAs":["https:\/\/omanivietnam.com"]}]}},"_links":{"self":[{"href":"https:\/\/omanivietnam.com\/index.php\/wp-json\/wp\/v2\/product\/4537","targetHints":{"allow":["GET"]}}],"collection":[{"href":"https:\/\/omanivietnam.com\/index.php\/wp-json\/wp\/v2\/product"}],"about":[{"href":"https:\/\/omanivietnam.com\/index.php\/wp-json\/wp\/v2\/types\/product"}],"replies":[{"embeddable":true,"href":"https:\/\/omanivietnam.com\/index.php\/wp-json\/wp\/v2\/comments?post=4537"}],"wp:featuredmedia":[{"embeddable":true,"href":"https:\/\/omanivietnam.com\/index.php\/wp-json\/wp\/v2\/media\/4538"}],"wp:attachment":[{"href":"https:\/\/omanivietnam.com\/index.php\/wp-json\/wp\/v2\/media?parent=4537"}],"wp:term":[{"taxonomy":"product_cat","embeddable":true,"href":"https:\/\/omanivietnam.com\/index.php\/wp-json\/wp\/v2\/product_cat?post=4537"},{"taxonomy":"product_tag","embeddable":true,"href":"https:\/\/omanivietnam.com\/index.php\/wp-json\/wp\/v2\/product_tag?post=4537"}],"curies":[{"name":"wp","href":"https:\/\/api.w.org\/{rel}","templated":true}]}}