{"id":4545,"date":"2025-11-23T14:31:49","date_gmt":"2025-11-23T07:31:49","guid":{"rendered":"https:\/\/omanivietnam.com\/?post_type=product&#038;p=4545"},"modified":"2025-11-23T15:03:53","modified_gmt":"2025-11-23T08:03:53","slug":"toshiba-vfs15-4037pl1-ch","status":"publish","type":"product","link":"https:\/\/omanivietnam.com\/index.php\/san-pham\/toshiba-vfs15-4037pl1-ch\/","title":{"rendered":"TOSHIBA VFS15-4037PL1-CH"},"content":{"rendered":"<p>TOSHIBA VFS15-4037PL1-CH<\/p>\n<p class=\"product_title entry-title\">VFS15-4004PL1-CH. VFS15-4007PL1-CH. VFS15-4015PL1-CH. Range. 0.4 kW. 0.75 kW. 1.5 kW. VFS15-4022PL1-CH.\u00a0<em>VFS15-4037PL1-CH<\/em>. VFS15-4055PL-CH. VFS15-4075PL-CH.\u00a0 \u00a0 \u00a0 \u00a0 \u00a0 \u00a0 \u00a0 \u00a0 \u00a0 \u00a0 VFS15-4037PL1-W1<\/p>\n<h2>Bi\u1ebfn t\u1ea7n Toshiba 3.7kW VFS15-4037PL1-CH<\/h2>\n<h2>Toshiba VFS15-4037PL1-CH: Bi\u1ebfn T\u1ea7n C\u00f4ng Nghi\u1ec7p Ch\u1ea5t L\u01b0\u1ee3ng<\/h2>\n<p><strong>Toshiba VFS15-4037PL1-CH<\/strong>\u00a0l\u00e0 m\u1ed9t bi\u1ebfn t\u1ea7n c\u00f4ng nghi\u1ec7p cao c\u1ea5p, \u0111\u01b0\u1ee3c thi\u1ebft k\u1ebf \u0111\u1ec3 \u0111\u00e1p \u1ee9ng nhu c\u1ea7u \u0111i\u1ec1u khi\u1ec3n v\u00e0 t\u1ed1i \u01b0u h\u00f3a hi\u1ec7u su\u1ea5t cho c\u00e1c h\u1ec7 th\u1ed1ng c\u00f4ng nghi\u1ec7p.<\/p>\n<h3>T\u00ednh N\u0103ng Ch\u00ednh<\/h3>\n<ul>\n<li><strong>Lo\u1ea1i<\/strong>: Bi\u1ebfn t\u1ea7n c\u00f4ng nghi\u1ec7p<\/li>\n<li><strong>Model<\/strong>: VFS15-4037PL1-CH<\/li>\n<li><strong>C\u00f4ng Su\u1ea5t<\/strong>: 4 kW<\/li>\n<li><strong>\u0110i\u1ec7n \u00c1p Ng\u00f5 v\u00e0o<\/strong>: 380-500 VAC, 3 Pha<\/li>\n<li><strong>\u0110i\u1ec7n \u00c1p Ng\u00f5 ra<\/strong>: 380-500 VAC, 3 Pha<\/li>\n<li><strong>T\u1ed1c \u0110\u1ed9 Qu\u1ea1t<\/strong>: 0.1-500 Hz<\/li>\n<li><strong>H\u1ec7 Th\u1ed1ng Truy\u1ec1n Th\u00f4ng<\/strong>: RS485 (Modbus RTU), RS232, USB<\/li>\n<li><strong>Ch\u1ee9c N\u0103ng B\u1ed5 Sung<\/strong>: H\u1ed7 tr\u1ee3 PID, ki\u1ec3m so\u00e1t t\u1ed1c \u0111\u1ed9 kh\u00f4ng c\u1ea7n c\u1ea3m bi\u1ebfn<\/li>\n<li><strong>Ch\u1ee9ng Nh\u1eadn<\/strong>: CE, RoHS<\/li>\n<li><strong>Nhi\u1ec7t \u0110\u1ed9 Ho\u1ea1t \u0110\u1ed9ng<\/strong>: -10\u00b0C \u0111\u1ebfn 60\u00b0C<\/li>\n<li><strong>Tu\u1ed5i Th\u1ecd<\/strong>: L\u00ean \u0111\u1ebfn 70.000 gi\u1edd<\/li>\n<\/ul>\n<h3>\u1ee8ng D\u1ee5ng VFS15-4037PL1-CH<\/h3>\n<p><strong>Toshiba VFS15-4037PL1-CH<\/strong>\u00a0ph\u00f9 h\u1ee3p v\u1edbi nhi\u1ec1u \u1ee9ng d\u1ee5ng c\u00f4ng nghi\u1ec7p kh\u00e1c nhau, bao g\u1ed3m:<\/p>\n<ul>\n<li><strong>H\u1ec7 Th\u1ed1ng \u0110i\u1ec1u Khi\u1ec3n Kh\u00ed N\u00e9n<\/strong>: L\u00fd t\u01b0\u1edfng cho c\u00e1c \u1ee9ng d\u1ee5ng y\u00eau c\u1ea7u \u0111i\u1ec1u khi\u1ec3n kh\u00ed n\u00e9n ch\u00ednh x\u00e1c v\u00e0 \u0111\u00e1ng tin c\u1eady.<\/li>\n<li><strong>H\u1ec7 Th\u1ed1ng \u0110i\u1ec1u Khi\u1ec3n Chuy\u1ec3n \u0110\u1ed9ng<\/strong>: Gi\u00e1m s\u00e1t v\u00e0 ki\u1ec3m so\u00e1t c\u00e1c chuy\u1ec3n \u0111\u1ed9ng trong c\u00e1c h\u1ec7 th\u1ed1ng c\u00f4ng nghi\u1ec7p.<\/li>\n<li><strong>H\u1ec7 Th\u1ed1ng \u0110i\u1ec1u Khi\u1ec3n Nhi\u1ec7t \u0110\u1ed9<\/strong>: \u0110\u1ea3m b\u1ea3o m\u00f4i tr\u01b0\u1eddng l\u00e0m vi\u1ec7c \u1ed5n \u0111\u1ecbnh v\u00e0 an to\u00e0n.<\/li>\n<\/ul>\n<h2 id=\"tablepress-610-name\" class=\"tablepress-table-name tablepress-table-name-id-610\">Toshiba VF-S15<\/h2>\n<table id=\"tablepress-610\" class=\"tablepress tablepress-id-610\" aria-labelledby=\"tablepress-610-name\" aria-describedby=\"tablepress-610-description\">\n<thead>\n<tr class=\"row-1\">\n<th class=\"column-1\">Model<\/th>\n<th class=\"column-2\">Voltage, V<\/th>\n<th class=\"column-3\">Capacity, kW<\/th>\n<th class=\"column-4\">Current, A<\/th>\n<\/tr>\n<\/thead>\n<tbody class=\"row-striping row-hover\">\n<tr class=\"row-2\">\n<td class=\"column-1\">VFS15S-2002PL-W1<\/td>\n<td class=\"column-2\">200-240 (1ph)<\/td>\n<td class=\"column-3\">0.2<\/td>\n<td class=\"column-4\">1.5<\/td>\n<\/tr>\n<tr class=\"row-3\">\n<td class=\"column-1\">VFS15S-2004PL-W1<\/td>\n<td class=\"column-2\">200-240 (3ph)<\/td>\n<td class=\"column-3\">0.4<\/td>\n<td class=\"column-4\">3.3<\/td>\n<\/tr>\n<tr class=\"row-4\">\n<td class=\"column-1\">VFS15S-2007PL-W1<\/td>\n<td class=\"column-2\">200-240 (1ph)<\/td>\n<td class=\"column-3\">0.75<\/td>\n<td class=\"column-4\">4.8<\/td>\n<\/tr>\n<tr class=\"row-5\">\n<td class=\"column-1\">VFS15S-2015PL-W1<\/td>\n<td class=\"column-2\">200-240 (1ph)<\/td>\n<td class=\"column-3\">1.5<\/td>\n<td class=\"column-4\">8<\/td>\n<\/tr>\n<tr class=\"row-6\">\n<td class=\"column-1\">VFS15S-2022PL-W1<\/td>\n<td class=\"column-2\">200-240 (1ph)<\/td>\n<td class=\"column-3\">2.2<\/td>\n<td class=\"column-4\">11<\/td>\n<\/tr>\n<tr class=\"row-7\">\n<td class=\"column-1\">VFS15-2004PM-W1<\/td>\n<td class=\"column-2\">200-240 (3ph)<\/td>\n<td class=\"column-3\">0.4<\/td>\n<td class=\"column-4\">3.3<\/td>\n<\/tr>\n<tr class=\"row-8\">\n<td class=\"column-1\">VFS15-2007PM-W1<\/td>\n<td class=\"column-2\">200-240 (3ph)<\/td>\n<td class=\"column-3\">0.75<\/td>\n<td class=\"column-4\">4.8<\/td>\n<\/tr>\n<tr class=\"row-9\">\n<td class=\"column-1\">VFS15-2015PM-W1<\/td>\n<td class=\"column-2\">200-240 (3ph)<\/td>\n<td class=\"column-3\">1.5<\/td>\n<td class=\"column-4\">8<\/td>\n<\/tr>\n<tr class=\"row-10\">\n<td class=\"column-1\">VFS15-2022PM-W1<\/td>\n<td class=\"column-2\">200-240 (3ph)<\/td>\n<td class=\"column-3\">2.2<\/td>\n<td class=\"column-4\">11<\/td>\n<\/tr>\n<tr class=\"row-11\">\n<td class=\"column-1\">VFS15-2037PM-W1<\/td>\n<td class=\"column-2\">200-240 (3ph)<\/td>\n<td class=\"column-3\">4<\/td>\n<td class=\"column-4\">17.5<\/td>\n<\/tr>\n<tr class=\"row-12\">\n<td class=\"column-1\">VFS15-2055PM-W1<\/td>\n<td class=\"column-2\">200-240 (3ph)<\/td>\n<td class=\"column-3\">5.5<\/td>\n<td class=\"column-4\">27.5<\/td>\n<\/tr>\n<tr class=\"row-13\">\n<td class=\"column-1\">VFS15-2075PM-W1<\/td>\n<td class=\"column-2\">200-250 (3ph)<\/td>\n<td class=\"column-3\">7.5<\/td>\n<td class=\"column-4\">33<\/td>\n<\/tr>\n<tr class=\"row-14\">\n<td class=\"column-1\">VFS15-2110PM-W1<\/td>\n<td class=\"column-2\">200-240 (3ph)<\/td>\n<td class=\"column-3\">11<\/td>\n<td class=\"column-4\">54<\/td>\n<\/tr>\n<tr class=\"row-15\">\n<td class=\"column-1\">VFS15-2150PM-W1<\/td>\n<td class=\"column-2\">200-240 (3ph)<\/td>\n<td class=\"column-3\">15<\/td>\n<td class=\"column-4\">66<\/td>\n<\/tr>\n<tr class=\"row-16\">\n<td class=\"column-1\">VFS15-4004PL1-W1<\/td>\n<td class=\"column-2\">380-500 (3ph)<\/td>\n<td class=\"column-3\">0.4<\/td>\n<td class=\"column-4\">1.5<\/td>\n<\/tr>\n<tr class=\"row-17\">\n<td class=\"column-1\">VFS15-4007PL1-W1<\/td>\n<td class=\"column-2\">380-500 (3ph)<\/td>\n<td class=\"column-3\">0.75<\/td>\n<td class=\"column-4\">2.3<\/td>\n<\/tr>\n<tr class=\"row-18\">\n<td class=\"column-1\">VFS15-4015PL1-W1<\/td>\n<td class=\"column-2\">380-500 (3ph)<\/td>\n<td class=\"column-3\">1.5<\/td>\n<td class=\"column-4\">4.1<\/td>\n<\/tr>\n<tr class=\"row-19\">\n<td class=\"column-1\">VFS15-4022PL1-W1<\/td>\n<td class=\"column-2\">380-500 (3ph)<\/td>\n<td class=\"column-3\">2.2<\/td>\n<td class=\"column-4\">5.5<\/td>\n<\/tr>\n<tr class=\"row-20\">\n<td class=\"column-1\">VFS15-4037PL1-W1<\/td>\n<td class=\"column-2\">380-500 (3ph)<\/td>\n<td class=\"column-3\">4<\/td>\n<td class=\"column-4\">9.5<\/td>\n<\/tr>\n<tr class=\"row-21\">\n<td class=\"column-1\">VFS15-4055PL-W1<\/td>\n<td class=\"column-2\">380-500 (3ph)<\/td>\n<td class=\"column-3\">5.5<\/td>\n<td class=\"column-4\">14.3<\/td>\n<\/tr>\n<tr class=\"row-22\">\n<td class=\"column-1\">VFS15-4075PL-W1<\/td>\n<td class=\"column-2\">380-500 (3ph)<\/td>\n<td class=\"column-3\">7.5<\/td>\n<td class=\"column-4\">17<\/td>\n<\/tr>\n<tr class=\"row-23\">\n<td class=\"column-1\">VFS15-4110PL-W1<\/td>\n<td class=\"column-2\">380-500 (3ph)<\/td>\n<td class=\"column-3\">11<\/td>\n<td class=\"column-4\">27.7<\/td>\n<\/tr>\n<tr class=\"row-24\">\n<td class=\"column-1\">VFS15-4150PL-W1<\/td>\n<td class=\"column-2\">380-500 (3ph)<\/td>\n<td class=\"column-3\">15<\/td>\n<td class=\"column-4\">33<\/td>\n<\/tr>\n<\/tbody>\n<\/table>\n<p>&nbsp;<\/p>\n<p><img decoding=\"async\" src=\"https:\/\/codienhaiau.com\/wp-content\/uploads\/2023\/02\/Lua-chon-Bien-tan-Toshiba-VFS15.jpg\" alt=\"Lua-chon-Bien-tan-Toshiba-VFS15\" \/><\/p>\n<p>&nbsp;<\/p>\n<p>\u0110\u1ea1i l\u00fd TOSHIBA vietnam, TOSHIBA viet nam, TOSHIBA vietnam distributor, Ph\u00e2n ph\u1ed1i TOSHIBA t\u1ea1i vi\u1ec7t nam<\/p>\n<p>\u0110\u1ea1i l\u00fd TOSHIBA vietnam, TOSHIBA viet nam, TOSHIBA vietnam distributor, Ph\u00e2n ph\u1ed1i TOSHIBA t\u1ea1i vi\u1ec7t nam<\/p>\n<p>\u0110\u1ea1i l\u00fd TOSHIBA vietnam, TOSHIBA viet nam, TOSHIBA vietnam distributor, Ph\u00e2n ph\u1ed1i TOSHIBA t\u1ea1i vi\u1ec7t nam<\/p>\n","protected":false},"excerpt":{"rendered":"<p>TOSHIBA VFS15-4037PL1-CH VFS15-4004PL1-CH. VFS15-4007PL1-CH. VFS15-4015PL1-CH. Range. 0.4 kW. 0.75 kW. 1.5 kW. VFS15-4022PL1-CH.\u00a0VFS15-4037PL1-CH. VFS15-4055PL-CH. VFS15-4075PL-CH.\u00a0 \u00a0 \u00a0 \u00a0 \u00a0 \u00a0 \u00a0 \u00a0 \u00a0 \u00a0 VFS15-4037PL1-W1 Bi\u1ebfn t\u1ea7n Toshiba 3.7kW VFS15-4037PL1-CH Toshiba VFS15-4037PL1-CH: Bi\u1ebfn T\u1ea7n C\u00f4ng Nghi\u1ec7p Ch\u1ea5t L\u01b0\u1ee3ng Toshiba VFS15-4037PL1-CH\u00a0l\u00e0 m\u1ed9t bi\u1ebfn t\u1ea7n c\u00f4ng nghi\u1ec7p cao c\u1ea5p, \u0111\u01b0\u1ee3c thi\u1ebft k\u1ebf&hellip; <\/p>\n","protected":false},"featured_media":4546,"comment_status":"open","ping_status":"closed","template":"","meta":[],"product_cat":[867],"product_tag":[306,869,868],"class_list":{"0":"post-4545","1":"product","2":"type-product","3":"status-publish","4":"has-post-thumbnail","6":"product_cat-toshiba","7":"product_tag-bien-tan","8":"product_tag-dai-ly-toshiba-viet-nam","9":"product_tag-toshiba-viet-nam","11":"first","12":"instock","13":"shipping-taxable","14":"product-type-simple"},"yoast_head":"<!-- This site is optimized with the Yoast SEO plugin v22.8 - https:\/\/yoast.com\/wordpress\/plugins\/seo\/ -->\n<title>TOSHIBA VFS15-4037PL1-CH - OMANI VI\u1ec6T NAM<\/title>\n<meta name=\"description\" content=\"TOSHIBA VFS15-4037PL1-CH Inverter\" \/>\n<meta name=\"robots\" content=\"index, follow, max-snippet:-1, max-image-preview:large, max-video-preview:-1\" \/>\n<link rel=\"canonical\" href=\"https:\/\/omanivietnam.com\/index.php\/san-pham\/toshiba-vfs15-4037pl1-ch\/\" \/>\n<meta property=\"og:locale\" content=\"vi_VN\" \/>\n<meta property=\"og:type\" content=\"article\" \/>\n<meta property=\"og:title\" content=\"TOSHIBA VFS15-4037PL1-CH - OMANI VI\u1ec6T NAM\" \/>\n<meta property=\"og:description\" content=\"TOSHIBA VFS15-4037PL1-CH Inverter\" \/>\n<meta property=\"og:url\" content=\"https:\/\/omanivietnam.com\/index.php\/san-pham\/toshiba-vfs15-4037pl1-ch\/\" \/>\n<meta property=\"og:site_name\" content=\"OMANI VI\u1ec6T NAM\" \/>\n<meta property=\"article:modified_time\" content=\"2025-11-23T08:03:53+00:00\" \/>\n<meta property=\"og:image\" content=\"https:\/\/omanivietnam.com\/wp-content\/uploads\/2025\/11\/VFS15-4037PL1-CH.png\" \/>\n\t<meta property=\"og:image:width\" content=\"437\" \/>\n\t<meta property=\"og:image:height\" content=\"492\" \/>\n\t<meta property=\"og:image:type\" content=\"image\/png\" \/>\n<meta name=\"twitter:card\" content=\"summary_large_image\" \/>\n<meta name=\"twitter:label1\" content=\"\u01af\u1edbc t\u00ednh th\u1eddi gian \u0111\u1ecdc\" \/>\n\t<meta name=\"twitter:data1\" content=\"3 ph\u00fat\" \/>\n<script type=\"application\/ld+json\" class=\"yoast-schema-graph\">{\"@context\":\"https:\/\/schema.org\",\"@graph\":[{\"@type\":\"WebPage\",\"@id\":\"https:\/\/omanivietnam.com\/index.php\/san-pham\/toshiba-vfs15-4037pl1-ch\/\",\"url\":\"https:\/\/omanivietnam.com\/index.php\/san-pham\/toshiba-vfs15-4037pl1-ch\/\",\"name\":\"TOSHIBA VFS15-4037PL1-CH - OMANI VI\u1ec6T NAM\",\"isPartOf\":{\"@id\":\"https:\/\/omanivietnam.com\/#website\"},\"primaryImageOfPage\":{\"@id\":\"https:\/\/omanivietnam.com\/index.php\/san-pham\/toshiba-vfs15-4037pl1-ch\/#primaryimage\"},\"image\":{\"@id\":\"https:\/\/omanivietnam.com\/index.php\/san-pham\/toshiba-vfs15-4037pl1-ch\/#primaryimage\"},\"thumbnailUrl\":\"https:\/\/omanivietnam.com\/wp-content\/uploads\/2025\/11\/VFS15-4037PL1-CH.png\",\"datePublished\":\"2025-11-23T07:31:49+00:00\",\"dateModified\":\"2025-11-23T08:03:53+00:00\",\"description\":\"TOSHIBA VFS15-4037PL1-CH Inverter\",\"breadcrumb\":{\"@id\":\"https:\/\/omanivietnam.com\/index.php\/san-pham\/toshiba-vfs15-4037pl1-ch\/#breadcrumb\"},\"inLanguage\":\"vi\",\"potentialAction\":[{\"@type\":\"ReadAction\",\"target\":[\"https:\/\/omanivietnam.com\/index.php\/san-pham\/toshiba-vfs15-4037pl1-ch\/\"]}]},{\"@type\":\"ImageObject\",\"inLanguage\":\"vi\",\"@id\":\"https:\/\/omanivietnam.com\/index.php\/san-pham\/toshiba-vfs15-4037pl1-ch\/#primaryimage\",\"url\":\"https:\/\/omanivietnam.com\/wp-content\/uploads\/2025\/11\/VFS15-4037PL1-CH.png\",\"contentUrl\":\"https:\/\/omanivietnam.com\/wp-content\/uploads\/2025\/11\/VFS15-4037PL1-CH.png\",\"width\":437,\"height\":492},{\"@type\":\"BreadcrumbList\",\"@id\":\"https:\/\/omanivietnam.com\/index.php\/san-pham\/toshiba-vfs15-4037pl1-ch\/#breadcrumb\",\"itemListElement\":[{\"@type\":\"ListItem\",\"position\":1,\"name\":\"Home\",\"item\":\"https:\/\/omanivietnam.com\/\"},{\"@type\":\"ListItem\",\"position\":2,\"name\":\"S\u1ea2N PH\u1ea8M\",\"item\":\"https:\/\/omanivietnam.com\/index.php\/cua-hang\/\"},{\"@type\":\"ListItem\",\"position\":3,\"name\":\"TOSHIBA VFS15-4037PL1-CH\"}]},{\"@type\":\"WebSite\",\"@id\":\"https:\/\/omanivietnam.com\/#website\",\"url\":\"https:\/\/omanivietnam.com\/\",\"name\":\"OMANI VI\u1ec6T NAM\",\"description\":\"Nh\u00e0 ph\u00e2n ph\u1ed1i thi\u1ebft b\u1ecb kh\u00ed n\u00e9n v\u00e0 thi\u1ebft b\u1ecb t\u1ef1 \u0111\u1ed9ng h\u00f3a trong c\u00f4ng nghi\u1ec7p\",\"publisher\":{\"@id\":\"https:\/\/omanivietnam.com\/#\/schema\/person\/0ad398a980dc3fd696111c2c5c8fa897\"},\"potentialAction\":[{\"@type\":\"SearchAction\",\"target\":{\"@type\":\"EntryPoint\",\"urlTemplate\":\"https:\/\/omanivietnam.com\/?s={search_term_string}\"},\"query-input\":\"required name=search_term_string\"}],\"inLanguage\":\"vi\"},{\"@type\":[\"Person\",\"Organization\"],\"@id\":\"https:\/\/omanivietnam.com\/#\/schema\/person\/0ad398a980dc3fd696111c2c5c8fa897\",\"name\":\"Nguy\u1ec5n V\u0103n Kh\u00e1nh\",\"image\":{\"@type\":\"ImageObject\",\"inLanguage\":\"vi\",\"@id\":\"https:\/\/omanivietnam.com\/#\/schema\/person\/image\/\",\"url\":\"https:\/\/omanivietnam.com\/wp-content\/uploads\/2024\/06\/logo-1024x1024.png\",\"contentUrl\":\"https:\/\/omanivietnam.com\/wp-content\/uploads\/2024\/06\/logo-1024x1024.png\",\"width\":1024,\"height\":1024,\"caption\":\"Nguy\u1ec5n V\u0103n Kh\u00e1nh\"},\"logo\":{\"@id\":\"https:\/\/omanivietnam.com\/#\/schema\/person\/image\/\"},\"sameAs\":[\"https:\/\/omanivietnam.com\"]}]}<\/script>\n<!-- \/ Yoast SEO plugin. -->","yoast_head_json":{"title":"TOSHIBA VFS15-4037PL1-CH - OMANI VI\u1ec6T NAM","description":"TOSHIBA VFS15-4037PL1-CH Inverter","robots":{"index":"index","follow":"follow","max-snippet":"max-snippet:-1","max-image-preview":"max-image-preview:large","max-video-preview":"max-video-preview:-1"},"canonical":"https:\/\/omanivietnam.com\/index.php\/san-pham\/toshiba-vfs15-4037pl1-ch\/","og_locale":"vi_VN","og_type":"article","og_title":"TOSHIBA VFS15-4037PL1-CH - OMANI VI\u1ec6T NAM","og_description":"TOSHIBA VFS15-4037PL1-CH Inverter","og_url":"https:\/\/omanivietnam.com\/index.php\/san-pham\/toshiba-vfs15-4037pl1-ch\/","og_site_name":"OMANI VI\u1ec6T NAM","article_modified_time":"2025-11-23T08:03:53+00:00","og_image":[{"width":437,"height":492,"url":"https:\/\/omanivietnam.com\/wp-content\/uploads\/2025\/11\/VFS15-4037PL1-CH.png","type":"image\/png"}],"twitter_card":"summary_large_image","twitter_misc":{"\u01af\u1edbc t\u00ednh th\u1eddi gian \u0111\u1ecdc":"3 ph\u00fat"},"schema":{"@context":"https:\/\/schema.org","@graph":[{"@type":"WebPage","@id":"https:\/\/omanivietnam.com\/index.php\/san-pham\/toshiba-vfs15-4037pl1-ch\/","url":"https:\/\/omanivietnam.com\/index.php\/san-pham\/toshiba-vfs15-4037pl1-ch\/","name":"TOSHIBA VFS15-4037PL1-CH - OMANI VI\u1ec6T NAM","isPartOf":{"@id":"https:\/\/omanivietnam.com\/#website"},"primaryImageOfPage":{"@id":"https:\/\/omanivietnam.com\/index.php\/san-pham\/toshiba-vfs15-4037pl1-ch\/#primaryimage"},"image":{"@id":"https:\/\/omanivietnam.com\/index.php\/san-pham\/toshiba-vfs15-4037pl1-ch\/#primaryimage"},"thumbnailUrl":"https:\/\/omanivietnam.com\/wp-content\/uploads\/2025\/11\/VFS15-4037PL1-CH.png","datePublished":"2025-11-23T07:31:49+00:00","dateModified":"2025-11-23T08:03:53+00:00","description":"TOSHIBA VFS15-4037PL1-CH Inverter","breadcrumb":{"@id":"https:\/\/omanivietnam.com\/index.php\/san-pham\/toshiba-vfs15-4037pl1-ch\/#breadcrumb"},"inLanguage":"vi","potentialAction":[{"@type":"ReadAction","target":["https:\/\/omanivietnam.com\/index.php\/san-pham\/toshiba-vfs15-4037pl1-ch\/"]}]},{"@type":"ImageObject","inLanguage":"vi","@id":"https:\/\/omanivietnam.com\/index.php\/san-pham\/toshiba-vfs15-4037pl1-ch\/#primaryimage","url":"https:\/\/omanivietnam.com\/wp-content\/uploads\/2025\/11\/VFS15-4037PL1-CH.png","contentUrl":"https:\/\/omanivietnam.com\/wp-content\/uploads\/2025\/11\/VFS15-4037PL1-CH.png","width":437,"height":492},{"@type":"BreadcrumbList","@id":"https:\/\/omanivietnam.com\/index.php\/san-pham\/toshiba-vfs15-4037pl1-ch\/#breadcrumb","itemListElement":[{"@type":"ListItem","position":1,"name":"Home","item":"https:\/\/omanivietnam.com\/"},{"@type":"ListItem","position":2,"name":"S\u1ea2N PH\u1ea8M","item":"https:\/\/omanivietnam.com\/index.php\/cua-hang\/"},{"@type":"ListItem","position":3,"name":"TOSHIBA VFS15-4037PL1-CH"}]},{"@type":"WebSite","@id":"https:\/\/omanivietnam.com\/#website","url":"https:\/\/omanivietnam.com\/","name":"OMANI VI\u1ec6T NAM","description":"Nh\u00e0 ph\u00e2n ph\u1ed1i thi\u1ebft b\u1ecb kh\u00ed n\u00e9n v\u00e0 thi\u1ebft b\u1ecb t\u1ef1 \u0111\u1ed9ng h\u00f3a trong c\u00f4ng nghi\u1ec7p","publisher":{"@id":"https:\/\/omanivietnam.com\/#\/schema\/person\/0ad398a980dc3fd696111c2c5c8fa897"},"potentialAction":[{"@type":"SearchAction","target":{"@type":"EntryPoint","urlTemplate":"https:\/\/omanivietnam.com\/?s={search_term_string}"},"query-input":"required name=search_term_string"}],"inLanguage":"vi"},{"@type":["Person","Organization"],"@id":"https:\/\/omanivietnam.com\/#\/schema\/person\/0ad398a980dc3fd696111c2c5c8fa897","name":"Nguy\u1ec5n V\u0103n Kh\u00e1nh","image":{"@type":"ImageObject","inLanguage":"vi","@id":"https:\/\/omanivietnam.com\/#\/schema\/person\/image\/","url":"https:\/\/omanivietnam.com\/wp-content\/uploads\/2024\/06\/logo-1024x1024.png","contentUrl":"https:\/\/omanivietnam.com\/wp-content\/uploads\/2024\/06\/logo-1024x1024.png","width":1024,"height":1024,"caption":"Nguy\u1ec5n V\u0103n Kh\u00e1nh"},"logo":{"@id":"https:\/\/omanivietnam.com\/#\/schema\/person\/image\/"},"sameAs":["https:\/\/omanivietnam.com"]}]}},"_links":{"self":[{"href":"https:\/\/omanivietnam.com\/index.php\/wp-json\/wp\/v2\/product\/4545","targetHints":{"allow":["GET"]}}],"collection":[{"href":"https:\/\/omanivietnam.com\/index.php\/wp-json\/wp\/v2\/product"}],"about":[{"href":"https:\/\/omanivietnam.com\/index.php\/wp-json\/wp\/v2\/types\/product"}],"replies":[{"embeddable":true,"href":"https:\/\/omanivietnam.com\/index.php\/wp-json\/wp\/v2\/comments?post=4545"}],"wp:featuredmedia":[{"embeddable":true,"href":"https:\/\/omanivietnam.com\/index.php\/wp-json\/wp\/v2\/media\/4546"}],"wp:attachment":[{"href":"https:\/\/omanivietnam.com\/index.php\/wp-json\/wp\/v2\/media?parent=4545"}],"wp:term":[{"taxonomy":"product_cat","embeddable":true,"href":"https:\/\/omanivietnam.com\/index.php\/wp-json\/wp\/v2\/product_cat?post=4545"},{"taxonomy":"product_tag","embeddable":true,"href":"https:\/\/omanivietnam.com\/index.php\/wp-json\/wp\/v2\/product_tag?post=4545"}],"curies":[{"name":"wp","href":"https:\/\/api.w.org\/{rel}","templated":true}]}}