{"id":4686,"date":"2026-01-03T21:17:41","date_gmt":"2026-01-03T14:17:41","guid":{"rendered":"https:\/\/omanivietnam.com\/?post_type=product&#038;p=4686"},"modified":"2026-01-03T21:31:37","modified_gmt":"2026-01-03T14:31:37","slug":"honeywell-t6861h2wb","status":"publish","type":"product","link":"https:\/\/omanivietnam.com\/index.php\/san-pham\/honeywell-t6861h2wb\/","title":{"rendered":"HONEYWELL T6861H2WB"},"content":{"rendered":"<p>HONEYWELL T6861H2WB<\/p>\n<div><u><b>\u1ee8ng d\u1ee5ng\/Application.<\/b><\/u><\/div>\n<div>Thi\u1ebft b\u1ecb \u0111i\u1ec1u khi\u1ec3n nhi\u1ec7t \u0111\u1ed9 k\u1ef9 thu\u1eadt s\u1ed1\u00a0\u0111\u01b0\u1ee3c th\u1ebf k\u1ebf \u0111\u1ec3 \u0111i\u1ec1u khi\u1ec3n qu\u1ea1t 3 t\u1ed1c \u0111\u1ed9 v\u00e0 Van cho thi\u1ebft b\u1ecb FCU, bao g\u1ed3m:<\/div>\n<ul>\n<li>2 &#8211; \u1ed1ng ch\u1ec9 l\u00e0m l\u1ea1nh\/ch\u1ec9 s\u01b0\u1edfi\/thay \u0111\u00f4i b\u1eb1ng tay.<\/li>\n<li>Ch\u1ebf \u0111\u1ed9 th\u1ed1ng gi\u00f3<\/li>\n<li>\u0110i\u1ec1u khi\u1ec3n b\u1eb1ng tay ho\u1eb7c t\u1ef1 \u0111\u1ed9ng 3 t\u1ed1c \u0111\u1ed9 qu\u1ea1t<\/li>\n<li>\u0110i\u1ec1u khi\u1ec3n van<\/li>\n<\/ul>\n<div>T\u1ed1c \u0111\u1ed9 qu\u1ea1t c\u00f3 th\u1ec3 \u0111\u01b0\u1ee3c l\u1ef1a ch\u1ecdn t\u1ef1 \u0111\u1ed9ng ho\u1eb7c b\u1eb1ng tay Mode \u0111i\u1ec1u khi\u1ec3n 3 t\u1ed1c \u0111\u1ed9\/Fan speed can be selected to automatic or manual\u00a03-speed control mode.<\/div>\n<div>\u1ede mode th\u00f4ng gi\u00f3 qu\u1ea1t ch\u1ec9 \u0111\u01b0\u1ee3c h\u1ed7 tr\u1ee3 \u0111i\u1ec1u ch\u1ec9nh t\u1ed1c \u0111\u1ed9 b\u1eb1ng tay\/In ventilation mode, fan only support manual speed\u00a0control.<\/div>\n<div>Catalogue B\u1ed9 \u0111i\u1ec1u khi\u1ec3n nhi\u1ec7t \u0111\u1ed9 cho FCU<\/div>\n<p class=\"h3\">B\u1ed9 \u0111i\u1ec1u khi\u1ec3n nhi\u1ec7t \u0111\u1ed9 ph\u00f2ng Honeywell\u00a0 T6861H2WB<\/p>\n<p>B\u00f4\u0323 \u0111i\u00ea\u0300u khi\u00ea\u0309n nhi\u00ea\u0323t \u0111\u00f4\u0323 ph\u00f2ng T6861 du\u0300ng \u0111\u00ea\u0309 \u0111i\u00ea\u0300u khi\u00ea\u0309n qua\u0323t 3 c\u00e2\u0301p t\u00f4\u0301c \u0111\u00f4\u0323 va\u0300 van trong h\u00ea\u0323 th\u00f4\u0301ng FCU. Bao g\u00f4\u0300m: 2 ch\u00ea\u0301 \u0111\u00f4\u0323 la\u0300m ma\u0301t ho\u0103\u0323c s\u01b0\u01a1\u0309i \u00e2\u0301m thu\u0309 c\u00f4ng, 4 ch\u00ea\u0301 \u0111\u00f4\u0323 t\u01b0\u0323 \u0111\u00f4\u0323ng, ch\u00ea\u0301 \u0111\u00f4\u0323 th\u00f4ng gio\u0301, ch\u00ea\u0301 \u0111\u00f4\u0323 chi\u0309nh t\u00f4\u0301c \u0111\u00f4\u0323 qua\u0323t thu\u0309 c\u00f4ng, ch\u00ea\u0301 \u0111\u00f4\u0323 t\u01b0\u0323 \u0111\u00f4\u0323ng chi\u0309nh t\u00f4\u0301c \u0111\u00f4\u0323 qua\u0323t, ch\u00ea\u0301 \u0111\u00f4\u0323 \u0111i\u00ea\u0300u khi\u00ea\u0309n van<\/p>\n<p>\u0110\u1eb7c t\u00ednh n\u1ed5i b\u1eadt:<\/p>\n<p>\u2022\u00a0\u00a0 Thi\u00ea\u0301t k\u00ea\u0301 ngoa\u0323i hi\u0300nh hi\u00ea\u0323n \u0111a\u0323i phu\u0300 h\u01a1\u0323p v\u01a1\u0301i cao \u00f4\u0301c v\u0103n pho\u0300ng, kha\u0301ch sa\u0323ng sang tro\u0323ng<\/p>\n<p>\u2022\u00a0\u00a0 Co\u0301 ca\u0301c ki\u00ea\u0309u da\u0301ng n\u0103\u0300m ngang ho\u0103\u0323c do\u0323c phu\u0300\u00a0 h\u01a1\u0323p v\u01a1\u0301i nhi\u00ea\u0300u \u01b0\u0301ng du\u0323ng<\/p>\n<p>\u2022\u00a0\u00a0 Thi\u00ea\u0301t k\u00ea\u0301 mo\u0309ng d\u00ea\u0303 da\u0300ng\u00a0 l\u0103\u0301p \u0111\u0103\u0323t va\u0300o h\u00f4\u0323p co\u0301 ki\u0301ch th\u01b0\u01a1\u0301c 86 mm<\/p>\n<p>\u2022\u00a0\u00a0 \u0110e\u0300n n\u00ea\u0300n ma\u0300u xanh v\u01a1\u0301i vi\u00ea\u0300n tr\u0103\u0301ng thanh li\u0323ch va\u0300 sang tro\u0323ng<\/p>\n<p>\u2022\u00a0\u00a0 Ma\u0300n hi\u0300nh hi\u00ea\u0309n thi\u0323 l\u01a1\u0301n<\/p>\n<p>\u2022\u00a0\u00a0 D\u00ea\u0303 da\u0300ng ca\u0300i \u0111\u0103\u0323t va\u0300 thi\u00ea\u0301t l\u00e2\u0323p th\u00f4ng s\u00f4\u0301<\/p>\n<p>\u2022\u00a0\u00a0 Ch\u01b0\u0301c n\u0103ng ca\u0300i \u0111\u0103\u0323t gi\u01a1\u0300 \u0111o\u0301ng\/m\u01a1\u0309<\/p>\n<p>\u2022\u00a0\u00a0 L\u01b0\u0323a cho\u0323n hi\u00ea\u0309n thi\u0323 nhi\u00ea\u0323t \u0111\u00f4\u0323 th\u01b0\u0323c ho\u0103\u0323c nhi\u00ea\u0323t \u0111\u00f4\u0323 ca\u0300i \u0111\u0103\u0323t<\/p>\n<p>\u2022\u00a0\u00a0 \u0110i\u00ea\u0300u chi\u0309nh t\u00f4\u0301c \u0111\u00f4\u0323 qua\u0323t t\u01b0\u0323 \u0111\u00f4\u0323ng ho\u0103\u0323c thu\u0309 c\u00f4ng<\/p>\n<p>\u2022\u00a0\u00a0 Ch\u00ea\u0301 \u0111\u00f4\u0323 ti\u00ea\u0301t ki\u00ea\u0323m n\u0103ng l\u01b0\u01a1\u0323ng \u0111\u01b0\u01a1\u0323c ki\u0301ch hoa\u0323t b\u0103\u0300ng nu\u0301t nh\u00e2\u0323n ho\u0103\u0323c key card<\/p>\n<p>\u2022\u00a0\u00a0 Ch\u01b0\u0301c n\u0103ng cha\u0323y theo chu ky\u0300 gi\u01a1\u0300<\/p>\n<p>\u2022\u00a0 \u00a0\u0110i\u00ea\u0300u chi\u0309nh nhi\u00ea\u0323t \u0111\u00f4\u0323 pho\u0300ng<\/p>\n<p>\u2022\u00a0\u00a0 \u0110i\u00ea\u0300u chi\u0309nh \u0111\u01a1n vi\u0323 \u0111o la\u0300 \u0111\u00f4\u0323 C ho\u0103\u0323c \u0111\u00f4\u0323 F<\/p>\n<p>\u2022\u00a0\u00a0 L\u01b0u ca\u0300i \u0111\u0103\u0323t khi m\u00e2\u0301t \u0111i\u00ea\u0323n<\/p>\n<p>\u2022\u00a0\u00a0 Co\u0301 ch\u01b0\u0301c n\u0103ng kho\u0301a ba\u0300n phi\u0301m<\/p>\n<p>\u2022\u00a0\u00a0 Gi\u01a1\u0301i ha\u0323n nhi\u00ea\u0323t \u0111\u00f4\u0323 ca\u0300i \u0111\u0103\u0323t \u0111\u00ea\u0309 ti\u00ea\u0301t ki\u00ea\u0323m n\u0103ng l\u01b0\u01a1\u0323ng<\/p>\n<p>\u0110\u1ea1i l\u00fd HONEYWELL vietnam, HONEYWELL viet nam, HONEYWELL vietnam distributor, Ph\u00e2n ph\u1ed1i HONEYWELL t\u1ea1i vi\u1ec7t nam<\/p>\n<p>\u0110\u1ea1i l\u00fd HONEYWELL vietnam, HONEYWELL viet nam, HONEYWELL vietnam distributor, Ph\u00e2n ph\u1ed1i HONEYWELL t\u1ea1i vi\u1ec7t nam<\/p>\n<p>\u0110\u1ea1i l\u00fd HONEYWELL vietnam, HONEYWELL viet nam, HONEYWELL vietnam distributor, Ph\u00e2n ph\u1ed1i HONEYWELL t\u1ea1i vi\u1ec7t nam<\/p>\n","protected":false},"excerpt":{"rendered":"<p>HONEYWELL T6861H2WB \u1ee8ng d\u1ee5ng\/Application. Thi\u1ebft b\u1ecb \u0111i\u1ec1u khi\u1ec3n nhi\u1ec7t \u0111\u1ed9 k\u1ef9 thu\u1eadt s\u1ed1\u00a0\u0111\u01b0\u1ee3c th\u1ebf k\u1ebf \u0111\u1ec3 \u0111i\u1ec1u khi\u1ec3n qu\u1ea1t 3 t\u1ed1c \u0111\u1ed9 v\u00e0 Van cho thi\u1ebft b\u1ecb FCU, bao g\u1ed3m: 2 &#8211; \u1ed1ng ch\u1ec9 l\u00e0m l\u1ea1nh\/ch\u1ec9 s\u01b0\u1edfi\/thay \u0111\u00f4i b\u1eb1ng tay. Ch\u1ebf \u0111\u1ed9 th\u1ed1ng gi\u00f3 \u0110i\u1ec1u khi\u1ec3n b\u1eb1ng tay ho\u1eb7c t\u1ef1&hellip; <\/p>\n","protected":false},"featured_media":4687,"comment_status":"open","ping_status":"closed","template":"","meta":[],"product_cat":[485],"product_tag":[894,196,195],"class_list":{"0":"post-4686","1":"product","2":"type-product","3":"status-publish","4":"has-post-thumbnail","6":"product_cat-honeywell","7":"product_tag-bo-dieu-khien-nhiet-do","8":"product_tag-dai-ly-honeywell-viet-nam","9":"product_tag-honeywell-viet-nam","11":"first","12":"instock","13":"shipping-taxable","14":"product-type-simple"},"yoast_head":"<!-- This site is optimized with the Yoast SEO plugin v22.8 - https:\/\/yoast.com\/wordpress\/plugins\/seo\/ -->\n<title>HONEYWELL T6861H2WB - OMANI VI\u1ec6T NAM<\/title>\n<meta name=\"description\" content=\"HONEYWELL T6861H2WB Digital Thermostat\" \/>\n<meta name=\"robots\" content=\"index, follow, max-snippet:-1, max-image-preview:large, max-video-preview:-1\" \/>\n<link rel=\"canonical\" href=\"https:\/\/omanivietnam.com\/index.php\/san-pham\/honeywell-t6861h2wb\/\" \/>\n<meta property=\"og:locale\" content=\"vi_VN\" \/>\n<meta property=\"og:type\" content=\"article\" \/>\n<meta property=\"og:title\" content=\"HONEYWELL T6861H2WB - OMANI VI\u1ec6T NAM\" \/>\n<meta property=\"og:description\" content=\"HONEYWELL T6861H2WB Digital Thermostat\" \/>\n<meta property=\"og:url\" content=\"https:\/\/omanivietnam.com\/index.php\/san-pham\/honeywell-t6861h2wb\/\" \/>\n<meta property=\"og:site_name\" content=\"OMANI VI\u1ec6T NAM\" \/>\n<meta property=\"article:modified_time\" content=\"2026-01-03T14:31:37+00:00\" \/>\n<meta property=\"og:image\" content=\"https:\/\/omanivietnam.com\/wp-content\/uploads\/2026\/01\/T6861H2WB.png\" \/>\n\t<meta property=\"og:image:width\" content=\"586\" \/>\n\t<meta property=\"og:image:height\" content=\"410\" \/>\n\t<meta property=\"og:image:type\" content=\"image\/png\" \/>\n<meta name=\"twitter:card\" content=\"summary_large_image\" \/>\n<meta name=\"twitter:label1\" content=\"\u01af\u1edbc t\u00ednh th\u1eddi gian \u0111\u1ecdc\" \/>\n\t<meta name=\"twitter:data1\" content=\"3 ph\u00fat\" \/>\n<script type=\"application\/ld+json\" class=\"yoast-schema-graph\">{\"@context\":\"https:\/\/schema.org\",\"@graph\":[{\"@type\":\"WebPage\",\"@id\":\"https:\/\/omanivietnam.com\/index.php\/san-pham\/honeywell-t6861h2wb\/\",\"url\":\"https:\/\/omanivietnam.com\/index.php\/san-pham\/honeywell-t6861h2wb\/\",\"name\":\"HONEYWELL T6861H2WB - OMANI VI\u1ec6T NAM\",\"isPartOf\":{\"@id\":\"https:\/\/omanivietnam.com\/#website\"},\"primaryImageOfPage\":{\"@id\":\"https:\/\/omanivietnam.com\/index.php\/san-pham\/honeywell-t6861h2wb\/#primaryimage\"},\"image\":{\"@id\":\"https:\/\/omanivietnam.com\/index.php\/san-pham\/honeywell-t6861h2wb\/#primaryimage\"},\"thumbnailUrl\":\"https:\/\/omanivietnam.com\/wp-content\/uploads\/2026\/01\/T6861H2WB.png\",\"datePublished\":\"2026-01-03T14:17:41+00:00\",\"dateModified\":\"2026-01-03T14:31:37+00:00\",\"description\":\"HONEYWELL T6861H2WB Digital Thermostat\",\"breadcrumb\":{\"@id\":\"https:\/\/omanivietnam.com\/index.php\/san-pham\/honeywell-t6861h2wb\/#breadcrumb\"},\"inLanguage\":\"vi\",\"potentialAction\":[{\"@type\":\"ReadAction\",\"target\":[\"https:\/\/omanivietnam.com\/index.php\/san-pham\/honeywell-t6861h2wb\/\"]}]},{\"@type\":\"ImageObject\",\"inLanguage\":\"vi\",\"@id\":\"https:\/\/omanivietnam.com\/index.php\/san-pham\/honeywell-t6861h2wb\/#primaryimage\",\"url\":\"https:\/\/omanivietnam.com\/wp-content\/uploads\/2026\/01\/T6861H2WB.png\",\"contentUrl\":\"https:\/\/omanivietnam.com\/wp-content\/uploads\/2026\/01\/T6861H2WB.png\",\"width\":586,\"height\":410},{\"@type\":\"BreadcrumbList\",\"@id\":\"https:\/\/omanivietnam.com\/index.php\/san-pham\/honeywell-t6861h2wb\/#breadcrumb\",\"itemListElement\":[{\"@type\":\"ListItem\",\"position\":1,\"name\":\"Home\",\"item\":\"https:\/\/omanivietnam.com\/\"},{\"@type\":\"ListItem\",\"position\":2,\"name\":\"S\u1ea2N PH\u1ea8M\",\"item\":\"https:\/\/omanivietnam.com\/index.php\/cua-hang\/\"},{\"@type\":\"ListItem\",\"position\":3,\"name\":\"HONEYWELL T6861H2WB\"}]},{\"@type\":\"WebSite\",\"@id\":\"https:\/\/omanivietnam.com\/#website\",\"url\":\"https:\/\/omanivietnam.com\/\",\"name\":\"OMANI VI\u1ec6T NAM\",\"description\":\"Nh\u00e0 ph\u00e2n ph\u1ed1i thi\u1ebft b\u1ecb kh\u00ed n\u00e9n v\u00e0 thi\u1ebft b\u1ecb t\u1ef1 \u0111\u1ed9ng h\u00f3a trong c\u00f4ng nghi\u1ec7p\",\"publisher\":{\"@id\":\"https:\/\/omanivietnam.com\/#\/schema\/person\/0ad398a980dc3fd696111c2c5c8fa897\"},\"potentialAction\":[{\"@type\":\"SearchAction\",\"target\":{\"@type\":\"EntryPoint\",\"urlTemplate\":\"https:\/\/omanivietnam.com\/?s={search_term_string}\"},\"query-input\":\"required name=search_term_string\"}],\"inLanguage\":\"vi\"},{\"@type\":[\"Person\",\"Organization\"],\"@id\":\"https:\/\/omanivietnam.com\/#\/schema\/person\/0ad398a980dc3fd696111c2c5c8fa897\",\"name\":\"Nguy\u1ec5n V\u0103n Kh\u00e1nh\",\"image\":{\"@type\":\"ImageObject\",\"inLanguage\":\"vi\",\"@id\":\"https:\/\/omanivietnam.com\/#\/schema\/person\/image\/\",\"url\":\"https:\/\/omanivietnam.com\/wp-content\/uploads\/2024\/06\/logo-1024x1024.png\",\"contentUrl\":\"https:\/\/omanivietnam.com\/wp-content\/uploads\/2024\/06\/logo-1024x1024.png\",\"width\":1024,\"height\":1024,\"caption\":\"Nguy\u1ec5n V\u0103n Kh\u00e1nh\"},\"logo\":{\"@id\":\"https:\/\/omanivietnam.com\/#\/schema\/person\/image\/\"},\"sameAs\":[\"https:\/\/omanivietnam.com\"]}]}<\/script>\n<!-- \/ Yoast SEO plugin. -->","yoast_head_json":{"title":"HONEYWELL T6861H2WB - OMANI VI\u1ec6T NAM","description":"HONEYWELL T6861H2WB Digital Thermostat","robots":{"index":"index","follow":"follow","max-snippet":"max-snippet:-1","max-image-preview":"max-image-preview:large","max-video-preview":"max-video-preview:-1"},"canonical":"https:\/\/omanivietnam.com\/index.php\/san-pham\/honeywell-t6861h2wb\/","og_locale":"vi_VN","og_type":"article","og_title":"HONEYWELL T6861H2WB - OMANI VI\u1ec6T NAM","og_description":"HONEYWELL T6861H2WB Digital Thermostat","og_url":"https:\/\/omanivietnam.com\/index.php\/san-pham\/honeywell-t6861h2wb\/","og_site_name":"OMANI VI\u1ec6T NAM","article_modified_time":"2026-01-03T14:31:37+00:00","og_image":[{"width":586,"height":410,"url":"https:\/\/omanivietnam.com\/wp-content\/uploads\/2026\/01\/T6861H2WB.png","type":"image\/png"}],"twitter_card":"summary_large_image","twitter_misc":{"\u01af\u1edbc t\u00ednh th\u1eddi gian \u0111\u1ecdc":"3 ph\u00fat"},"schema":{"@context":"https:\/\/schema.org","@graph":[{"@type":"WebPage","@id":"https:\/\/omanivietnam.com\/index.php\/san-pham\/honeywell-t6861h2wb\/","url":"https:\/\/omanivietnam.com\/index.php\/san-pham\/honeywell-t6861h2wb\/","name":"HONEYWELL T6861H2WB - OMANI VI\u1ec6T NAM","isPartOf":{"@id":"https:\/\/omanivietnam.com\/#website"},"primaryImageOfPage":{"@id":"https:\/\/omanivietnam.com\/index.php\/san-pham\/honeywell-t6861h2wb\/#primaryimage"},"image":{"@id":"https:\/\/omanivietnam.com\/index.php\/san-pham\/honeywell-t6861h2wb\/#primaryimage"},"thumbnailUrl":"https:\/\/omanivietnam.com\/wp-content\/uploads\/2026\/01\/T6861H2WB.png","datePublished":"2026-01-03T14:17:41+00:00","dateModified":"2026-01-03T14:31:37+00:00","description":"HONEYWELL T6861H2WB Digital Thermostat","breadcrumb":{"@id":"https:\/\/omanivietnam.com\/index.php\/san-pham\/honeywell-t6861h2wb\/#breadcrumb"},"inLanguage":"vi","potentialAction":[{"@type":"ReadAction","target":["https:\/\/omanivietnam.com\/index.php\/san-pham\/honeywell-t6861h2wb\/"]}]},{"@type":"ImageObject","inLanguage":"vi","@id":"https:\/\/omanivietnam.com\/index.php\/san-pham\/honeywell-t6861h2wb\/#primaryimage","url":"https:\/\/omanivietnam.com\/wp-content\/uploads\/2026\/01\/T6861H2WB.png","contentUrl":"https:\/\/omanivietnam.com\/wp-content\/uploads\/2026\/01\/T6861H2WB.png","width":586,"height":410},{"@type":"BreadcrumbList","@id":"https:\/\/omanivietnam.com\/index.php\/san-pham\/honeywell-t6861h2wb\/#breadcrumb","itemListElement":[{"@type":"ListItem","position":1,"name":"Home","item":"https:\/\/omanivietnam.com\/"},{"@type":"ListItem","position":2,"name":"S\u1ea2N PH\u1ea8M","item":"https:\/\/omanivietnam.com\/index.php\/cua-hang\/"},{"@type":"ListItem","position":3,"name":"HONEYWELL T6861H2WB"}]},{"@type":"WebSite","@id":"https:\/\/omanivietnam.com\/#website","url":"https:\/\/omanivietnam.com\/","name":"OMANI VI\u1ec6T NAM","description":"Nh\u00e0 ph\u00e2n ph\u1ed1i thi\u1ebft b\u1ecb kh\u00ed n\u00e9n v\u00e0 thi\u1ebft b\u1ecb t\u1ef1 \u0111\u1ed9ng h\u00f3a trong c\u00f4ng nghi\u1ec7p","publisher":{"@id":"https:\/\/omanivietnam.com\/#\/schema\/person\/0ad398a980dc3fd696111c2c5c8fa897"},"potentialAction":[{"@type":"SearchAction","target":{"@type":"EntryPoint","urlTemplate":"https:\/\/omanivietnam.com\/?s={search_term_string}"},"query-input":"required name=search_term_string"}],"inLanguage":"vi"},{"@type":["Person","Organization"],"@id":"https:\/\/omanivietnam.com\/#\/schema\/person\/0ad398a980dc3fd696111c2c5c8fa897","name":"Nguy\u1ec5n V\u0103n Kh\u00e1nh","image":{"@type":"ImageObject","inLanguage":"vi","@id":"https:\/\/omanivietnam.com\/#\/schema\/person\/image\/","url":"https:\/\/omanivietnam.com\/wp-content\/uploads\/2024\/06\/logo-1024x1024.png","contentUrl":"https:\/\/omanivietnam.com\/wp-content\/uploads\/2024\/06\/logo-1024x1024.png","width":1024,"height":1024,"caption":"Nguy\u1ec5n V\u0103n Kh\u00e1nh"},"logo":{"@id":"https:\/\/omanivietnam.com\/#\/schema\/person\/image\/"},"sameAs":["https:\/\/omanivietnam.com"]}]}},"_links":{"self":[{"href":"https:\/\/omanivietnam.com\/index.php\/wp-json\/wp\/v2\/product\/4686","targetHints":{"allow":["GET"]}}],"collection":[{"href":"https:\/\/omanivietnam.com\/index.php\/wp-json\/wp\/v2\/product"}],"about":[{"href":"https:\/\/omanivietnam.com\/index.php\/wp-json\/wp\/v2\/types\/product"}],"replies":[{"embeddable":true,"href":"https:\/\/omanivietnam.com\/index.php\/wp-json\/wp\/v2\/comments?post=4686"}],"wp:featuredmedia":[{"embeddable":true,"href":"https:\/\/omanivietnam.com\/index.php\/wp-json\/wp\/v2\/media\/4687"}],"wp:attachment":[{"href":"https:\/\/omanivietnam.com\/index.php\/wp-json\/wp\/v2\/media?parent=4686"}],"wp:term":[{"taxonomy":"product_cat","embeddable":true,"href":"https:\/\/omanivietnam.com\/index.php\/wp-json\/wp\/v2\/product_cat?post=4686"},{"taxonomy":"product_tag","embeddable":true,"href":"https:\/\/omanivietnam.com\/index.php\/wp-json\/wp\/v2\/product_tag?post=4686"}],"curies":[{"name":"wp","href":"https:\/\/api.w.org\/{rel}","templated":true}]}}