{"id":4730,"date":"2026-01-22T21:11:44","date_gmt":"2026-01-22T14:11:44","guid":{"rendered":"https:\/\/omanivietnam.com\/?post_type=product&#038;p=4730"},"modified":"2026-01-22T21:11:44","modified_gmt":"2026-01-22T14:11:44","slug":"airtec-m-07-510-hn-427","status":"publish","type":"product","link":"https:\/\/omanivietnam.com\/index.php\/san-pham\/airtec-m-07-510-hn-427\/","title":{"rendered":"AIRTEC M-07-510-HN-427"},"content":{"rendered":"<p>AIRTEC M-07-510-HN-427<\/p>\n<p>AIRTEC M-07-520-HN + 23-SP-011-427<\/p>\n<div class=\"Y3BBE\" data-sfc-cp=\"\" data-hveid=\"CAEQAA\" data-processed=\"true\">M-07-510-HN-427 l\u00e0 m\u1ed9t m\u00e3 s\u1ea3n ph\u1ea9m (part number) c\u1ee7a\u00a0<mark class=\"HxTRcb\">van \u0111i\u1ec1u khi\u1ec3n kh\u00ed n\u00e9n thu\u1ed9c h\u00e3ng Airtec, c\u00f3 k\u00edch th\u01b0\u1edbc danh ngh\u0129a 9 mm, k\u1ebft n\u1ed1i G1\/4, d\u00f9ng cho kh\u00ed n\u00e9n \u0111\u00e3 l\u1ecdc s\u1ea1ch v\u00e0 kh\u00f4 (filtered, oil-free, dried compressed air), th\u01b0\u1eddng d\u00f9ng trong c\u00e1c h\u1ec7 th\u1ed1ng t\u1ef1 \u0111\u1ed9ng h\u00f3a<\/mark>. \u0110\u00e2y l\u00e0 m\u1ed9t lo\u1ea1i van \u0111i\u1ec7n t\u1eeb (solenoid valve) v\u1edbi th\u00e2n h\u1ee3p kim nh\u00f4m (Al) anodized, v\u1eadt li\u1ec7u k\u00edn NBR, ho\u1ea1t \u0111\u1ed9ng v\u1edbi \u00e1p su\u1ea5t v\u00e0 nhi\u1ec7t \u0111\u1ed9 nh\u1ea5t \u0111\u1ecbnh, c\u00f3 c\u1ea5p b\u1ea3o v\u1ec7 IP65.<span class=\"uJ19be notranslate\" data-wiz-uids=\"zBmfdc_e\"><span class=\"vKEkVd\" data-animation-atomic=\"\" data-wiz-attrbind=\"class=zBmfdc_d\/TKHnVd\">\u00a0<\/span><\/span><\/div>\n<div class=\"Y3BBE\" data-sfc-cp=\"\" data-hveid=\"CAIQAA\" data-processed=\"true\"><strong class=\"Yjhzub\">Th\u00f4ng s\u1ed1 k\u1ef9 thu\u1eadt ch\u00ednh:<\/strong><\/div>\n<ul class=\"KsbFXc U6u95\" data-processed=\"true\">\n<li data-hveid=\"CAMQAA\"><span class=\"T286Pc\" data-sfc-cp=\"\"><strong class=\"Yjhzub\">D\u00f2ng s\u1ea3n ph\u1ea9m:<\/strong>\u00a0M-07.<\/span><\/li>\n<li data-hveid=\"CAMQAQ\"><span class=\"T286Pc\" data-sfc-cp=\"\"><strong class=\"Yjhzub\">K\u00edch th\u01b0\u1edbc danh ngh\u0129a:<\/strong>\u00a09 mm.<\/span><\/li>\n<li data-hveid=\"CAMQAg\"><span class=\"T286Pc\" data-sfc-cp=\"\"><strong class=\"Yjhzub\">C\u1ed5ng k\u1ebft n\u1ed1i:<\/strong>\u00a0G1\/4.<\/span><\/li>\n<li data-hveid=\"CAMQAw\"><span class=\"T286Pc\" data-sfc-cp=\"\"><strong class=\"Yjhzub\">V\u1eadt li\u1ec7u:<\/strong>\u00a0Th\u00e2n nh\u00f4m (Al, anodized), nh\u1ef1a, v\u00f2ng \u0111\u1ec7m NBR, c\u00e1c b\u1ed9 ph\u1eadn b\u00ean trong b\u1eb1ng nh\u00f4m, th\u00e9p.<\/span><\/li>\n<li data-hveid=\"CAMQBA\"><span class=\"T286Pc\" data-sfc-cp=\"\"><strong class=\"Yjhzub\">M\u00f4i ch\u1ea5t l\u00e0m vi\u1ec7c:<\/strong>\u00a0Kh\u00ed n\u00e9n \u0111\u00e3 l\u1ecdc, kh\u00f4ng d\u1ea7u, kh\u00f4 (theo ISO 8573-1:2010, Class 7:2:4).<\/span><\/li>\n<li data-hveid=\"CAMQBQ\"><span class=\"T286Pc\" data-sfc-cp=\"\"><strong class=\"Yjhzub\">Nhi\u1ec7t \u0111\u1ed9 ho\u1ea1t \u0111\u1ed9ng:<\/strong>\u00a0-10\u00b0C \u0111\u1ebfn +70\u00b0C.<\/span><\/li>\n<li data-hveid=\"CAMQBg\"><span class=\"T286Pc\" data-sfc-cp=\"\"><strong class=\"Yjhzub\">C\u1ea5p b\u1ea3o v\u1ec7:<\/strong>\u00a0IP65.<\/span><span class=\"uJ19be notranslate\" data-wiz-uids=\"zBmfdc_18\"><span class=\"vKEkVd\" data-animation-atomic=\"\" data-wiz-attrbind=\"class=zBmfdc_17\/TKHnVd\">\u00a0<\/span><\/span><\/li>\n<\/ul>\n<div class=\"Y3BBE\" data-sfc-cp=\"\" data-hveid=\"CAQQAA\" data-processed=\"true\"><strong class=\"Yjhzub\" data-processed=\"true\">\u00dd ngh\u0129a c\u00e1c k\u00fd hi\u1ec7u (d\u1ef1 ki\u1ebfn):<\/strong><\/div>\n<ul class=\"KsbFXc U6u95\" data-processed=\"true\">\n<li data-hveid=\"CAUQAA\" data-processed=\"true\"><span class=\"T286Pc\" data-sfc-cp=\"\" data-processed=\"true\"><strong class=\"Yjhzub\" data-processed=\"true\">M-07:<\/strong>\u00a0D\u00f2ng s\u1ea3n ph\u1ea9m.<\/span><\/li>\n<li data-hveid=\"CAUQAQ\" data-processed=\"true\"><span class=\"T286Pc\" data-sfc-cp=\"\" data-processed=\"true\"><strong class=\"Yjhzub\" data-processed=\"true\">510:<\/strong>\u00a0C\u00f3 th\u1ec3 li\u00ean quan \u0111\u1ebfn ki\u1ec3u ho\u1ea1t \u0111\u1ed9ng ho\u1eb7c s\u1ed1 c\u1ed5ng.<\/span><\/li>\n<li data-hveid=\"CAUQAg\" data-processed=\"true\"><span class=\"T286Pc\" data-sfc-cp=\"\" data-processed=\"true\"><strong class=\"Yjhzub\" data-processed=\"true\">HN:<\/strong>\u00a0Ch\u1ec9 lo\u1ea1i cu\u1ed9n d\u00e2y \u0111i\u1ec7n t\u1eeb (solenoid coil) (v\u00ed d\u1ee5: H = 24V DC, N = 10W).<\/span><\/li>\n<li data-hveid=\"CAUQAw\" data-processed=\"true\"><span class=\"T286Pc\" data-sfc-cp=\"\" data-processed=\"true\"><strong class=\"Yjhzub\" data-processed=\"true\">427:<\/strong>\u00a0Th\u01b0\u1eddng ch\u1ec9 c\u1ea5u h\u00ecnh l\u1eafp \u0111\u1eb7t ho\u1eb7c lo\u1ea1i van c\u1ee5 th\u1ec3.<\/span><span class=\"uJ19be notranslate\" data-wiz-uids=\"zBmfdc_1t\" data-processed=\"true\"><span class=\"vKEkVd\" data-animation-atomic=\"\" data-wiz-attrbind=\"class=zBmfdc_1s\/TKHnVd\" data-processed=\"true\">\u00a0<\/span><\/span><\/li>\n<\/ul>\n<div class=\"Y3BBE\" data-sfc-cp=\"\" data-hveid=\"CAYQAA\" data-processed=\"true\">T\u00f3m l\u1ea1i, \u0111\u00e2y l\u00e0 m\u1ed9t\u00a0<strong class=\"Yjhzub\" data-processed=\"true\">van \u0111i\u1ec7n t\u1eeb Series M-07 c\u1ee7a AIRTEC<\/strong>\u00a0d\u00f9ng cho kh\u00ed n\u00e9n, c\u00f3 th\u00f4ng s\u1ed1 k\u1ef9 thu\u1eadt r\u00f5 r\u00e0ng ph\u00f9 h\u1ee3p cho c\u00e1c \u1ee9ng d\u1ee5ng c\u00f4ng nghi\u1ec7p c\u1ea7n \u0111i\u1ec1u khi\u1ec3n ch\u00ednh x\u00e1c.<span class=\"uJ19be notranslate\" data-wiz-uids=\"zBmfdc_1z\" data-processed=\"true\"><span class=\"vKEkVd\" data-animation-atomic=\"\" data-wiz-attrbind=\"class=zBmfdc_1y\/TKHnVd\" data-processed=\"true\">\u00a0<\/span><\/span><\/div>\n<ul>\n<li>M-07-520, solenoid valve.<\/li>\n<li>Filtered, oil-free and dried compressed air according to ISO<br \/>\n8573-1:2010, Class 7:2:4, instrument air, free of aggressive<br \/>\nadditives. Alternatively the pressure dew point must be at<br \/>\nleast 10\u00b0C below lowest occurring ambient temperature<\/li>\n<li>Connection G1\/4<\/li>\n<li>5\/3-way<\/li>\n<li>1580 Nl\/min<\/li>\n<li>Temperature range -10\u00b0C \u2026 +70\u00b0C]<\/li>\n<li>Materials Body: Al (anodized), seals: NBR, inner parts: Al, steel and plastic<\/li>\n<\/ul>\n<table>\n<tbody>\n<tr>\n<td><strong>Model-no.:<\/strong><\/td>\n<td>M-22-510<\/td>\n<td>M-22-511<\/td>\n<td>ME-22-511<\/td>\n<td>M-22-520<\/td>\n<td>ME-22-520<\/td>\n<td>M-22-530<\/td>\n<td>M-22-533<\/td>\n<\/tr>\n<tr>\n<td><strong>Operating pressure* (bar)<\/strong><\/td>\n<td>1 \u2026 10<\/td>\n<td>2 \u2026 10<\/td>\n<td>0 \u2026 10<\/td>\n<td>1 \u2026 10<\/td>\n<td>0 \u2026 10<\/td>\n<td>3 \u2026 10<\/td>\n<td>3 \u2026 10<\/td>\n<\/tr>\n<tr>\n<td><strong>Pilot pressure* (bar)<\/strong><\/td>\n<td>1 \u2026 10<\/td>\n<td>2 \u2026 10<\/td>\n<td>2 \u2026 10<\/td>\n<td>1 \u2026 10<\/td>\n<td>1 \u2026 10<\/td>\n<td>3 \u2026 10<\/td>\n<td>3 \u2026 10<\/td>\n<\/tr>\n<tr>\n<td><strong>Flow rate (Nl\/min<\/strong><\/td>\n<td>3300<\/td>\n<td>3300<\/td>\n<td>3300<\/td>\n<td>3300<\/td>\n<td>3300<\/td>\n<td>3300<\/td>\n<td>3300<\/td>\n<\/tr>\n<tr>\n<td><strong>Response time (ms)<br \/>\nat 6 bar<\/strong><\/td>\n<td>on: 30<br \/>\noff: 59<\/td>\n<td>on: 20<br \/>\noff: 80<\/td>\n<td>on: 20<br \/>\noff: 80<\/td>\n<td>on: 22<br \/>\noff: 22<\/td>\n<td>on: 22<br \/>\noff: 22<\/td>\n<td>on: 30<br \/>\noff: 50<\/td>\n<td>on: 30<br \/>\noff: 50<\/td>\n<\/tr>\n<tr>\n<td><strong>Weight (kg)<\/strong><\/td>\n<td>1.150<\/td>\n<td>1.180<\/td>\n<td>1.160<\/td>\n<td>1.260<\/td>\n<td>1.260<\/td>\n<td>1.250<\/td>\n<td>1.250<\/td>\n<\/tr>\n<\/tbody>\n<\/table>\n<p>Van \u0111i\u1ec7n t\u1eeb AIRTEC: MC-20-510-HN<\/p>\n<p>Van \u0111i\u1ec7n t\u1eeb AIRTEC: MC-07-510-HN<\/p>\n<p>Van \u0111i\u1ec7n t\u1eeb AIRTEC: MC-20-520-HN<\/p>\n<p>Van \u0111i\u1ec7n t\u1eeb AIRTEC: MC-20-530-HN<\/p>\n<p>Van \u0111i\u1ec7n t\u1eeb AIRTEC: MC-20-533-HN<\/p>\n<p>Van \u0111i\u1ec7n t\u1eeb AIRTEC: MC-20-510-HN<\/p>\n<p>Van \u0111i\u1ec7n t\u1eeb AIRTEC: MG-07-520-HN<\/p>\n<p>Van \u0111i\u1ec7n t\u1eeb AIRTEC: MO-07-311-HN<\/p>\n<p>Van \u0111i\u1ec7n t\u1eeb AIRTEC: MO-07-310-HN<\/p>\n<p>Van \u0111i\u1ec7n t\u1eeb AIRTEC: MO-07-320-HN<\/p>\n<p>Van \u0111i\u1ec7n t\u1eeb AIRTEC: MO-22-310-HN<\/p>\n<p>Van \u0111i\u1ec7n t\u1eeb AIRTEC: MO-22-311-HN<\/p>\n<p>Van \u0111i\u1ec7n t\u1eeb AIRTEC: MO-05-310-HN<\/p>\n<p>Van \u0111i\u1ec7n t\u1eeb AIRTEC: MO-05-311-HN<\/p>\n<p>Van \u0111i\u1ec7n t\u1eeb AIRTEC: MSO-18-310-HN<\/p>\n<p>Van \u0111i\u1ec7n t\u1eeb AIRTEC: M-07-510-HN<\/p>\n<p><strong>M\u1ed9t s\u1ed1 model s\u1ea3n ph\u1ea9m kh\u00e1c :<\/strong><\/p>\n<p>M-20-510-HN,<\/p>\n<p>MC-20-510-HN,<\/p>\n<p>MD-20-510-HN,<\/p>\n<p>M-05-510-HN,<\/p>\n<p>KN-05-510-HN,<\/p>\n<p>M-07-510-HN,<\/p>\n<p>MC-07-510-HN,<\/p>\n<p>MG-07-510-HN-C12,<\/p>\n<p>MF-04-510-HN,<\/p>\n<p>MF-24-520-HN,<\/p>\n<p>MN-06-510-HN,<\/p>\n<p>M-22-510-HN,<\/p>\n<p>M-22-520-HN,<\/p>\n<p>M-04-510-HN,<\/p>\n<p>M-07-310-HN,<\/p>\n<p>KN-05-311-HN,<\/p>\n<p>KM-10-520-HN,<\/p>\n<p>PE-18-01-40,<\/p>\n<p>KF-10-520-HN,<\/p>\n<p>M-07-530-HN,<\/p>\n<p>KN-05-520-HN,<\/p>\n<p>M-07-520-HN,<\/p>\n<p>M-07-533-HN,<\/p>\n<p>M-07-511-HN,<\/p>\n<p>M-05-311-HN,<\/p>\n<p>MF-07-530-HN,<\/p>\n<p>M-09-19-462-R,<\/p>\n<p>23-SP-011-412,<\/p>\n<p>23-SP-016-712,<\/p>\n<p>23-SP-011-427,<\/p>\n<p>M-07-311-HN,<\/p>\n<p>M-05-310-HN,<\/p>\n<p>KM-10-510-HN,<\/p>\n<p>M-05-520-HN,<\/p>\n<p>MI-03-520-HN,<\/p>\n<p>MS-18-310-HN,<\/p>\n<p>KN-05-511-HN,<\/p>\n<p>MN-06-510-HNX-XXX,<\/p>\n<p>KN-05-511-HN,<\/p>\n<p>MN-06-311-HN,<\/p>\n<p>KN-05-510-HN,<\/p>\n<p>KN-05-510-HN,<\/p>\n<p>KN-05-310-HN,<\/p>\n<p>KN-05-310-HN,<\/p>\n<p>KN-05-511-HN<\/p>\n<p>\u0110\u1ea1i l\u00fd AIRTEC vietnam, AIRTEC viet nam, AIRTEC vietnam distributor, Ph\u00e2n ph\u1ed1i AIRTEC t\u1ea1i vi\u1ec7t nam<\/p>\n<p>\u0110\u1ea1i l\u00fd AIRTEC vietnam, AIRTEC viet nam, AIRTEC vietnam distributor, Ph\u00e2n ph\u1ed1i AIRTEC t\u1ea1i vi\u1ec7t nam<\/p>\n<p>\u0110\u1ea1i l\u00fd AIRTEC vietnam, AIRTEC viet nam, AIRTEC vietnam distributor, Ph\u00e2n ph\u1ed1i AIRTEC t\u1ea1i vi\u1ec7t nam<\/p>\n<p>&nbsp;<\/p>\n","protected":false},"excerpt":{"rendered":"<p>AIRTEC M-07-510-HN-427 AIRTEC M-07-520-HN + 23-SP-011-427 M-07-510-HN-427 l\u00e0 m\u1ed9t m\u00e3 s\u1ea3n ph\u1ea9m (part number) c\u1ee7a\u00a0van \u0111i\u1ec1u khi\u1ec3n kh\u00ed n\u00e9n thu\u1ed9c h\u00e3ng Airtec, c\u00f3 k\u00edch th\u01b0\u1edbc danh ngh\u0129a 9 mm, k\u1ebft n\u1ed1i G1\/4, d\u00f9ng cho kh\u00ed n\u00e9n \u0111\u00e3 l\u1ecdc s\u1ea1ch v\u00e0 kh\u00f4 (filtered, oil-free, dried compressed air), th\u01b0\u1eddng d\u00f9ng trong c\u00e1c&hellip; <\/p>\n","protected":false},"featured_media":4731,"comment_status":"open","ping_status":"closed","template":"","meta":[],"product_cat":[421],"product_tag":[205,206,690],"class_list":{"0":"post-4730","1":"product","2":"type-product","3":"status-publish","4":"has-post-thumbnail","6":"product_cat-airtec","7":"product_tag-airtec-viet-nam","8":"product_tag-dai-ly-airtec-viet-nam","9":"product_tag-van-dien-tu","11":"first","12":"instock","13":"shipping-taxable","14":"product-type-simple"},"yoast_head":"<!-- This site is optimized with the Yoast SEO plugin v22.8 - https:\/\/yoast.com\/wordpress\/plugins\/seo\/ -->\n<title>AIRTEC M-07-510-HN-427 - OMANI VI\u1ec6T NAM<\/title>\n<meta name=\"description\" content=\"AIRTEC M-07-510-HN-427 Solenoid Valve\" \/>\n<meta name=\"robots\" content=\"index, follow, max-snippet:-1, max-image-preview:large, max-video-preview:-1\" \/>\n<link rel=\"canonical\" href=\"https:\/\/omanivietnam.com\/index.php\/san-pham\/airtec-m-07-510-hn-427\/\" \/>\n<meta property=\"og:locale\" content=\"vi_VN\" \/>\n<meta property=\"og:type\" content=\"article\" \/>\n<meta property=\"og:title\" content=\"AIRTEC M-07-510-HN-427 - OMANI VI\u1ec6T NAM\" \/>\n<meta property=\"og:description\" content=\"AIRTEC M-07-510-HN-427 Solenoid Valve\" \/>\n<meta property=\"og:url\" content=\"https:\/\/omanivietnam.com\/index.php\/san-pham\/airtec-m-07-510-hn-427\/\" \/>\n<meta property=\"og:site_name\" content=\"OMANI VI\u1ec6T NAM\" \/>\n<meta property=\"og:image\" content=\"https:\/\/omanivietnam.com\/wp-content\/uploads\/2026\/01\/M-07-510-HN-427.png\" \/>\n\t<meta property=\"og:image:width\" content=\"581\" \/>\n\t<meta property=\"og:image:height\" content=\"765\" \/>\n\t<meta property=\"og:image:type\" content=\"image\/png\" \/>\n<meta name=\"twitter:card\" content=\"summary_large_image\" \/>\n<meta name=\"twitter:label1\" content=\"\u01af\u1edbc t\u00ednh th\u1eddi gian \u0111\u1ecdc\" \/>\n\t<meta name=\"twitter:data1\" content=\"4 ph\u00fat\" \/>\n<script type=\"application\/ld+json\" class=\"yoast-schema-graph\">{\"@context\":\"https:\/\/schema.org\",\"@graph\":[{\"@type\":\"WebPage\",\"@id\":\"https:\/\/omanivietnam.com\/index.php\/san-pham\/airtec-m-07-510-hn-427\/\",\"url\":\"https:\/\/omanivietnam.com\/index.php\/san-pham\/airtec-m-07-510-hn-427\/\",\"name\":\"AIRTEC M-07-510-HN-427 - OMANI VI\u1ec6T NAM\",\"isPartOf\":{\"@id\":\"https:\/\/omanivietnam.com\/#website\"},\"primaryImageOfPage\":{\"@id\":\"https:\/\/omanivietnam.com\/index.php\/san-pham\/airtec-m-07-510-hn-427\/#primaryimage\"},\"image\":{\"@id\":\"https:\/\/omanivietnam.com\/index.php\/san-pham\/airtec-m-07-510-hn-427\/#primaryimage\"},\"thumbnailUrl\":\"https:\/\/omanivietnam.com\/wp-content\/uploads\/2026\/01\/M-07-510-HN-427.png\",\"datePublished\":\"2026-01-22T14:11:44+00:00\",\"dateModified\":\"2026-01-22T14:11:44+00:00\",\"description\":\"AIRTEC M-07-510-HN-427 Solenoid Valve\",\"breadcrumb\":{\"@id\":\"https:\/\/omanivietnam.com\/index.php\/san-pham\/airtec-m-07-510-hn-427\/#breadcrumb\"},\"inLanguage\":\"vi\",\"potentialAction\":[{\"@type\":\"ReadAction\",\"target\":[\"https:\/\/omanivietnam.com\/index.php\/san-pham\/airtec-m-07-510-hn-427\/\"]}]},{\"@type\":\"ImageObject\",\"inLanguage\":\"vi\",\"@id\":\"https:\/\/omanivietnam.com\/index.php\/san-pham\/airtec-m-07-510-hn-427\/#primaryimage\",\"url\":\"https:\/\/omanivietnam.com\/wp-content\/uploads\/2026\/01\/M-07-510-HN-427.png\",\"contentUrl\":\"https:\/\/omanivietnam.com\/wp-content\/uploads\/2026\/01\/M-07-510-HN-427.png\",\"width\":581,\"height\":765},{\"@type\":\"BreadcrumbList\",\"@id\":\"https:\/\/omanivietnam.com\/index.php\/san-pham\/airtec-m-07-510-hn-427\/#breadcrumb\",\"itemListElement\":[{\"@type\":\"ListItem\",\"position\":1,\"name\":\"Home\",\"item\":\"https:\/\/omanivietnam.com\/\"},{\"@type\":\"ListItem\",\"position\":2,\"name\":\"S\u1ea2N PH\u1ea8M\",\"item\":\"https:\/\/omanivietnam.com\/index.php\/cua-hang\/\"},{\"@type\":\"ListItem\",\"position\":3,\"name\":\"AIRTEC M-07-510-HN-427\"}]},{\"@type\":\"WebSite\",\"@id\":\"https:\/\/omanivietnam.com\/#website\",\"url\":\"https:\/\/omanivietnam.com\/\",\"name\":\"OMANI VI\u1ec6T NAM\",\"description\":\"Nh\u00e0 ph\u00e2n ph\u1ed1i thi\u1ebft b\u1ecb kh\u00ed n\u00e9n v\u00e0 thi\u1ebft b\u1ecb t\u1ef1 \u0111\u1ed9ng h\u00f3a trong c\u00f4ng nghi\u1ec7p\",\"publisher\":{\"@id\":\"https:\/\/omanivietnam.com\/#\/schema\/person\/0ad398a980dc3fd696111c2c5c8fa897\"},\"potentialAction\":[{\"@type\":\"SearchAction\",\"target\":{\"@type\":\"EntryPoint\",\"urlTemplate\":\"https:\/\/omanivietnam.com\/?s={search_term_string}\"},\"query-input\":\"required name=search_term_string\"}],\"inLanguage\":\"vi\"},{\"@type\":[\"Person\",\"Organization\"],\"@id\":\"https:\/\/omanivietnam.com\/#\/schema\/person\/0ad398a980dc3fd696111c2c5c8fa897\",\"name\":\"Nguy\u1ec5n V\u0103n Kh\u00e1nh\",\"image\":{\"@type\":\"ImageObject\",\"inLanguage\":\"vi\",\"@id\":\"https:\/\/omanivietnam.com\/#\/schema\/person\/image\/\",\"url\":\"https:\/\/omanivietnam.com\/wp-content\/uploads\/2024\/06\/logo-1024x1024.png\",\"contentUrl\":\"https:\/\/omanivietnam.com\/wp-content\/uploads\/2024\/06\/logo-1024x1024.png\",\"width\":1024,\"height\":1024,\"caption\":\"Nguy\u1ec5n V\u0103n Kh\u00e1nh\"},\"logo\":{\"@id\":\"https:\/\/omanivietnam.com\/#\/schema\/person\/image\/\"},\"sameAs\":[\"https:\/\/omanivietnam.com\"]}]}<\/script>\n<!-- \/ Yoast SEO plugin. -->","yoast_head_json":{"title":"AIRTEC M-07-510-HN-427 - OMANI VI\u1ec6T NAM","description":"AIRTEC M-07-510-HN-427 Solenoid Valve","robots":{"index":"index","follow":"follow","max-snippet":"max-snippet:-1","max-image-preview":"max-image-preview:large","max-video-preview":"max-video-preview:-1"},"canonical":"https:\/\/omanivietnam.com\/index.php\/san-pham\/airtec-m-07-510-hn-427\/","og_locale":"vi_VN","og_type":"article","og_title":"AIRTEC M-07-510-HN-427 - OMANI VI\u1ec6T NAM","og_description":"AIRTEC M-07-510-HN-427 Solenoid Valve","og_url":"https:\/\/omanivietnam.com\/index.php\/san-pham\/airtec-m-07-510-hn-427\/","og_site_name":"OMANI VI\u1ec6T NAM","og_image":[{"width":581,"height":765,"url":"https:\/\/omanivietnam.com\/wp-content\/uploads\/2026\/01\/M-07-510-HN-427.png","type":"image\/png"}],"twitter_card":"summary_large_image","twitter_misc":{"\u01af\u1edbc t\u00ednh th\u1eddi gian \u0111\u1ecdc":"4 ph\u00fat"},"schema":{"@context":"https:\/\/schema.org","@graph":[{"@type":"WebPage","@id":"https:\/\/omanivietnam.com\/index.php\/san-pham\/airtec-m-07-510-hn-427\/","url":"https:\/\/omanivietnam.com\/index.php\/san-pham\/airtec-m-07-510-hn-427\/","name":"AIRTEC M-07-510-HN-427 - OMANI VI\u1ec6T NAM","isPartOf":{"@id":"https:\/\/omanivietnam.com\/#website"},"primaryImageOfPage":{"@id":"https:\/\/omanivietnam.com\/index.php\/san-pham\/airtec-m-07-510-hn-427\/#primaryimage"},"image":{"@id":"https:\/\/omanivietnam.com\/index.php\/san-pham\/airtec-m-07-510-hn-427\/#primaryimage"},"thumbnailUrl":"https:\/\/omanivietnam.com\/wp-content\/uploads\/2026\/01\/M-07-510-HN-427.png","datePublished":"2026-01-22T14:11:44+00:00","dateModified":"2026-01-22T14:11:44+00:00","description":"AIRTEC M-07-510-HN-427 Solenoid Valve","breadcrumb":{"@id":"https:\/\/omanivietnam.com\/index.php\/san-pham\/airtec-m-07-510-hn-427\/#breadcrumb"},"inLanguage":"vi","potentialAction":[{"@type":"ReadAction","target":["https:\/\/omanivietnam.com\/index.php\/san-pham\/airtec-m-07-510-hn-427\/"]}]},{"@type":"ImageObject","inLanguage":"vi","@id":"https:\/\/omanivietnam.com\/index.php\/san-pham\/airtec-m-07-510-hn-427\/#primaryimage","url":"https:\/\/omanivietnam.com\/wp-content\/uploads\/2026\/01\/M-07-510-HN-427.png","contentUrl":"https:\/\/omanivietnam.com\/wp-content\/uploads\/2026\/01\/M-07-510-HN-427.png","width":581,"height":765},{"@type":"BreadcrumbList","@id":"https:\/\/omanivietnam.com\/index.php\/san-pham\/airtec-m-07-510-hn-427\/#breadcrumb","itemListElement":[{"@type":"ListItem","position":1,"name":"Home","item":"https:\/\/omanivietnam.com\/"},{"@type":"ListItem","position":2,"name":"S\u1ea2N PH\u1ea8M","item":"https:\/\/omanivietnam.com\/index.php\/cua-hang\/"},{"@type":"ListItem","position":3,"name":"AIRTEC M-07-510-HN-427"}]},{"@type":"WebSite","@id":"https:\/\/omanivietnam.com\/#website","url":"https:\/\/omanivietnam.com\/","name":"OMANI VI\u1ec6T NAM","description":"Nh\u00e0 ph\u00e2n ph\u1ed1i thi\u1ebft b\u1ecb kh\u00ed n\u00e9n v\u00e0 thi\u1ebft b\u1ecb t\u1ef1 \u0111\u1ed9ng h\u00f3a trong c\u00f4ng nghi\u1ec7p","publisher":{"@id":"https:\/\/omanivietnam.com\/#\/schema\/person\/0ad398a980dc3fd696111c2c5c8fa897"},"potentialAction":[{"@type":"SearchAction","target":{"@type":"EntryPoint","urlTemplate":"https:\/\/omanivietnam.com\/?s={search_term_string}"},"query-input":"required name=search_term_string"}],"inLanguage":"vi"},{"@type":["Person","Organization"],"@id":"https:\/\/omanivietnam.com\/#\/schema\/person\/0ad398a980dc3fd696111c2c5c8fa897","name":"Nguy\u1ec5n V\u0103n Kh\u00e1nh","image":{"@type":"ImageObject","inLanguage":"vi","@id":"https:\/\/omanivietnam.com\/#\/schema\/person\/image\/","url":"https:\/\/omanivietnam.com\/wp-content\/uploads\/2024\/06\/logo-1024x1024.png","contentUrl":"https:\/\/omanivietnam.com\/wp-content\/uploads\/2024\/06\/logo-1024x1024.png","width":1024,"height":1024,"caption":"Nguy\u1ec5n V\u0103n Kh\u00e1nh"},"logo":{"@id":"https:\/\/omanivietnam.com\/#\/schema\/person\/image\/"},"sameAs":["https:\/\/omanivietnam.com"]}]}},"_links":{"self":[{"href":"https:\/\/omanivietnam.com\/index.php\/wp-json\/wp\/v2\/product\/4730","targetHints":{"allow":["GET"]}}],"collection":[{"href":"https:\/\/omanivietnam.com\/index.php\/wp-json\/wp\/v2\/product"}],"about":[{"href":"https:\/\/omanivietnam.com\/index.php\/wp-json\/wp\/v2\/types\/product"}],"replies":[{"embeddable":true,"href":"https:\/\/omanivietnam.com\/index.php\/wp-json\/wp\/v2\/comments?post=4730"}],"wp:featuredmedia":[{"embeddable":true,"href":"https:\/\/omanivietnam.com\/index.php\/wp-json\/wp\/v2\/media\/4731"}],"wp:attachment":[{"href":"https:\/\/omanivietnam.com\/index.php\/wp-json\/wp\/v2\/media?parent=4730"}],"wp:term":[{"taxonomy":"product_cat","embeddable":true,"href":"https:\/\/omanivietnam.com\/index.php\/wp-json\/wp\/v2\/product_cat?post=4730"},{"taxonomy":"product_tag","embeddable":true,"href":"https:\/\/omanivietnam.com\/index.php\/wp-json\/wp\/v2\/product_tag?post=4730"}],"curies":[{"name":"wp","href":"https:\/\/api.w.org\/{rel}","templated":true}]}}