{"id":4753,"date":"2026-01-28T23:02:39","date_gmt":"2026-01-28T16:02:39","guid":{"rendered":"https:\/\/omanivietnam.com\/?post_type=product&#038;p=4753"},"modified":"2026-02-02T22:39:38","modified_gmt":"2026-02-02T15:39:38","slug":"hbm-hlca1ce-1-76t","status":"publish","type":"product","link":"https:\/\/omanivietnam.com\/index.php\/san-pham\/hbm-hlca1ce-1-76t\/","title":{"rendered":"HBM HLCA1C3 1.76T"},"content":{"rendered":"<p>HBM HLCA1C3 1.76T<\/p>\n<p class=\"product-title product_title entry-title\">Loadcell HBM 1-HLCA1C3\/1.76T-1<\/p>\n<p><em>Load cell Model: HLCA1C3 Class: C3 Capacity: 1.76 tons<\/em><\/p>\n<p class=\"mj-productheading\">C\u1ea3m bi\u1ebfn 1-HLCB1C3\/1.76t 1-HLCB1C3\/1.76t HBM<\/p>\n<header>\n<h1 class=\" \">Type HLC Load Cells: Robust Weighing up to Accuracy Class C6<\/h1>\n<\/header>\n<p>HLC load cells are perfectly suited for use with any type of tank, batching or platform scales as well as for level monitoring &#8211; and are used by market leaders. Their 6-wire configuration allows for precise measurement results up to accuracy class C6 per OIML R60. The particularly robust HLC load cells are available in standard dimensions and can be easily integrated and quickly adapted to the required maximum capacities ranging from 110 kg to 10 tons. In addition, versions with IP69K degree of protection and explosion proof IECEx-ATEX designs are available.<\/p>\n<ul>\n<li><strong>Accuracy class:<\/strong>\u00a0up to C6<\/li>\n<li><strong>Degrees of protection:<\/strong>\u00a0IP68 (100h\/1m) and IP69K<\/li>\n<li><strong>Maximum capacities:<\/strong>\u00a0110 kg to 10 tons<\/li>\n<\/ul>\n<header>\n<h3 class=\" \">Flexible<\/h3>\n<\/header>\n<ul>\n<li>Different maximum capacities are available: 110 kg, 220 kg, 550 kg, 1.1 t, 1.76 t, 2.2 t, 4.4 t, and 10 t<\/li>\n<li>Metrological approvals: OIML, NTEP (USA), NMIA (Australia)<\/li>\n<li>Explosion-proof versions are available (IECEx\/ATEX, FM (USA))<\/li>\n<li>All product versions have identical dimensions and low height<\/li>\n<li>Cable can be cut to length owing to the 6-wire configuration<\/li>\n<li>Different cable types and lengths available<\/li>\n<\/ul>\n<p>\u0110\u1ea1i l\u00fd HBM vietnam, HBM viet nam, HBM vietnam distributor, Ph\u00e2n ph\u1ed1i HBM t\u1ea1i vi\u1ec7t nam<\/p>\n<p>\u0110\u1ea1i l\u00fd HBM vietnam, HBM viet nam, HBM vietnam distributor, Ph\u00e2n ph\u1ed1i HBM t\u1ea1i vi\u1ec7t nam<\/p>\n<p>\u0110\u1ea1i l\u00fd HBM vietnam, HBM viet nam, HBM vietnam distributor, Ph\u00e2n ph\u1ed1i HBM t\u1ea1i vi\u1ec7t nam<\/p>\n","protected":false},"excerpt":{"rendered":"<p>HBM HLCA1C3 1.76T Loadcell HBM 1-HLCA1C3\/1.76T-1 Load cell Model: HLCA1C3 Class: C3 Capacity: 1.76 tons C\u1ea3m bi\u1ebfn 1-HLCB1C3\/1.76t 1-HLCB1C3\/1.76t HBM Type HLC Load Cells: Robust Weighing up to Accuracy Class C6 HLC load cells are perfectly suited for use with any type of tank, batching or platform scales as well&hellip; <\/p>\n","protected":false},"featured_media":4754,"comment_status":"open","ping_status":"closed","template":"","meta":[],"product_cat":[390],"product_tag":[650,392,391],"class_list":{"0":"post-4753","1":"product","2":"type-product","3":"status-publish","4":"has-post-thumbnail","6":"product_cat-hbm","7":"product_tag-cam-bien-luc","8":"product_tag-dai-ly-hbm-viet-nam","9":"product_tag-hbm-viet-nam","11":"first","12":"instock","13":"shipping-taxable","14":"product-type-simple"},"yoast_head":"<!-- This site is optimized with the Yoast SEO plugin v22.8 - https:\/\/yoast.com\/wordpress\/plugins\/seo\/ -->\n<title>HBM HLCA1C3 1.76T - OMANI VI\u1ec6T NAM<\/title>\n<meta name=\"description\" content=\"HBM HLCA1CE 1.76T Loadcell\" \/>\n<meta name=\"robots\" content=\"index, follow, max-snippet:-1, max-image-preview:large, max-video-preview:-1\" \/>\n<link rel=\"canonical\" href=\"https:\/\/omanivietnam.com\/index.php\/san-pham\/hbm-hlca1ce-1-76t\/\" \/>\n<meta property=\"og:locale\" content=\"vi_VN\" \/>\n<meta property=\"og:type\" content=\"article\" \/>\n<meta property=\"og:title\" content=\"HBM HLCA1C3 1.76T - OMANI VI\u1ec6T NAM\" \/>\n<meta property=\"og:description\" content=\"HBM HLCA1CE 1.76T Loadcell\" \/>\n<meta property=\"og:url\" content=\"https:\/\/omanivietnam.com\/index.php\/san-pham\/hbm-hlca1ce-1-76t\/\" \/>\n<meta property=\"og:site_name\" content=\"OMANI VI\u1ec6T NAM\" \/>\n<meta property=\"article:modified_time\" content=\"2026-02-02T15:39:38+00:00\" \/>\n<meta property=\"og:image\" content=\"https:\/\/omanivietnam.com\/wp-content\/uploads\/2026\/01\/HLCA1CE-1.76T.png\" \/>\n\t<meta property=\"og:image:width\" content=\"622\" \/>\n\t<meta property=\"og:image:height\" content=\"493\" \/>\n\t<meta property=\"og:image:type\" content=\"image\/png\" \/>\n<meta name=\"twitter:card\" content=\"summary_large_image\" \/>\n<meta name=\"twitter:label1\" content=\"\u01af\u1edbc t\u00ednh th\u1eddi gian \u0111\u1ecdc\" \/>\n\t<meta name=\"twitter:data1\" content=\"2 ph\u00fat\" \/>\n<script type=\"application\/ld+json\" class=\"yoast-schema-graph\">{\"@context\":\"https:\/\/schema.org\",\"@graph\":[{\"@type\":\"WebPage\",\"@id\":\"https:\/\/omanivietnam.com\/index.php\/san-pham\/hbm-hlca1ce-1-76t\/\",\"url\":\"https:\/\/omanivietnam.com\/index.php\/san-pham\/hbm-hlca1ce-1-76t\/\",\"name\":\"HBM HLCA1C3 1.76T - OMANI VI\u1ec6T NAM\",\"isPartOf\":{\"@id\":\"https:\/\/omanivietnam.com\/#website\"},\"primaryImageOfPage\":{\"@id\":\"https:\/\/omanivietnam.com\/index.php\/san-pham\/hbm-hlca1ce-1-76t\/#primaryimage\"},\"image\":{\"@id\":\"https:\/\/omanivietnam.com\/index.php\/san-pham\/hbm-hlca1ce-1-76t\/#primaryimage\"},\"thumbnailUrl\":\"https:\/\/omanivietnam.com\/wp-content\/uploads\/2026\/01\/HLCA1CE-1.76T.png\",\"datePublished\":\"2026-01-28T16:02:39+00:00\",\"dateModified\":\"2026-02-02T15:39:38+00:00\",\"description\":\"HBM HLCA1CE 1.76T Loadcell\",\"breadcrumb\":{\"@id\":\"https:\/\/omanivietnam.com\/index.php\/san-pham\/hbm-hlca1ce-1-76t\/#breadcrumb\"},\"inLanguage\":\"vi\",\"potentialAction\":[{\"@type\":\"ReadAction\",\"target\":[\"https:\/\/omanivietnam.com\/index.php\/san-pham\/hbm-hlca1ce-1-76t\/\"]}]},{\"@type\":\"ImageObject\",\"inLanguage\":\"vi\",\"@id\":\"https:\/\/omanivietnam.com\/index.php\/san-pham\/hbm-hlca1ce-1-76t\/#primaryimage\",\"url\":\"https:\/\/omanivietnam.com\/wp-content\/uploads\/2026\/01\/HLCA1CE-1.76T.png\",\"contentUrl\":\"https:\/\/omanivietnam.com\/wp-content\/uploads\/2026\/01\/HLCA1CE-1.76T.png\",\"width\":622,\"height\":493},{\"@type\":\"BreadcrumbList\",\"@id\":\"https:\/\/omanivietnam.com\/index.php\/san-pham\/hbm-hlca1ce-1-76t\/#breadcrumb\",\"itemListElement\":[{\"@type\":\"ListItem\",\"position\":1,\"name\":\"Home\",\"item\":\"https:\/\/omanivietnam.com\/\"},{\"@type\":\"ListItem\",\"position\":2,\"name\":\"S\u1ea2N PH\u1ea8M\",\"item\":\"https:\/\/omanivietnam.com\/index.php\/cua-hang\/\"},{\"@type\":\"ListItem\",\"position\":3,\"name\":\"HBM HLCA1C3 1.76T\"}]},{\"@type\":\"WebSite\",\"@id\":\"https:\/\/omanivietnam.com\/#website\",\"url\":\"https:\/\/omanivietnam.com\/\",\"name\":\"OMANI VI\u1ec6T NAM\",\"description\":\"Nh\u00e0 ph\u00e2n ph\u1ed1i thi\u1ebft b\u1ecb kh\u00ed n\u00e9n v\u00e0 thi\u1ebft b\u1ecb t\u1ef1 \u0111\u1ed9ng h\u00f3a trong c\u00f4ng nghi\u1ec7p\",\"publisher\":{\"@id\":\"https:\/\/omanivietnam.com\/#\/schema\/person\/0ad398a980dc3fd696111c2c5c8fa897\"},\"potentialAction\":[{\"@type\":\"SearchAction\",\"target\":{\"@type\":\"EntryPoint\",\"urlTemplate\":\"https:\/\/omanivietnam.com\/?s={search_term_string}\"},\"query-input\":\"required name=search_term_string\"}],\"inLanguage\":\"vi\"},{\"@type\":[\"Person\",\"Organization\"],\"@id\":\"https:\/\/omanivietnam.com\/#\/schema\/person\/0ad398a980dc3fd696111c2c5c8fa897\",\"name\":\"Nguy\u1ec5n V\u0103n Kh\u00e1nh\",\"image\":{\"@type\":\"ImageObject\",\"inLanguage\":\"vi\",\"@id\":\"https:\/\/omanivietnam.com\/#\/schema\/person\/image\/\",\"url\":\"https:\/\/omanivietnam.com\/wp-content\/uploads\/2024\/06\/logo-1024x1024.png\",\"contentUrl\":\"https:\/\/omanivietnam.com\/wp-content\/uploads\/2024\/06\/logo-1024x1024.png\",\"width\":1024,\"height\":1024,\"caption\":\"Nguy\u1ec5n V\u0103n Kh\u00e1nh\"},\"logo\":{\"@id\":\"https:\/\/omanivietnam.com\/#\/schema\/person\/image\/\"},\"sameAs\":[\"https:\/\/omanivietnam.com\"]}]}<\/script>\n<!-- \/ Yoast SEO plugin. -->","yoast_head_json":{"title":"HBM HLCA1C3 1.76T - OMANI VI\u1ec6T NAM","description":"HBM HLCA1CE 1.76T Loadcell","robots":{"index":"index","follow":"follow","max-snippet":"max-snippet:-1","max-image-preview":"max-image-preview:large","max-video-preview":"max-video-preview:-1"},"canonical":"https:\/\/omanivietnam.com\/index.php\/san-pham\/hbm-hlca1ce-1-76t\/","og_locale":"vi_VN","og_type":"article","og_title":"HBM HLCA1C3 1.76T - OMANI VI\u1ec6T NAM","og_description":"HBM HLCA1CE 1.76T Loadcell","og_url":"https:\/\/omanivietnam.com\/index.php\/san-pham\/hbm-hlca1ce-1-76t\/","og_site_name":"OMANI VI\u1ec6T NAM","article_modified_time":"2026-02-02T15:39:38+00:00","og_image":[{"width":622,"height":493,"url":"https:\/\/omanivietnam.com\/wp-content\/uploads\/2026\/01\/HLCA1CE-1.76T.png","type":"image\/png"}],"twitter_card":"summary_large_image","twitter_misc":{"\u01af\u1edbc t\u00ednh th\u1eddi gian \u0111\u1ecdc":"2 ph\u00fat"},"schema":{"@context":"https:\/\/schema.org","@graph":[{"@type":"WebPage","@id":"https:\/\/omanivietnam.com\/index.php\/san-pham\/hbm-hlca1ce-1-76t\/","url":"https:\/\/omanivietnam.com\/index.php\/san-pham\/hbm-hlca1ce-1-76t\/","name":"HBM HLCA1C3 1.76T - OMANI VI\u1ec6T NAM","isPartOf":{"@id":"https:\/\/omanivietnam.com\/#website"},"primaryImageOfPage":{"@id":"https:\/\/omanivietnam.com\/index.php\/san-pham\/hbm-hlca1ce-1-76t\/#primaryimage"},"image":{"@id":"https:\/\/omanivietnam.com\/index.php\/san-pham\/hbm-hlca1ce-1-76t\/#primaryimage"},"thumbnailUrl":"https:\/\/omanivietnam.com\/wp-content\/uploads\/2026\/01\/HLCA1CE-1.76T.png","datePublished":"2026-01-28T16:02:39+00:00","dateModified":"2026-02-02T15:39:38+00:00","description":"HBM HLCA1CE 1.76T Loadcell","breadcrumb":{"@id":"https:\/\/omanivietnam.com\/index.php\/san-pham\/hbm-hlca1ce-1-76t\/#breadcrumb"},"inLanguage":"vi","potentialAction":[{"@type":"ReadAction","target":["https:\/\/omanivietnam.com\/index.php\/san-pham\/hbm-hlca1ce-1-76t\/"]}]},{"@type":"ImageObject","inLanguage":"vi","@id":"https:\/\/omanivietnam.com\/index.php\/san-pham\/hbm-hlca1ce-1-76t\/#primaryimage","url":"https:\/\/omanivietnam.com\/wp-content\/uploads\/2026\/01\/HLCA1CE-1.76T.png","contentUrl":"https:\/\/omanivietnam.com\/wp-content\/uploads\/2026\/01\/HLCA1CE-1.76T.png","width":622,"height":493},{"@type":"BreadcrumbList","@id":"https:\/\/omanivietnam.com\/index.php\/san-pham\/hbm-hlca1ce-1-76t\/#breadcrumb","itemListElement":[{"@type":"ListItem","position":1,"name":"Home","item":"https:\/\/omanivietnam.com\/"},{"@type":"ListItem","position":2,"name":"S\u1ea2N PH\u1ea8M","item":"https:\/\/omanivietnam.com\/index.php\/cua-hang\/"},{"@type":"ListItem","position":3,"name":"HBM HLCA1C3 1.76T"}]},{"@type":"WebSite","@id":"https:\/\/omanivietnam.com\/#website","url":"https:\/\/omanivietnam.com\/","name":"OMANI VI\u1ec6T NAM","description":"Nh\u00e0 ph\u00e2n ph\u1ed1i thi\u1ebft b\u1ecb kh\u00ed n\u00e9n v\u00e0 thi\u1ebft b\u1ecb t\u1ef1 \u0111\u1ed9ng h\u00f3a trong c\u00f4ng nghi\u1ec7p","publisher":{"@id":"https:\/\/omanivietnam.com\/#\/schema\/person\/0ad398a980dc3fd696111c2c5c8fa897"},"potentialAction":[{"@type":"SearchAction","target":{"@type":"EntryPoint","urlTemplate":"https:\/\/omanivietnam.com\/?s={search_term_string}"},"query-input":"required name=search_term_string"}],"inLanguage":"vi"},{"@type":["Person","Organization"],"@id":"https:\/\/omanivietnam.com\/#\/schema\/person\/0ad398a980dc3fd696111c2c5c8fa897","name":"Nguy\u1ec5n V\u0103n Kh\u00e1nh","image":{"@type":"ImageObject","inLanguage":"vi","@id":"https:\/\/omanivietnam.com\/#\/schema\/person\/image\/","url":"https:\/\/omanivietnam.com\/wp-content\/uploads\/2024\/06\/logo-1024x1024.png","contentUrl":"https:\/\/omanivietnam.com\/wp-content\/uploads\/2024\/06\/logo-1024x1024.png","width":1024,"height":1024,"caption":"Nguy\u1ec5n V\u0103n Kh\u00e1nh"},"logo":{"@id":"https:\/\/omanivietnam.com\/#\/schema\/person\/image\/"},"sameAs":["https:\/\/omanivietnam.com"]}]}},"_links":{"self":[{"href":"https:\/\/omanivietnam.com\/index.php\/wp-json\/wp\/v2\/product\/4753","targetHints":{"allow":["GET"]}}],"collection":[{"href":"https:\/\/omanivietnam.com\/index.php\/wp-json\/wp\/v2\/product"}],"about":[{"href":"https:\/\/omanivietnam.com\/index.php\/wp-json\/wp\/v2\/types\/product"}],"replies":[{"embeddable":true,"href":"https:\/\/omanivietnam.com\/index.php\/wp-json\/wp\/v2\/comments?post=4753"}],"wp:featuredmedia":[{"embeddable":true,"href":"https:\/\/omanivietnam.com\/index.php\/wp-json\/wp\/v2\/media\/4754"}],"wp:attachment":[{"href":"https:\/\/omanivietnam.com\/index.php\/wp-json\/wp\/v2\/media?parent=4753"}],"wp:term":[{"taxonomy":"product_cat","embeddable":true,"href":"https:\/\/omanivietnam.com\/index.php\/wp-json\/wp\/v2\/product_cat?post=4753"},{"taxonomy":"product_tag","embeddable":true,"href":"https:\/\/omanivietnam.com\/index.php\/wp-json\/wp\/v2\/product_tag?post=4753"}],"curies":[{"name":"wp","href":"https:\/\/api.w.org\/{rel}","templated":true}]}}