{"id":4864,"date":"2026-04-13T08:42:29","date_gmt":"2026-04-13T01:42:29","guid":{"rendered":"https:\/\/omanivietnam.com\/?post_type=product&#038;p=4864"},"modified":"2026-04-13T08:54:32","modified_gmt":"2026-04-13T01:54:32","slug":"nissei-g3l22n10-mm04tnntnx","status":"publish","type":"product","link":"https:\/\/omanivietnam.com\/index.php\/san-pham\/nissei-g3l22n10-mm04tnntnx\/","title":{"rendered":"NISSEI G3L22N10-MM04TNNTNX"},"content":{"rendered":"<p>NISSEI G3L22N10-MM04TNNTNX<\/p>\n<p>3pha\/50Hz\/0.4kw\/1:10<\/p>\n<p>NISSEI G3L22N20-MM04TNNTNX<\/p>\n<p>3pha\/50Hz\/0.4kw\/1:20<\/p>\n<h2 data-section-id=\"13qmocj\" data-start=\"1703\" data-end=\"1747\">\u01afu \u0111i\u1ec3m n\u1ed5i b\u1eadt c\u1ee7a motor gi\u1ea3m t\u1ed1c NISSEI<\/h2>\n<p data-start=\"1749\" data-end=\"1856\">M\u1ed9t trong nh\u1eefng l\u00fd do khi\u1ebfn\u00a0<strong data-start=\"1777\" data-end=\"1811\">motor gi\u1ea3m t\u1ed1c NISSEI G3L22N10<\/strong>\u00a0\u0111\u01b0\u1ee3c \u01b0a chu\u1ed9ng l\u00e0 nh\u1edd c\u00e1c \u01b0u \u0111i\u1ec3m v\u01b0\u1ee3t tr\u1ed9i:<\/p>\n<p data-start=\"1858\" data-end=\"1978\"><strong data-start=\"1858\" data-end=\"1873\">\u0110\u1ed9 b\u1ec1n cao:<\/strong><br data-start=\"1873\" data-end=\"1876\" \/>Motor \u0111\u01b0\u1ee3c s\u1ea3n xu\u1ea5t theo ti\u00eau chu\u1ea9n Nh\u1eadt B\u1ea3n, \u0111\u1ea3m b\u1ea3o tu\u1ed5i th\u1ecd l\u00e2u d\u00e0i v\u00e0 kh\u1ea3 n\u0103ng ho\u1ea1t \u0111\u1ed9ng li\u00ean t\u1ee5c.<\/p>\n<p data-start=\"1980\" data-end=\"2098\"><strong data-start=\"1980\" data-end=\"2014\">Hi\u1ec7u su\u1ea5t truy\u1ec1n \u0111\u1ed9ng \u1ed5n \u0111\u1ecbnh:<\/strong><br data-start=\"2014\" data-end=\"2017\" \/>H\u1ec7 th\u1ed1ng b\u00e1nh r\u0103ng \u0111\u01b0\u1ee3c gia c\u00f4ng ch\u00ednh x\u00e1c gi\u00fap gi\u1ea3m hao m\u00f2n v\u00e0 t\u1ed1i \u01b0u hi\u1ec7u su\u1ea5t.<\/p>\n<p data-start=\"2100\" data-end=\"2191\"><strong data-start=\"2100\" data-end=\"2120\">Ho\u1ea1t \u0111\u1ed9ng \u00eam \u00e1i:<\/strong><br data-start=\"2120\" data-end=\"2123\" \/>Thi\u1ebft k\u1ebf t\u1ed1i \u01b0u gi\u00fap gi\u1ea3m rung v\u00e0 ti\u1ebfng \u1ed3n trong qu\u00e1 tr\u00ecnh v\u1eadn h\u00e0nh.<\/p>\n<p data-start=\"2193\" data-end=\"2283\"><strong data-start=\"2193\" data-end=\"2219\">D\u1ec5 l\u1eafp \u0111\u1eb7t v\u00e0 b\u1ea3o tr\u00ec:<\/strong><br data-start=\"2219\" data-end=\"2222\" \/>Thi\u1ebft k\u1ebf nh\u1ecf g\u1ecdn, ph\u00f9 h\u1ee3p v\u1edbi nhi\u1ec1u lo\u1ea1i m\u00e1y m\u00f3c v\u00e0 h\u1ec7 th\u1ed1ng.<\/p>\n<hr data-start=\"2285\" data-end=\"2288\" \/>\n<h2 data-section-id=\"1fywvah\" data-start=\"2290\" data-end=\"2315\">\u1ee8ng d\u1ee5ng trong th\u1ef1c t\u1ebf<\/h2>\n<p data-start=\"2317\" data-end=\"2410\">\u0110\u1ed9ng c\u01a1 gi\u1ea3m t\u1ed1c\u00a0<strong data-start=\"2334\" data-end=\"2356\">G3L22N10-MM04TNNTN<\/strong>\u00a0\u0111\u01b0\u1ee3c \u1ee9ng d\u1ee5ng r\u1ed9ng r\u00e3i trong nhi\u1ec1u ng\u00e0nh c\u00f4ng nghi\u1ec7p:<\/p>\n<ul data-start=\"2412\" data-end=\"2678\">\n<li data-section-id=\"nw8htw\" data-start=\"2412\" data-end=\"2464\"><strong data-start=\"2414\" data-end=\"2436\">B\u0103ng t\u1ea3i s\u1ea3n xu\u1ea5t:<\/strong>\u00a0\u0111i\u1ec1u khi\u1ec3n t\u1ed1c \u0111\u1ed9 \u1ed5n \u0111\u1ecbnh<\/li>\n<li data-section-id=\"q2ezkh\" data-start=\"2465\" data-end=\"2516\"><strong data-start=\"2467\" data-end=\"2484\">M\u00e1y \u0111\u00f3ng g\u00f3i:<\/strong>\u00a0\u0111\u1ea3m b\u1ea3o chuy\u1ec3n \u0111\u1ed9ng ch\u00ednh x\u00e1c<\/li>\n<li data-section-id=\"1lm1dqr\" data-start=\"2517\" data-end=\"2566\"><strong data-start=\"2519\" data-end=\"2546\">D\u00e2y chuy\u1ec1n t\u1ef1 \u0111\u1ed9ng h\u00f3a:<\/strong>\u00a0v\u1eadn h\u00e0nh li\u00ean t\u1ee5c<\/li>\n<li data-section-id=\"1anqlw7\" data-start=\"2567\" data-end=\"2620\"><strong data-start=\"2569\" data-end=\"2589\">Ng\u00e0nh th\u1ef1c ph\u1ea9m:<\/strong>\u00a0truy\u1ec1n \u0111\u1ed9ng \u1ed5n \u0111\u1ecbnh, \u00edt rung<\/li>\n<li data-section-id=\"u6bjs\" data-start=\"2621\" data-end=\"2678\"><strong data-start=\"2623\" data-end=\"2643\">Nh\u00e0 m\u00e1y \u0111i\u1ec7n t\u1eed:<\/strong>\u00a0s\u1eed d\u1ee5ng trong d\u00e2y chuy\u1ec1n l\u1eafp r\u00e1p<\/li>\n<\/ul>\n<p data-start=\"2680\" data-end=\"2773\">\u0110\u00e2y l\u00e0 d\u00f2ng\u00a0<strong data-start=\"2692\" data-end=\"2723\">motor gi\u1ea3m t\u1ed1c cho b\u0103ng t\u1ea3i<\/strong>\u00a0r\u1ea5t ph\u1ed5 bi\u1ebfn trong c\u00e1c nh\u00e0 m\u00e1y Nh\u1eadt t\u1ea1i Vi\u1ec7t Nam.<\/p>\n<h1 data-section-id=\"1773e8b\" data-start=\"42\" data-end=\"142\">\u0110\u1ed9ng c\u01a1 gi\u1ea3m t\u1ed1c NISSEI G3L22N10-MM04TNNTN \u2013 Gi\u1ea3i ph\u00e1p truy\u1ec1n \u0111\u1ed9ng b\u1ec1n b\u1ec9 cho h\u1ec7 th\u1ed1ng c\u00f4ng nghi\u1ec7p<\/h1>\n<p data-start=\"144\" data-end=\"608\">Trong c\u00e1c h\u1ec7 th\u1ed1ng s\u1ea3n xu\u1ea5t hi\u1ec7n \u0111\u1ea1i, \u0111\u1eb7c bi\u1ec7t l\u00e0\u00a0<strong data-start=\"194\" data-end=\"258\">b\u0103ng t\u1ea3i c\u00f4ng nghi\u1ec7p, m\u00e1y \u0111\u00f3ng g\u00f3i v\u00e0 d\u00e2y chuy\u1ec1n t\u1ef1 \u0111\u1ed9ng h\u00f3a<\/strong>, vi\u1ec7c l\u1ef1a ch\u1ecdn \u0111\u00fang \u0111\u1ed9ng c\u01a1 gi\u1ea3m t\u1ed1c \u0111\u00f3ng vai tr\u00f2 r\u1ea5t quan tr\u1ecdng. Model\u00a0<strong data-start=\"331\" data-end=\"353\">G3L22N10-MM04TNNTN<\/strong>\u00a0l\u00e0 m\u1ed9t trong nh\u1eefng d\u00f2ng\u00a0<strong data-start=\"378\" data-end=\"403\">motor gi\u1ea3m t\u1ed1c NISSEI<\/strong>\u00a0\u0111\u01b0\u1ee3c s\u1eed d\u1ee5ng ph\u1ed5 bi\u1ebfn nh\u1edd hi\u1ec7u su\u1ea5t \u1ed5n \u0111\u1ecbnh v\u00e0 \u0111\u1ed9 b\u1ec1n cao. S\u1ea3n ph\u1ea9m thu\u1ed9c d\u00f2ng GTR c\u1ee7a\u00a0<strong data-start=\"491\" data-end=\"532\"><span class=\"hover:entity-accent entity-underline inline cursor-pointer align-baseline\"><span class=\"whitespace-normal\">Nissei Corporation<\/span><\/span><\/strong>, th\u01b0\u01a1ng hi\u1ec7u n\u1ed5i ti\u1ebfng Nh\u1eadt B\u1ea3n trong l\u0129nh v\u1ef1c motor v\u00e0 h\u1ed9p s\u1ed1 c\u00f4ng nghi\u1ec7p.<\/p>\n<p data-start=\"610\" data-end=\"797\">Model n\u00e0y thu\u1ed9c d\u00f2ng\u00a0<strong data-start=\"631\" data-end=\"683\">G3L \u2013 tr\u1ee5c song song (parallel shaft gear motor)<\/strong>, ph\u00f9 h\u1ee3p v\u1edbi c\u00e1c h\u1ec7 th\u1ed1ng c\u1ea7n truy\u1ec1n \u0111\u1ed9ng \u1ed5n \u0111\u1ecbnh, m\u00f4-men xo\u1eafn cao v\u00e0 v\u1eadn h\u00e0nh li\u00ean t\u1ee5c trong m\u00f4i tr\u01b0\u1eddng nh\u00e0 m\u00e1y<\/p>\n<h2 data-section-id=\"oz2m21\" data-start=\"804\" data-end=\"831\">Th\u00f4ng s\u1ed1 k\u1ef9 thu\u1eadt c\u01a1 b\u1ea3n<\/h2>\n<p data-start=\"833\" data-end=\"907\">\u0110\u1ed9ng c\u01a1 gi\u1ea3m t\u1ed1c\u00a0<strong data-start=\"850\" data-end=\"872\">G3L22N10-MM04TNNTN<\/strong>\u00a0c\u00f3 c\u00e1c th\u00f4ng s\u1ed1 ti\u00eau bi\u1ec3u nh\u01b0 sau:<\/p>\n<ul data-start=\"909\" data-end=\"1181\">\n<li data-section-id=\"p6sr0v\" data-start=\"909\" data-end=\"940\">C\u00f4ng su\u1ea5t:\u00a0<strong data-start=\"922\" data-end=\"938\">0.4kW (400W)<\/strong><\/li>\n<li data-section-id=\"14m0dbx\" data-start=\"941\" data-end=\"968\">\u0110i\u1ec7n \u00e1p:\u00a0<strong data-start=\"952\" data-end=\"966\">3 pha 200V<\/strong><\/li>\n<li data-section-id=\"1odt6cz\" data-start=\"969\" data-end=\"992\">T\u1ea7n s\u1ed1:\u00a0<strong data-start=\"979\" data-end=\"990\">50\/60Hz<\/strong><\/li>\n<li data-section-id=\"pltzhl\" data-start=\"993\" data-end=\"1019\">T\u1ef7 s\u1ed1 truy\u1ec1n:\u00a0<strong data-start=\"1009\" data-end=\"1017\">1\/10<\/strong><\/li>\n<li data-section-id=\"11liv2r\" data-start=\"1020\" data-end=\"1053\">T\u1ed1c \u0111\u1ed9 \u0111\u1ea7u ra: ~140 v\u00f2ng\/ph\u00fat<\/li>\n<li data-section-id=\"vi3z7q\" data-start=\"1054\" data-end=\"1087\">Ki\u1ec3u tr\u1ee5c:\u00a0<strong data-start=\"1067\" data-end=\"1085\">Tr\u1ee5c song song<\/strong><\/li>\n<li data-section-id=\"143m0cf\" data-start=\"1088\" data-end=\"1127\">Ki\u1ec3u l\u1eafp:\u00a0<strong data-start=\"1100\" data-end=\"1125\">L\u1eafp ch\u00e2n (Foot Mount)<\/strong><\/li>\n<li data-section-id=\"19z4zqa\" data-start=\"1128\" data-end=\"1152\">C\u1ea5p b\u1ea3o v\u1ec7:\u00a0<strong data-start=\"1142\" data-end=\"1150\">IP55<\/strong><\/li>\n<li data-section-id=\"17ifq0k\" data-start=\"1153\" data-end=\"1181\">C\u1ea5p c\u00e1ch \u0111i\u1ec7n:\u00a0<strong data-start=\"1170\" data-end=\"1181\">Class F<\/strong><\/li>\n<\/ul>\n<p data-start=\"1183\" data-end=\"1301\">V\u1edbi c\u1ea5u h\u00ecnh n\u00e0y, motor c\u00f3 kh\u1ea3 n\u0103ng gi\u1ea3m t\u1ed1c hi\u1ec7u qu\u1ea3, \u0111\u1ed3ng th\u1eddi t\u0103ng m\u00f4-men xo\u1eafn gi\u00fap h\u1ec7 th\u1ed1ng ho\u1ea1t \u0111\u1ed9ng \u1ed5n \u0111\u1ecbnh h\u01a1n.<\/p>\n<hr data-start=\"1303\" data-end=\"1306\" \/>\n<h2 data-section-id=\"1d5w03h\" data-start=\"1308\" data-end=\"1330\">\u00dd ngh\u0129a m\u00e3 s\u1ea3n ph\u1ea9m<\/h2>\n<p data-start=\"1332\" data-end=\"1398\">M\u00e3\u00a0<strong data-start=\"1335\" data-end=\"1357\">G3L22N10-MM04TNNTN<\/strong>\u00a0\u0111\u01b0\u1ee3c c\u1ea5u t\u1ea1o theo ti\u00eau chu\u1ea9n c\u1ee7a NISSEI:<\/p>\n<ul data-start=\"1400\" data-end=\"1612\">\n<li data-section-id=\"1hc9mc6\" data-start=\"1400\" data-end=\"1439\"><strong data-start=\"1402\" data-end=\"1409\">G3L<\/strong>: D\u00f2ng h\u1ed9p s\u1ed1 tr\u1ee5c song song<\/li>\n<li data-section-id=\"1bdq31k\" data-start=\"1440\" data-end=\"1469\"><strong data-start=\"1442\" data-end=\"1448\">22<\/strong>: K\u00edch th\u01b0\u1edbc h\u1ed9p s\u1ed1<\/li>\n<li data-section-id=\"3y3veu\" data-start=\"1470\" data-end=\"1500\"><strong data-start=\"1472\" data-end=\"1479\">N10<\/strong>: T\u1ef7 s\u1ed1 truy\u1ec1n 1\/10<\/li>\n<li data-section-id=\"1ecudxu\" data-start=\"1501\" data-end=\"1526\"><strong data-start=\"1503\" data-end=\"1509\">MM<\/strong>: Ki\u1ec3u l\u1eafp ch\u00e2n<\/li>\n<li data-section-id=\"jbroll\" data-start=\"1527\" data-end=\"1554\"><strong data-start=\"1529\" data-end=\"1535\">04<\/strong>: C\u00f4ng su\u1ea5t 0.4kW<\/li>\n<li data-section-id=\"1ncftkz\" data-start=\"1555\" data-end=\"1584\"><strong data-start=\"1557\" data-end=\"1564\">TNN<\/strong>: Motor 3 pha 200V<\/li>\n<li data-section-id=\"dgyn58\" data-start=\"1585\" data-end=\"1612\"><strong data-start=\"1587\" data-end=\"1593\">TN<\/strong>: Ti\u00eau chu\u1ea9n Nh\u1eadt<\/li>\n<\/ul>\n<p data-start=\"1614\" data-end=\"1696\">Vi\u1ec7c hi\u1ec3u r\u00f5 c\u1ea5u tr\u00fac m\u00e3 gi\u00fap k\u1ef9 s\u01b0 l\u1ef1a ch\u1ecdn \u0111\u00fang motor ph\u00f9 h\u1ee3p v\u1edbi t\u1eebng \u1ee9ng d\u1ee5ng.<\/p>\n<h2 data-section-id=\"30kuhy\" data-start=\"2780\" data-end=\"2819\">C\u00e1c model li\u00ean quan trong d\u00f2ng G3L22<\/h2>\n<p data-start=\"2821\" data-end=\"2893\">Ngo\u00e0i model\u00a0<strong data-start=\"2833\" data-end=\"2855\">G3L22N10-MM04TNNTN<\/strong>, d\u00f2ng n\u00e0y c\u00f2n c\u00f3 nhi\u1ec1u l\u1ef1a ch\u1ecdn kh\u00e1c:<\/p>\n<ul data-start=\"2895\" data-end=\"2985\">\n<li data-section-id=\"1rc3u5o\" data-start=\"2895\" data-end=\"2916\"><strong>G3L22N5-MM04TNNTN<\/strong><\/li>\n<li data-section-id=\"aaunwd\" data-start=\"2917\" data-end=\"2939\"><strong>G3L22N15-MM04TNNTN<\/strong><\/li>\n<li data-section-id=\"1iafrmj\" data-start=\"2940\" data-end=\"2962\"><strong>G3L22N20-MM04TNNTN<\/strong><\/li>\n<li data-section-id=\"uulwbi\" data-start=\"2963\" data-end=\"2985\"><strong>G3L22N25-MM04TNNTN<\/strong><\/li>\n<\/ul>\n<p data-start=\"2987\" data-end=\"3100\">S\u1ef1 kh\u00e1c bi\u1ec7t ch\u1ee7 y\u1ebfu n\u1eb1m \u1edf\u00a0<strong data-start=\"3014\" data-end=\"3030\">t\u1ef7 s\u1ed1 truy\u1ec1n<\/strong>, gi\u00fap doanh nghi\u1ec7p linh ho\u1ea1t l\u1ef1a ch\u1ecdn theo nhu c\u1ea7u t\u1ed1c \u0111\u1ed9 v\u00e0 l\u1ef1c k\u00e9o.<\/p>\n<p data-start=\"2987\" data-end=\"3100\">\n<p>\u0110\u1ea1i l\u00fd NISSEI vietnam, NISSEI viet nam, NISSEI vietnam distributor, Ph\u00e2n ph\u1ed1i NISSEI t\u1ea1i vi\u1ec7t nam<\/p>\n<p>\u0110\u1ea1i l\u00fd NISSEI vietnam, NISSEI viet nam, NISSEI vietnam distributor, Ph\u00e2n ph\u1ed1i NISSEI t\u1ea1i vi\u1ec7t nam<\/p>\n<p>\u0110\u1ea1i l\u00fd NISSEI vietnam, NISSEI viet nam, NISSEI vietnam distributor, Ph\u00e2n ph\u1ed1i NISSEI t\u1ea1i vi\u1ec7t nam<\/p>\n","protected":false},"excerpt":{"rendered":"<p>NISSEI G3L22N10-MM04TNNTNX 3pha\/50Hz\/0.4kw\/1:10 NISSEI G3L22N20-MM04TNNTNX 3pha\/50Hz\/0.4kw\/1:20 \u01afu \u0111i\u1ec3m n\u1ed5i b\u1eadt c\u1ee7a motor gi\u1ea3m t\u1ed1c NISSEI M\u1ed9t trong nh\u1eefng l\u00fd do khi\u1ebfn\u00a0motor gi\u1ea3m t\u1ed1c NISSEI G3L22N10\u00a0\u0111\u01b0\u1ee3c \u01b0a chu\u1ed9ng l\u00e0 nh\u1edd c\u00e1c \u01b0u \u0111i\u1ec3m v\u01b0\u1ee3t tr\u1ed9i: \u0110\u1ed9 b\u1ec1n cao:Motor \u0111\u01b0\u1ee3c s\u1ea3n xu\u1ea5t theo ti\u00eau chu\u1ea9n Nh\u1eadt B\u1ea3n, \u0111\u1ea3m b\u1ea3o tu\u1ed5i th\u1ecd l\u00e2u&hellip; <\/p>\n","protected":false},"featured_media":4865,"comment_status":"open","ping_status":"closed","template":"","meta":[],"product_cat":[925],"product_tag":[927,120,926],"class_list":{"0":"post-4864","1":"product","2":"type-product","3":"status-publish","4":"has-post-thumbnail","6":"product_cat-nissei","7":"product_tag-dai-ly-nissei-viet-nam","8":"product_tag-dong-co","9":"product_tag-nissei-viet-nam","11":"first","12":"instock","13":"shipping-taxable","14":"product-type-simple"},"yoast_head":"<!-- This site is optimized with the Yoast SEO plugin v22.8 - https:\/\/yoast.com\/wordpress\/plugins\/seo\/ -->\n<title>NISSEI G3L22N10-MM04TNNTNX - OMANI VI\u1ec6T NAM<\/title>\n<meta name=\"description\" content=\"NISSEI G3L22N10-MM04TNNTNX parallel shaft gear motor\" \/>\n<meta name=\"robots\" content=\"index, follow, max-snippet:-1, max-image-preview:large, max-video-preview:-1\" \/>\n<link rel=\"canonical\" href=\"https:\/\/omanivietnam.com\/index.php\/san-pham\/nissei-g3l22n10-mm04tnntnx\/\" \/>\n<meta property=\"og:locale\" content=\"vi_VN\" \/>\n<meta property=\"og:type\" content=\"article\" \/>\n<meta property=\"og:title\" content=\"NISSEI G3L22N10-MM04TNNTNX - OMANI VI\u1ec6T NAM\" \/>\n<meta property=\"og:description\" content=\"NISSEI G3L22N10-MM04TNNTNX parallel shaft gear motor\" \/>\n<meta property=\"og:url\" content=\"https:\/\/omanivietnam.com\/index.php\/san-pham\/nissei-g3l22n10-mm04tnntnx\/\" \/>\n<meta property=\"og:site_name\" content=\"OMANI VI\u1ec6T NAM\" \/>\n<meta property=\"article:modified_time\" content=\"2026-04-13T01:54:32+00:00\" \/>\n<meta property=\"og:image\" content=\"https:\/\/omanivietnam.com\/wp-content\/uploads\/2026\/04\/G3L22N10-MM04TNNTNX.png\" \/>\n\t<meta property=\"og:image:width\" content=\"509\" \/>\n\t<meta property=\"og:image:height\" content=\"452\" \/>\n\t<meta property=\"og:image:type\" content=\"image\/png\" \/>\n<meta name=\"twitter:card\" content=\"summary_large_image\" \/>\n<meta name=\"twitter:label1\" content=\"\u01af\u1edbc t\u00ednh th\u1eddi gian \u0111\u1ecdc\" \/>\n\t<meta name=\"twitter:data1\" content=\"4 ph\u00fat\" \/>\n<script type=\"application\/ld+json\" class=\"yoast-schema-graph\">{\"@context\":\"https:\/\/schema.org\",\"@graph\":[{\"@type\":\"WebPage\",\"@id\":\"https:\/\/omanivietnam.com\/index.php\/san-pham\/nissei-g3l22n10-mm04tnntnx\/\",\"url\":\"https:\/\/omanivietnam.com\/index.php\/san-pham\/nissei-g3l22n10-mm04tnntnx\/\",\"name\":\"NISSEI G3L22N10-MM04TNNTNX - OMANI VI\u1ec6T NAM\",\"isPartOf\":{\"@id\":\"https:\/\/omanivietnam.com\/#website\"},\"primaryImageOfPage\":{\"@id\":\"https:\/\/omanivietnam.com\/index.php\/san-pham\/nissei-g3l22n10-mm04tnntnx\/#primaryimage\"},\"image\":{\"@id\":\"https:\/\/omanivietnam.com\/index.php\/san-pham\/nissei-g3l22n10-mm04tnntnx\/#primaryimage\"},\"thumbnailUrl\":\"https:\/\/omanivietnam.com\/wp-content\/uploads\/2026\/04\/G3L22N10-MM04TNNTNX.png\",\"datePublished\":\"2026-04-13T01:42:29+00:00\",\"dateModified\":\"2026-04-13T01:54:32+00:00\",\"description\":\"NISSEI G3L22N10-MM04TNNTNX parallel shaft gear motor\",\"breadcrumb\":{\"@id\":\"https:\/\/omanivietnam.com\/index.php\/san-pham\/nissei-g3l22n10-mm04tnntnx\/#breadcrumb\"},\"inLanguage\":\"vi\",\"potentialAction\":[{\"@type\":\"ReadAction\",\"target\":[\"https:\/\/omanivietnam.com\/index.php\/san-pham\/nissei-g3l22n10-mm04tnntnx\/\"]}]},{\"@type\":\"ImageObject\",\"inLanguage\":\"vi\",\"@id\":\"https:\/\/omanivietnam.com\/index.php\/san-pham\/nissei-g3l22n10-mm04tnntnx\/#primaryimage\",\"url\":\"https:\/\/omanivietnam.com\/wp-content\/uploads\/2026\/04\/G3L22N10-MM04TNNTNX.png\",\"contentUrl\":\"https:\/\/omanivietnam.com\/wp-content\/uploads\/2026\/04\/G3L22N10-MM04TNNTNX.png\",\"width\":509,\"height\":452},{\"@type\":\"BreadcrumbList\",\"@id\":\"https:\/\/omanivietnam.com\/index.php\/san-pham\/nissei-g3l22n10-mm04tnntnx\/#breadcrumb\",\"itemListElement\":[{\"@type\":\"ListItem\",\"position\":1,\"name\":\"Home\",\"item\":\"https:\/\/omanivietnam.com\/\"},{\"@type\":\"ListItem\",\"position\":2,\"name\":\"S\u1ea2N PH\u1ea8M\",\"item\":\"https:\/\/omanivietnam.com\/index.php\/cua-hang\/\"},{\"@type\":\"ListItem\",\"position\":3,\"name\":\"NISSEI G3L22N10-MM04TNNTNX\"}]},{\"@type\":\"WebSite\",\"@id\":\"https:\/\/omanivietnam.com\/#website\",\"url\":\"https:\/\/omanivietnam.com\/\",\"name\":\"OMANI VI\u1ec6T NAM\",\"description\":\"Nh\u00e0 ph\u00e2n ph\u1ed1i thi\u1ebft b\u1ecb kh\u00ed n\u00e9n v\u00e0 thi\u1ebft b\u1ecb t\u1ef1 \u0111\u1ed9ng h\u00f3a trong c\u00f4ng nghi\u1ec7p\",\"publisher\":{\"@id\":\"https:\/\/omanivietnam.com\/#\/schema\/person\/0ad398a980dc3fd696111c2c5c8fa897\"},\"potentialAction\":[{\"@type\":\"SearchAction\",\"target\":{\"@type\":\"EntryPoint\",\"urlTemplate\":\"https:\/\/omanivietnam.com\/?s={search_term_string}\"},\"query-input\":\"required name=search_term_string\"}],\"inLanguage\":\"vi\"},{\"@type\":[\"Person\",\"Organization\"],\"@id\":\"https:\/\/omanivietnam.com\/#\/schema\/person\/0ad398a980dc3fd696111c2c5c8fa897\",\"name\":\"Nguy\u1ec5n V\u0103n Kh\u00e1nh\",\"image\":{\"@type\":\"ImageObject\",\"inLanguage\":\"vi\",\"@id\":\"https:\/\/omanivietnam.com\/#\/schema\/person\/image\/\",\"url\":\"https:\/\/omanivietnam.com\/wp-content\/uploads\/2024\/06\/logo-1024x1024.png\",\"contentUrl\":\"https:\/\/omanivietnam.com\/wp-content\/uploads\/2024\/06\/logo-1024x1024.png\",\"width\":1024,\"height\":1024,\"caption\":\"Nguy\u1ec5n V\u0103n Kh\u00e1nh\"},\"logo\":{\"@id\":\"https:\/\/omanivietnam.com\/#\/schema\/person\/image\/\"},\"sameAs\":[\"https:\/\/omanivietnam.com\"]}]}<\/script>\n<!-- \/ Yoast SEO plugin. -->","yoast_head_json":{"title":"NISSEI G3L22N10-MM04TNNTNX - OMANI VI\u1ec6T NAM","description":"NISSEI G3L22N10-MM04TNNTNX parallel shaft gear motor","robots":{"index":"index","follow":"follow","max-snippet":"max-snippet:-1","max-image-preview":"max-image-preview:large","max-video-preview":"max-video-preview:-1"},"canonical":"https:\/\/omanivietnam.com\/index.php\/san-pham\/nissei-g3l22n10-mm04tnntnx\/","og_locale":"vi_VN","og_type":"article","og_title":"NISSEI G3L22N10-MM04TNNTNX - OMANI VI\u1ec6T NAM","og_description":"NISSEI G3L22N10-MM04TNNTNX parallel shaft gear motor","og_url":"https:\/\/omanivietnam.com\/index.php\/san-pham\/nissei-g3l22n10-mm04tnntnx\/","og_site_name":"OMANI VI\u1ec6T NAM","article_modified_time":"2026-04-13T01:54:32+00:00","og_image":[{"width":509,"height":452,"url":"https:\/\/omanivietnam.com\/wp-content\/uploads\/2026\/04\/G3L22N10-MM04TNNTNX.png","type":"image\/png"}],"twitter_card":"summary_large_image","twitter_misc":{"\u01af\u1edbc t\u00ednh th\u1eddi gian \u0111\u1ecdc":"4 ph\u00fat"},"schema":{"@context":"https:\/\/schema.org","@graph":[{"@type":"WebPage","@id":"https:\/\/omanivietnam.com\/index.php\/san-pham\/nissei-g3l22n10-mm04tnntnx\/","url":"https:\/\/omanivietnam.com\/index.php\/san-pham\/nissei-g3l22n10-mm04tnntnx\/","name":"NISSEI G3L22N10-MM04TNNTNX - OMANI VI\u1ec6T NAM","isPartOf":{"@id":"https:\/\/omanivietnam.com\/#website"},"primaryImageOfPage":{"@id":"https:\/\/omanivietnam.com\/index.php\/san-pham\/nissei-g3l22n10-mm04tnntnx\/#primaryimage"},"image":{"@id":"https:\/\/omanivietnam.com\/index.php\/san-pham\/nissei-g3l22n10-mm04tnntnx\/#primaryimage"},"thumbnailUrl":"https:\/\/omanivietnam.com\/wp-content\/uploads\/2026\/04\/G3L22N10-MM04TNNTNX.png","datePublished":"2026-04-13T01:42:29+00:00","dateModified":"2026-04-13T01:54:32+00:00","description":"NISSEI G3L22N10-MM04TNNTNX parallel shaft gear motor","breadcrumb":{"@id":"https:\/\/omanivietnam.com\/index.php\/san-pham\/nissei-g3l22n10-mm04tnntnx\/#breadcrumb"},"inLanguage":"vi","potentialAction":[{"@type":"ReadAction","target":["https:\/\/omanivietnam.com\/index.php\/san-pham\/nissei-g3l22n10-mm04tnntnx\/"]}]},{"@type":"ImageObject","inLanguage":"vi","@id":"https:\/\/omanivietnam.com\/index.php\/san-pham\/nissei-g3l22n10-mm04tnntnx\/#primaryimage","url":"https:\/\/omanivietnam.com\/wp-content\/uploads\/2026\/04\/G3L22N10-MM04TNNTNX.png","contentUrl":"https:\/\/omanivietnam.com\/wp-content\/uploads\/2026\/04\/G3L22N10-MM04TNNTNX.png","width":509,"height":452},{"@type":"BreadcrumbList","@id":"https:\/\/omanivietnam.com\/index.php\/san-pham\/nissei-g3l22n10-mm04tnntnx\/#breadcrumb","itemListElement":[{"@type":"ListItem","position":1,"name":"Home","item":"https:\/\/omanivietnam.com\/"},{"@type":"ListItem","position":2,"name":"S\u1ea2N PH\u1ea8M","item":"https:\/\/omanivietnam.com\/index.php\/cua-hang\/"},{"@type":"ListItem","position":3,"name":"NISSEI G3L22N10-MM04TNNTNX"}]},{"@type":"WebSite","@id":"https:\/\/omanivietnam.com\/#website","url":"https:\/\/omanivietnam.com\/","name":"OMANI VI\u1ec6T NAM","description":"Nh\u00e0 ph\u00e2n ph\u1ed1i thi\u1ebft b\u1ecb kh\u00ed n\u00e9n v\u00e0 thi\u1ebft b\u1ecb t\u1ef1 \u0111\u1ed9ng h\u00f3a trong c\u00f4ng nghi\u1ec7p","publisher":{"@id":"https:\/\/omanivietnam.com\/#\/schema\/person\/0ad398a980dc3fd696111c2c5c8fa897"},"potentialAction":[{"@type":"SearchAction","target":{"@type":"EntryPoint","urlTemplate":"https:\/\/omanivietnam.com\/?s={search_term_string}"},"query-input":"required name=search_term_string"}],"inLanguage":"vi"},{"@type":["Person","Organization"],"@id":"https:\/\/omanivietnam.com\/#\/schema\/person\/0ad398a980dc3fd696111c2c5c8fa897","name":"Nguy\u1ec5n V\u0103n Kh\u00e1nh","image":{"@type":"ImageObject","inLanguage":"vi","@id":"https:\/\/omanivietnam.com\/#\/schema\/person\/image\/","url":"https:\/\/omanivietnam.com\/wp-content\/uploads\/2024\/06\/logo-1024x1024.png","contentUrl":"https:\/\/omanivietnam.com\/wp-content\/uploads\/2024\/06\/logo-1024x1024.png","width":1024,"height":1024,"caption":"Nguy\u1ec5n V\u0103n Kh\u00e1nh"},"logo":{"@id":"https:\/\/omanivietnam.com\/#\/schema\/person\/image\/"},"sameAs":["https:\/\/omanivietnam.com"]}]}},"_links":{"self":[{"href":"https:\/\/omanivietnam.com\/index.php\/wp-json\/wp\/v2\/product\/4864","targetHints":{"allow":["GET"]}}],"collection":[{"href":"https:\/\/omanivietnam.com\/index.php\/wp-json\/wp\/v2\/product"}],"about":[{"href":"https:\/\/omanivietnam.com\/index.php\/wp-json\/wp\/v2\/types\/product"}],"replies":[{"embeddable":true,"href":"https:\/\/omanivietnam.com\/index.php\/wp-json\/wp\/v2\/comments?post=4864"}],"wp:featuredmedia":[{"embeddable":true,"href":"https:\/\/omanivietnam.com\/index.php\/wp-json\/wp\/v2\/media\/4865"}],"wp:attachment":[{"href":"https:\/\/omanivietnam.com\/index.php\/wp-json\/wp\/v2\/media?parent=4864"}],"wp:term":[{"taxonomy":"product_cat","embeddable":true,"href":"https:\/\/omanivietnam.com\/index.php\/wp-json\/wp\/v2\/product_cat?post=4864"},{"taxonomy":"product_tag","embeddable":true,"href":"https:\/\/omanivietnam.com\/index.php\/wp-json\/wp\/v2\/product_tag?post=4864"}],"curies":[{"name":"wp","href":"https:\/\/api.w.org\/{rel}","templated":true}]}}