{"id":738,"date":"2024-06-14T23:26:51","date_gmt":"2024-06-14T16:26:51","guid":{"rendered":"https:\/\/omanivietnam.com\/?post_type=product&#038;p=738"},"modified":"2024-08-10T21:18:29","modified_gmt":"2024-08-10T14:18:29","slug":"mitsubishi-fx2n-16ex","status":"publish","type":"product","link":"https:\/\/omanivietnam.com\/index.php\/san-pham\/mitsubishi-fx2n-16ex\/","title":{"rendered":"MITSUBISHI FX2N-16EX"},"content":{"rendered":"<p>MITSUBISHI FX2N-16EX<\/p>\n<p class=\"product_title entry-title\">Module Mitsubishi FX2N-16EX (16 Input)<\/p>\n<p style=\"margin: 0mm;margin-bottom: .0001pt;line-height: 150%\"><span style=\"line-height: 150%;font-family: Tahoma, sans-serif;font-size: 11pt\">Modun M\u1edf r\u1ed9ng PLC Mitsubishi \u00a0FX2N-16EX v\u1edbi 16\u00a0ng\u00f5 v\u00e0o VDC, c\u00f3 th\u1ec3 s\u1eed d\u1ee5ng cho c\u00e1c d\u00f2ng PLC Mitsubishi FX1N, FX2N, FX3U, FX3G<\/span><\/p>\n<p style=\"margin: 0mm;margin-bottom: .0001pt;line-height: 150%\">FX series kh\u00e1c:<\/p>\n<p style=\"margin-bottom: .0001pt;line-height: 150%\">Modun M\u1edf r\u1ed9ng PLC Mitsubishi FX2N-2AD v\u1edbi 2 ng\u00f5 v\u00e0o Analoge<\/p>\n<p style=\"margin-bottom: .0001pt;line-height: 150%\">Modun M\u1edf r\u1ed9ng PLC Mitsubishi FX2N-4AD v\u1edbi 4 ng\u00f5 v\u00e0o Analoge<\/p>\n<p style=\"margin-bottom: .0001pt;line-height: 150%\">Modun M\u1edf r\u1ed9ng PLC Mitsubishi FX2N-4AD-TC v\u1edbi 4 ng\u00f5 v\u00e0o Analoge Thermo Couple<\/p>\n<p style=\"margin-bottom: .0001pt;line-height: 150%\">Modun M\u1edf r\u1ed9ng PLC Mitsubishi FX2N-4AD-PT v\u1edbi 4 ng\u00f5 v\u00e0o Analoge PT100<\/p>\n<p style=\"margin-bottom: .0001pt;line-height: 150%\">Modun M\u1edf r\u1ed9ng PLC Mitsubishi FX2N-2DA v\u1edbi 2 ng\u00f5 ra Analoge<\/p>\n<p style=\"margin-bottom: .0001pt;line-height: 150%\">Modun M\u1edf r\u1ed9ng PLC Mitsubishi FX2N-4DA v\u1edbi 4 ng\u00f5 ra Analoge<\/p>\n<p style=\"margin-bottom: .0001pt;text-align: justify;line-height: 150%\">Modun M\u1edf r\u1ed9ng PLC Mitsubishi FX2N-8EX, FX2N-ER, FX2N-8EYR, FX2N-16EX, FX2N-16ER, FX2N-16EYR, FX2N-16EYT, FX2N-32EYR, FX2N-32EYT, FX2N-32ER, FX2N-232-BD, FX2N-485-BD, FX2N-422-BD<\/p>\n<h2>FA-COM PLC: Digital I\/O Module<\/h2>\n<table class=\"woocommerce-product-attributes shop_attributes\">\n<tbody>\n<tr>\n<td>T\u00ean s\u1ea3n ph\u1ea9m<\/td>\n<td><a href=\"https:\/\/codienhaiau.com\/?p=112485\">FX2N-16EX<\/a><\/td>\n<\/tr>\n<tr>\n<td>Series<\/td>\n<td>MELSEC-F SERIES<\/td>\n<\/tr>\n<tr>\n<td>Type<\/td>\n<td>FX2N<\/td>\n<\/tr>\n<tr>\n<td>Occupied I\/O Points on PLC<\/td>\n<td>16<\/td>\n<\/tr>\n<tr>\n<td>Integrated Digital Inputs<\/td>\n<td>16<\/td>\n<\/tr>\n<tr>\n<td>Width (mm)<\/td>\n<td>40<\/td>\n<\/tr>\n<tr>\n<td>Height (mm)<\/td>\n<td>90<\/td>\n<\/tr>\n<tr>\n<td>Depth (mm)<\/td>\n<td>87<\/td>\n<\/tr>\n<tr>\n<td>Weight (kg)<\/td>\n<td>0,3<\/td>\n<\/tr>\n<\/tbody>\n<\/table>\n<p>&nbsp;<\/p>\n<p>\u0110\u1ea1i l\u00fd MITSUBISHI vietnam, MITSUBISHI viet nam, MITSUBISHI vietnam distributor, Ph\u00e2n ph\u1ed1i MITSUBISHI t\u1ea1i vi\u1ec7t nam<\/p>\n<p>\u0110\u1ea1i l\u00fd MITSUBISHI vietnam, MITSUBISHI viet nam, MITSUBISHI vietnam distributor, Ph\u00e2n ph\u1ed1i MITSUBISHI t\u1ea1i vi\u1ec7t nam<\/p>\n<p>\u0110\u1ea1i l\u00fd MITSUBISHI vietnam, MITSUBISHI viet nam, MITSUBISHI vietnam distributor, Ph\u00e2n ph\u1ed1i MITSUBISHI t\u1ea1i vi\u1ec7t nam<\/p>\n<p>\u0110\u1ea1i l\u00fd MITSUBISHI vietnam, MITSUBISHI viet nam, MITSUBISHI vietnam distributor, Ph\u00e2n ph\u1ed1i MITSUBISHI t\u1ea1i vi\u1ec7t nam<\/p>\n<p>\u0110\u1ea1i l\u00fd MITSUBISHI vietnam, MITSUBISHI viet nam, MITSUBISHI vietnam distributor, Ph\u00e2n ph\u1ed1i MITSUBISHI t\u1ea1i vi\u1ec7t nam<\/p>\n","protected":false},"excerpt":{"rendered":"<div data-redactor=\"1\">\n<p>MITSUBISHI FX2N-16EX<\/p>\n<p>\u0110T:\u00a0<a title=\"Call\" href=\"tel:0937876353\">0937 876 353<\/a><br \/>\nFace. Zalo :\u00a0<a title=\"Call\" href=\"tel:0937876353\">0937 876 353<\/a><br \/>\n\u0110C: 28\/1\/16 \u0110\u01b0\u1eddng 16, P. Linh Chi\u1ec3u, TP. Th\u1ee7 \u0110\u1ee9c, TP. HCM<\/p>\n<\/div>\n<div data-redactor=\"1\">\n<p>Web :\u00a0<a href=\"https:\/\/omanivietnam.com\/\">https:\/\/omanivietnam.com<\/a><\/p>\n<\/div>\n","protected":false},"featured_media":740,"comment_status":"open","ping_status":"closed","template":"","meta":[],"product_cat":[305],"product_tag":[158,157,159],"class_list":{"0":"post-738","1":"product","2":"type-product","3":"status-publish","4":"has-post-thumbnail","6":"product_cat-mitsubishi","7":"product_tag-dai-ly-mitsubishi-viet-nam","8":"product_tag-mitsubishi-viet-nam","9":"product_tag-mo-dun","11":"first","12":"instock","13":"shipping-taxable","14":"product-type-simple"},"yoast_head":"<!-- This site is optimized with the Yoast SEO plugin v22.8 - https:\/\/yoast.com\/wordpress\/plugins\/seo\/ -->\n<title>MITSUBISHI FX2N-16EX - OMANI VI\u1ec6T NAM<\/title>\n<meta name=\"description\" content=\"Module Mitsubishi FX2N-16EX (16 Input) d\u00f9ng cho PLC FX3U\/3G, FX1N. \u2013 16 \u0111\u1ea7u v\u00e0o. \u0110i\u1ec7n \u00e1p: 24 VDC.\" \/>\n<meta name=\"robots\" content=\"index, follow, max-snippet:-1, max-image-preview:large, max-video-preview:-1\" \/>\n<link rel=\"canonical\" href=\"https:\/\/omanivietnam.com\/index.php\/san-pham\/mitsubishi-fx2n-16ex\/\" \/>\n<meta property=\"og:locale\" content=\"vi_VN\" \/>\n<meta property=\"og:type\" content=\"article\" \/>\n<meta property=\"og:title\" content=\"MITSUBISHI FX2N-16EX - OMANI VI\u1ec6T NAM\" \/>\n<meta property=\"og:description\" content=\"Module Mitsubishi FX2N-16EX (16 Input) d\u00f9ng cho PLC FX3U\/3G, FX1N. \u2013 16 \u0111\u1ea7u v\u00e0o. \u0110i\u1ec7n \u00e1p: 24 VDC.\" \/>\n<meta property=\"og:url\" content=\"https:\/\/omanivietnam.com\/index.php\/san-pham\/mitsubishi-fx2n-16ex\/\" \/>\n<meta property=\"og:site_name\" content=\"OMANI VI\u1ec6T NAM\" \/>\n<meta property=\"article:modified_time\" content=\"2024-08-10T14:18:29+00:00\" \/>\n<meta property=\"og:image\" content=\"https:\/\/omanivietnam.com\/wp-content\/uploads\/2024\/06\/FX2N-16EX.png\" \/>\n\t<meta property=\"og:image:width\" content=\"1252\" \/>\n\t<meta property=\"og:image:height\" content=\"909\" \/>\n\t<meta property=\"og:image:type\" content=\"image\/png\" \/>\n<meta name=\"twitter:card\" content=\"summary_large_image\" \/>\n<meta name=\"twitter:label1\" content=\"\u01af\u1edbc t\u00ednh th\u1eddi gian \u0111\u1ecdc\" \/>\n\t<meta name=\"twitter:data1\" content=\"2 ph\u00fat\" \/>\n<script type=\"application\/ld+json\" class=\"yoast-schema-graph\">{\"@context\":\"https:\/\/schema.org\",\"@graph\":[{\"@type\":\"WebPage\",\"@id\":\"https:\/\/omanivietnam.com\/index.php\/san-pham\/mitsubishi-fx2n-16ex\/\",\"url\":\"https:\/\/omanivietnam.com\/index.php\/san-pham\/mitsubishi-fx2n-16ex\/\",\"name\":\"MITSUBISHI FX2N-16EX - OMANI VI\u1ec6T NAM\",\"isPartOf\":{\"@id\":\"https:\/\/omanivietnam.com\/#website\"},\"primaryImageOfPage\":{\"@id\":\"https:\/\/omanivietnam.com\/index.php\/san-pham\/mitsubishi-fx2n-16ex\/#primaryimage\"},\"image\":{\"@id\":\"https:\/\/omanivietnam.com\/index.php\/san-pham\/mitsubishi-fx2n-16ex\/#primaryimage\"},\"thumbnailUrl\":\"https:\/\/omanivietnam.com\/wp-content\/uploads\/2024\/06\/FX2N-16EX.png\",\"datePublished\":\"2024-06-14T16:26:51+00:00\",\"dateModified\":\"2024-08-10T14:18:29+00:00\",\"description\":\"Module Mitsubishi FX2N-16EX (16 Input) d\u00f9ng cho PLC FX3U\/3G, FX1N. \u2013 16 \u0111\u1ea7u v\u00e0o. \u0110i\u1ec7n \u00e1p: 24 VDC.\",\"breadcrumb\":{\"@id\":\"https:\/\/omanivietnam.com\/index.php\/san-pham\/mitsubishi-fx2n-16ex\/#breadcrumb\"},\"inLanguage\":\"vi\",\"potentialAction\":[{\"@type\":\"ReadAction\",\"target\":[\"https:\/\/omanivietnam.com\/index.php\/san-pham\/mitsubishi-fx2n-16ex\/\"]}]},{\"@type\":\"ImageObject\",\"inLanguage\":\"vi\",\"@id\":\"https:\/\/omanivietnam.com\/index.php\/san-pham\/mitsubishi-fx2n-16ex\/#primaryimage\",\"url\":\"https:\/\/omanivietnam.com\/wp-content\/uploads\/2024\/06\/FX2N-16EX.png\",\"contentUrl\":\"https:\/\/omanivietnam.com\/wp-content\/uploads\/2024\/06\/FX2N-16EX.png\",\"width\":1252,\"height\":909},{\"@type\":\"BreadcrumbList\",\"@id\":\"https:\/\/omanivietnam.com\/index.php\/san-pham\/mitsubishi-fx2n-16ex\/#breadcrumb\",\"itemListElement\":[{\"@type\":\"ListItem\",\"position\":1,\"name\":\"Home\",\"item\":\"https:\/\/omanivietnam.com\/\"},{\"@type\":\"ListItem\",\"position\":2,\"name\":\"S\u1ea2N PH\u1ea8M\",\"item\":\"https:\/\/omanivietnam.com\/index.php\/cua-hang\/\"},{\"@type\":\"ListItem\",\"position\":3,\"name\":\"MITSUBISHI FX2N-16EX\"}]},{\"@type\":\"WebSite\",\"@id\":\"https:\/\/omanivietnam.com\/#website\",\"url\":\"https:\/\/omanivietnam.com\/\",\"name\":\"OMANI VI\u1ec6T NAM\",\"description\":\"Nh\u00e0 ph\u00e2n ph\u1ed1i thi\u1ebft b\u1ecb kh\u00ed n\u00e9n v\u00e0 thi\u1ebft b\u1ecb t\u1ef1 \u0111\u1ed9ng h\u00f3a trong c\u00f4ng nghi\u1ec7p\",\"publisher\":{\"@id\":\"https:\/\/omanivietnam.com\/#\/schema\/person\/0ad398a980dc3fd696111c2c5c8fa897\"},\"potentialAction\":[{\"@type\":\"SearchAction\",\"target\":{\"@type\":\"EntryPoint\",\"urlTemplate\":\"https:\/\/omanivietnam.com\/?s={search_term_string}\"},\"query-input\":\"required name=search_term_string\"}],\"inLanguage\":\"vi\"},{\"@type\":[\"Person\",\"Organization\"],\"@id\":\"https:\/\/omanivietnam.com\/#\/schema\/person\/0ad398a980dc3fd696111c2c5c8fa897\",\"name\":\"Nguy\u1ec5n V\u0103n Kh\u00e1nh\",\"image\":{\"@type\":\"ImageObject\",\"inLanguage\":\"vi\",\"@id\":\"https:\/\/omanivietnam.com\/#\/schema\/person\/image\/\",\"url\":\"https:\/\/omanivietnam.com\/wp-content\/uploads\/2024\/06\/logo-1024x1024.png\",\"contentUrl\":\"https:\/\/omanivietnam.com\/wp-content\/uploads\/2024\/06\/logo-1024x1024.png\",\"width\":1024,\"height\":1024,\"caption\":\"Nguy\u1ec5n V\u0103n Kh\u00e1nh\"},\"logo\":{\"@id\":\"https:\/\/omanivietnam.com\/#\/schema\/person\/image\/\"},\"sameAs\":[\"https:\/\/omanivietnam.com\"]}]}<\/script>\n<!-- \/ Yoast SEO plugin. -->","yoast_head_json":{"title":"MITSUBISHI FX2N-16EX - OMANI VI\u1ec6T NAM","description":"Module Mitsubishi FX2N-16EX (16 Input) d\u00f9ng cho PLC FX3U\/3G, FX1N. \u2013 16 \u0111\u1ea7u v\u00e0o. \u0110i\u1ec7n \u00e1p: 24 VDC.","robots":{"index":"index","follow":"follow","max-snippet":"max-snippet:-1","max-image-preview":"max-image-preview:large","max-video-preview":"max-video-preview:-1"},"canonical":"https:\/\/omanivietnam.com\/index.php\/san-pham\/mitsubishi-fx2n-16ex\/","og_locale":"vi_VN","og_type":"article","og_title":"MITSUBISHI FX2N-16EX - OMANI VI\u1ec6T NAM","og_description":"Module Mitsubishi FX2N-16EX (16 Input) d\u00f9ng cho PLC FX3U\/3G, FX1N. \u2013 16 \u0111\u1ea7u v\u00e0o. \u0110i\u1ec7n \u00e1p: 24 VDC.","og_url":"https:\/\/omanivietnam.com\/index.php\/san-pham\/mitsubishi-fx2n-16ex\/","og_site_name":"OMANI VI\u1ec6T NAM","article_modified_time":"2024-08-10T14:18:29+00:00","og_image":[{"width":1252,"height":909,"url":"https:\/\/omanivietnam.com\/wp-content\/uploads\/2024\/06\/FX2N-16EX.png","type":"image\/png"}],"twitter_card":"summary_large_image","twitter_misc":{"\u01af\u1edbc t\u00ednh th\u1eddi gian \u0111\u1ecdc":"2 ph\u00fat"},"schema":{"@context":"https:\/\/schema.org","@graph":[{"@type":"WebPage","@id":"https:\/\/omanivietnam.com\/index.php\/san-pham\/mitsubishi-fx2n-16ex\/","url":"https:\/\/omanivietnam.com\/index.php\/san-pham\/mitsubishi-fx2n-16ex\/","name":"MITSUBISHI FX2N-16EX - OMANI VI\u1ec6T NAM","isPartOf":{"@id":"https:\/\/omanivietnam.com\/#website"},"primaryImageOfPage":{"@id":"https:\/\/omanivietnam.com\/index.php\/san-pham\/mitsubishi-fx2n-16ex\/#primaryimage"},"image":{"@id":"https:\/\/omanivietnam.com\/index.php\/san-pham\/mitsubishi-fx2n-16ex\/#primaryimage"},"thumbnailUrl":"https:\/\/omanivietnam.com\/wp-content\/uploads\/2024\/06\/FX2N-16EX.png","datePublished":"2024-06-14T16:26:51+00:00","dateModified":"2024-08-10T14:18:29+00:00","description":"Module Mitsubishi FX2N-16EX (16 Input) d\u00f9ng cho PLC FX3U\/3G, FX1N. \u2013 16 \u0111\u1ea7u v\u00e0o. \u0110i\u1ec7n \u00e1p: 24 VDC.","breadcrumb":{"@id":"https:\/\/omanivietnam.com\/index.php\/san-pham\/mitsubishi-fx2n-16ex\/#breadcrumb"},"inLanguage":"vi","potentialAction":[{"@type":"ReadAction","target":["https:\/\/omanivietnam.com\/index.php\/san-pham\/mitsubishi-fx2n-16ex\/"]}]},{"@type":"ImageObject","inLanguage":"vi","@id":"https:\/\/omanivietnam.com\/index.php\/san-pham\/mitsubishi-fx2n-16ex\/#primaryimage","url":"https:\/\/omanivietnam.com\/wp-content\/uploads\/2024\/06\/FX2N-16EX.png","contentUrl":"https:\/\/omanivietnam.com\/wp-content\/uploads\/2024\/06\/FX2N-16EX.png","width":1252,"height":909},{"@type":"BreadcrumbList","@id":"https:\/\/omanivietnam.com\/index.php\/san-pham\/mitsubishi-fx2n-16ex\/#breadcrumb","itemListElement":[{"@type":"ListItem","position":1,"name":"Home","item":"https:\/\/omanivietnam.com\/"},{"@type":"ListItem","position":2,"name":"S\u1ea2N PH\u1ea8M","item":"https:\/\/omanivietnam.com\/index.php\/cua-hang\/"},{"@type":"ListItem","position":3,"name":"MITSUBISHI FX2N-16EX"}]},{"@type":"WebSite","@id":"https:\/\/omanivietnam.com\/#website","url":"https:\/\/omanivietnam.com\/","name":"OMANI VI\u1ec6T NAM","description":"Nh\u00e0 ph\u00e2n ph\u1ed1i thi\u1ebft b\u1ecb kh\u00ed n\u00e9n v\u00e0 thi\u1ebft b\u1ecb t\u1ef1 \u0111\u1ed9ng h\u00f3a trong c\u00f4ng nghi\u1ec7p","publisher":{"@id":"https:\/\/omanivietnam.com\/#\/schema\/person\/0ad398a980dc3fd696111c2c5c8fa897"},"potentialAction":[{"@type":"SearchAction","target":{"@type":"EntryPoint","urlTemplate":"https:\/\/omanivietnam.com\/?s={search_term_string}"},"query-input":"required name=search_term_string"}],"inLanguage":"vi"},{"@type":["Person","Organization"],"@id":"https:\/\/omanivietnam.com\/#\/schema\/person\/0ad398a980dc3fd696111c2c5c8fa897","name":"Nguy\u1ec5n V\u0103n Kh\u00e1nh","image":{"@type":"ImageObject","inLanguage":"vi","@id":"https:\/\/omanivietnam.com\/#\/schema\/person\/image\/","url":"https:\/\/omanivietnam.com\/wp-content\/uploads\/2024\/06\/logo-1024x1024.png","contentUrl":"https:\/\/omanivietnam.com\/wp-content\/uploads\/2024\/06\/logo-1024x1024.png","width":1024,"height":1024,"caption":"Nguy\u1ec5n V\u0103n Kh\u00e1nh"},"logo":{"@id":"https:\/\/omanivietnam.com\/#\/schema\/person\/image\/"},"sameAs":["https:\/\/omanivietnam.com"]}]}},"_links":{"self":[{"href":"https:\/\/omanivietnam.com\/index.php\/wp-json\/wp\/v2\/product\/738","targetHints":{"allow":["GET"]}}],"collection":[{"href":"https:\/\/omanivietnam.com\/index.php\/wp-json\/wp\/v2\/product"}],"about":[{"href":"https:\/\/omanivietnam.com\/index.php\/wp-json\/wp\/v2\/types\/product"}],"replies":[{"embeddable":true,"href":"https:\/\/omanivietnam.com\/index.php\/wp-json\/wp\/v2\/comments?post=738"}],"wp:featuredmedia":[{"embeddable":true,"href":"https:\/\/omanivietnam.com\/index.php\/wp-json\/wp\/v2\/media\/740"}],"wp:attachment":[{"href":"https:\/\/omanivietnam.com\/index.php\/wp-json\/wp\/v2\/media?parent=738"}],"wp:term":[{"taxonomy":"product_cat","embeddable":true,"href":"https:\/\/omanivietnam.com\/index.php\/wp-json\/wp\/v2\/product_cat?post=738"},{"taxonomy":"product_tag","embeddable":true,"href":"https:\/\/omanivietnam.com\/index.php\/wp-json\/wp\/v2\/product_tag?post=738"}],"curies":[{"name":"wp","href":"https:\/\/api.w.org\/{rel}","templated":true}]}}