{"id":818,"date":"2024-06-24T05:37:50","date_gmt":"2024-06-23T22:37:50","guid":{"rendered":"https:\/\/omanivietnam.com\/?post_type=product&#038;p=818"},"modified":"2024-08-29T09:18:47","modified_gmt":"2024-08-29T02:18:47","slug":"allen-bradley-42ef-p2mpb-f4","status":"publish","type":"product","link":"https:\/\/omanivietnam.com\/index.php\/san-pham\/allen-bradley-42ef-p2mpb-f4\/","title":{"rendered":"ALLEN BRADLEY 42EF-P2MPB-F4"},"content":{"rendered":"<p>ALLEN BRADLEY 42EF-P2MPB-F4<\/p>\n<p class=\"card-component-module_title__bVV1D \">Product details<\/p>\n<div id=\"details-text\" class=\"product-detail-page-component_text__2Hvtj product-detail-page-component_truncated__21db6\">\n<h3 class=\"product-detail-page-component_range-heading__22div\">Bulletin 42EF RightSight Miniature Photoelectric Sensors<\/h3>\n<p class=\"product-detail-page-component_range-desc__1IYjG\">Allen Bradley 42EF RightSight series photoelectric sensors are designed for light to medium level industrial use. The 42EF sensors take many of the features of larger solutions and put them in a smaller, more adaptable package to deliver excellent detection capabilities where size and shape matter. IO-Link enabled sensors offer advanced features and diagnostics including Automatic Device Configuration, multiple profiles, trending, descriptive tags, and device-specific parameters<\/p>\n<h3 class=\"product-detail-page-component_range-heading__22div\">Features and Benefits<\/h3>\n<p class=\"product-detail-page-component_range-desc__1IYjG\">IO-Link communication<br \/>\n1200 psi washdown ratings<br \/>\nAvailable in 12 V dc to.24 V dc and universal AC-DC supply versions<br \/>\n360\u00b0 visible indicators<br \/>\nUniversal 18 mm mounting at base and nose<br \/>\nShort circuit protection<\/p>\n<\/div>\n<div class=\"product-detail-page-component_spec-list__r_evK\">\n<div class=\"product-detail-page-component_spec__2he5t\">\n<ul>\n<li>Compact right angle housing with universal 18 mm threaded nose and base mounting options<\/li>\n<li>Fixed, teachable, and adjustable sensitivity models<\/li>\n<li>360\u00b0 highly visible (status indicators helps operators verify proper operation regardless of sensor installation location)<\/li>\n<li>Visible status indicator light-source for ease of alignment<\/li>\n<li>Alignment aid helps ensure excellent reliability operating margin<\/li>\n<li>Dual (NPN and PNP), NPN or PNP only models<\/li>\n<li>Linear sensitivity adjustment<\/li>\n<li>IP67 with 1200 psi; IP69K rated enclosure<\/li>\n<li>IO-Link 1.1 Communication protocol that is offered in all standard modes<\/li>\n<\/ul>\n<\/div>\n<p>Technical Spec:<\/p>\n<table class=\"specificationsTable\">\n<tbody>\n<tr>\n<td>IP-rating<\/td>\n<td>IP67<\/td>\n<\/tr>\n<tr>\n<td>Material housing<\/td>\n<td>Plastic<\/td>\n<\/tr>\n<tr>\n<td>Material of optical surface<\/td>\n<td>Plastic<\/td>\n<\/tr>\n<tr>\n<td>Rated control supply voltage Us at DC<\/td>\n<td>10&#8230;30 V<\/td>\n<\/tr>\n<tr>\n<td>Rated switching distance<\/td>\n<td>50 mm<\/td>\n<\/tr>\n<tr>\n<td>Reflector included<\/td>\n<td>no<\/td>\n<\/tr>\n<tr>\n<td>Sensing mode<\/td>\n<td>Dark switching<\/td>\n<\/tr>\n<tr>\n<td>Type of electric plug connection<\/td>\n<td>Other<\/td>\n<\/tr>\n<tr>\n<td>Type of light<\/td>\n<td>Polarized red light<\/td>\n<\/tr>\n<tr>\n<td>Type of switching output<\/td>\n<td>PNP<\/td>\n<\/tr>\n<\/tbody>\n<\/table>\n<\/div>\n<p>RightSight Photosensor,18 mm Cylindrical,Front Through Hole,Polarized Retroreflective,Visible Red,3,000 mm,Not Adjustable Sensitivity,PNP,DC Complementary LO\/DO,4 Pin Micro QD on Pigtail<\/p>\n<div class=\"sc-bczRLJ kKUFt\"><span class=\"TypographyStyle--11lquxl giQtBi\">Brand:<\/span><span class=\"TypographyStyle--11lquxl eejEsk\">Allen-Bradley<\/span><\/div>\n<div class=\"sc-bczRLJ kKUFt\"><span class=\"TypographyStyle--11lquxl giQtBi\">ETIM:<\/span><span class=\"TypographyStyle--11lquxl eejEsk\">EC002717<\/span><\/div>\n<div class=\"sc-bczRLJ kKUFt\"><span class=\"TypographyStyle--11lquxl giQtBi\">Connection Media:<\/span><span class=\"TypographyStyle--11lquxl eejEsk\">DC Micro(M12), Female, Straight, 4-pin PVC, Yellow, Unshielded, 5 m<\/span><\/div>\n<div class=\"sc-bczRLJ kKUFt\"><span class=\"TypographyStyle--11lquxl giQtBi\">Connection Type:<\/span><span class=\"TypographyStyle--11lquxl eejEsk\">4-pin DC Micro QD on 152mm (6in) pigtail<\/span><\/div>\n<div class=\"sc-bczRLJ kKUFt\"><span class=\"TypographyStyle--11lquxl giQtBi\">IO-Link Enabled:<\/span><span class=\"TypographyStyle--11lquxl eejEsk\">Yes<\/span><\/div>\n<div>\n<div class=\"sc-bczRLJ kKUFt\"><span class=\"TypographyStyle--11lquxl giQtBi\">Light Source:<\/span><span class=\"TypographyStyle--11lquxl eejEsk\">Visible Red LED<\/span><\/div>\n<div class=\"sc-bczRLJ kKUFt\"><span class=\"TypographyStyle--11lquxl giQtBi\">Maximum Sensing Distance:<\/span><span class=\"TypographyStyle--11lquxl eejEsk\">3m (9.8ft)<\/span><\/div>\n<div class=\"sc-bczRLJ kKUFt\"><span class=\"TypographyStyle--11lquxl giQtBi\">Model Selection Information:<\/span><span class=\"TypographyStyle--11lquxl eejEsk\">Selection for RightSight Standard<\/span><\/div>\n<div class=\"sc-bczRLJ kKUFt\"><span class=\"TypographyStyle--11lquxl giQtBi\">Operating Voltage\/Mode:<\/span><span class=\"TypographyStyle--11lquxl eejEsk\">DC &#8211; 2 Complementary LO\/DO Outputs<\/span><\/div>\n<div class=\"sc-bczRLJ kKUFt\"><span class=\"TypographyStyle--11lquxl giQtBi\">Output Type:<\/span><span class=\"TypographyStyle--11lquxl eejEsk\">Source (PNP)<\/span><\/div>\n<div>\n<div class=\"sc-bczRLJ kKUFt\"><span class=\"TypographyStyle--11lquxl giQtBi\">Response Time:<\/span><span class=\"TypographyStyle--11lquxl eejEsk\">1 ms<\/span><\/div>\n<div class=\"sc-bczRLJ kKUFt\"><span class=\"TypographyStyle--11lquxl giQtBi\">Sensing Mode:<\/span><span class=\"TypographyStyle--11lquxl eejEsk\">Polarized Retroreflective<\/span><\/div>\n<div class=\"sc-bczRLJ kKUFt\"><span class=\"TypographyStyle--11lquxl giQtBi\">Sensitivity Adjustment:<\/span><span class=\"TypographyStyle--11lquxl eejEsk\">No Adjustment<\/span><\/div>\n<div class=\"sc-bczRLJ kKUFt\"><span class=\"TypographyStyle--11lquxl giQtBi\">Type:<\/span><span class=\"TypographyStyle--11lquxl eejEsk\">RightSight Pol. Retro<\/span><\/div>\n<div class=\"sc-bczRLJ kKUFt\"><span class=\"TypographyStyle--11lquxl giQtBi\">Voltage Rating:<\/span><span class=\"TypographyStyle--11lquxl eejEsk\">10.8&#8230;30V DC<\/span><\/div>\n<\/div>\n<\/div>\n<div><\/div>\n<div>\n<p>\u0110\u1ea1i l\u00fd Allen-Bradley vietnam, Allen-Bradley viet nam, Allen-Bradley vietnam distributor, Ph\u00e2n ph\u1ed1i Panasonic t\u1ea1i vi\u1ec7t nam<\/p>\n<p>\u0110\u1ea1i l\u00fd Allen-Bradley vietnam, Allen-Bradley viet nam, Allen-Bradley vietnam distributor, Ph\u00e2n ph\u1ed1i Panasonic t\u1ea1i vi\u1ec7t nam<\/p>\n<p>\u0110\u1ea1i l\u00fd Allen-Bradley vietnam, Allen-Bradley viet nam, Allen-Bradley vietnam distributor, Ph\u00e2n ph\u1ed1i Panasonic t\u1ea1i vi\u1ec7t nam<\/p>\n<p>\u0110\u1ea1i l\u00fd Allen-Bradley vietnam, Allen-Bradley viet nam, Allen-Bradley vietnam distributor, Ph\u00e2n ph\u1ed1i Panasonic t\u1ea1i vi\u1ec7t nam<\/p>\n<p>\u0110\u1ea1i l\u00fd Allen-Bradley vietnam, Allen-Bradley viet nam, Allen-Bradley vietnam distributor, Ph\u00e2n ph\u1ed1i Panasonic t\u1ea1i vi\u1ec7t nam<\/p>\n<\/div>\n","protected":false},"excerpt":{"rendered":"<p>ALLEN BRADLEY 42EF-P2MPB-F4 Product details Bulletin 42EF RightSight Miniature Photoelectric Sensors Allen Bradley 42EF RightSight series photoelectric sensors are designed for light to medium level industrial use. The 42EF sensors take many of the features of larger solutions and put them in a smaller, more adaptable package to deliver excellent&hellip; <\/p>\n","protected":false},"featured_media":819,"comment_status":"open","ping_status":"closed","template":"","meta":[],"product_cat":[295],"product_tag":[178,88,179],"class_list":{"0":"post-818","1":"product","2":"type-product","3":"status-publish","4":"has-post-thumbnail","6":"product_cat-allen-bradley","7":"product_tag-allen-bradley-viet-nam","8":"product_tag-cam-bien","9":"product_tag-dai-ly-allen-bradley-viet-nam","11":"first","12":"instock","13":"shipping-taxable","14":"product-type-simple"},"yoast_head":"<!-- This site is optimized with the Yoast SEO plugin v22.8 - https:\/\/yoast.com\/wordpress\/plugins\/seo\/ -->\n<title>ALLEN BRADLEY 42EF-P2MPB-F4 - OMANI VI\u1ec6T NAM<\/title>\n<meta name=\"description\" content=\"PHOTOSWITCH Photoelectric Sensor, RightSight, Polarized Retroflective, Red, DC - 2 Complementary LO\/DO Outputs, Source (PNP), 4-pin DC Micro QD on 152mm (6in) pigtail, IO-Link Enabled\" \/>\n<meta name=\"robots\" content=\"index, follow, max-snippet:-1, max-image-preview:large, max-video-preview:-1\" \/>\n<link rel=\"canonical\" href=\"https:\/\/omanivietnam.com\/index.php\/san-pham\/allen-bradley-42ef-p2mpb-f4\/\" \/>\n<meta property=\"og:locale\" content=\"vi_VN\" \/>\n<meta property=\"og:type\" content=\"article\" \/>\n<meta property=\"og:title\" content=\"ALLEN BRADLEY 42EF-P2MPB-F4 - OMANI VI\u1ec6T NAM\" \/>\n<meta property=\"og:description\" content=\"PHOTOSWITCH Photoelectric Sensor, RightSight, Polarized Retroflective, Red, DC - 2 Complementary LO\/DO Outputs, Source (PNP), 4-pin DC Micro QD on 152mm (6in) pigtail, IO-Link Enabled\" \/>\n<meta property=\"og:url\" content=\"https:\/\/omanivietnam.com\/index.php\/san-pham\/allen-bradley-42ef-p2mpb-f4\/\" \/>\n<meta property=\"og:site_name\" content=\"OMANI VI\u1ec6T NAM\" \/>\n<meta property=\"article:modified_time\" content=\"2024-08-29T02:18:47+00:00\" \/>\n<meta property=\"og:image\" content=\"https:\/\/omanivietnam.com\/wp-content\/uploads\/2024\/06\/42EF-P2MPB-F4.png\" \/>\n\t<meta property=\"og:image:width\" content=\"328\" \/>\n\t<meta property=\"og:image:height\" content=\"436\" \/>\n\t<meta property=\"og:image:type\" content=\"image\/png\" \/>\n<meta name=\"twitter:card\" content=\"summary_large_image\" \/>\n<meta name=\"twitter:label1\" content=\"\u01af\u1edbc t\u00ednh th\u1eddi gian \u0111\u1ecdc\" \/>\n\t<meta name=\"twitter:data1\" content=\"3 ph\u00fat\" \/>\n<script type=\"application\/ld+json\" class=\"yoast-schema-graph\">{\"@context\":\"https:\/\/schema.org\",\"@graph\":[{\"@type\":\"WebPage\",\"@id\":\"https:\/\/omanivietnam.com\/index.php\/san-pham\/allen-bradley-42ef-p2mpb-f4\/\",\"url\":\"https:\/\/omanivietnam.com\/index.php\/san-pham\/allen-bradley-42ef-p2mpb-f4\/\",\"name\":\"ALLEN BRADLEY 42EF-P2MPB-F4 - OMANI VI\u1ec6T NAM\",\"isPartOf\":{\"@id\":\"https:\/\/omanivietnam.com\/#website\"},\"primaryImageOfPage\":{\"@id\":\"https:\/\/omanivietnam.com\/index.php\/san-pham\/allen-bradley-42ef-p2mpb-f4\/#primaryimage\"},\"image\":{\"@id\":\"https:\/\/omanivietnam.com\/index.php\/san-pham\/allen-bradley-42ef-p2mpb-f4\/#primaryimage\"},\"thumbnailUrl\":\"https:\/\/omanivietnam.com\/wp-content\/uploads\/2024\/06\/42EF-P2MPB-F4.png\",\"datePublished\":\"2024-06-23T22:37:50+00:00\",\"dateModified\":\"2024-08-29T02:18:47+00:00\",\"description\":\"PHOTOSWITCH Photoelectric Sensor, RightSight, Polarized Retroflective, Red, DC - 2 Complementary LO\/DO Outputs, Source (PNP), 4-pin DC Micro QD on 152mm (6in) pigtail, IO-Link Enabled\",\"breadcrumb\":{\"@id\":\"https:\/\/omanivietnam.com\/index.php\/san-pham\/allen-bradley-42ef-p2mpb-f4\/#breadcrumb\"},\"inLanguage\":\"vi\",\"potentialAction\":[{\"@type\":\"ReadAction\",\"target\":[\"https:\/\/omanivietnam.com\/index.php\/san-pham\/allen-bradley-42ef-p2mpb-f4\/\"]}]},{\"@type\":\"ImageObject\",\"inLanguage\":\"vi\",\"@id\":\"https:\/\/omanivietnam.com\/index.php\/san-pham\/allen-bradley-42ef-p2mpb-f4\/#primaryimage\",\"url\":\"https:\/\/omanivietnam.com\/wp-content\/uploads\/2024\/06\/42EF-P2MPB-F4.png\",\"contentUrl\":\"https:\/\/omanivietnam.com\/wp-content\/uploads\/2024\/06\/42EF-P2MPB-F4.png\",\"width\":328,\"height\":436},{\"@type\":\"BreadcrumbList\",\"@id\":\"https:\/\/omanivietnam.com\/index.php\/san-pham\/allen-bradley-42ef-p2mpb-f4\/#breadcrumb\",\"itemListElement\":[{\"@type\":\"ListItem\",\"position\":1,\"name\":\"Home\",\"item\":\"https:\/\/omanivietnam.com\/\"},{\"@type\":\"ListItem\",\"position\":2,\"name\":\"S\u1ea2N PH\u1ea8M\",\"item\":\"https:\/\/omanivietnam.com\/index.php\/cua-hang\/\"},{\"@type\":\"ListItem\",\"position\":3,\"name\":\"ALLEN BRADLEY 42EF-P2MPB-F4\"}]},{\"@type\":\"WebSite\",\"@id\":\"https:\/\/omanivietnam.com\/#website\",\"url\":\"https:\/\/omanivietnam.com\/\",\"name\":\"OMANI VI\u1ec6T NAM\",\"description\":\"Nh\u00e0 ph\u00e2n ph\u1ed1i thi\u1ebft b\u1ecb kh\u00ed n\u00e9n v\u00e0 thi\u1ebft b\u1ecb t\u1ef1 \u0111\u1ed9ng h\u00f3a trong c\u00f4ng nghi\u1ec7p\",\"publisher\":{\"@id\":\"https:\/\/omanivietnam.com\/#\/schema\/person\/0ad398a980dc3fd696111c2c5c8fa897\"},\"potentialAction\":[{\"@type\":\"SearchAction\",\"target\":{\"@type\":\"EntryPoint\",\"urlTemplate\":\"https:\/\/omanivietnam.com\/?s={search_term_string}\"},\"query-input\":\"required name=search_term_string\"}],\"inLanguage\":\"vi\"},{\"@type\":[\"Person\",\"Organization\"],\"@id\":\"https:\/\/omanivietnam.com\/#\/schema\/person\/0ad398a980dc3fd696111c2c5c8fa897\",\"name\":\"Nguy\u1ec5n V\u0103n Kh\u00e1nh\",\"image\":{\"@type\":\"ImageObject\",\"inLanguage\":\"vi\",\"@id\":\"https:\/\/omanivietnam.com\/#\/schema\/person\/image\/\",\"url\":\"https:\/\/omanivietnam.com\/wp-content\/uploads\/2024\/06\/logo-1024x1024.png\",\"contentUrl\":\"https:\/\/omanivietnam.com\/wp-content\/uploads\/2024\/06\/logo-1024x1024.png\",\"width\":1024,\"height\":1024,\"caption\":\"Nguy\u1ec5n V\u0103n Kh\u00e1nh\"},\"logo\":{\"@id\":\"https:\/\/omanivietnam.com\/#\/schema\/person\/image\/\"},\"sameAs\":[\"https:\/\/omanivietnam.com\"]}]}<\/script>\n<!-- \/ Yoast SEO plugin. -->","yoast_head_json":{"title":"ALLEN BRADLEY 42EF-P2MPB-F4 - OMANI VI\u1ec6T NAM","description":"PHOTOSWITCH Photoelectric Sensor, RightSight, Polarized Retroflective, Red, DC - 2 Complementary LO\/DO Outputs, Source (PNP), 4-pin DC Micro QD on 152mm (6in) pigtail, IO-Link Enabled","robots":{"index":"index","follow":"follow","max-snippet":"max-snippet:-1","max-image-preview":"max-image-preview:large","max-video-preview":"max-video-preview:-1"},"canonical":"https:\/\/omanivietnam.com\/index.php\/san-pham\/allen-bradley-42ef-p2mpb-f4\/","og_locale":"vi_VN","og_type":"article","og_title":"ALLEN BRADLEY 42EF-P2MPB-F4 - OMANI VI\u1ec6T NAM","og_description":"PHOTOSWITCH Photoelectric Sensor, RightSight, Polarized Retroflective, Red, DC - 2 Complementary LO\/DO Outputs, Source (PNP), 4-pin DC Micro QD on 152mm (6in) pigtail, IO-Link Enabled","og_url":"https:\/\/omanivietnam.com\/index.php\/san-pham\/allen-bradley-42ef-p2mpb-f4\/","og_site_name":"OMANI VI\u1ec6T NAM","article_modified_time":"2024-08-29T02:18:47+00:00","og_image":[{"width":328,"height":436,"url":"https:\/\/omanivietnam.com\/wp-content\/uploads\/2024\/06\/42EF-P2MPB-F4.png","type":"image\/png"}],"twitter_card":"summary_large_image","twitter_misc":{"\u01af\u1edbc t\u00ednh th\u1eddi gian \u0111\u1ecdc":"3 ph\u00fat"},"schema":{"@context":"https:\/\/schema.org","@graph":[{"@type":"WebPage","@id":"https:\/\/omanivietnam.com\/index.php\/san-pham\/allen-bradley-42ef-p2mpb-f4\/","url":"https:\/\/omanivietnam.com\/index.php\/san-pham\/allen-bradley-42ef-p2mpb-f4\/","name":"ALLEN BRADLEY 42EF-P2MPB-F4 - OMANI VI\u1ec6T NAM","isPartOf":{"@id":"https:\/\/omanivietnam.com\/#website"},"primaryImageOfPage":{"@id":"https:\/\/omanivietnam.com\/index.php\/san-pham\/allen-bradley-42ef-p2mpb-f4\/#primaryimage"},"image":{"@id":"https:\/\/omanivietnam.com\/index.php\/san-pham\/allen-bradley-42ef-p2mpb-f4\/#primaryimage"},"thumbnailUrl":"https:\/\/omanivietnam.com\/wp-content\/uploads\/2024\/06\/42EF-P2MPB-F4.png","datePublished":"2024-06-23T22:37:50+00:00","dateModified":"2024-08-29T02:18:47+00:00","description":"PHOTOSWITCH Photoelectric Sensor, RightSight, Polarized Retroflective, Red, DC - 2 Complementary LO\/DO Outputs, Source (PNP), 4-pin DC Micro QD on 152mm (6in) pigtail, IO-Link Enabled","breadcrumb":{"@id":"https:\/\/omanivietnam.com\/index.php\/san-pham\/allen-bradley-42ef-p2mpb-f4\/#breadcrumb"},"inLanguage":"vi","potentialAction":[{"@type":"ReadAction","target":["https:\/\/omanivietnam.com\/index.php\/san-pham\/allen-bradley-42ef-p2mpb-f4\/"]}]},{"@type":"ImageObject","inLanguage":"vi","@id":"https:\/\/omanivietnam.com\/index.php\/san-pham\/allen-bradley-42ef-p2mpb-f4\/#primaryimage","url":"https:\/\/omanivietnam.com\/wp-content\/uploads\/2024\/06\/42EF-P2MPB-F4.png","contentUrl":"https:\/\/omanivietnam.com\/wp-content\/uploads\/2024\/06\/42EF-P2MPB-F4.png","width":328,"height":436},{"@type":"BreadcrumbList","@id":"https:\/\/omanivietnam.com\/index.php\/san-pham\/allen-bradley-42ef-p2mpb-f4\/#breadcrumb","itemListElement":[{"@type":"ListItem","position":1,"name":"Home","item":"https:\/\/omanivietnam.com\/"},{"@type":"ListItem","position":2,"name":"S\u1ea2N PH\u1ea8M","item":"https:\/\/omanivietnam.com\/index.php\/cua-hang\/"},{"@type":"ListItem","position":3,"name":"ALLEN BRADLEY 42EF-P2MPB-F4"}]},{"@type":"WebSite","@id":"https:\/\/omanivietnam.com\/#website","url":"https:\/\/omanivietnam.com\/","name":"OMANI VI\u1ec6T NAM","description":"Nh\u00e0 ph\u00e2n ph\u1ed1i thi\u1ebft b\u1ecb kh\u00ed n\u00e9n v\u00e0 thi\u1ebft b\u1ecb t\u1ef1 \u0111\u1ed9ng h\u00f3a trong c\u00f4ng nghi\u1ec7p","publisher":{"@id":"https:\/\/omanivietnam.com\/#\/schema\/person\/0ad398a980dc3fd696111c2c5c8fa897"},"potentialAction":[{"@type":"SearchAction","target":{"@type":"EntryPoint","urlTemplate":"https:\/\/omanivietnam.com\/?s={search_term_string}"},"query-input":"required name=search_term_string"}],"inLanguage":"vi"},{"@type":["Person","Organization"],"@id":"https:\/\/omanivietnam.com\/#\/schema\/person\/0ad398a980dc3fd696111c2c5c8fa897","name":"Nguy\u1ec5n V\u0103n Kh\u00e1nh","image":{"@type":"ImageObject","inLanguage":"vi","@id":"https:\/\/omanivietnam.com\/#\/schema\/person\/image\/","url":"https:\/\/omanivietnam.com\/wp-content\/uploads\/2024\/06\/logo-1024x1024.png","contentUrl":"https:\/\/omanivietnam.com\/wp-content\/uploads\/2024\/06\/logo-1024x1024.png","width":1024,"height":1024,"caption":"Nguy\u1ec5n V\u0103n Kh\u00e1nh"},"logo":{"@id":"https:\/\/omanivietnam.com\/#\/schema\/person\/image\/"},"sameAs":["https:\/\/omanivietnam.com"]}]}},"_links":{"self":[{"href":"https:\/\/omanivietnam.com\/index.php\/wp-json\/wp\/v2\/product\/818","targetHints":{"allow":["GET"]}}],"collection":[{"href":"https:\/\/omanivietnam.com\/index.php\/wp-json\/wp\/v2\/product"}],"about":[{"href":"https:\/\/omanivietnam.com\/index.php\/wp-json\/wp\/v2\/types\/product"}],"replies":[{"embeddable":true,"href":"https:\/\/omanivietnam.com\/index.php\/wp-json\/wp\/v2\/comments?post=818"}],"wp:featuredmedia":[{"embeddable":true,"href":"https:\/\/omanivietnam.com\/index.php\/wp-json\/wp\/v2\/media\/819"}],"wp:attachment":[{"href":"https:\/\/omanivietnam.com\/index.php\/wp-json\/wp\/v2\/media?parent=818"}],"wp:term":[{"taxonomy":"product_cat","embeddable":true,"href":"https:\/\/omanivietnam.com\/index.php\/wp-json\/wp\/v2\/product_cat?post=818"},{"taxonomy":"product_tag","embeddable":true,"href":"https:\/\/omanivietnam.com\/index.php\/wp-json\/wp\/v2\/product_tag?post=818"}],"curies":[{"name":"wp","href":"https:\/\/api.w.org\/{rel}","templated":true}]}}