{"id":895,"date":"2024-06-28T05:06:59","date_gmt":"2024-06-27T22:06:59","guid":{"rendered":"https:\/\/omanivietnam.com\/?post_type=product&#038;p=895"},"modified":"2024-08-29T09:14:29","modified_gmt":"2024-08-29T02:14:29","slug":"camozzi-27m2a40a0125-cn02","status":"publish","type":"product","link":"https:\/\/omanivietnam.com\/index.php\/san-pham\/camozzi-27m2a40a0125-cn02\/","title":{"rendered":"CAMOZZI 27M2A40A0125-CN02"},"content":{"rendered":"<p>CAMOZZI 92M2A040A0025V<\/p>\n<p>CAMOZZI 27M2A40A0125-CN02<\/p>\n<p>CAMOZZI 27M2A40A0125<\/p>\n<p class=\"product_title entry-title font-weight-light mb-3\">CAMOZZI 27M2A40A0125-CN02 \u2013 40mm Bore, 125mm Stroke, Standard Rear End, Double Acting, Series 27 Roundline Cylinders<\/p>\n<div id=\"singleProductTop\" class=\"container\">\n<div class=\"row justify-content-between\">\n<div class=\"col-sm-12 col-md-9 p-0\"><span id=\"sku\" class=\"sku\">Part Number:\u00a0<b>27M2A40A0125-CN02<\/b><\/span>\u00a0Manufacturer:\u00a0<b>Camozzi<\/b><\/div>\n<\/div>\n<div>\n<div class=\"mb-5\">\n<h3 class=\"mb-3\">Description<\/h3>\n<p>Camozzi series 27 has been designed to reduce the cylinders sizes as much as possible. These cylinders have been constructed with clean lines using stainless steel for both the tube and the rod and aluminium for the end-blocks. Series 27 are suitable for assembling with magnetic sensors. Various mounting bracket accessories enable the cylinder to be fitted to suit the needs of most applications.<\/p>\n<p>Part Reference: 27M2A40A0125<\/p>\n<\/div>\n<div class=\"mb-5\">\n<h3 class=\"mb-3\">Additional information<\/h3>\n<table class=\"woocommerce-product-attributes shop_attributes\">\n<tbody>\n<tr class=\"woocommerce-product-attributes-item woocommerce-product-attributes-item--attribute_pa_bore-size-mm\">\n<th class=\"woocommerce-product-attributes-item__label\">Bore Size (MM)<\/th>\n<td class=\"woocommerce-product-attributes-item__value\">40<\/td>\n<\/tr>\n<tr class=\"woocommerce-product-attributes-item woocommerce-product-attributes-item--attribute_pa_function\">\n<th class=\"woocommerce-product-attributes-item__label\">Function<\/th>\n<td class=\"woocommerce-product-attributes-item__value\">Double Acting<\/td>\n<\/tr>\n<tr class=\"woocommerce-product-attributes-item woocommerce-product-attributes-item--attribute_pa_manufacturer\">\n<th class=\"woocommerce-product-attributes-item__label\">Manufacturer<\/th>\n<td class=\"woocommerce-product-attributes-item__value\">Camozzi<\/td>\n<\/tr>\n<tr class=\"woocommerce-product-attributes-item woocommerce-product-attributes-item--attribute_pa_product-type\">\n<th class=\"woocommerce-product-attributes-item__label\">Product Type<\/th>\n<td class=\"woocommerce-product-attributes-item__value\">Cylinders<\/td>\n<\/tr>\n<tr class=\"woocommerce-product-attributes-item woocommerce-product-attributes-item--attribute_pa_stroke\">\n<th class=\"woocommerce-product-attributes-item__label\">Stroke<\/th>\n<td class=\"woocommerce-product-attributes-item__value\">125 mm<\/td>\n<\/tr>\n<tr class=\"woocommerce-product-attributes-item woocommerce-product-attributes-item--attribute_pa_body\">\n<th class=\"woocommerce-product-attributes-item__label\">Body<\/th>\n<td class=\"woocommerce-product-attributes-item__value\">Stainless Steel<\/td>\n<\/tr>\n<\/tbody>\n<\/table>\n<\/div>\n<\/div>\n<\/div>\n<p>&nbsp;<\/p>\n<p>&nbsp;<\/p>\n<p>\u0110\u1ea1i l\u00fd CAMOZZI vietnam, CAMOZZI viet nam, CAMOZZI vietnam distributor, Ph\u00e2n ph\u1ed1i CAMOZZI t\u1ea1i vi\u1ec7t nam<\/p>\n<p>\u0110\u1ea1i l\u00fd CAMOZZI vietnam, CAMOZZI viet nam, CAMOZZI vietnam distributor, Ph\u00e2n ph\u1ed1i CAMOZZI t\u1ea1i vi\u1ec7t nam<\/p>\n<p>\u0110\u1ea1i l\u00fd CAMOZZI vietnam, CAMOZZI viet nam, CAMOZZI vietnam distributor, Ph\u00e2n ph\u1ed1i CAMOZZI t\u1ea1i vi\u1ec7t nam<\/p>\n<p>\u0110\u1ea1i l\u00fd CAMOZZI vietnam, CAMOZZI viet nam, CAMOZZI vietnam distributor, Ph\u00e2n ph\u1ed1i CAMOZZI t\u1ea1i vi\u1ec7t nam<\/p>\n<p>\u0110\u1ea1i l\u00fd CAMOZZI vietnam, CAMOZZI viet nam, CAMOZZI vietnam distributor, Ph\u00e2n ph\u1ed1i CAMOZZI t\u1ea1i vi\u1ec7t nam<\/p>\n","protected":false},"excerpt":{"rendered":"<p>CAMOZZI 92M2A040A0025V CAMOZZI 27M2A40A0125-CN02 CAMOZZI 27M2A40A0125 CAMOZZI 27M2A40A0125-CN02 \u2013 40mm Bore, 125mm Stroke, Standard Rear End, Double Acting, Series 27 Roundline Cylinders Part Number:\u00a027M2A40A0125-CN02\u00a0Manufacturer:\u00a0Camozzi Description Camozzi series 27 has been designed to reduce the cylinders sizes as much as possible. These cylinders have been constructed with clean lines using stainless&hellip; <\/p>\n","protected":false},"featured_media":896,"comment_status":"open","ping_status":"closed","template":"","meta":[],"product_cat":[301],"product_tag":[96,97,98],"class_list":{"0":"post-895","1":"product","2":"type-product","3":"status-publish","4":"has-post-thumbnail","6":"product_cat-camozzi","7":"product_tag-camozzi-viet-nam","8":"product_tag-dai-ly-camozzi-viet-nam","9":"product_tag-xy-lanh-khi","11":"first","12":"instock","13":"shipping-taxable","14":"product-type-simple"},"yoast_head":"<!-- This site is optimized with the Yoast SEO plugin v22.8 - https:\/\/yoast.com\/wordpress\/plugins\/seo\/ -->\n<title>CAMOZZI 27M2A40A0125-CN02 - OMANI VI\u1ec6T NAM<\/title>\n<meta name=\"description\" content=\"CAMOZZI 27M2A40A0125 \u2013 40mm Bore, 125mm Stroke, Standard Rear End, Double Acting, Series 27 Roundline Cylinders\" \/>\n<meta name=\"robots\" content=\"index, follow, max-snippet:-1, max-image-preview:large, max-video-preview:-1\" \/>\n<link rel=\"canonical\" href=\"https:\/\/omanivietnam.com\/index.php\/san-pham\/camozzi-27m2a40a0125-cn02\/\" \/>\n<meta property=\"og:locale\" content=\"vi_VN\" \/>\n<meta property=\"og:type\" content=\"article\" \/>\n<meta property=\"og:title\" content=\"CAMOZZI 27M2A40A0125-CN02 - OMANI VI\u1ec6T NAM\" \/>\n<meta property=\"og:description\" content=\"CAMOZZI 27M2A40A0125 \u2013 40mm Bore, 125mm Stroke, Standard Rear End, Double Acting, Series 27 Roundline Cylinders\" \/>\n<meta property=\"og:url\" content=\"https:\/\/omanivietnam.com\/index.php\/san-pham\/camozzi-27m2a40a0125-cn02\/\" \/>\n<meta property=\"og:site_name\" content=\"OMANI VI\u1ec6T NAM\" \/>\n<meta property=\"article:modified_time\" content=\"2024-08-29T02:14:29+00:00\" \/>\n<meta property=\"og:image\" content=\"https:\/\/omanivietnam.com\/wp-content\/uploads\/2024\/06\/27M2A40A0125-CN02.png\" \/>\n\t<meta property=\"og:image:width\" content=\"665\" \/>\n\t<meta property=\"og:image:height\" content=\"581\" \/>\n\t<meta property=\"og:image:type\" content=\"image\/png\" \/>\n<meta name=\"twitter:card\" content=\"summary_large_image\" \/>\n<meta name=\"twitter:label1\" content=\"\u01af\u1edbc t\u00ednh th\u1eddi gian \u0111\u1ecdc\" \/>\n\t<meta name=\"twitter:data1\" content=\"2 ph\u00fat\" \/>\n<script type=\"application\/ld+json\" class=\"yoast-schema-graph\">{\"@context\":\"https:\/\/schema.org\",\"@graph\":[{\"@type\":\"WebPage\",\"@id\":\"https:\/\/omanivietnam.com\/index.php\/san-pham\/camozzi-27m2a40a0125-cn02\/\",\"url\":\"https:\/\/omanivietnam.com\/index.php\/san-pham\/camozzi-27m2a40a0125-cn02\/\",\"name\":\"CAMOZZI 27M2A40A0125-CN02 - OMANI VI\u1ec6T NAM\",\"isPartOf\":{\"@id\":\"https:\/\/omanivietnam.com\/#website\"},\"primaryImageOfPage\":{\"@id\":\"https:\/\/omanivietnam.com\/index.php\/san-pham\/camozzi-27m2a40a0125-cn02\/#primaryimage\"},\"image\":{\"@id\":\"https:\/\/omanivietnam.com\/index.php\/san-pham\/camozzi-27m2a40a0125-cn02\/#primaryimage\"},\"thumbnailUrl\":\"https:\/\/omanivietnam.com\/wp-content\/uploads\/2024\/06\/27M2A40A0125-CN02.png\",\"datePublished\":\"2024-06-27T22:06:59+00:00\",\"dateModified\":\"2024-08-29T02:14:29+00:00\",\"description\":\"CAMOZZI 27M2A40A0125 \u2013 40mm Bore, 125mm Stroke, Standard Rear End, Double Acting, Series 27 Roundline Cylinders\",\"breadcrumb\":{\"@id\":\"https:\/\/omanivietnam.com\/index.php\/san-pham\/camozzi-27m2a40a0125-cn02\/#breadcrumb\"},\"inLanguage\":\"vi\",\"potentialAction\":[{\"@type\":\"ReadAction\",\"target\":[\"https:\/\/omanivietnam.com\/index.php\/san-pham\/camozzi-27m2a40a0125-cn02\/\"]}]},{\"@type\":\"ImageObject\",\"inLanguage\":\"vi\",\"@id\":\"https:\/\/omanivietnam.com\/index.php\/san-pham\/camozzi-27m2a40a0125-cn02\/#primaryimage\",\"url\":\"https:\/\/omanivietnam.com\/wp-content\/uploads\/2024\/06\/27M2A40A0125-CN02.png\",\"contentUrl\":\"https:\/\/omanivietnam.com\/wp-content\/uploads\/2024\/06\/27M2A40A0125-CN02.png\",\"width\":665,\"height\":581},{\"@type\":\"BreadcrumbList\",\"@id\":\"https:\/\/omanivietnam.com\/index.php\/san-pham\/camozzi-27m2a40a0125-cn02\/#breadcrumb\",\"itemListElement\":[{\"@type\":\"ListItem\",\"position\":1,\"name\":\"Home\",\"item\":\"https:\/\/omanivietnam.com\/\"},{\"@type\":\"ListItem\",\"position\":2,\"name\":\"S\u1ea2N PH\u1ea8M\",\"item\":\"https:\/\/omanivietnam.com\/index.php\/cua-hang\/\"},{\"@type\":\"ListItem\",\"position\":3,\"name\":\"CAMOZZI 27M2A40A0125-CN02\"}]},{\"@type\":\"WebSite\",\"@id\":\"https:\/\/omanivietnam.com\/#website\",\"url\":\"https:\/\/omanivietnam.com\/\",\"name\":\"OMANI VI\u1ec6T NAM\",\"description\":\"Nh\u00e0 ph\u00e2n ph\u1ed1i thi\u1ebft b\u1ecb kh\u00ed n\u00e9n v\u00e0 thi\u1ebft b\u1ecb t\u1ef1 \u0111\u1ed9ng h\u00f3a trong c\u00f4ng nghi\u1ec7p\",\"publisher\":{\"@id\":\"https:\/\/omanivietnam.com\/#\/schema\/person\/0ad398a980dc3fd696111c2c5c8fa897\"},\"potentialAction\":[{\"@type\":\"SearchAction\",\"target\":{\"@type\":\"EntryPoint\",\"urlTemplate\":\"https:\/\/omanivietnam.com\/?s={search_term_string}\"},\"query-input\":\"required name=search_term_string\"}],\"inLanguage\":\"vi\"},{\"@type\":[\"Person\",\"Organization\"],\"@id\":\"https:\/\/omanivietnam.com\/#\/schema\/person\/0ad398a980dc3fd696111c2c5c8fa897\",\"name\":\"Nguy\u1ec5n V\u0103n Kh\u00e1nh\",\"image\":{\"@type\":\"ImageObject\",\"inLanguage\":\"vi\",\"@id\":\"https:\/\/omanivietnam.com\/#\/schema\/person\/image\/\",\"url\":\"https:\/\/omanivietnam.com\/wp-content\/uploads\/2024\/06\/logo-1024x1024.png\",\"contentUrl\":\"https:\/\/omanivietnam.com\/wp-content\/uploads\/2024\/06\/logo-1024x1024.png\",\"width\":1024,\"height\":1024,\"caption\":\"Nguy\u1ec5n V\u0103n Kh\u00e1nh\"},\"logo\":{\"@id\":\"https:\/\/omanivietnam.com\/#\/schema\/person\/image\/\"},\"sameAs\":[\"https:\/\/omanivietnam.com\"]}]}<\/script>\n<!-- \/ Yoast SEO plugin. -->","yoast_head_json":{"title":"CAMOZZI 27M2A40A0125-CN02 - OMANI VI\u1ec6T NAM","description":"CAMOZZI 27M2A40A0125 \u2013 40mm Bore, 125mm Stroke, Standard Rear End, Double Acting, Series 27 Roundline Cylinders","robots":{"index":"index","follow":"follow","max-snippet":"max-snippet:-1","max-image-preview":"max-image-preview:large","max-video-preview":"max-video-preview:-1"},"canonical":"https:\/\/omanivietnam.com\/index.php\/san-pham\/camozzi-27m2a40a0125-cn02\/","og_locale":"vi_VN","og_type":"article","og_title":"CAMOZZI 27M2A40A0125-CN02 - OMANI VI\u1ec6T NAM","og_description":"CAMOZZI 27M2A40A0125 \u2013 40mm Bore, 125mm Stroke, Standard Rear End, Double Acting, Series 27 Roundline Cylinders","og_url":"https:\/\/omanivietnam.com\/index.php\/san-pham\/camozzi-27m2a40a0125-cn02\/","og_site_name":"OMANI VI\u1ec6T NAM","article_modified_time":"2024-08-29T02:14:29+00:00","og_image":[{"width":665,"height":581,"url":"https:\/\/omanivietnam.com\/wp-content\/uploads\/2024\/06\/27M2A40A0125-CN02.png","type":"image\/png"}],"twitter_card":"summary_large_image","twitter_misc":{"\u01af\u1edbc t\u00ednh th\u1eddi gian \u0111\u1ecdc":"2 ph\u00fat"},"schema":{"@context":"https:\/\/schema.org","@graph":[{"@type":"WebPage","@id":"https:\/\/omanivietnam.com\/index.php\/san-pham\/camozzi-27m2a40a0125-cn02\/","url":"https:\/\/omanivietnam.com\/index.php\/san-pham\/camozzi-27m2a40a0125-cn02\/","name":"CAMOZZI 27M2A40A0125-CN02 - OMANI VI\u1ec6T NAM","isPartOf":{"@id":"https:\/\/omanivietnam.com\/#website"},"primaryImageOfPage":{"@id":"https:\/\/omanivietnam.com\/index.php\/san-pham\/camozzi-27m2a40a0125-cn02\/#primaryimage"},"image":{"@id":"https:\/\/omanivietnam.com\/index.php\/san-pham\/camozzi-27m2a40a0125-cn02\/#primaryimage"},"thumbnailUrl":"https:\/\/omanivietnam.com\/wp-content\/uploads\/2024\/06\/27M2A40A0125-CN02.png","datePublished":"2024-06-27T22:06:59+00:00","dateModified":"2024-08-29T02:14:29+00:00","description":"CAMOZZI 27M2A40A0125 \u2013 40mm Bore, 125mm Stroke, Standard Rear End, Double Acting, Series 27 Roundline Cylinders","breadcrumb":{"@id":"https:\/\/omanivietnam.com\/index.php\/san-pham\/camozzi-27m2a40a0125-cn02\/#breadcrumb"},"inLanguage":"vi","potentialAction":[{"@type":"ReadAction","target":["https:\/\/omanivietnam.com\/index.php\/san-pham\/camozzi-27m2a40a0125-cn02\/"]}]},{"@type":"ImageObject","inLanguage":"vi","@id":"https:\/\/omanivietnam.com\/index.php\/san-pham\/camozzi-27m2a40a0125-cn02\/#primaryimage","url":"https:\/\/omanivietnam.com\/wp-content\/uploads\/2024\/06\/27M2A40A0125-CN02.png","contentUrl":"https:\/\/omanivietnam.com\/wp-content\/uploads\/2024\/06\/27M2A40A0125-CN02.png","width":665,"height":581},{"@type":"BreadcrumbList","@id":"https:\/\/omanivietnam.com\/index.php\/san-pham\/camozzi-27m2a40a0125-cn02\/#breadcrumb","itemListElement":[{"@type":"ListItem","position":1,"name":"Home","item":"https:\/\/omanivietnam.com\/"},{"@type":"ListItem","position":2,"name":"S\u1ea2N PH\u1ea8M","item":"https:\/\/omanivietnam.com\/index.php\/cua-hang\/"},{"@type":"ListItem","position":3,"name":"CAMOZZI 27M2A40A0125-CN02"}]},{"@type":"WebSite","@id":"https:\/\/omanivietnam.com\/#website","url":"https:\/\/omanivietnam.com\/","name":"OMANI VI\u1ec6T NAM","description":"Nh\u00e0 ph\u00e2n ph\u1ed1i thi\u1ebft b\u1ecb kh\u00ed n\u00e9n v\u00e0 thi\u1ebft b\u1ecb t\u1ef1 \u0111\u1ed9ng h\u00f3a trong c\u00f4ng nghi\u1ec7p","publisher":{"@id":"https:\/\/omanivietnam.com\/#\/schema\/person\/0ad398a980dc3fd696111c2c5c8fa897"},"potentialAction":[{"@type":"SearchAction","target":{"@type":"EntryPoint","urlTemplate":"https:\/\/omanivietnam.com\/?s={search_term_string}"},"query-input":"required name=search_term_string"}],"inLanguage":"vi"},{"@type":["Person","Organization"],"@id":"https:\/\/omanivietnam.com\/#\/schema\/person\/0ad398a980dc3fd696111c2c5c8fa897","name":"Nguy\u1ec5n V\u0103n Kh\u00e1nh","image":{"@type":"ImageObject","inLanguage":"vi","@id":"https:\/\/omanivietnam.com\/#\/schema\/person\/image\/","url":"https:\/\/omanivietnam.com\/wp-content\/uploads\/2024\/06\/logo-1024x1024.png","contentUrl":"https:\/\/omanivietnam.com\/wp-content\/uploads\/2024\/06\/logo-1024x1024.png","width":1024,"height":1024,"caption":"Nguy\u1ec5n V\u0103n Kh\u00e1nh"},"logo":{"@id":"https:\/\/omanivietnam.com\/#\/schema\/person\/image\/"},"sameAs":["https:\/\/omanivietnam.com"]}]}},"_links":{"self":[{"href":"https:\/\/omanivietnam.com\/index.php\/wp-json\/wp\/v2\/product\/895","targetHints":{"allow":["GET"]}}],"collection":[{"href":"https:\/\/omanivietnam.com\/index.php\/wp-json\/wp\/v2\/product"}],"about":[{"href":"https:\/\/omanivietnam.com\/index.php\/wp-json\/wp\/v2\/types\/product"}],"replies":[{"embeddable":true,"href":"https:\/\/omanivietnam.com\/index.php\/wp-json\/wp\/v2\/comments?post=895"}],"wp:featuredmedia":[{"embeddable":true,"href":"https:\/\/omanivietnam.com\/index.php\/wp-json\/wp\/v2\/media\/896"}],"wp:attachment":[{"href":"https:\/\/omanivietnam.com\/index.php\/wp-json\/wp\/v2\/media?parent=895"}],"wp:term":[{"taxonomy":"product_cat","embeddable":true,"href":"https:\/\/omanivietnam.com\/index.php\/wp-json\/wp\/v2\/product_cat?post=895"},{"taxonomy":"product_tag","embeddable":true,"href":"https:\/\/omanivietnam.com\/index.php\/wp-json\/wp\/v2\/product_tag?post=895"}],"curies":[{"name":"wp","href":"https:\/\/api.w.org\/{rel}","templated":true}]}}