{"id":995,"date":"2024-07-04T05:03:53","date_gmt":"2024-07-03T22:03:53","guid":{"rendered":"https:\/\/omanivietnam.com\/?post_type=product&#038;p=995"},"modified":"2025-04-22T21:12:04","modified_gmt":"2025-04-22T14:12:04","slug":"leuze-prk46c-1-p-m12","status":"publish","type":"product","link":"https:\/\/omanivietnam.com\/index.php\/san-pham\/leuze-prk46c-1-p-m12\/","title":{"rendered":"LEUZE PRK46C.1\/P-M12"},"content":{"rendered":"<p>LEUZE PRK46C.1\/P-M12<\/p>\n<p class=\"title-product item_name\">C\u1ea3m bi\u1ebfn quang \u0111i\u1ec7n Leuze PRK46C\/4P-M12 50127012<\/p>\n<p>1. C\u1ea3m bi\u1ebfn quang \u0111i\u1ec7n\u00a0PRK46C\/4P-M12 50127012:<\/p>\n<div>\n<div>Lo\u1ea1t 46C<\/div>\n<div>Nguy\u00ean t\u1eafc ho\u1ea1t \u0111\u1ed9ng Nguy\u00ean t\u1eafc ph\u1ea3n x\u1ea1<\/div>\n<div>Ph\u1ea1m vi ho\u1ea1t \u0111\u1ed9ng 0,1 \u2026 24 m, V\u1edbi ph\u1ea3n x\u1ea1 TK (S) 100\u00d7100<\/div>\n<div>Gi\u1edbi h\u1ea1n ph\u1ea1m vi ho\u1ea1t \u0111\u1ed9ng 0,1 \u2026 30 m, V\u1edbi ph\u1ea3n x\u1ea1 TK (S) 100\u00d7100<\/div>\n<div>Ngu\u1ed3n s\u00e1ng LED, \u0111\u1ecf<\/div>\n<div>M\u1ea1ch b\u1ea3o v\u1ec7 B\u1ea3o v\u1ec7 \u0111\u1ea3o c\u1ef1c b\u1ea3o v\u1ec7 B\u1ea3o v\u1ec7<\/div>\n<div>ng\u1eafn m\u1ea1ch B\u1ea3o v\u1ec7<\/div>\n<div>qu\u00e1 \u0111\u1ed9<\/div>\n<div>Cung c\u1ea5p \u0111i\u1ec7n \u00e1p U B 10 \u2026 30 V, DC, Incl. g\u1ee3n s\u00f3ng d\u01b0<\/div>\n<div>G\u1ee3n d\u01b0 0 \u2026 15%, t\u1eeb U B<\/div>\n<div>D\u00f2ng \u0111i\u1ec7n h\u1edf m\u1ea1ch 0 \u2026 20 mA<\/div>\n<div>S\u1ed1 l\u01b0\u1ee3ng \u0111\u1ea7u ra chuy\u1ec3n m\u1ea1ch k\u1ef9 thu\u1eadt s\u1ed1 2 mi\u1ebfng)<\/div>\n<\/div>\n<p>2. C\u00e1c m\u00e3 h\u00e0ng t\u01b0\u01a1ng \u0111\u01b0\u01a1ng C\u1ea3m bi\u1ebfn quang \u0111i\u1ec7n\u00a0PRK46C\/4P-M12 50127012:<\/p>\n<div>\n<div>PRK46C.1\/4P-M12<\/div>\n<div>PRK46C.D\/2N-M12<\/div>\n<div>PRK46C.D\/48-M12<\/div>\n<div>PRK46C.D\/4P<\/div>\n<div>PRK46C.D\/4P-200-M12<\/div>\n<div>PRK46C.D\/4P-M12<\/div>\n<div>PRK46C.D\/4W-M12<\/div>\n<div>PRK46C.D\/4X-M12<\/div>\n<div>PRK46C.D\/PX-200-M12<\/div>\n<div>PRK46C.D\/PX-M12<\/div>\n<div>PRK46C.D1\/4P-M12<\/div>\n<div>PRK46C.D1\/PX-M12<\/div>\n<div>PRK46C\/2N<\/div>\n<div>PRK46C\/2N-M12<\/div>\n<div>PRK46C\/48-M12<\/div>\n<div>PRK46C\/4P<\/div>\n<div>PRK46C\/4P-200-M12<\/div>\n<div>PRK46C\/4P-M12 50127012<\/div>\n<div>PRK46C\/4P-M12+BTU46.25<\/div>\n<div>PRK46C\/4W-M12<\/div>\n<div>PRK46C\/PX-200-M12<\/div>\n<div>PRK46C.D1\/PX-M12 (50127028)<\/div>\n<div>RK3CL1.A3\/6T-M8 (50143653)<\/div>\n<div>TKS 50X50.1 (50105153)<\/div>\n<div>TKS 40X60 (50040820)<\/div>\n<\/div>\n<div><\/div>\n<div><\/div>\n<div>\n<p>\u0110\u1ea1i l\u00fd LEUZE vietnam, LEUZE viet nam, LEUZE vietnam distributor, Ph\u00e2n ph\u1ed1i LEUZE t\u1ea1i vi\u1ec7t nam<\/p>\n<p>\u0110\u1ea1i l\u00fd LEUZE vietnam, LEUZE viet nam, LEUZE vietnam distributor, Ph\u00e2n ph\u1ed1i LEUZE t\u1ea1i vi\u1ec7t nam<\/p>\n<p>\u0110\u1ea1i l\u00fd LEUZE vietnam, LEUZE viet nam, LEUZE vietnam distributor, Ph\u00e2n ph\u1ed1i LEUZE t\u1ea1i vi\u1ec7t nam<\/p>\n<p>\u0110\u1ea1i l\u00fd LEUZE vietnam, LEUZE viet nam, LEUZE vietnam distributor, Ph\u00e2n ph\u1ed1i LEUZE t\u1ea1i vi\u1ec7t nam<\/p>\n<p>\u0110\u1ea1i l\u00fd LEUZE vietnam, LEUZE viet nam, LEUZE vietnam distributor, Ph\u00e2n ph\u1ed1i LEUZE t\u1ea1i vi\u1ec7t nam<\/p>\n<\/div>\n<div class=\"card\">\n<div id=\"rdXdnLcHBECollapse\" class=\"collapse show\" aria-labelledby=\"rdXdnLcHBEHeading\">\n<div class=\"card-body\">\n<div class=\"table-responsive\"><\/div>\n<\/div>\n<\/div>\n<\/div>\n<div class=\"card\">\n<div id=\"MniFqPDFASHeading\" class=\"card-header px-md-0\">\n<div class=\"mb-0 is-level-0\"><\/div>\n<\/div>\n<\/div>\n<div class=\"card\">\n<div id=\"tpwaTreLDeHeading\" class=\"card-header px-md-0\">\n<div class=\"mb-0 is-level-0\"><\/div>\n<\/div>\n<\/div>\n<div class=\"card\">\n<div id=\"KCtrLOhiRAHeading\" class=\"card-header px-md-0\">\n<div class=\"mb-0 is-level-0\"><\/div>\n<\/div>\n<\/div>\n<div class=\"card\">\n<div id=\"CMLZkuULqaHeading\" class=\"card-header px-md-0\">\n<div class=\"mb-0 is-level-0\"><\/div>\n<\/div>\n<div id=\"CMLZkuULqaCollapse\" class=\"show\" aria-labelledby=\"CMLZkuULqaHeading\">\n<div class=\"card-body\">\n<div class=\"table-responsive\"><\/div>\n<\/div>\n<\/div>\n<\/div>\n<div class=\"card\">\n<div id=\"IeHWgEFannHeading\" class=\"card-header px-md-0\">\n<div class=\"mb-0 is-level-0\"><\/div>\n<\/div>\n<div id=\"IeHWgEFannCollapse\" class=\"show\" aria-labelledby=\"IeHWgEFannHeading\">\n<div class=\"card-body\">\n<div class=\"table-responsive\"><\/div>\n<\/div>\n<\/div>\n<\/div>\n","protected":false},"excerpt":{"rendered":"<p>LEUZE PRK46C.1\/P-M12 C\u1ea3m bi\u1ebfn quang \u0111i\u1ec7n Leuze PRK46C\/4P-M12 50127012 1. C\u1ea3m bi\u1ebfn quang \u0111i\u1ec7n\u00a0PRK46C\/4P-M12 50127012: Lo\u1ea1t 46C Nguy\u00ean t\u1eafc ho\u1ea1t \u0111\u1ed9ng Nguy\u00ean t\u1eafc ph\u1ea3n x\u1ea1 Ph\u1ea1m vi ho\u1ea1t \u0111\u1ed9ng 0,1 \u2026 24 m, V\u1edbi ph\u1ea3n x\u1ea1 TK (S) 100\u00d7100 Gi\u1edbi h\u1ea1n ph\u1ea1m vi ho\u1ea1t \u0111\u1ed9ng 0,1 \u2026 30 m, V\u1edbi&hellip; <\/p>\n","protected":false},"featured_media":996,"comment_status":"open","ping_status":"closed","template":"","meta":[],"product_cat":[345],"product_tag":[88,269,268],"class_list":{"0":"post-995","1":"product","2":"type-product","3":"status-publish","4":"has-post-thumbnail","6":"product_cat-leuze","7":"product_tag-cam-bien","8":"product_tag-dai-ly-leuze-viet-nam","9":"product_tag-leuze-viet-nam","11":"first","12":"instock","13":"shipping-taxable","14":"product-type-simple"},"yoast_head":"<!-- This site is optimized with the Yoast SEO plugin v22.8 - https:\/\/yoast.com\/wordpress\/plugins\/seo\/ -->\n<title>LEUZE PRK46C.1\/P-M12 - OMANI VI\u1ec6T NAM<\/title>\n<meta name=\"description\" content=\"LEUZE PRK46C.1\/P-M12 photoelectric sensor\" \/>\n<meta name=\"robots\" content=\"index, follow, max-snippet:-1, max-image-preview:large, max-video-preview:-1\" \/>\n<link rel=\"canonical\" href=\"https:\/\/omanivietnam.com\/index.php\/san-pham\/leuze-prk46c-1-p-m12\/\" \/>\n<meta property=\"og:locale\" content=\"vi_VN\" \/>\n<meta property=\"og:type\" content=\"article\" \/>\n<meta property=\"og:title\" content=\"LEUZE PRK46C.1\/P-M12 - OMANI VI\u1ec6T NAM\" \/>\n<meta property=\"og:description\" content=\"LEUZE PRK46C.1\/P-M12 photoelectric sensor\" \/>\n<meta property=\"og:url\" content=\"https:\/\/omanivietnam.com\/index.php\/san-pham\/leuze-prk46c-1-p-m12\/\" \/>\n<meta property=\"og:site_name\" content=\"OMANI VI\u1ec6T NAM\" \/>\n<meta property=\"article:modified_time\" content=\"2025-04-22T14:12:04+00:00\" \/>\n<meta property=\"og:image\" content=\"https:\/\/omanivietnam.com\/wp-content\/uploads\/2024\/07\/PRK46C.1P-M12.png\" \/>\n\t<meta property=\"og:image:width\" content=\"616\" \/>\n\t<meta property=\"og:image:height\" content=\"463\" \/>\n\t<meta property=\"og:image:type\" content=\"image\/png\" \/>\n<meta name=\"twitter:card\" content=\"summary_large_image\" \/>\n<meta name=\"twitter:label1\" content=\"\u01af\u1edbc t\u00ednh th\u1eddi gian \u0111\u1ecdc\" \/>\n\t<meta name=\"twitter:data1\" content=\"2 ph\u00fat\" \/>\n<script type=\"application\/ld+json\" class=\"yoast-schema-graph\">{\"@context\":\"https:\/\/schema.org\",\"@graph\":[{\"@type\":\"WebPage\",\"@id\":\"https:\/\/omanivietnam.com\/index.php\/san-pham\/leuze-prk46c-1-p-m12\/\",\"url\":\"https:\/\/omanivietnam.com\/index.php\/san-pham\/leuze-prk46c-1-p-m12\/\",\"name\":\"LEUZE PRK46C.1\/P-M12 - OMANI VI\u1ec6T NAM\",\"isPartOf\":{\"@id\":\"https:\/\/omanivietnam.com\/#website\"},\"primaryImageOfPage\":{\"@id\":\"https:\/\/omanivietnam.com\/index.php\/san-pham\/leuze-prk46c-1-p-m12\/#primaryimage\"},\"image\":{\"@id\":\"https:\/\/omanivietnam.com\/index.php\/san-pham\/leuze-prk46c-1-p-m12\/#primaryimage\"},\"thumbnailUrl\":\"https:\/\/omanivietnam.com\/wp-content\/uploads\/2024\/07\/PRK46C.1P-M12.png\",\"datePublished\":\"2024-07-03T22:03:53+00:00\",\"dateModified\":\"2025-04-22T14:12:04+00:00\",\"description\":\"LEUZE PRK46C.1\/P-M12 photoelectric sensor\",\"breadcrumb\":{\"@id\":\"https:\/\/omanivietnam.com\/index.php\/san-pham\/leuze-prk46c-1-p-m12\/#breadcrumb\"},\"inLanguage\":\"vi\",\"potentialAction\":[{\"@type\":\"ReadAction\",\"target\":[\"https:\/\/omanivietnam.com\/index.php\/san-pham\/leuze-prk46c-1-p-m12\/\"]}]},{\"@type\":\"ImageObject\",\"inLanguage\":\"vi\",\"@id\":\"https:\/\/omanivietnam.com\/index.php\/san-pham\/leuze-prk46c-1-p-m12\/#primaryimage\",\"url\":\"https:\/\/omanivietnam.com\/wp-content\/uploads\/2024\/07\/PRK46C.1P-M12.png\",\"contentUrl\":\"https:\/\/omanivietnam.com\/wp-content\/uploads\/2024\/07\/PRK46C.1P-M12.png\",\"width\":616,\"height\":463},{\"@type\":\"BreadcrumbList\",\"@id\":\"https:\/\/omanivietnam.com\/index.php\/san-pham\/leuze-prk46c-1-p-m12\/#breadcrumb\",\"itemListElement\":[{\"@type\":\"ListItem\",\"position\":1,\"name\":\"Home\",\"item\":\"https:\/\/omanivietnam.com\/\"},{\"@type\":\"ListItem\",\"position\":2,\"name\":\"S\u1ea2N PH\u1ea8M\",\"item\":\"https:\/\/omanivietnam.com\/index.php\/cua-hang\/\"},{\"@type\":\"ListItem\",\"position\":3,\"name\":\"LEUZE PRK46C.1\/P-M12\"}]},{\"@type\":\"WebSite\",\"@id\":\"https:\/\/omanivietnam.com\/#website\",\"url\":\"https:\/\/omanivietnam.com\/\",\"name\":\"OMANI VI\u1ec6T NAM\",\"description\":\"Nh\u00e0 ph\u00e2n ph\u1ed1i thi\u1ebft b\u1ecb kh\u00ed n\u00e9n v\u00e0 thi\u1ebft b\u1ecb t\u1ef1 \u0111\u1ed9ng h\u00f3a trong c\u00f4ng nghi\u1ec7p\",\"publisher\":{\"@id\":\"https:\/\/omanivietnam.com\/#\/schema\/person\/0ad398a980dc3fd696111c2c5c8fa897\"},\"potentialAction\":[{\"@type\":\"SearchAction\",\"target\":{\"@type\":\"EntryPoint\",\"urlTemplate\":\"https:\/\/omanivietnam.com\/?s={search_term_string}\"},\"query-input\":\"required name=search_term_string\"}],\"inLanguage\":\"vi\"},{\"@type\":[\"Person\",\"Organization\"],\"@id\":\"https:\/\/omanivietnam.com\/#\/schema\/person\/0ad398a980dc3fd696111c2c5c8fa897\",\"name\":\"Nguy\u1ec5n V\u0103n Kh\u00e1nh\",\"image\":{\"@type\":\"ImageObject\",\"inLanguage\":\"vi\",\"@id\":\"https:\/\/omanivietnam.com\/#\/schema\/person\/image\/\",\"url\":\"https:\/\/omanivietnam.com\/wp-content\/uploads\/2024\/06\/logo-1024x1024.png\",\"contentUrl\":\"https:\/\/omanivietnam.com\/wp-content\/uploads\/2024\/06\/logo-1024x1024.png\",\"width\":1024,\"height\":1024,\"caption\":\"Nguy\u1ec5n V\u0103n Kh\u00e1nh\"},\"logo\":{\"@id\":\"https:\/\/omanivietnam.com\/#\/schema\/person\/image\/\"},\"sameAs\":[\"https:\/\/omanivietnam.com\"]}]}<\/script>\n<!-- \/ Yoast SEO plugin. -->","yoast_head_json":{"title":"LEUZE PRK46C.1\/P-M12 - OMANI VI\u1ec6T NAM","description":"LEUZE PRK46C.1\/P-M12 photoelectric sensor","robots":{"index":"index","follow":"follow","max-snippet":"max-snippet:-1","max-image-preview":"max-image-preview:large","max-video-preview":"max-video-preview:-1"},"canonical":"https:\/\/omanivietnam.com\/index.php\/san-pham\/leuze-prk46c-1-p-m12\/","og_locale":"vi_VN","og_type":"article","og_title":"LEUZE PRK46C.1\/P-M12 - OMANI VI\u1ec6T NAM","og_description":"LEUZE PRK46C.1\/P-M12 photoelectric sensor","og_url":"https:\/\/omanivietnam.com\/index.php\/san-pham\/leuze-prk46c-1-p-m12\/","og_site_name":"OMANI VI\u1ec6T NAM","article_modified_time":"2025-04-22T14:12:04+00:00","og_image":[{"width":616,"height":463,"url":"https:\/\/omanivietnam.com\/wp-content\/uploads\/2024\/07\/PRK46C.1P-M12.png","type":"image\/png"}],"twitter_card":"summary_large_image","twitter_misc":{"\u01af\u1edbc t\u00ednh th\u1eddi gian \u0111\u1ecdc":"2 ph\u00fat"},"schema":{"@context":"https:\/\/schema.org","@graph":[{"@type":"WebPage","@id":"https:\/\/omanivietnam.com\/index.php\/san-pham\/leuze-prk46c-1-p-m12\/","url":"https:\/\/omanivietnam.com\/index.php\/san-pham\/leuze-prk46c-1-p-m12\/","name":"LEUZE PRK46C.1\/P-M12 - OMANI VI\u1ec6T NAM","isPartOf":{"@id":"https:\/\/omanivietnam.com\/#website"},"primaryImageOfPage":{"@id":"https:\/\/omanivietnam.com\/index.php\/san-pham\/leuze-prk46c-1-p-m12\/#primaryimage"},"image":{"@id":"https:\/\/omanivietnam.com\/index.php\/san-pham\/leuze-prk46c-1-p-m12\/#primaryimage"},"thumbnailUrl":"https:\/\/omanivietnam.com\/wp-content\/uploads\/2024\/07\/PRK46C.1P-M12.png","datePublished":"2024-07-03T22:03:53+00:00","dateModified":"2025-04-22T14:12:04+00:00","description":"LEUZE PRK46C.1\/P-M12 photoelectric sensor","breadcrumb":{"@id":"https:\/\/omanivietnam.com\/index.php\/san-pham\/leuze-prk46c-1-p-m12\/#breadcrumb"},"inLanguage":"vi","potentialAction":[{"@type":"ReadAction","target":["https:\/\/omanivietnam.com\/index.php\/san-pham\/leuze-prk46c-1-p-m12\/"]}]},{"@type":"ImageObject","inLanguage":"vi","@id":"https:\/\/omanivietnam.com\/index.php\/san-pham\/leuze-prk46c-1-p-m12\/#primaryimage","url":"https:\/\/omanivietnam.com\/wp-content\/uploads\/2024\/07\/PRK46C.1P-M12.png","contentUrl":"https:\/\/omanivietnam.com\/wp-content\/uploads\/2024\/07\/PRK46C.1P-M12.png","width":616,"height":463},{"@type":"BreadcrumbList","@id":"https:\/\/omanivietnam.com\/index.php\/san-pham\/leuze-prk46c-1-p-m12\/#breadcrumb","itemListElement":[{"@type":"ListItem","position":1,"name":"Home","item":"https:\/\/omanivietnam.com\/"},{"@type":"ListItem","position":2,"name":"S\u1ea2N PH\u1ea8M","item":"https:\/\/omanivietnam.com\/index.php\/cua-hang\/"},{"@type":"ListItem","position":3,"name":"LEUZE PRK46C.1\/P-M12"}]},{"@type":"WebSite","@id":"https:\/\/omanivietnam.com\/#website","url":"https:\/\/omanivietnam.com\/","name":"OMANI VI\u1ec6T NAM","description":"Nh\u00e0 ph\u00e2n ph\u1ed1i thi\u1ebft b\u1ecb kh\u00ed n\u00e9n v\u00e0 thi\u1ebft b\u1ecb t\u1ef1 \u0111\u1ed9ng h\u00f3a trong c\u00f4ng nghi\u1ec7p","publisher":{"@id":"https:\/\/omanivietnam.com\/#\/schema\/person\/0ad398a980dc3fd696111c2c5c8fa897"},"potentialAction":[{"@type":"SearchAction","target":{"@type":"EntryPoint","urlTemplate":"https:\/\/omanivietnam.com\/?s={search_term_string}"},"query-input":"required name=search_term_string"}],"inLanguage":"vi"},{"@type":["Person","Organization"],"@id":"https:\/\/omanivietnam.com\/#\/schema\/person\/0ad398a980dc3fd696111c2c5c8fa897","name":"Nguy\u1ec5n V\u0103n Kh\u00e1nh","image":{"@type":"ImageObject","inLanguage":"vi","@id":"https:\/\/omanivietnam.com\/#\/schema\/person\/image\/","url":"https:\/\/omanivietnam.com\/wp-content\/uploads\/2024\/06\/logo-1024x1024.png","contentUrl":"https:\/\/omanivietnam.com\/wp-content\/uploads\/2024\/06\/logo-1024x1024.png","width":1024,"height":1024,"caption":"Nguy\u1ec5n V\u0103n Kh\u00e1nh"},"logo":{"@id":"https:\/\/omanivietnam.com\/#\/schema\/person\/image\/"},"sameAs":["https:\/\/omanivietnam.com"]}]}},"_links":{"self":[{"href":"https:\/\/omanivietnam.com\/index.php\/wp-json\/wp\/v2\/product\/995","targetHints":{"allow":["GET"]}}],"collection":[{"href":"https:\/\/omanivietnam.com\/index.php\/wp-json\/wp\/v2\/product"}],"about":[{"href":"https:\/\/omanivietnam.com\/index.php\/wp-json\/wp\/v2\/types\/product"}],"replies":[{"embeddable":true,"href":"https:\/\/omanivietnam.com\/index.php\/wp-json\/wp\/v2\/comments?post=995"}],"wp:featuredmedia":[{"embeddable":true,"href":"https:\/\/omanivietnam.com\/index.php\/wp-json\/wp\/v2\/media\/996"}],"wp:attachment":[{"href":"https:\/\/omanivietnam.com\/index.php\/wp-json\/wp\/v2\/media?parent=995"}],"wp:term":[{"taxonomy":"product_cat","embeddable":true,"href":"https:\/\/omanivietnam.com\/index.php\/wp-json\/wp\/v2\/product_cat?post=995"},{"taxonomy":"product_tag","embeddable":true,"href":"https:\/\/omanivietnam.com\/index.php\/wp-json\/wp\/v2\/product_tag?post=995"}],"curies":[{"name":"wp","href":"https:\/\/api.w.org\/{rel}","templated":true}]}}