{"id":997,"date":"2024-07-04T05:19:54","date_gmt":"2024-07-03T22:19:54","guid":{"rendered":"https:\/\/omanivietnam.com\/?post_type=product&#038;p=997"},"modified":"2025-09-03T21:37:25","modified_gmt":"2025-09-03T14:37:25","slug":"jscc-90gf3-6h","status":"publish","type":"product","link":"https:\/\/omanivietnam.com\/index.php\/san-pham\/jscc-90gf3-6h\/","title":{"rendered":"JSCC 90GF3.6H"},"content":{"rendered":"<p>JSCC 90GF3.6H<\/p>\n<div class=\"title--wrap--NWOaiSp description--title--NMh4UiD\">\n<div class=\"title--text--Otu0bLr\">\n<p class=\"title--title--O6xcB1q\" data-spm-anchor-id=\"a2g0o.detail.0.i1.307aFxM0FxM0ku\">Description<\/p>\n<\/div>\n<\/div>\n<div>\n<div class=\"extend--content--VuIQZia\">\n<div id=\"product-description\" class=\"description--product-description--Mjtql28\" data-spm=\"1000023\" data-pl=\"product-description\">\n<div class=\"description--origin-part--rWy05pE\">\n<p align=\"center\"><span data-spm-anchor-id=\"a2g0o.detail.1000023.i0.307aFxM0FxM0ku\">New JSCC Variable Speed Gearbox 90GF3H 90GF3.6H 90GF5H 90GF6H 90GF7.5H 90GF10H 90GF12.5H 90GF15H 90GF18H 90GF20H 90GF25H 90GF30H<\/span><\/p>\n<div class=\"title--wrap--NWOaiSp\">\n<div class=\"title--text--Otu0bLr\">\n<p class=\"title--title--O6xcB1q\" data-spm-anchor-id=\"a2g0o.detail.0.i8.307aFxM0FxM0ku\">Specifications<\/p>\n<\/div>\n<\/div>\n<ul class=\"specification--list--GZuXzRX\">\n<li class=\"specification--line--IXeRJI7\">\n<div class=\"specification--prop--Jh28bKu\">\n<div class=\"specification--title--SfH3sA8\">Output Speed<\/div>\n<div class=\"specification--desc--Dxx6W0W\" title=\"0.1-1450r \/min\">0.1-1450r \/min<\/div>\n<\/div>\n<div class=\"specification--prop--Jh28bKu\">\n<div class=\"specification--title--SfH3sA8\">Input Speed<\/div>\n<div class=\"specification--desc--Dxx6W0W\" title=\"0\">0<\/div>\n<\/div>\n<\/li>\n<li class=\"specification--line--IXeRJI7\">\n<div class=\"specification--prop--Jh28bKu\">\n<div class=\"specification--title--SfH3sA8\">Rated Power<\/div>\n<div class=\"specification--desc--Dxx6W0W\" title=\"6W-1500W\">6W-1500W<\/div>\n<\/div>\n<div class=\"specification--prop--Jh28bKu\">\n<div class=\"specification--title--SfH3sA8\">Output Torque<\/div>\n<div class=\"specification--desc--Dxx6W0W\" title=\"0.1-1200N. M\">0.1-1200N. M<\/div>\n<\/div>\n<\/li>\n<li class=\"specification--line--IXeRJI7\">\n<div class=\"specification--prop--Jh28bKu\">\n<div class=\"specification--title--SfH3sA8\">Model Number<\/div>\n<div class=\"specification--desc--Dxx6W0W\" title=\"90GF3H 90GF3.6H 90GF5H 90GF6H 90GF7.5H 90GF10H 90GF12.5H 90GF15H 90GF1\">90GF3H 90GF3.6H 90GF5H 90GF6H 90GF7.5H 90GF10H 90GF12.5H 90GF15H 90GF1<\/div>\n<\/div>\n<div class=\"specification--prop--Jh28bKu\">\n<div class=\"specification--title--SfH3sA8\">Gearing Arrangement<\/div>\n<div class=\"specification--desc--Dxx6W0W\" title=\"Planetary\">Planetary<\/div>\n<\/div>\n<\/li>\n<li class=\"specification--line--IXeRJI7\">\n<div class=\"specification--prop--Jh28bKu\">\n<div class=\"specification--title--SfH3sA8\">Origin<\/div>\n<div class=\"specification--desc--Dxx6W0W\" title=\"Mainland China\">Mainland China<\/div>\n<\/div>\n<div class=\"specification--prop--Jh28bKu\">\n<div class=\"specification--title--SfH3sA8\">Name<\/div>\n<div class=\"specification--desc--Dxx6W0W\" title=\"90GF3H 90GF3.6H 90GF5H 90GF6H 90GF7.5H 90GF10H 90GF12.5H 90GF15H 90GF18H 90GF20H 90GF25H 90GF30H 90GF36H 90GF50H 90GF60H 90GF75H 90GF90H 90GF100H 90GF120H 90GF150H 90GF180H\">90GF3H 90GF3.6H 90GF5H 90GF6H 90GF7.5H 90GF10H 90GF12.5H 90GF15H 90GF18H 90GF20H 90GF25H 90GF30H 90GF36H 90GF50H 90GF60H 90GF75H 90GF90H 90GF100H 90GF120H 90GF150H 90GF180H<\/div>\n<\/div>\n<\/li>\n<li class=\"specification--line--IXeRJI7\">\n<div class=\"specification--prop--Jh28bKu\">\n<div class=\"specification--title--SfH3sA8\">Application<\/div>\n<div class=\"specification--desc--Dxx6W0W\" title=\"Industrial Use\">Industrial Use<\/div>\n<\/div>\n<div class=\"specification--prop--Jh28bKu\">\n<div class=\"specification--title--SfH3sA8\">Type<\/div>\n<div class=\"specification--desc--Dxx6W0W\" title=\"JSCC Speed Reducer Gearbox\">JSCC Speed Reducer Gearbox<\/div>\n<\/div>\n<\/li>\n<li class=\"specification--line--IXeRJI7\">\n<div class=\"specification--prop--Jh28bKu\">\n<div class=\"specification--title--SfH3sA8\">Current type<\/div>\n<div class=\"specification--desc--Dxx6W0W\" title=\"AC\">AC<\/div>\n<\/div>\n<div class=\"specification--prop--Jh28bKu\">\n<div class=\"specification--title--SfH3sA8\">Usage<\/div>\n<div class=\"specification--desc--Dxx6W0W\" title=\"Chieve speed, slow acceleration, slow deceleration, electromagnetic br\"><span data-spm-anchor-id=\"a2g0o.detail.0.i11.307aFxM0FxM0ku\">Chieve speed, slow acceleration, slow deceleration, electromagnetic br<\/span><\/div>\n<\/div>\n<\/li>\n<li class=\"specification--line--IXeRJI7\">\n<div class=\"specification--prop--Jh28bKu\">\n<div class=\"specification--title--SfH3sA8\">Advantage<\/div>\n<div class=\"specification--desc--Dxx6W0W\" title=\"Low noise, Long life, High reliability, Convenient installation\">Low noise, Long life, High reliability, Convenient installation<\/div>\n<\/div>\n<div class=\"specification--prop--Jh28bKu\">\n<div class=\"specification--title--SfH3sA8\">Output torque<\/div>\n<div class=\"specification--desc--Dxx6W0W\" title=\"0.1-1200N.M\">0.1-1200N.M<\/div>\n<\/div>\n<div title=\"0.1-1200N.M\"><\/div>\n<\/li>\n<\/ul>\n<p>\u0110\u1ea1i l\u00fd JSCC vietnam, JSCC viet nam, JSCC vietnam distributor, Ph\u00e2n ph\u1ed1i JSCC t\u1ea1i vi\u1ec7t nam<\/p>\n<p>\u0110\u1ea1i l\u00fd JSCC vietnam, JSCC viet nam, JSCC vietnam distributor, Ph\u00e2n ph\u1ed1i JSCC t\u1ea1i vi\u1ec7t nam<\/p>\n<p>\u0110\u1ea1i l\u00fd JSCC vietnam, JSCC viet nam, JSCC vietnam distributor, Ph\u00e2n ph\u1ed1i JSCC t\u1ea1i vi\u1ec7t nam<\/p>\n<p>\u0110\u1ea1i l\u00fd JSCC vietnam, JSCC viet nam, JSCC vietnam distributor, Ph\u00e2n ph\u1ed1i JSCC t\u1ea1i vi\u1ec7t nam<\/p>\n<p>\u0110\u1ea1i l\u00fd JSCC vietnam, JSCC viet nam, JSCC vietnam distributor, Ph\u00e2n ph\u1ed1i JSCC t\u1ea1i vi\u1ec7t nam<\/p>\n<\/div>\n<\/div>\n<\/div>\n<\/div>\n","protected":false},"excerpt":{"rendered":"<p>JSCC 90GF3.6H Description New JSCC Variable Speed Gearbox 90GF3H 90GF3.6H 90GF5H 90GF6H 90GF7.5H 90GF10H 90GF12.5H 90GF15H 90GF18H 90GF20H 90GF25H 90GF30H Specifications Output Speed 0.1-1450r \/min Input Speed 0 Rated Power 6W-1500W Output Torque 0.1-1200N. M Model Number 90GF3H 90GF3.6H 90GF5H 90GF6H 90GF7.5H 90GF10H 90GF12.5H 90GF15H 90GF1 Gearing Arrangement Planetary Origin&hellip; <\/p>\n","protected":false},"featured_media":998,"comment_status":"open","ping_status":"closed","template":"","meta":[],"product_cat":[833],"product_tag":[271,129,270],"class_list":{"0":"post-997","1":"product","2":"type-product","3":"status-publish","4":"has-post-thumbnail","6":"product_cat-jscc","7":"product_tag-dai-ly-jscc-viet-nam","8":"product_tag-hop-so","9":"product_tag-jscc-viet-nam","11":"first","12":"instock","13":"shipping-taxable","14":"product-type-simple"},"yoast_head":"<!-- This site is optimized with the Yoast SEO plugin v22.8 - https:\/\/yoast.com\/wordpress\/plugins\/seo\/ -->\n<title>JSCC 90GF3.6H - OMANI VI\u1ec6T NAM<\/title>\n<meta name=\"description\" content=\"JSCC 90GF3.6H Variable Speed Gearbox\" \/>\n<meta name=\"robots\" content=\"index, follow, max-snippet:-1, max-image-preview:large, max-video-preview:-1\" \/>\n<link rel=\"canonical\" href=\"https:\/\/omanivietnam.com\/index.php\/san-pham\/jscc-90gf3-6h\/\" \/>\n<meta property=\"og:locale\" content=\"vi_VN\" \/>\n<meta property=\"og:type\" content=\"article\" \/>\n<meta property=\"og:title\" content=\"JSCC 90GF3.6H - OMANI VI\u1ec6T NAM\" \/>\n<meta property=\"og:description\" content=\"JSCC 90GF3.6H Variable Speed Gearbox\" \/>\n<meta property=\"og:url\" content=\"https:\/\/omanivietnam.com\/index.php\/san-pham\/jscc-90gf3-6h\/\" \/>\n<meta property=\"og:site_name\" content=\"OMANI VI\u1ec6T NAM\" \/>\n<meta property=\"article:modified_time\" content=\"2025-09-03T14:37:25+00:00\" \/>\n<meta property=\"og:image\" content=\"https:\/\/omanivietnam.com\/wp-content\/uploads\/2024\/07\/90GF3.6H.png\" \/>\n\t<meta property=\"og:image:width\" content=\"968\" \/>\n\t<meta property=\"og:image:height\" content=\"768\" \/>\n\t<meta property=\"og:image:type\" content=\"image\/png\" \/>\n<meta name=\"twitter:card\" content=\"summary_large_image\" \/>\n<meta name=\"twitter:label1\" content=\"\u01af\u1edbc t\u00ednh th\u1eddi gian \u0111\u1ecdc\" \/>\n\t<meta name=\"twitter:data1\" content=\"2 ph\u00fat\" \/>\n<script type=\"application\/ld+json\" class=\"yoast-schema-graph\">{\"@context\":\"https:\/\/schema.org\",\"@graph\":[{\"@type\":\"WebPage\",\"@id\":\"https:\/\/omanivietnam.com\/index.php\/san-pham\/jscc-90gf3-6h\/\",\"url\":\"https:\/\/omanivietnam.com\/index.php\/san-pham\/jscc-90gf3-6h\/\",\"name\":\"JSCC 90GF3.6H - OMANI VI\u1ec6T NAM\",\"isPartOf\":{\"@id\":\"https:\/\/omanivietnam.com\/#website\"},\"primaryImageOfPage\":{\"@id\":\"https:\/\/omanivietnam.com\/index.php\/san-pham\/jscc-90gf3-6h\/#primaryimage\"},\"image\":{\"@id\":\"https:\/\/omanivietnam.com\/index.php\/san-pham\/jscc-90gf3-6h\/#primaryimage\"},\"thumbnailUrl\":\"https:\/\/omanivietnam.com\/wp-content\/uploads\/2024\/07\/90GF3.6H.png\",\"datePublished\":\"2024-07-03T22:19:54+00:00\",\"dateModified\":\"2025-09-03T14:37:25+00:00\",\"description\":\"JSCC 90GF3.6H Variable Speed Gearbox\",\"breadcrumb\":{\"@id\":\"https:\/\/omanivietnam.com\/index.php\/san-pham\/jscc-90gf3-6h\/#breadcrumb\"},\"inLanguage\":\"vi\",\"potentialAction\":[{\"@type\":\"ReadAction\",\"target\":[\"https:\/\/omanivietnam.com\/index.php\/san-pham\/jscc-90gf3-6h\/\"]}]},{\"@type\":\"ImageObject\",\"inLanguage\":\"vi\",\"@id\":\"https:\/\/omanivietnam.com\/index.php\/san-pham\/jscc-90gf3-6h\/#primaryimage\",\"url\":\"https:\/\/omanivietnam.com\/wp-content\/uploads\/2024\/07\/90GF3.6H.png\",\"contentUrl\":\"https:\/\/omanivietnam.com\/wp-content\/uploads\/2024\/07\/90GF3.6H.png\",\"width\":968,\"height\":768},{\"@type\":\"BreadcrumbList\",\"@id\":\"https:\/\/omanivietnam.com\/index.php\/san-pham\/jscc-90gf3-6h\/#breadcrumb\",\"itemListElement\":[{\"@type\":\"ListItem\",\"position\":1,\"name\":\"Home\",\"item\":\"https:\/\/omanivietnam.com\/\"},{\"@type\":\"ListItem\",\"position\":2,\"name\":\"S\u1ea2N PH\u1ea8M\",\"item\":\"https:\/\/omanivietnam.com\/index.php\/cua-hang\/\"},{\"@type\":\"ListItem\",\"position\":3,\"name\":\"JSCC 90GF3.6H\"}]},{\"@type\":\"WebSite\",\"@id\":\"https:\/\/omanivietnam.com\/#website\",\"url\":\"https:\/\/omanivietnam.com\/\",\"name\":\"OMANI VI\u1ec6T NAM\",\"description\":\"Nh\u00e0 ph\u00e2n ph\u1ed1i thi\u1ebft b\u1ecb kh\u00ed n\u00e9n v\u00e0 thi\u1ebft b\u1ecb t\u1ef1 \u0111\u1ed9ng h\u00f3a trong c\u00f4ng nghi\u1ec7p\",\"publisher\":{\"@id\":\"https:\/\/omanivietnam.com\/#\/schema\/person\/0ad398a980dc3fd696111c2c5c8fa897\"},\"potentialAction\":[{\"@type\":\"SearchAction\",\"target\":{\"@type\":\"EntryPoint\",\"urlTemplate\":\"https:\/\/omanivietnam.com\/?s={search_term_string}\"},\"query-input\":\"required name=search_term_string\"}],\"inLanguage\":\"vi\"},{\"@type\":[\"Person\",\"Organization\"],\"@id\":\"https:\/\/omanivietnam.com\/#\/schema\/person\/0ad398a980dc3fd696111c2c5c8fa897\",\"name\":\"Nguy\u1ec5n V\u0103n Kh\u00e1nh\",\"image\":{\"@type\":\"ImageObject\",\"inLanguage\":\"vi\",\"@id\":\"https:\/\/omanivietnam.com\/#\/schema\/person\/image\/\",\"url\":\"https:\/\/omanivietnam.com\/wp-content\/uploads\/2024\/06\/logo-1024x1024.png\",\"contentUrl\":\"https:\/\/omanivietnam.com\/wp-content\/uploads\/2024\/06\/logo-1024x1024.png\",\"width\":1024,\"height\":1024,\"caption\":\"Nguy\u1ec5n V\u0103n Kh\u00e1nh\"},\"logo\":{\"@id\":\"https:\/\/omanivietnam.com\/#\/schema\/person\/image\/\"},\"sameAs\":[\"https:\/\/omanivietnam.com\"]}]}<\/script>\n<!-- \/ Yoast SEO plugin. -->","yoast_head_json":{"title":"JSCC 90GF3.6H - OMANI VI\u1ec6T NAM","description":"JSCC 90GF3.6H Variable Speed Gearbox","robots":{"index":"index","follow":"follow","max-snippet":"max-snippet:-1","max-image-preview":"max-image-preview:large","max-video-preview":"max-video-preview:-1"},"canonical":"https:\/\/omanivietnam.com\/index.php\/san-pham\/jscc-90gf3-6h\/","og_locale":"vi_VN","og_type":"article","og_title":"JSCC 90GF3.6H - OMANI VI\u1ec6T NAM","og_description":"JSCC 90GF3.6H Variable Speed Gearbox","og_url":"https:\/\/omanivietnam.com\/index.php\/san-pham\/jscc-90gf3-6h\/","og_site_name":"OMANI VI\u1ec6T NAM","article_modified_time":"2025-09-03T14:37:25+00:00","og_image":[{"width":968,"height":768,"url":"https:\/\/omanivietnam.com\/wp-content\/uploads\/2024\/07\/90GF3.6H.png","type":"image\/png"}],"twitter_card":"summary_large_image","twitter_misc":{"\u01af\u1edbc t\u00ednh th\u1eddi gian \u0111\u1ecdc":"2 ph\u00fat"},"schema":{"@context":"https:\/\/schema.org","@graph":[{"@type":"WebPage","@id":"https:\/\/omanivietnam.com\/index.php\/san-pham\/jscc-90gf3-6h\/","url":"https:\/\/omanivietnam.com\/index.php\/san-pham\/jscc-90gf3-6h\/","name":"JSCC 90GF3.6H - OMANI VI\u1ec6T NAM","isPartOf":{"@id":"https:\/\/omanivietnam.com\/#website"},"primaryImageOfPage":{"@id":"https:\/\/omanivietnam.com\/index.php\/san-pham\/jscc-90gf3-6h\/#primaryimage"},"image":{"@id":"https:\/\/omanivietnam.com\/index.php\/san-pham\/jscc-90gf3-6h\/#primaryimage"},"thumbnailUrl":"https:\/\/omanivietnam.com\/wp-content\/uploads\/2024\/07\/90GF3.6H.png","datePublished":"2024-07-03T22:19:54+00:00","dateModified":"2025-09-03T14:37:25+00:00","description":"JSCC 90GF3.6H Variable Speed Gearbox","breadcrumb":{"@id":"https:\/\/omanivietnam.com\/index.php\/san-pham\/jscc-90gf3-6h\/#breadcrumb"},"inLanguage":"vi","potentialAction":[{"@type":"ReadAction","target":["https:\/\/omanivietnam.com\/index.php\/san-pham\/jscc-90gf3-6h\/"]}]},{"@type":"ImageObject","inLanguage":"vi","@id":"https:\/\/omanivietnam.com\/index.php\/san-pham\/jscc-90gf3-6h\/#primaryimage","url":"https:\/\/omanivietnam.com\/wp-content\/uploads\/2024\/07\/90GF3.6H.png","contentUrl":"https:\/\/omanivietnam.com\/wp-content\/uploads\/2024\/07\/90GF3.6H.png","width":968,"height":768},{"@type":"BreadcrumbList","@id":"https:\/\/omanivietnam.com\/index.php\/san-pham\/jscc-90gf3-6h\/#breadcrumb","itemListElement":[{"@type":"ListItem","position":1,"name":"Home","item":"https:\/\/omanivietnam.com\/"},{"@type":"ListItem","position":2,"name":"S\u1ea2N PH\u1ea8M","item":"https:\/\/omanivietnam.com\/index.php\/cua-hang\/"},{"@type":"ListItem","position":3,"name":"JSCC 90GF3.6H"}]},{"@type":"WebSite","@id":"https:\/\/omanivietnam.com\/#website","url":"https:\/\/omanivietnam.com\/","name":"OMANI VI\u1ec6T NAM","description":"Nh\u00e0 ph\u00e2n ph\u1ed1i thi\u1ebft b\u1ecb kh\u00ed n\u00e9n v\u00e0 thi\u1ebft b\u1ecb t\u1ef1 \u0111\u1ed9ng h\u00f3a trong c\u00f4ng nghi\u1ec7p","publisher":{"@id":"https:\/\/omanivietnam.com\/#\/schema\/person\/0ad398a980dc3fd696111c2c5c8fa897"},"potentialAction":[{"@type":"SearchAction","target":{"@type":"EntryPoint","urlTemplate":"https:\/\/omanivietnam.com\/?s={search_term_string}"},"query-input":"required name=search_term_string"}],"inLanguage":"vi"},{"@type":["Person","Organization"],"@id":"https:\/\/omanivietnam.com\/#\/schema\/person\/0ad398a980dc3fd696111c2c5c8fa897","name":"Nguy\u1ec5n V\u0103n Kh\u00e1nh","image":{"@type":"ImageObject","inLanguage":"vi","@id":"https:\/\/omanivietnam.com\/#\/schema\/person\/image\/","url":"https:\/\/omanivietnam.com\/wp-content\/uploads\/2024\/06\/logo-1024x1024.png","contentUrl":"https:\/\/omanivietnam.com\/wp-content\/uploads\/2024\/06\/logo-1024x1024.png","width":1024,"height":1024,"caption":"Nguy\u1ec5n V\u0103n Kh\u00e1nh"},"logo":{"@id":"https:\/\/omanivietnam.com\/#\/schema\/person\/image\/"},"sameAs":["https:\/\/omanivietnam.com"]}]}},"_links":{"self":[{"href":"https:\/\/omanivietnam.com\/index.php\/wp-json\/wp\/v2\/product\/997","targetHints":{"allow":["GET"]}}],"collection":[{"href":"https:\/\/omanivietnam.com\/index.php\/wp-json\/wp\/v2\/product"}],"about":[{"href":"https:\/\/omanivietnam.com\/index.php\/wp-json\/wp\/v2\/types\/product"}],"replies":[{"embeddable":true,"href":"https:\/\/omanivietnam.com\/index.php\/wp-json\/wp\/v2\/comments?post=997"}],"wp:featuredmedia":[{"embeddable":true,"href":"https:\/\/omanivietnam.com\/index.php\/wp-json\/wp\/v2\/media\/998"}],"wp:attachment":[{"href":"https:\/\/omanivietnam.com\/index.php\/wp-json\/wp\/v2\/media?parent=997"}],"wp:term":[{"taxonomy":"product_cat","embeddable":true,"href":"https:\/\/omanivietnam.com\/index.php\/wp-json\/wp\/v2\/product_cat?post=997"},{"taxonomy":"product_tag","embeddable":true,"href":"https:\/\/omanivietnam.com\/index.php\/wp-json\/wp\/v2\/product_tag?post=997"}],"curies":[{"name":"wp","href":"https:\/\/api.w.org\/{rel}","templated":true}]}}